{"id":191763,"date":"2023-03-10T23:33:14","date_gmt":"2023-03-10T22:33:14","guid":{"rendered":"https:\/\/marktxxl.de\/markt\/produkt\/kettentrennwerkzeug-kellermann-ktw-2-5\/"},"modified":"2023-04-10T05:39:24","modified_gmt":"2023-04-10T03:39:24","slug":"kettentrennwerkzeug-kellermann-ktw-2-5","status":"publish","type":"product","link":"https:\/\/marktxxl.de\/markt\/produkt\/kettentrennwerkzeug-kellermann-ktw-2-5\/","title":{"rendered":"Kettentrennwerkzeug Kellermann KTW 2.5"},"content":{"rendered":"<p>Kettentrennwerkzeug Kellermann KTW 2.5: Werkzeug zum Trennen und Vernieten von Hohlnietschl\u00f6ssern: Made in Germany, Kette trennen, Kettenschloss montieren, Kettenschlossbolzen vernieten.<br \/>\nDas Kettenwerkzeug KTW 2.5 ist die verst\u00e4rkte Weiterentwicklung des KTW 2.0. Es erm\u00f6glicht die einfache Demontage der alten und die pr\u00e4zise Montage der neuen Kette (mit Nietschloss) ohne aufw\u00e4ndig die Hinterradschwinge ausbauen zu m\u00fcssen. Mit dem Werkzeug k\u00f6nnen Ketten aller g\u00e4ngigen Marken (z. B. D.I.D, Regina, RK u. a.) getrennt und mit Hohlnietschl\u00f6ssern vernietet werden. Das Werkzeug beinhaltet zwei Dorne mit unterschiedlichem Durchmesser.<br \/>\nKellermann GmbH geh\u00f6rt zu den Marktf\u00fchrern im Segment der Hightech-Blinker f\u00fcr Motorr\u00e4der. In der Motorradszene haben die edlen Produkte Kultcharakter und werden ?Kellerm\u00e4nner? genannt . Die Blinker von Kellermann sind meist Trendsetter im Markt und schaffen v\u00f6llig neue M\u00f6glichkeiten f\u00fcr einen individuellen Umbau. Die LED-Blinker von Kellermann stehen f\u00fcr kompromisslose Hightech im kompakten und formsch\u00f6nen Design. Kellermann ist seit \u00fcber 25 Jahren am Markt und z\u00e4hlt heute zu den Marktf\u00fchrern.<br \/>\n<div class=\"main-cross-sell\" data-asin=\"B010VF1C14\">\n\n\t<div class=\"WooZone-cross-sell-loader\">\n\t\t<div>\n\t\t\t<div id=\"floatingBarsG\">\n\t\t\t\t<div class=\"blockG\" id=\"rotateG_01\"><\/div>\n\t\t\t\t<div class=\"blockG\" id=\"rotateG_02\"><\/div>\n\t\t\t\t<div class=\"blockG\" id=\"rotateG_03\"><\/div>\n\t\t\t\t<div class=\"blockG\" id=\"rotateG_04\"><\/div>\n\t\t\t\t<div class=\"blockG\" id=\"rotateG_05\"><\/div>\n\t\t\t\t<div class=\"blockG\" id=\"rotateG_06\"><\/div>\n\t\t\t\t<div class=\"blockG\" id=\"rotateG_07\"><\/div>\n\t\t\t\t<div class=\"blockG\" id=\"rotateG_08\"><\/div>\n\t\t\t<\/div>\n\t\t\t<div class=\"WooZone-cross-sell-loader-text\"><\/div>\n\t\t<\/div>\n\t<\/div>\n\n\t\t\n<\/div>\n<div style=\"clear:both;\"><\/div><\/p>\n","protected":false},"excerpt":{"rendered":"<p>Kettentrennwerkzeug Kellermann KTW 2.5: Werkzeug zum Trennen und Vernieten von Hohlnietschl\u00f6ssern: Made in Germany, Kette trennen, Kettenschloss montieren, Kettenschlossbolzen vernieten.<br \/>\nDas Kettenwerkzeug KTW 2.5 ist die verst\u00e4rkte Weiterentwicklung des KTW 2.0. Es erm\u00f6glicht die einfache Demontage der alten und die pr\u00e4zise Montage der neuen Kette (mit Nietschloss) ohne aufw\u00e4ndig die Hinterradschwinge ausbauen zu m\u00fcssen. Mit dem Werkzeug k\u00f6nnen Ketten aller g\u00e4ngigen Marken (z. B. D.I.D, Regina, RK u. a.) getrennt und mit Hohlnietschl\u00f6ssern vernietet werden. Das Werkzeug beinhaltet zwei Dorne mit unterschiedlichem Durchmesser.<br \/>\nKellermann GmbH geh\u00f6rt zu den Marktf\u00fchrern im Segment der Hightech-Blinker f\u00fcr Motorr\u00e4der. In der Motorradszene haben die edlen Produkte Kultcharakter und werden ?Kellerm\u00e4nner? genannt . Die Blinker von Kellermann sind meist Trendsetter im Markt und schaffen v\u00f6llig neue M\u00f6glichkeiten f\u00fcr einen individuellen Umbau. Die LED-Blinker von Kellermann stehen f\u00fcr kompromisslose Hightech im kompakten und formsch\u00f6nen Design. Kellermann ist seit \u00fcber 25 Jahren am Markt und z\u00e4hlt heute zu den Marktf\u00fchrern.<\/p>\n","protected":false},"featured_media":191764,"comment_status":"open","ping_status":"closed","template":"","meta":[],"product_brand":[],"product_cat":[1983,10767],"product_tag":[],"class_list":{"0":"post-191763","1":"product","2":"type-product","3":"status-publish","4":"has-post-thumbnail","6":"product_cat-baumarkt","7":"product_cat-baumaschinen-zubehoer","8":"pa_brand-kellermann","9":"pa_manufacturer-kellermann","11":"first","12":"instock","13":"shipping-taxable","14":"purchasable","15":"product-type-simple","16":"customify-col","17":"product-has-gallery"},"yoast_head":"<!-- This site is optimized with the Yoast SEO plugin v27.4 - https:\/\/yoast.com\/product\/yoast-seo-wordpress\/ -->\n<title>Kettentrennwerkzeug Kellermann KTW 2.5 - Markt-XXL<\/title>\n<meta name=\"description\" content=\"Markt-XXL Kettentrennwerkzeug Kellermann KTW 2.5\" \/>\n<meta name=\"robots\" content=\"index, follow, max-snippet:-1, max-image-preview:large, max-video-preview:-1\" \/>\n<link rel=\"canonical\" href=\"https:\/\/marktxxl.de\/markt\/produkt\/kettentrennwerkzeug-kellermann-ktw-2-5\/\" \/>\n<meta property=\"og:locale\" content=\"de_DE\" \/>\n<meta property=\"og:type\" content=\"article\" \/>\n<meta property=\"og:title\" content=\"Kettentrennwerkzeug Kellermann KTW 2.5 - Markt-XXL\" \/>\n<meta property=\"og:description\" content=\"Markt-XXL Kettentrennwerkzeug Kellermann KTW 2.5\" \/>\n<meta property=\"og:url\" content=\"https:\/\/marktxxl.de\/markt\/produkt\/kettentrennwerkzeug-kellermann-ktw-2-5\/\" \/>\n<meta property=\"og:site_name\" content=\"Markt-XXL\" \/>\n<meta property=\"article:modified_time\" content=\"2023-04-10T03:39:24+00:00\" \/>\n<meta property=\"og:image\" content=\"https:\/\/m.media-amazon.com\/images\/I\/41RSNu2TMsL._SL500_.jpg\" \/>\n\t<meta property=\"og:image:width\" content=\"500\" \/>\n\t<meta property=\"og:image:height\" content=\"500\" \/>\n\t<meta property=\"og:image:type\" content=\"image\/jpeg\" \/>\n<meta name=\"twitter:card\" content=\"summary_large_image\" \/>\n<meta name=\"twitter:label1\" content=\"Gesch\u00e4tzte Lesezeit\" \/>\n\t<meta name=\"twitter:data1\" content=\"1\u00a0Minute\" \/>\n<script type=\"application\/ld+json\" class=\"yoast-schema-graph\">{\"@context\":\"https:\\\/\\\/schema.org\",\"@graph\":[{\"@type\":\"WebPage\",\"@id\":\"https:\\\/\\\/marktxxl.de\\\/markt\\\/produkt\\\/kettentrennwerkzeug-kellermann-ktw-2-5\\\/\",\"url\":\"https:\\\/\\\/marktxxl.de\\\/markt\\\/produkt\\\/kettentrennwerkzeug-kellermann-ktw-2-5\\\/\",\"name\":\"Kettentrennwerkzeug Kellermann KTW 2.5 - Markt-XXL\",\"isPartOf\":{\"@id\":\"https:\\\/\\\/marktxxl.de\\\/markt\\\/#website\"},\"primaryImageOfPage\":{\"@id\":\"https:\\\/\\\/marktxxl.de\\\/markt\\\/produkt\\\/kettentrennwerkzeug-kellermann-ktw-2-5\\\/#primaryimage\"},\"image\":{\"@id\":\"https:\\\/\\\/marktxxl.de\\\/markt\\\/produkt\\\/kettentrennwerkzeug-kellermann-ktw-2-5\\\/#primaryimage\"},\"thumbnailUrl\":\"https:\\\/\\\/m.media-amazon.com\\\/images\\\/I\\\/41RSNu2TMsL._SL500_.jpg\",\"datePublished\":\"2023-03-10T22:33:14+00:00\",\"dateModified\":\"2023-04-10T03:39:24+00:00\",\"description\":\"Markt-XXL Kettentrennwerkzeug Kellermann KTW 2.5\",\"breadcrumb\":{\"@id\":\"https:\\\/\\\/marktxxl.de\\\/markt\\\/produkt\\\/kettentrennwerkzeug-kellermann-ktw-2-5\\\/#breadcrumb\"},\"inLanguage\":\"de\",\"potentialAction\":[{\"@type\":\"ReadAction\",\"target\":[\"https:\\\/\\\/marktxxl.de\\\/markt\\\/produkt\\\/kettentrennwerkzeug-kellermann-ktw-2-5\\\/\"]}]},{\"@type\":\"ImageObject\",\"inLanguage\":\"de\",\"@id\":\"https:\\\/\\\/marktxxl.de\\\/markt\\\/produkt\\\/kettentrennwerkzeug-kellermann-ktw-2-5\\\/#primaryimage\",\"url\":\"https:\\\/\\\/m.media-amazon.com\\\/images\\\/I\\\/41RSNu2TMsL._SL500_.jpg\",\"contentUrl\":\"https:\\\/\\\/m.media-amazon.com\\\/images\\\/I\\\/41RSNu2TMsL._SL500_.jpg\",\"width\":500,\"height\":500},{\"@type\":\"BreadcrumbList\",\"@id\":\"https:\\\/\\\/marktxxl.de\\\/markt\\\/produkt\\\/kettentrennwerkzeug-kellermann-ktw-2-5\\\/#breadcrumb\",\"itemListElement\":[{\"@type\":\"ListItem\",\"position\":1,\"name\":\"Startseite\",\"item\":\"https:\\\/\\\/marktxxl.de\\\/markt\\\/\"},{\"@type\":\"ListItem\",\"position\":2,\"name\":\"Markt\",\"item\":\"https:\\\/\\\/marktxxl.de\\\/markt\\\/\"},{\"@type\":\"ListItem\",\"position\":3,\"name\":\"Kettentrennwerkzeug Kellermann KTW 2.5\"}]},{\"@type\":\"WebSite\",\"@id\":\"https:\\\/\\\/marktxxl.de\\\/markt\\\/#website\",\"url\":\"https:\\\/\\\/marktxxl.de\\\/markt\\\/\",\"name\":\"Markt-XXL\",\"description\":\"Ihr Markt Online\",\"publisher\":{\"@id\":\"https:\\\/\\\/marktxxl.de\\\/markt\\\/#organization\"},\"potentialAction\":[{\"@type\":\"SearchAction\",\"target\":{\"@type\":\"EntryPoint\",\"urlTemplate\":\"https:\\\/\\\/marktxxl.de\\\/markt\\\/?s={search_term_string}\"},\"query-input\":{\"@type\":\"PropertyValueSpecification\",\"valueRequired\":true,\"valueName\":\"search_term_string\"}}],\"inLanguage\":\"de\"},{\"@type\":\"Organization\",\"@id\":\"https:\\\/\\\/marktxxl.de\\\/markt\\\/#organization\",\"name\":\"Markt-XXL\",\"url\":\"https:\\\/\\\/marktxxl.de\\\/markt\\\/\",\"logo\":{\"@type\":\"ImageObject\",\"inLanguage\":\"de\",\"@id\":\"https:\\\/\\\/marktxxl.de\\\/markt\\\/#\\\/schema\\\/logo\\\/image\\\/\",\"url\":\"https:\\\/\\\/marktxxl.de\\\/markt\\\/wp-content\\\/uploads\\\/sites\\\/3\\\/2020\\\/12\\\/logo.png\",\"contentUrl\":\"https:\\\/\\\/marktxxl.de\\\/markt\\\/wp-content\\\/uploads\\\/sites\\\/3\\\/2020\\\/12\\\/logo.png\",\"width\":200,\"height\":70,\"caption\":\"Markt-XXL\"},\"image\":{\"@id\":\"https:\\\/\\\/marktxxl.de\\\/markt\\\/#\\\/schema\\\/logo\\\/image\\\/\"}}]}<\/script>\n<!-- \/ Yoast SEO plugin. -->","yoast_head_json":{"title":"Kettentrennwerkzeug Kellermann KTW 2.5 - Markt-XXL","description":"Markt-XXL Kettentrennwerkzeug Kellermann KTW 2.5","robots":{"index":"index","follow":"follow","max-snippet":"max-snippet:-1","max-image-preview":"max-image-preview:large","max-video-preview":"max-video-preview:-1"},"canonical":"https:\/\/marktxxl.de\/markt\/produkt\/kettentrennwerkzeug-kellermann-ktw-2-5\/","og_locale":"de_DE","og_type":"article","og_title":"Kettentrennwerkzeug Kellermann KTW 2.5 - Markt-XXL","og_description":"Markt-XXL Kettentrennwerkzeug Kellermann KTW 2.5","og_url":"https:\/\/marktxxl.de\/markt\/produkt\/kettentrennwerkzeug-kellermann-ktw-2-5\/","og_site_name":"Markt-XXL","article_modified_time":"2023-04-10T03:39:24+00:00","og_image":[{"width":500,"height":500,"url":"https:\/\/m.media-amazon.com\/images\/I\/41RSNu2TMsL._SL500_.jpg","type":"image\/jpeg"}],"twitter_card":"summary_large_image","twitter_misc":{"Gesch\u00e4tzte Lesezeit":"1\u00a0Minute"},"schema":{"@context":"https:\/\/schema.org","@graph":[{"@type":"WebPage","@id":"https:\/\/marktxxl.de\/markt\/produkt\/kettentrennwerkzeug-kellermann-ktw-2-5\/","url":"https:\/\/marktxxl.de\/markt\/produkt\/kettentrennwerkzeug-kellermann-ktw-2-5\/","name":"Kettentrennwerkzeug Kellermann KTW 2.5 - Markt-XXL","isPartOf":{"@id":"https:\/\/marktxxl.de\/markt\/#website"},"primaryImageOfPage":{"@id":"https:\/\/marktxxl.de\/markt\/produkt\/kettentrennwerkzeug-kellermann-ktw-2-5\/#primaryimage"},"image":{"@id":"https:\/\/marktxxl.de\/markt\/produkt\/kettentrennwerkzeug-kellermann-ktw-2-5\/#primaryimage"},"thumbnailUrl":"https:\/\/m.media-amazon.com\/images\/I\/41RSNu2TMsL._SL500_.jpg","datePublished":"2023-03-10T22:33:14+00:00","dateModified":"2023-04-10T03:39:24+00:00","description":"Markt-XXL Kettentrennwerkzeug Kellermann KTW 2.5","breadcrumb":{"@id":"https:\/\/marktxxl.de\/markt\/produkt\/kettentrennwerkzeug-kellermann-ktw-2-5\/#breadcrumb"},"inLanguage":"de","potentialAction":[{"@type":"ReadAction","target":["https:\/\/marktxxl.de\/markt\/produkt\/kettentrennwerkzeug-kellermann-ktw-2-5\/"]}]},{"@type":"ImageObject","inLanguage":"de","@id":"https:\/\/marktxxl.de\/markt\/produkt\/kettentrennwerkzeug-kellermann-ktw-2-5\/#primaryimage","url":"https:\/\/m.media-amazon.com\/images\/I\/41RSNu2TMsL._SL500_.jpg","contentUrl":"https:\/\/m.media-amazon.com\/images\/I\/41RSNu2TMsL._SL500_.jpg","width":500,"height":500},{"@type":"BreadcrumbList","@id":"https:\/\/marktxxl.de\/markt\/produkt\/kettentrennwerkzeug-kellermann-ktw-2-5\/#breadcrumb","itemListElement":[{"@type":"ListItem","position":1,"name":"Startseite","item":"https:\/\/marktxxl.de\/markt\/"},{"@type":"ListItem","position":2,"name":"Markt","item":"https:\/\/marktxxl.de\/markt\/"},{"@type":"ListItem","position":3,"name":"Kettentrennwerkzeug Kellermann KTW 2.5"}]},{"@type":"WebSite","@id":"https:\/\/marktxxl.de\/markt\/#website","url":"https:\/\/marktxxl.de\/markt\/","name":"Markt-XXL","description":"Ihr Markt Online","publisher":{"@id":"https:\/\/marktxxl.de\/markt\/#organization"},"potentialAction":[{"@type":"SearchAction","target":{"@type":"EntryPoint","urlTemplate":"https:\/\/marktxxl.de\/markt\/?s={search_term_string}"},"query-input":{"@type":"PropertyValueSpecification","valueRequired":true,"valueName":"search_term_string"}}],"inLanguage":"de"},{"@type":"Organization","@id":"https:\/\/marktxxl.de\/markt\/#organization","name":"Markt-XXL","url":"https:\/\/marktxxl.de\/markt\/","logo":{"@type":"ImageObject","inLanguage":"de","@id":"https:\/\/marktxxl.de\/markt\/#\/schema\/logo\/image\/","url":"https:\/\/marktxxl.de\/markt\/wp-content\/uploads\/sites\/3\/2020\/12\/logo.png","contentUrl":"https:\/\/marktxxl.de\/markt\/wp-content\/uploads\/sites\/3\/2020\/12\/logo.png","width":200,"height":70,"caption":"Markt-XXL"},"image":{"@id":"https:\/\/marktxxl.de\/markt\/#\/schema\/logo\/image\/"}}]}},"_links":{"self":[{"href":"https:\/\/marktxxl.de\/markt\/wp-json\/wp\/v2\/product\/191763","targetHints":{"allow":["GET"]}}],"collection":[{"href":"https:\/\/marktxxl.de\/markt\/wp-json\/wp\/v2\/product"}],"about":[{"href":"https:\/\/marktxxl.de\/markt\/wp-json\/wp\/v2\/types\/product"}],"replies":[{"embeddable":true,"href":"https:\/\/marktxxl.de\/markt\/wp-json\/wp\/v2\/comments?post=191763"}],"wp:featuredmedia":[{"embeddable":true,"href":"https:\/\/marktxxl.de\/markt\/wp-json\/wp\/v2\/media\/191764"}],"wp:attachment":[{"href":"https:\/\/marktxxl.de\/markt\/wp-json\/wp\/v2\/media?parent=191763"}],"wp:term":[{"taxonomy":"product_brand","embeddable":true,"href":"https:\/\/marktxxl.de\/markt\/wp-json\/wp\/v2\/product_brand?post=191763"},{"taxonomy":"product_cat","embeddable":true,"href":"https:\/\/marktxxl.de\/markt\/wp-json\/wp\/v2\/product_cat?post=191763"},{"taxonomy":"product_tag","embeddable":true,"href":"https:\/\/marktxxl.de\/markt\/wp-json\/wp\/v2\/product_tag?post=191763"}],"curies":[{"name":"wp","href":"https:\/\/api.w.org\/{rel}","templated":true}]}}