{"id":191545,"date":"2023-03-10T23:04:16","date_gmt":"2023-03-10T22:04:16","guid":{"rendered":"https:\/\/marktxxl.de\/markt\/produkt\/gdwd-fahrradanhaenger-kupplung-anhaengerkupplung-adapter-universal-traktionskopf-tragbar-fahrradanhaenger-hakenanschluss-anhang-fuer-kinderwagen-kinder-hund-anhaenger-kinderfahrrad-haustier-wagen-sch\/"},"modified":"2023-04-10T05:39:19","modified_gmt":"2023-04-10T03:39:19","slug":"gdwd-fahrradanhaenger-kupplung-anhaengerkupplung-adapter-universal-traktionskopf-tragbar-fahrradanhaenger-hakenanschluss-anhang-fuer-kinderwagen-kinder-hund-anhaenger-kinderfahrrad-haustier-wagen-sch","status":"publish","type":"product","link":"https:\/\/marktxxl.de\/markt\/produkt\/gdwd-fahrradanhaenger-kupplung-anhaengerkupplung-adapter-universal-traktionskopf-tragbar-fahrradanhaenger-hakenanschluss-anhang-fuer-kinderwagen-kinder-hund-anhaenger-kinderfahrrad-haustier-wagen-sch\/","title":{"rendered":"GDWD Fahrradanh\u00e4nger Kupplung Anh\u00e4ngerkupplung Adapter Universal Traktionskopf Tragbar Fahrradanh\u00e4nger Hakenanschluss\u2026"},"content":{"rendered":"<p>\u2605\u3010Premium Materia\u3011 Unsere Anh\u00e4ngerkupplungsadapter f\u00fcr Fahrradanh\u00e4nger bestehen aus Stahl mit schwarzer Emaille-Beschichtung. Die Pr\u00e4zisionsschwei\u00dftechnologie macht sie robust und langlebig. Sie sind nicht leicht zu brechen, zu rosten oder zu korrodieren und f\u00fcr den Langzeitgebrauch geeignet<br \/>\n\u2605\u3010Sicherheit Gew\u00e4hrleisten\u3011Unser Fahrradanh\u00e4nger ist mit einem Verbindungsstift ausgestattet, der nach Abschluss der Installation nur schwer zu \u00f6ffnen ist. Die Fahrradanh\u00e4ngerkupplung l\u00e4sst sich nicht leicht herunterfallen und gew\u00e4hrleistet so die Sicherheit Ihres Babys<br \/>\n\u2605\u3010Einfach zu Bedienen\u3011Unser Fahrradanh\u00e4nger ist einfach zu installieren, ohne dass andere Werkzeuge erforderlich sind. Sie k\u00f6nnen es in Sekunden fertigstellen, indem Sie einfach eine Mutter entfernen\/festziehen. Es ist einfach, die Fahrradanh\u00e4nger zu l\u00f6sen oder an der Fahrrad-Hinterrad-Montage zu befestigen.<br \/>\n\u2605\u3010Breites Anwendungsspektrum\u3011Eine Anh\u00e4ngerkupplung f\u00fcr Fahrradanh\u00e4nger kann Ihren Anh\u00e4nger mit Ihrem Fahrrad verbinden. Mit dem Fahrradanh\u00e4nger k\u00f6nnen die Anh\u00e4nger einfach an Ihrem Fahrrad befestigt werden, w\u00e4hrend Sie Ihre kleinen Kinder sicher und bequem transportieren k\u00f6nnen. Es ist f\u00fcr Universalfahrr\u00e4der, Kinderwagen usw. geeignet.<br \/>\n\u2605\u3010Qualit\u00e4tsservice\u3011Wir sind bestrebt, bessere Produkte und Dienstleistungen anzubieten. Wenn Sie Probleme mit unseren Produkten haben, k\u00f6nnen Sie sich gerne an uns wenden!<br \/>\n<div class=\"main-cross-sell\" data-asin=\"B09F3DVYQJ\">\n\n\t<div class=\"WooZone-cross-sell-loader\">\n\t\t<div>\n\t\t\t<div id=\"floatingBarsG\">\n\t\t\t\t<div class=\"blockG\" id=\"rotateG_01\"><\/div>\n\t\t\t\t<div class=\"blockG\" id=\"rotateG_02\"><\/div>\n\t\t\t\t<div class=\"blockG\" id=\"rotateG_03\"><\/div>\n\t\t\t\t<div class=\"blockG\" id=\"rotateG_04\"><\/div>\n\t\t\t\t<div class=\"blockG\" id=\"rotateG_05\"><\/div>\n\t\t\t\t<div class=\"blockG\" id=\"rotateG_06\"><\/div>\n\t\t\t\t<div class=\"blockG\" id=\"rotateG_07\"><\/div>\n\t\t\t\t<div class=\"blockG\" id=\"rotateG_08\"><\/div>\n\t\t\t<\/div>\n\t\t\t<div class=\"WooZone-cross-sell-loader-text\"><\/div>\n\t\t<\/div>\n\t<\/div>\n\n\t\t\n<\/div>\n<div style=\"clear:both;\"><\/div><\/p>\n","protected":false},"excerpt":{"rendered":"<p>\u2605\u3010Premium Materia\u3011 Unsere Anh\u00e4ngerkupplungsadapter f\u00fcr Fahrradanh\u00e4nger bestehen aus Stahl mit schwarzer Emaille-Beschichtung. Die Pr\u00e4zisionsschwei\u00dftechnologie macht sie robust und langlebig. Sie sind nicht leicht zu brechen, zu rosten oder zu korrodieren und f\u00fcr den Langzeitgebrauch geeignet<br \/>\n\u2605\u3010Sicherheit Gew\u00e4hrleisten\u3011Unser Fahrradanh\u00e4nger ist mit einem Verbindungsstift ausgestattet, der nach Abschluss der Installation nur schwer zu \u00f6ffnen ist. Die Fahrradanh\u00e4ngerkupplung l\u00e4sst sich nicht leicht herunterfallen und gew\u00e4hrleistet so die Sicherheit Ihres Babys<br \/>\n\u2605\u3010Einfach zu Bedienen\u3011Unser Fahrradanh\u00e4nger ist einfach zu installieren, ohne dass andere Werkzeuge erforderlich sind. Sie k\u00f6nnen es in Sekunden fertigstellen, indem Sie einfach eine Mutter entfernen\/festziehen. Es ist einfach, die Fahrradanh\u00e4nger zu l\u00f6sen oder an der Fahrrad-Hinterrad-Montage zu befestigen.<\/p>\n","protected":false},"featured_media":191546,"comment_status":"open","ping_status":"closed","template":"","meta":[],"product_brand":[],"product_cat":[21,9245],"product_tag":[],"class_list":{"0":"post-191545","1":"product","2":"type-product","3":"status-publish","4":"has-post-thumbnail","6":"product_cat-baby","7":"product_cat-fahrradanhaenger-zubehoer-baby","8":"pa_binding-spielzeug","9":"pa_brand-gdwd","10":"pa_manufacturer-gdwd","12":"first","13":"instock","14":"shipping-taxable","15":"purchasable","16":"product-type-simple","17":"customify-col","18":"product-has-gallery"},"yoast_head":"<!-- This site is optimized with the Yoast SEO plugin v27.4 - https:\/\/yoast.com\/product\/yoast-seo-wordpress\/ -->\n<title>GDWD Fahrradanh\u00e4nger Kupplung Anh\u00e4ngerkupplung Adapter Universal Traktionskopf Tragbar Fahrradanh\u00e4nger Hakenanschluss\u2026 - Markt-XXL<\/title>\n<meta name=\"description\" content=\"Markt-XXL GDWD Fahrradanh\u00e4nger Kupplung Anh\u00e4ngerkupplung Adapter Universal Traktionskopf Tragbar Fahrradanh\u00e4nger Hakenanschluss\u2026\" \/>\n<meta name=\"robots\" content=\"index, follow, max-snippet:-1, max-image-preview:large, max-video-preview:-1\" \/>\n<link rel=\"canonical\" href=\"https:\/\/marktxxl.de\/markt\/produkt\/gdwd-fahrradanhaenger-kupplung-anhaengerkupplung-adapter-universal-traktionskopf-tragbar-fahrradanhaenger-hakenanschluss-anhang-fuer-kinderwagen-kinder-hund-anhaenger-kinderfahrrad-haustier-wagen-sch\/\" \/>\n<meta property=\"og:locale\" content=\"de_DE\" \/>\n<meta property=\"og:type\" content=\"article\" \/>\n<meta property=\"og:title\" content=\"GDWD Fahrradanh\u00e4nger Kupplung Anh\u00e4ngerkupplung Adapter Universal Traktionskopf Tragbar Fahrradanh\u00e4nger Hakenanschluss\u2026 - Markt-XXL\" \/>\n<meta property=\"og:description\" content=\"Markt-XXL GDWD Fahrradanh\u00e4nger Kupplung Anh\u00e4ngerkupplung Adapter Universal Traktionskopf Tragbar Fahrradanh\u00e4nger Hakenanschluss\u2026\" \/>\n<meta property=\"og:url\" content=\"https:\/\/marktxxl.de\/markt\/produkt\/gdwd-fahrradanhaenger-kupplung-anhaengerkupplung-adapter-universal-traktionskopf-tragbar-fahrradanhaenger-hakenanschluss-anhang-fuer-kinderwagen-kinder-hund-anhaenger-kinderfahrrad-haustier-wagen-sch\/\" \/>\n<meta property=\"og:site_name\" content=\"Markt-XXL\" \/>\n<meta property=\"article:modified_time\" content=\"2023-04-10T03:39:19+00:00\" \/>\n<meta property=\"og:image\" content=\"https:\/\/m.media-amazon.com\/images\/I\/41aT4M4ukpL._SL500_.jpg\" \/>\n\t<meta property=\"og:image:width\" content=\"500\" \/>\n\t<meta property=\"og:image:height\" content=\"500\" \/>\n\t<meta property=\"og:image:type\" content=\"image\/jpeg\" \/>\n<meta name=\"twitter:card\" content=\"summary_large_image\" \/>\n<meta name=\"twitter:label1\" content=\"Gesch\u00e4tzte Lesezeit\" \/>\n\t<meta name=\"twitter:data1\" content=\"1\u00a0Minute\" \/>\n<script type=\"application\/ld+json\" class=\"yoast-schema-graph\">{\"@context\":\"https:\\\/\\\/schema.org\",\"@graph\":[{\"@type\":\"WebPage\",\"@id\":\"https:\\\/\\\/marktxxl.de\\\/markt\\\/produkt\\\/gdwd-fahrradanhaenger-kupplung-anhaengerkupplung-adapter-universal-traktionskopf-tragbar-fahrradanhaenger-hakenanschluss-anhang-fuer-kinderwagen-kinder-hund-anhaenger-kinderfahrrad-haustier-wagen-sch\\\/\",\"url\":\"https:\\\/\\\/marktxxl.de\\\/markt\\\/produkt\\\/gdwd-fahrradanhaenger-kupplung-anhaengerkupplung-adapter-universal-traktionskopf-tragbar-fahrradanhaenger-hakenanschluss-anhang-fuer-kinderwagen-kinder-hund-anhaenger-kinderfahrrad-haustier-wagen-sch\\\/\",\"name\":\"GDWD Fahrradanh\u00e4nger Kupplung Anh\u00e4ngerkupplung Adapter Universal Traktionskopf Tragbar Fahrradanh\u00e4nger Hakenanschluss\u2026 - Markt-XXL\",\"isPartOf\":{\"@id\":\"https:\\\/\\\/marktxxl.de\\\/markt\\\/#website\"},\"primaryImageOfPage\":{\"@id\":\"https:\\\/\\\/marktxxl.de\\\/markt\\\/produkt\\\/gdwd-fahrradanhaenger-kupplung-anhaengerkupplung-adapter-universal-traktionskopf-tragbar-fahrradanhaenger-hakenanschluss-anhang-fuer-kinderwagen-kinder-hund-anhaenger-kinderfahrrad-haustier-wagen-sch\\\/#primaryimage\"},\"image\":{\"@id\":\"https:\\\/\\\/marktxxl.de\\\/markt\\\/produkt\\\/gdwd-fahrradanhaenger-kupplung-anhaengerkupplung-adapter-universal-traktionskopf-tragbar-fahrradanhaenger-hakenanschluss-anhang-fuer-kinderwagen-kinder-hund-anhaenger-kinderfahrrad-haustier-wagen-sch\\\/#primaryimage\"},\"thumbnailUrl\":\"https:\\\/\\\/m.media-amazon.com\\\/images\\\/I\\\/41aT4M4ukpL._SL500_.jpg\",\"datePublished\":\"2023-03-10T22:04:16+00:00\",\"dateModified\":\"2023-04-10T03:39:19+00:00\",\"description\":\"Markt-XXL GDWD Fahrradanh\u00e4nger Kupplung Anh\u00e4ngerkupplung Adapter Universal Traktionskopf Tragbar Fahrradanh\u00e4nger Hakenanschluss\u2026\",\"breadcrumb\":{\"@id\":\"https:\\\/\\\/marktxxl.de\\\/markt\\\/produkt\\\/gdwd-fahrradanhaenger-kupplung-anhaengerkupplung-adapter-universal-traktionskopf-tragbar-fahrradanhaenger-hakenanschluss-anhang-fuer-kinderwagen-kinder-hund-anhaenger-kinderfahrrad-haustier-wagen-sch\\\/#breadcrumb\"},\"inLanguage\":\"de\",\"potentialAction\":[{\"@type\":\"ReadAction\",\"target\":[\"https:\\\/\\\/marktxxl.de\\\/markt\\\/produkt\\\/gdwd-fahrradanhaenger-kupplung-anhaengerkupplung-adapter-universal-traktionskopf-tragbar-fahrradanhaenger-hakenanschluss-anhang-fuer-kinderwagen-kinder-hund-anhaenger-kinderfahrrad-haustier-wagen-sch\\\/\"]}]},{\"@type\":\"ImageObject\",\"inLanguage\":\"de\",\"@id\":\"https:\\\/\\\/marktxxl.de\\\/markt\\\/produkt\\\/gdwd-fahrradanhaenger-kupplung-anhaengerkupplung-adapter-universal-traktionskopf-tragbar-fahrradanhaenger-hakenanschluss-anhang-fuer-kinderwagen-kinder-hund-anhaenger-kinderfahrrad-haustier-wagen-sch\\\/#primaryimage\",\"url\":\"https:\\\/\\\/m.media-amazon.com\\\/images\\\/I\\\/41aT4M4ukpL._SL500_.jpg\",\"contentUrl\":\"https:\\\/\\\/m.media-amazon.com\\\/images\\\/I\\\/41aT4M4ukpL._SL500_.jpg\",\"width\":500,\"height\":500},{\"@type\":\"BreadcrumbList\",\"@id\":\"https:\\\/\\\/marktxxl.de\\\/markt\\\/produkt\\\/gdwd-fahrradanhaenger-kupplung-anhaengerkupplung-adapter-universal-traktionskopf-tragbar-fahrradanhaenger-hakenanschluss-anhang-fuer-kinderwagen-kinder-hund-anhaenger-kinderfahrrad-haustier-wagen-sch\\\/#breadcrumb\",\"itemListElement\":[{\"@type\":\"ListItem\",\"position\":1,\"name\":\"Startseite\",\"item\":\"https:\\\/\\\/marktxxl.de\\\/markt\\\/\"},{\"@type\":\"ListItem\",\"position\":2,\"name\":\"Markt\",\"item\":\"https:\\\/\\\/marktxxl.de\\\/markt\\\/\"},{\"@type\":\"ListItem\",\"position\":3,\"name\":\"GDWD Fahrradanh\u00e4nger Kupplung Anh\u00e4ngerkupplung Adapter Universal Traktionskopf Tragbar Fahrradanh\u00e4nger Hakenanschluss\u2026\"}]},{\"@type\":\"WebSite\",\"@id\":\"https:\\\/\\\/marktxxl.de\\\/markt\\\/#website\",\"url\":\"https:\\\/\\\/marktxxl.de\\\/markt\\\/\",\"name\":\"Markt-XXL\",\"description\":\"Ihr Markt Online\",\"publisher\":{\"@id\":\"https:\\\/\\\/marktxxl.de\\\/markt\\\/#organization\"},\"potentialAction\":[{\"@type\":\"SearchAction\",\"target\":{\"@type\":\"EntryPoint\",\"urlTemplate\":\"https:\\\/\\\/marktxxl.de\\\/markt\\\/?s={search_term_string}\"},\"query-input\":{\"@type\":\"PropertyValueSpecification\",\"valueRequired\":true,\"valueName\":\"search_term_string\"}}],\"inLanguage\":\"de\"},{\"@type\":\"Organization\",\"@id\":\"https:\\\/\\\/marktxxl.de\\\/markt\\\/#organization\",\"name\":\"Markt-XXL\",\"url\":\"https:\\\/\\\/marktxxl.de\\\/markt\\\/\",\"logo\":{\"@type\":\"ImageObject\",\"inLanguage\":\"de\",\"@id\":\"https:\\\/\\\/marktxxl.de\\\/markt\\\/#\\\/schema\\\/logo\\\/image\\\/\",\"url\":\"https:\\\/\\\/marktxxl.de\\\/markt\\\/wp-content\\\/uploads\\\/sites\\\/3\\\/2020\\\/12\\\/logo.png\",\"contentUrl\":\"https:\\\/\\\/marktxxl.de\\\/markt\\\/wp-content\\\/uploads\\\/sites\\\/3\\\/2020\\\/12\\\/logo.png\",\"width\":200,\"height\":70,\"caption\":\"Markt-XXL\"},\"image\":{\"@id\":\"https:\\\/\\\/marktxxl.de\\\/markt\\\/#\\\/schema\\\/logo\\\/image\\\/\"}}]}<\/script>\n<!-- \/ Yoast SEO plugin. -->","yoast_head_json":{"title":"GDWD Fahrradanh\u00e4nger Kupplung Anh\u00e4ngerkupplung Adapter Universal Traktionskopf Tragbar Fahrradanh\u00e4nger Hakenanschluss\u2026 - Markt-XXL","description":"Markt-XXL GDWD Fahrradanh\u00e4nger Kupplung Anh\u00e4ngerkupplung Adapter Universal Traktionskopf Tragbar Fahrradanh\u00e4nger Hakenanschluss\u2026","robots":{"index":"index","follow":"follow","max-snippet":"max-snippet:-1","max-image-preview":"max-image-preview:large","max-video-preview":"max-video-preview:-1"},"canonical":"https:\/\/marktxxl.de\/markt\/produkt\/gdwd-fahrradanhaenger-kupplung-anhaengerkupplung-adapter-universal-traktionskopf-tragbar-fahrradanhaenger-hakenanschluss-anhang-fuer-kinderwagen-kinder-hund-anhaenger-kinderfahrrad-haustier-wagen-sch\/","og_locale":"de_DE","og_type":"article","og_title":"GDWD Fahrradanh\u00e4nger Kupplung Anh\u00e4ngerkupplung Adapter Universal Traktionskopf Tragbar Fahrradanh\u00e4nger Hakenanschluss\u2026 - Markt-XXL","og_description":"Markt-XXL GDWD Fahrradanh\u00e4nger Kupplung Anh\u00e4ngerkupplung Adapter Universal Traktionskopf Tragbar Fahrradanh\u00e4nger Hakenanschluss\u2026","og_url":"https:\/\/marktxxl.de\/markt\/produkt\/gdwd-fahrradanhaenger-kupplung-anhaengerkupplung-adapter-universal-traktionskopf-tragbar-fahrradanhaenger-hakenanschluss-anhang-fuer-kinderwagen-kinder-hund-anhaenger-kinderfahrrad-haustier-wagen-sch\/","og_site_name":"Markt-XXL","article_modified_time":"2023-04-10T03:39:19+00:00","og_image":[{"width":500,"height":500,"url":"https:\/\/m.media-amazon.com\/images\/I\/41aT4M4ukpL._SL500_.jpg","type":"image\/jpeg"}],"twitter_card":"summary_large_image","twitter_misc":{"Gesch\u00e4tzte Lesezeit":"1\u00a0Minute"},"schema":{"@context":"https:\/\/schema.org","@graph":[{"@type":"WebPage","@id":"https:\/\/marktxxl.de\/markt\/produkt\/gdwd-fahrradanhaenger-kupplung-anhaengerkupplung-adapter-universal-traktionskopf-tragbar-fahrradanhaenger-hakenanschluss-anhang-fuer-kinderwagen-kinder-hund-anhaenger-kinderfahrrad-haustier-wagen-sch\/","url":"https:\/\/marktxxl.de\/markt\/produkt\/gdwd-fahrradanhaenger-kupplung-anhaengerkupplung-adapter-universal-traktionskopf-tragbar-fahrradanhaenger-hakenanschluss-anhang-fuer-kinderwagen-kinder-hund-anhaenger-kinderfahrrad-haustier-wagen-sch\/","name":"GDWD Fahrradanh\u00e4nger Kupplung Anh\u00e4ngerkupplung Adapter Universal Traktionskopf Tragbar Fahrradanh\u00e4nger Hakenanschluss\u2026 - Markt-XXL","isPartOf":{"@id":"https:\/\/marktxxl.de\/markt\/#website"},"primaryImageOfPage":{"@id":"https:\/\/marktxxl.de\/markt\/produkt\/gdwd-fahrradanhaenger-kupplung-anhaengerkupplung-adapter-universal-traktionskopf-tragbar-fahrradanhaenger-hakenanschluss-anhang-fuer-kinderwagen-kinder-hund-anhaenger-kinderfahrrad-haustier-wagen-sch\/#primaryimage"},"image":{"@id":"https:\/\/marktxxl.de\/markt\/produkt\/gdwd-fahrradanhaenger-kupplung-anhaengerkupplung-adapter-universal-traktionskopf-tragbar-fahrradanhaenger-hakenanschluss-anhang-fuer-kinderwagen-kinder-hund-anhaenger-kinderfahrrad-haustier-wagen-sch\/#primaryimage"},"thumbnailUrl":"https:\/\/m.media-amazon.com\/images\/I\/41aT4M4ukpL._SL500_.jpg","datePublished":"2023-03-10T22:04:16+00:00","dateModified":"2023-04-10T03:39:19+00:00","description":"Markt-XXL GDWD Fahrradanh\u00e4nger Kupplung Anh\u00e4ngerkupplung Adapter Universal Traktionskopf Tragbar Fahrradanh\u00e4nger Hakenanschluss\u2026","breadcrumb":{"@id":"https:\/\/marktxxl.de\/markt\/produkt\/gdwd-fahrradanhaenger-kupplung-anhaengerkupplung-adapter-universal-traktionskopf-tragbar-fahrradanhaenger-hakenanschluss-anhang-fuer-kinderwagen-kinder-hund-anhaenger-kinderfahrrad-haustier-wagen-sch\/#breadcrumb"},"inLanguage":"de","potentialAction":[{"@type":"ReadAction","target":["https:\/\/marktxxl.de\/markt\/produkt\/gdwd-fahrradanhaenger-kupplung-anhaengerkupplung-adapter-universal-traktionskopf-tragbar-fahrradanhaenger-hakenanschluss-anhang-fuer-kinderwagen-kinder-hund-anhaenger-kinderfahrrad-haustier-wagen-sch\/"]}]},{"@type":"ImageObject","inLanguage":"de","@id":"https:\/\/marktxxl.de\/markt\/produkt\/gdwd-fahrradanhaenger-kupplung-anhaengerkupplung-adapter-universal-traktionskopf-tragbar-fahrradanhaenger-hakenanschluss-anhang-fuer-kinderwagen-kinder-hund-anhaenger-kinderfahrrad-haustier-wagen-sch\/#primaryimage","url":"https:\/\/m.media-amazon.com\/images\/I\/41aT4M4ukpL._SL500_.jpg","contentUrl":"https:\/\/m.media-amazon.com\/images\/I\/41aT4M4ukpL._SL500_.jpg","width":500,"height":500},{"@type":"BreadcrumbList","@id":"https:\/\/marktxxl.de\/markt\/produkt\/gdwd-fahrradanhaenger-kupplung-anhaengerkupplung-adapter-universal-traktionskopf-tragbar-fahrradanhaenger-hakenanschluss-anhang-fuer-kinderwagen-kinder-hund-anhaenger-kinderfahrrad-haustier-wagen-sch\/#breadcrumb","itemListElement":[{"@type":"ListItem","position":1,"name":"Startseite","item":"https:\/\/marktxxl.de\/markt\/"},{"@type":"ListItem","position":2,"name":"Markt","item":"https:\/\/marktxxl.de\/markt\/"},{"@type":"ListItem","position":3,"name":"GDWD Fahrradanh\u00e4nger Kupplung Anh\u00e4ngerkupplung Adapter Universal Traktionskopf Tragbar Fahrradanh\u00e4nger Hakenanschluss\u2026"}]},{"@type":"WebSite","@id":"https:\/\/marktxxl.de\/markt\/#website","url":"https:\/\/marktxxl.de\/markt\/","name":"Markt-XXL","description":"Ihr Markt Online","publisher":{"@id":"https:\/\/marktxxl.de\/markt\/#organization"},"potentialAction":[{"@type":"SearchAction","target":{"@type":"EntryPoint","urlTemplate":"https:\/\/marktxxl.de\/markt\/?s={search_term_string}"},"query-input":{"@type":"PropertyValueSpecification","valueRequired":true,"valueName":"search_term_string"}}],"inLanguage":"de"},{"@type":"Organization","@id":"https:\/\/marktxxl.de\/markt\/#organization","name":"Markt-XXL","url":"https:\/\/marktxxl.de\/markt\/","logo":{"@type":"ImageObject","inLanguage":"de","@id":"https:\/\/marktxxl.de\/markt\/#\/schema\/logo\/image\/","url":"https:\/\/marktxxl.de\/markt\/wp-content\/uploads\/sites\/3\/2020\/12\/logo.png","contentUrl":"https:\/\/marktxxl.de\/markt\/wp-content\/uploads\/sites\/3\/2020\/12\/logo.png","width":200,"height":70,"caption":"Markt-XXL"},"image":{"@id":"https:\/\/marktxxl.de\/markt\/#\/schema\/logo\/image\/"}}]}},"_links":{"self":[{"href":"https:\/\/marktxxl.de\/markt\/wp-json\/wp\/v2\/product\/191545","targetHints":{"allow":["GET"]}}],"collection":[{"href":"https:\/\/marktxxl.de\/markt\/wp-json\/wp\/v2\/product"}],"about":[{"href":"https:\/\/marktxxl.de\/markt\/wp-json\/wp\/v2\/types\/product"}],"replies":[{"embeddable":true,"href":"https:\/\/marktxxl.de\/markt\/wp-json\/wp\/v2\/comments?post=191545"}],"wp:featuredmedia":[{"embeddable":true,"href":"https:\/\/marktxxl.de\/markt\/wp-json\/wp\/v2\/media\/191546"}],"wp:attachment":[{"href":"https:\/\/marktxxl.de\/markt\/wp-json\/wp\/v2\/media?parent=191545"}],"wp:term":[{"taxonomy":"product_brand","embeddable":true,"href":"https:\/\/marktxxl.de\/markt\/wp-json\/wp\/v2\/product_brand?post=191545"},{"taxonomy":"product_cat","embeddable":true,"href":"https:\/\/marktxxl.de\/markt\/wp-json\/wp\/v2\/product_cat?post=191545"},{"taxonomy":"product_tag","embeddable":true,"href":"https:\/\/marktxxl.de\/markt\/wp-json\/wp\/v2\/product_tag?post=191545"}],"curies":[{"name":"wp","href":"https:\/\/api.w.org\/{rel}","templated":true}]}}