{"id":191270,"date":"2023-03-10T21:47:35","date_gmt":"2023-03-10T20:47:35","guid":{"rendered":"https:\/\/marktxxl.de\/markt\/produkt\/comfy-cubs-hooded-towels\/"},"modified":"2023-04-10T05:39:13","modified_gmt":"2023-04-10T03:39:13","slug":"comfy-cubs-hooded-towels","status":"publish","type":"product","link":"https:\/\/marktxxl.de\/markt\/produkt\/comfy-cubs-hooded-towels\/","title":{"rendered":"Comfy Cubs Baby-Kapuzenhandtuch aus Musselin-Baumwolle, Gr\u00f6\u00dfe L, 81,3 x 81,3cm, ultraweich, warm und saugf\u00e4hig\u2026"},"content":{"rendered":"<p>2 St\u00fcck s\u00fc\u00dfe und kuschelige Baby-Kapuzenhandt\u00fccher &#8211; Diese entz\u00fcckenden Babyhandt\u00fccher mit Kapuze sind so konzipiert, dass Sie nach dem Baden eine bessere Abdeckung bieten, so dass Sie Ihre Kinder einwickeln und schnell trocknen k\u00f6nnen, w\u00e4hrend sie sicherstellen, dass sie warm bleiben, bis es Zeit f\u00fcr Marmeladen ist.<br \/>\nUltraweiche und saugf\u00e4hige Baumwolle &#8211; Unser Luxus-Kinder-Kapuzenhandtuch ist mit 9 Schichten Premium-Musselin-Baumwolle gewebt, die sie weicher und sanfter auf empfindlicher Haut macht und in der Lage ist, Wasser schneller zu absorbieren, wenn die Badezeit vorbei ist.<br \/>\nGr\u00f6\u00dfere Gr\u00f6\u00dfe f\u00fcr bessere Abdeckung \u2013 Comfy Cubs Musselin Baumwolle Kapuzenhandt\u00fccher sind eine gr\u00f6\u00dfere Gr\u00f6\u00dfe von 81,3 x 81,3 cm, die Neugeborene und wachsende Kleinkinder unterst\u00fctzen, so dass sie eine bessere Abdeckung von ihren K\u00f6pfen bis zu ihrem kleinen Po genie\u00dfen k\u00f6nnen.<br \/>\nNiedliche und trendige Farboptionen \u2013 diese super bequemen Kapuzent\u00fccher f\u00fcr Babys sind in f\u00fcnf aufregenden Farben erh\u00e4ltlich, perfekt f\u00fcr kleine Jungen und M\u00e4dchen, einschlie\u00dflich Wei\u00df, Himmelblau, Spitze, Salbei und Schiefer. Sie werden es lieben, sie in bunte Handt\u00fccher zu wickeln, die oh-so weich sind.<br \/>\nJedes Produkt von Comfy Cubs wurde entwickelt, um Ihnen die beste Qualit\u00e4t zu bieten. Wenn Sie aus irgendeinem Grund nicht zufrieden sind, erstatten wir Ihren Artikel f\u00fcr 30 Tage nach dem Kauf.<br \/>\n<div class=\"main-cross-sell\" data-asin=\"B0BRW1SCZ1\">\n\n\t<div class=\"WooZone-cross-sell-loader\">\n\t\t<div>\n\t\t\t<div id=\"floatingBarsG\">\n\t\t\t\t<div class=\"blockG\" id=\"rotateG_01\"><\/div>\n\t\t\t\t<div class=\"blockG\" id=\"rotateG_02\"><\/div>\n\t\t\t\t<div class=\"blockG\" id=\"rotateG_03\"><\/div>\n\t\t\t\t<div class=\"blockG\" id=\"rotateG_04\"><\/div>\n\t\t\t\t<div class=\"blockG\" id=\"rotateG_05\"><\/div>\n\t\t\t\t<div class=\"blockG\" id=\"rotateG_06\"><\/div>\n\t\t\t\t<div class=\"blockG\" id=\"rotateG_07\"><\/div>\n\t\t\t\t<div class=\"blockG\" id=\"rotateG_08\"><\/div>\n\t\t\t<\/div>\n\t\t\t<div class=\"WooZone-cross-sell-loader-text\"><\/div>\n\t\t<\/div>\n\t<\/div>\n\n\t\t\n<\/div>\n<div style=\"clear:both;\"><\/div><\/p>\n","protected":false},"excerpt":{"rendered":"<p>2 St\u00fcck s\u00fc\u00dfe und kuschelige Baby-Kapuzenhandt\u00fccher &#8211; Diese entz\u00fcckenden Babyhandt\u00fccher mit Kapuze sind so konzipiert, dass Sie nach dem Baden eine bessere Abdeckung bieten, so dass Sie Ihre Kinder einwickeln und schnell trocknen k\u00f6nnen, w\u00e4hrend sie sicherstellen, dass sie warm bleiben, bis es Zeit f\u00fcr Marmeladen ist.<br \/>\nUltraweiche und saugf\u00e4hige Baumwolle &#8211; Unser Luxus-Kinder-Kapuzenhandtuch ist mit 9 Schichten Premium-Musselin-Baumwolle gewebt, die sie weicher und sanfter auf empfindlicher Haut macht und in der Lage ist, Wasser schneller zu absorbieren, wenn die Badezeit vorbei ist.<br \/>\nGr\u00f6\u00dfere Gr\u00f6\u00dfe f\u00fcr bessere Abdeckung \u2013 Comfy Cubs Musselin Baumwolle Kapuzenhandt\u00fccher sind eine gr\u00f6\u00dfere Gr\u00f6\u00dfe von 81,3 x 81,3 cm, die Neugeborene und wachsende Kleinkinder unterst\u00fctzen, so dass sie eine bessere Abdeckung von ihren K\u00f6pfen bis zu ihrem kleinen Po genie\u00dfen k\u00f6nnen.<\/p>\n","protected":false},"featured_media":191271,"comment_status":"open","ping_status":"closed","template":"","meta":[],"product_brand":[],"product_cat":[21,9009],"product_tag":[],"class_list":{"0":"post-191270","1":"product","2":"type-product","3":"status-publish","4":"has-post-thumbnail","6":"product_cat-baby","7":"product_cat-babypflege-baby","8":"pa_brand-comfy-cubs","9":"pa_height-0-1968503935-zoll","10":"pa_length-8-90157479407-zoll","11":"pa_manufacturer-comfy-cubs","12":"pa_width-8-19291337747-zoll","14":"first","15":"instock","16":"shipping-taxable","17":"purchasable","18":"product-type-simple","19":"customify-col","20":"product-has-gallery"},"yoast_head":"<!-- This site is optimized with the Yoast SEO plugin v27.4 - https:\/\/yoast.com\/product\/yoast-seo-wordpress\/ -->\n<title>Comfy Cubs Baby-Kapuzenhandtuch aus Musselin-Baumwolle, Gr\u00f6\u00dfe L, 81,3 x 81,3cm, ultraweich, warm und saugf\u00e4hig\u2026 - Markt-XXL<\/title>\n<meta name=\"description\" content=\"Markt-XXL Comfy Cubs Baby-Kapuzenhandtuch aus Musselin-Baumwolle, Gr\u00f6\u00dfe L, 81,3 x 81,3cm, ultraweich, warm und saugf\u00e4hig\u2026\" \/>\n<meta name=\"robots\" content=\"index, follow, max-snippet:-1, max-image-preview:large, max-video-preview:-1\" \/>\n<link rel=\"canonical\" href=\"https:\/\/marktxxl.de\/markt\/produkt\/comfy-cubs-hooded-towels\/\" \/>\n<meta property=\"og:locale\" content=\"de_DE\" \/>\n<meta property=\"og:type\" content=\"article\" \/>\n<meta property=\"og:title\" content=\"Comfy Cubs Baby-Kapuzenhandtuch aus Musselin-Baumwolle, Gr\u00f6\u00dfe L, 81,3 x 81,3cm, ultraweich, warm und saugf\u00e4hig\u2026 - Markt-XXL\" \/>\n<meta property=\"og:description\" content=\"Markt-XXL Comfy Cubs Baby-Kapuzenhandtuch aus Musselin-Baumwolle, Gr\u00f6\u00dfe L, 81,3 x 81,3cm, ultraweich, warm und saugf\u00e4hig\u2026\" \/>\n<meta property=\"og:url\" content=\"https:\/\/marktxxl.de\/markt\/produkt\/comfy-cubs-hooded-towels\/\" \/>\n<meta property=\"og:site_name\" content=\"Markt-XXL\" \/>\n<meta property=\"article:modified_time\" content=\"2023-04-10T03:39:13+00:00\" \/>\n<meta property=\"og:image\" content=\"https:\/\/m.media-amazon.com\/images\/I\/41duaHUOu7L._SL500_.jpg\" \/>\n\t<meta property=\"og:image:width\" content=\"500\" \/>\n\t<meta property=\"og:image:height\" content=\"500\" \/>\n\t<meta property=\"og:image:type\" content=\"image\/jpeg\" \/>\n<meta name=\"twitter:card\" content=\"summary_large_image\" \/>\n<meta name=\"twitter:label1\" content=\"Gesch\u00e4tzte Lesezeit\" \/>\n\t<meta name=\"twitter:data1\" content=\"1\u00a0Minute\" \/>\n<script type=\"application\/ld+json\" class=\"yoast-schema-graph\">{\"@context\":\"https:\\\/\\\/schema.org\",\"@graph\":[{\"@type\":\"WebPage\",\"@id\":\"https:\\\/\\\/marktxxl.de\\\/markt\\\/produkt\\\/comfy-cubs-hooded-towels\\\/\",\"url\":\"https:\\\/\\\/marktxxl.de\\\/markt\\\/produkt\\\/comfy-cubs-hooded-towels\\\/\",\"name\":\"Comfy Cubs Baby-Kapuzenhandtuch aus Musselin-Baumwolle, Gr\u00f6\u00dfe L, 81,3 x 81,3cm, ultraweich, warm und saugf\u00e4hig\u2026 - Markt-XXL\",\"isPartOf\":{\"@id\":\"https:\\\/\\\/marktxxl.de\\\/markt\\\/#website\"},\"primaryImageOfPage\":{\"@id\":\"https:\\\/\\\/marktxxl.de\\\/markt\\\/produkt\\\/comfy-cubs-hooded-towels\\\/#primaryimage\"},\"image\":{\"@id\":\"https:\\\/\\\/marktxxl.de\\\/markt\\\/produkt\\\/comfy-cubs-hooded-towels\\\/#primaryimage\"},\"thumbnailUrl\":\"https:\\\/\\\/m.media-amazon.com\\\/images\\\/I\\\/41duaHUOu7L._SL500_.jpg\",\"datePublished\":\"2023-03-10T20:47:35+00:00\",\"dateModified\":\"2023-04-10T03:39:13+00:00\",\"description\":\"Markt-XXL Comfy Cubs Baby-Kapuzenhandtuch aus Musselin-Baumwolle, Gr\u00f6\u00dfe L, 81,3 x 81,3cm, ultraweich, warm und saugf\u00e4hig\u2026\",\"breadcrumb\":{\"@id\":\"https:\\\/\\\/marktxxl.de\\\/markt\\\/produkt\\\/comfy-cubs-hooded-towels\\\/#breadcrumb\"},\"inLanguage\":\"de\",\"potentialAction\":[{\"@type\":\"ReadAction\",\"target\":[\"https:\\\/\\\/marktxxl.de\\\/markt\\\/produkt\\\/comfy-cubs-hooded-towels\\\/\"]}]},{\"@type\":\"ImageObject\",\"inLanguage\":\"de\",\"@id\":\"https:\\\/\\\/marktxxl.de\\\/markt\\\/produkt\\\/comfy-cubs-hooded-towels\\\/#primaryimage\",\"url\":\"https:\\\/\\\/m.media-amazon.com\\\/images\\\/I\\\/41duaHUOu7L._SL500_.jpg\",\"contentUrl\":\"https:\\\/\\\/m.media-amazon.com\\\/images\\\/I\\\/41duaHUOu7L._SL500_.jpg\",\"width\":500,\"height\":500},{\"@type\":\"BreadcrumbList\",\"@id\":\"https:\\\/\\\/marktxxl.de\\\/markt\\\/produkt\\\/comfy-cubs-hooded-towels\\\/#breadcrumb\",\"itemListElement\":[{\"@type\":\"ListItem\",\"position\":1,\"name\":\"Startseite\",\"item\":\"https:\\\/\\\/marktxxl.de\\\/markt\\\/\"},{\"@type\":\"ListItem\",\"position\":2,\"name\":\"Markt\",\"item\":\"https:\\\/\\\/marktxxl.de\\\/markt\\\/\"},{\"@type\":\"ListItem\",\"position\":3,\"name\":\"Comfy Cubs Baby-Kapuzenhandtuch aus Musselin-Baumwolle, Gr\u00f6\u00dfe L, 81,3 x 81,3cm, ultraweich, warm und saugf\u00e4hig\u2026\"}]},{\"@type\":\"WebSite\",\"@id\":\"https:\\\/\\\/marktxxl.de\\\/markt\\\/#website\",\"url\":\"https:\\\/\\\/marktxxl.de\\\/markt\\\/\",\"name\":\"Markt-XXL\",\"description\":\"Ihr Markt Online\",\"publisher\":{\"@id\":\"https:\\\/\\\/marktxxl.de\\\/markt\\\/#organization\"},\"potentialAction\":[{\"@type\":\"SearchAction\",\"target\":{\"@type\":\"EntryPoint\",\"urlTemplate\":\"https:\\\/\\\/marktxxl.de\\\/markt\\\/?s={search_term_string}\"},\"query-input\":{\"@type\":\"PropertyValueSpecification\",\"valueRequired\":true,\"valueName\":\"search_term_string\"}}],\"inLanguage\":\"de\"},{\"@type\":\"Organization\",\"@id\":\"https:\\\/\\\/marktxxl.de\\\/markt\\\/#organization\",\"name\":\"Markt-XXL\",\"url\":\"https:\\\/\\\/marktxxl.de\\\/markt\\\/\",\"logo\":{\"@type\":\"ImageObject\",\"inLanguage\":\"de\",\"@id\":\"https:\\\/\\\/marktxxl.de\\\/markt\\\/#\\\/schema\\\/logo\\\/image\\\/\",\"url\":\"https:\\\/\\\/marktxxl.de\\\/markt\\\/wp-content\\\/uploads\\\/sites\\\/3\\\/2020\\\/12\\\/logo.png\",\"contentUrl\":\"https:\\\/\\\/marktxxl.de\\\/markt\\\/wp-content\\\/uploads\\\/sites\\\/3\\\/2020\\\/12\\\/logo.png\",\"width\":200,\"height\":70,\"caption\":\"Markt-XXL\"},\"image\":{\"@id\":\"https:\\\/\\\/marktxxl.de\\\/markt\\\/#\\\/schema\\\/logo\\\/image\\\/\"}}]}<\/script>\n<!-- \/ Yoast SEO plugin. -->","yoast_head_json":{"title":"Comfy Cubs Baby-Kapuzenhandtuch aus Musselin-Baumwolle, Gr\u00f6\u00dfe L, 81,3 x 81,3cm, ultraweich, warm und saugf\u00e4hig\u2026 - Markt-XXL","description":"Markt-XXL Comfy Cubs Baby-Kapuzenhandtuch aus Musselin-Baumwolle, Gr\u00f6\u00dfe L, 81,3 x 81,3cm, ultraweich, warm und saugf\u00e4hig\u2026","robots":{"index":"index","follow":"follow","max-snippet":"max-snippet:-1","max-image-preview":"max-image-preview:large","max-video-preview":"max-video-preview:-1"},"canonical":"https:\/\/marktxxl.de\/markt\/produkt\/comfy-cubs-hooded-towels\/","og_locale":"de_DE","og_type":"article","og_title":"Comfy Cubs Baby-Kapuzenhandtuch aus Musselin-Baumwolle, Gr\u00f6\u00dfe L, 81,3 x 81,3cm, ultraweich, warm und saugf\u00e4hig\u2026 - Markt-XXL","og_description":"Markt-XXL Comfy Cubs Baby-Kapuzenhandtuch aus Musselin-Baumwolle, Gr\u00f6\u00dfe L, 81,3 x 81,3cm, ultraweich, warm und saugf\u00e4hig\u2026","og_url":"https:\/\/marktxxl.de\/markt\/produkt\/comfy-cubs-hooded-towels\/","og_site_name":"Markt-XXL","article_modified_time":"2023-04-10T03:39:13+00:00","og_image":[{"width":500,"height":500,"url":"https:\/\/m.media-amazon.com\/images\/I\/41duaHUOu7L._SL500_.jpg","type":"image\/jpeg"}],"twitter_card":"summary_large_image","twitter_misc":{"Gesch\u00e4tzte Lesezeit":"1\u00a0Minute"},"schema":{"@context":"https:\/\/schema.org","@graph":[{"@type":"WebPage","@id":"https:\/\/marktxxl.de\/markt\/produkt\/comfy-cubs-hooded-towels\/","url":"https:\/\/marktxxl.de\/markt\/produkt\/comfy-cubs-hooded-towels\/","name":"Comfy Cubs Baby-Kapuzenhandtuch aus Musselin-Baumwolle, Gr\u00f6\u00dfe L, 81,3 x 81,3cm, ultraweich, warm und saugf\u00e4hig\u2026 - Markt-XXL","isPartOf":{"@id":"https:\/\/marktxxl.de\/markt\/#website"},"primaryImageOfPage":{"@id":"https:\/\/marktxxl.de\/markt\/produkt\/comfy-cubs-hooded-towels\/#primaryimage"},"image":{"@id":"https:\/\/marktxxl.de\/markt\/produkt\/comfy-cubs-hooded-towels\/#primaryimage"},"thumbnailUrl":"https:\/\/m.media-amazon.com\/images\/I\/41duaHUOu7L._SL500_.jpg","datePublished":"2023-03-10T20:47:35+00:00","dateModified":"2023-04-10T03:39:13+00:00","description":"Markt-XXL Comfy Cubs Baby-Kapuzenhandtuch aus Musselin-Baumwolle, Gr\u00f6\u00dfe L, 81,3 x 81,3cm, ultraweich, warm und saugf\u00e4hig\u2026","breadcrumb":{"@id":"https:\/\/marktxxl.de\/markt\/produkt\/comfy-cubs-hooded-towels\/#breadcrumb"},"inLanguage":"de","potentialAction":[{"@type":"ReadAction","target":["https:\/\/marktxxl.de\/markt\/produkt\/comfy-cubs-hooded-towels\/"]}]},{"@type":"ImageObject","inLanguage":"de","@id":"https:\/\/marktxxl.de\/markt\/produkt\/comfy-cubs-hooded-towels\/#primaryimage","url":"https:\/\/m.media-amazon.com\/images\/I\/41duaHUOu7L._SL500_.jpg","contentUrl":"https:\/\/m.media-amazon.com\/images\/I\/41duaHUOu7L._SL500_.jpg","width":500,"height":500},{"@type":"BreadcrumbList","@id":"https:\/\/marktxxl.de\/markt\/produkt\/comfy-cubs-hooded-towels\/#breadcrumb","itemListElement":[{"@type":"ListItem","position":1,"name":"Startseite","item":"https:\/\/marktxxl.de\/markt\/"},{"@type":"ListItem","position":2,"name":"Markt","item":"https:\/\/marktxxl.de\/markt\/"},{"@type":"ListItem","position":3,"name":"Comfy Cubs Baby-Kapuzenhandtuch aus Musselin-Baumwolle, Gr\u00f6\u00dfe L, 81,3 x 81,3cm, ultraweich, warm und saugf\u00e4hig\u2026"}]},{"@type":"WebSite","@id":"https:\/\/marktxxl.de\/markt\/#website","url":"https:\/\/marktxxl.de\/markt\/","name":"Markt-XXL","description":"Ihr Markt Online","publisher":{"@id":"https:\/\/marktxxl.de\/markt\/#organization"},"potentialAction":[{"@type":"SearchAction","target":{"@type":"EntryPoint","urlTemplate":"https:\/\/marktxxl.de\/markt\/?s={search_term_string}"},"query-input":{"@type":"PropertyValueSpecification","valueRequired":true,"valueName":"search_term_string"}}],"inLanguage":"de"},{"@type":"Organization","@id":"https:\/\/marktxxl.de\/markt\/#organization","name":"Markt-XXL","url":"https:\/\/marktxxl.de\/markt\/","logo":{"@type":"ImageObject","inLanguage":"de","@id":"https:\/\/marktxxl.de\/markt\/#\/schema\/logo\/image\/","url":"https:\/\/marktxxl.de\/markt\/wp-content\/uploads\/sites\/3\/2020\/12\/logo.png","contentUrl":"https:\/\/marktxxl.de\/markt\/wp-content\/uploads\/sites\/3\/2020\/12\/logo.png","width":200,"height":70,"caption":"Markt-XXL"},"image":{"@id":"https:\/\/marktxxl.de\/markt\/#\/schema\/logo\/image\/"}}]}},"_links":{"self":[{"href":"https:\/\/marktxxl.de\/markt\/wp-json\/wp\/v2\/product\/191270","targetHints":{"allow":["GET"]}}],"collection":[{"href":"https:\/\/marktxxl.de\/markt\/wp-json\/wp\/v2\/product"}],"about":[{"href":"https:\/\/marktxxl.de\/markt\/wp-json\/wp\/v2\/types\/product"}],"replies":[{"embeddable":true,"href":"https:\/\/marktxxl.de\/markt\/wp-json\/wp\/v2\/comments?post=191270"}],"wp:featuredmedia":[{"embeddable":true,"href":"https:\/\/marktxxl.de\/markt\/wp-json\/wp\/v2\/media\/191271"}],"wp:attachment":[{"href":"https:\/\/marktxxl.de\/markt\/wp-json\/wp\/v2\/media?parent=191270"}],"wp:term":[{"taxonomy":"product_brand","embeddable":true,"href":"https:\/\/marktxxl.de\/markt\/wp-json\/wp\/v2\/product_brand?post=191270"},{"taxonomy":"product_cat","embeddable":true,"href":"https:\/\/marktxxl.de\/markt\/wp-json\/wp\/v2\/product_cat?post=191270"},{"taxonomy":"product_tag","embeddable":true,"href":"https:\/\/marktxxl.de\/markt\/wp-json\/wp\/v2\/product_tag?post=191270"}],"curies":[{"name":"wp","href":"https:\/\/api.w.org\/{rel}","templated":true}]}}