{"id":190968,"date":"2023-03-10T20:46:49","date_gmt":"2023-03-10T19:46:49","guid":{"rendered":"https:\/\/marktxxl.de\/markt\/produkt\/eigso-punk-gothic-halsband-fuer-frauen-maenner-mit-schwarz-pu-leder-herz-und-o-ring-verstellbar\/"},"modified":"2023-04-10T05:38:26","modified_gmt":"2023-04-10T03:38:26","slug":"eigso-punk-gothic-halsband-fuer-frauen-maenner-mit-schwarz-pu-leder-herz-und-o-ring-verstellbar","status":"publish","type":"product","link":"https:\/\/marktxxl.de\/markt\/produkt\/eigso-punk-gothic-halsband-fuer-frauen-maenner-mit-schwarz-pu-leder-herz-und-o-ring-verstellbar\/","title":{"rendered":"EIGSO Punk Gothic Halsband f\u00fcr Frauen M\u00e4nner mit Schwarz PU Leder Herz und O-Ring verstellbar"},"content":{"rendered":"<p>Paketinhalt: 2 * PU Lederhalsband Halsreif.<br \/>\nMaterial: PU-Leder + Legierung. Hohe Qualit\u00e4t und wird nicht brechen oder sch\u00e4len.<br \/>\nSpezifikation: Etwa 31-39,5 cm (12,2 &#8220;-15,5&#8221;) k\u00f6nnen einstellbar sein. Weitere Informationen finden Sie im Bild.<br \/>\nAll Match Style: Es ist f\u00fcr Frauen \/ M\u00e4nner, die an Halloween, im Nachtclub, im Cosplay oder auf der Party tragen. Es wird mehr Highlights Ihres Kleides bringen und Sie besonders und charmant aussehen lassen.<br \/>\nGeeignete Anl\u00e4sse und perfekte Geschenke: F\u00fcr besondere Anl\u00e4sse wie COSPLAY, Dress Up Party, Maskerade, Nachtclub, Musikfestival und mehr. Sie bringen mehr Highlights in Ihr Kleid und lassen Sie besonders und charmant aussehen. Auch als Geschenk f\u00fcr Ihren Liebhaber, Ihre Freundin, Freunde oder jeden, den Sie lieben.<br \/>\n<div class=\"main-cross-sell\" data-asin=\"B094FJG72X\">\n\n\t<div class=\"WooZone-cross-sell-loader\">\n\t\t<div>\n\t\t\t<div id=\"floatingBarsG\">\n\t\t\t\t<div class=\"blockG\" id=\"rotateG_01\"><\/div>\n\t\t\t\t<div class=\"blockG\" id=\"rotateG_02\"><\/div>\n\t\t\t\t<div class=\"blockG\" id=\"rotateG_03\"><\/div>\n\t\t\t\t<div class=\"blockG\" id=\"rotateG_04\"><\/div>\n\t\t\t\t<div class=\"blockG\" id=\"rotateG_05\"><\/div>\n\t\t\t\t<div class=\"blockG\" id=\"rotateG_06\"><\/div>\n\t\t\t\t<div class=\"blockG\" id=\"rotateG_07\"><\/div>\n\t\t\t\t<div class=\"blockG\" id=\"rotateG_08\"><\/div>\n\t\t\t<\/div>\n\t\t\t<div class=\"WooZone-cross-sell-loader-text\"><\/div>\n\t\t<\/div>\n\t<\/div>\n\n\t\t\n<\/div>\n<div style=\"clear:both;\"><\/div><\/p>\n","protected":false},"excerpt":{"rendered":"<p>Paketinhalt: 2 * PU Lederhalsband Halsreif.<br \/>\nMaterial: PU-Leder + Legierung. Hohe Qualit\u00e4t und wird nicht brechen oder sch\u00e4len.<br \/>\nSpezifikation: Etwa 31-39,5 cm (12,2 &#8220;-15,5&#8221;) k\u00f6nnen einstellbar sein. Weitere Informationen finden Sie im Bild.<\/p>\n","protected":false},"featured_media":190969,"comment_status":"open","ping_status":"closed","template":"","meta":[],"product_brand":[],"product_cat":[652,3064],"product_tag":[],"class_list":{"0":"post-190968","1":"product","2":"type-product","3":"status-publish","4":"has-post-thumbnail","6":"product_cat-erotik-markt-xxl","7":"product_cat-fesseln-bondage","8":"pa_brand-eigso","10":"first","11":"instock","12":"shipping-taxable","13":"purchasable","14":"product-type-simple","15":"customify-col","16":"product-has-gallery"},"yoast_head":"<!-- This site is optimized with the Yoast SEO plugin v27.4 - https:\/\/yoast.com\/product\/yoast-seo-wordpress\/ -->\n<title>EIGSO Punk Gothic Halsband f\u00fcr Frauen M\u00e4nner mit Schwarz PU Leder Herz und O-Ring verstellbar - Markt-XXL<\/title>\n<meta name=\"description\" content=\"Markt-XXL EIGSO Punk Gothic Halsband f\u00fcr Frauen M\u00e4nner mit Schwarz PU Leder Herz und O-Ring verstellbar\" \/>\n<meta name=\"robots\" content=\"index, follow, max-snippet:-1, max-image-preview:large, max-video-preview:-1\" \/>\n<link rel=\"canonical\" href=\"https:\/\/marktxxl.de\/markt\/produkt\/eigso-punk-gothic-halsband-fuer-frauen-maenner-mit-schwarz-pu-leder-herz-und-o-ring-verstellbar\/\" \/>\n<meta property=\"og:locale\" content=\"de_DE\" \/>\n<meta property=\"og:type\" content=\"article\" \/>\n<meta property=\"og:title\" content=\"EIGSO Punk Gothic Halsband f\u00fcr Frauen M\u00e4nner mit Schwarz PU Leder Herz und O-Ring verstellbar - Markt-XXL\" \/>\n<meta property=\"og:description\" content=\"Markt-XXL EIGSO Punk Gothic Halsband f\u00fcr Frauen M\u00e4nner mit Schwarz PU Leder Herz und O-Ring verstellbar\" \/>\n<meta property=\"og:url\" content=\"https:\/\/marktxxl.de\/markt\/produkt\/eigso-punk-gothic-halsband-fuer-frauen-maenner-mit-schwarz-pu-leder-herz-und-o-ring-verstellbar\/\" \/>\n<meta property=\"og:site_name\" content=\"Markt-XXL\" \/>\n<meta property=\"article:modified_time\" content=\"2023-04-10T03:38:26+00:00\" \/>\n<meta property=\"og:image\" content=\"https:\/\/m.media-amazon.com\/images\/I\/41N8A9G0jkL._SL500_.jpg\" \/>\n\t<meta property=\"og:image:width\" content=\"500\" \/>\n\t<meta property=\"og:image:height\" content=\"500\" \/>\n\t<meta property=\"og:image:type\" content=\"image\/jpeg\" \/>\n<meta name=\"twitter:card\" content=\"summary_large_image\" \/>\n<meta name=\"twitter:label1\" content=\"Gesch\u00e4tzte Lesezeit\" \/>\n\t<meta name=\"twitter:data1\" content=\"1\u00a0Minute\" \/>\n<script type=\"application\/ld+json\" class=\"yoast-schema-graph\">{\"@context\":\"https:\\\/\\\/schema.org\",\"@graph\":[{\"@type\":\"WebPage\",\"@id\":\"https:\\\/\\\/marktxxl.de\\\/markt\\\/produkt\\\/eigso-punk-gothic-halsband-fuer-frauen-maenner-mit-schwarz-pu-leder-herz-und-o-ring-verstellbar\\\/\",\"url\":\"https:\\\/\\\/marktxxl.de\\\/markt\\\/produkt\\\/eigso-punk-gothic-halsband-fuer-frauen-maenner-mit-schwarz-pu-leder-herz-und-o-ring-verstellbar\\\/\",\"name\":\"EIGSO Punk Gothic Halsband f\u00fcr Frauen M\u00e4nner mit Schwarz PU Leder Herz und O-Ring verstellbar - Markt-XXL\",\"isPartOf\":{\"@id\":\"https:\\\/\\\/marktxxl.de\\\/markt\\\/#website\"},\"primaryImageOfPage\":{\"@id\":\"https:\\\/\\\/marktxxl.de\\\/markt\\\/produkt\\\/eigso-punk-gothic-halsband-fuer-frauen-maenner-mit-schwarz-pu-leder-herz-und-o-ring-verstellbar\\\/#primaryimage\"},\"image\":{\"@id\":\"https:\\\/\\\/marktxxl.de\\\/markt\\\/produkt\\\/eigso-punk-gothic-halsband-fuer-frauen-maenner-mit-schwarz-pu-leder-herz-und-o-ring-verstellbar\\\/#primaryimage\"},\"thumbnailUrl\":\"https:\\\/\\\/m.media-amazon.com\\\/images\\\/I\\\/41N8A9G0jkL._SL500_.jpg\",\"datePublished\":\"2023-03-10T19:46:49+00:00\",\"dateModified\":\"2023-04-10T03:38:26+00:00\",\"description\":\"Markt-XXL EIGSO Punk Gothic Halsband f\u00fcr Frauen M\u00e4nner mit Schwarz PU Leder Herz und O-Ring verstellbar\",\"breadcrumb\":{\"@id\":\"https:\\\/\\\/marktxxl.de\\\/markt\\\/produkt\\\/eigso-punk-gothic-halsband-fuer-frauen-maenner-mit-schwarz-pu-leder-herz-und-o-ring-verstellbar\\\/#breadcrumb\"},\"inLanguage\":\"de\",\"potentialAction\":[{\"@type\":\"ReadAction\",\"target\":[\"https:\\\/\\\/marktxxl.de\\\/markt\\\/produkt\\\/eigso-punk-gothic-halsband-fuer-frauen-maenner-mit-schwarz-pu-leder-herz-und-o-ring-verstellbar\\\/\"]}]},{\"@type\":\"ImageObject\",\"inLanguage\":\"de\",\"@id\":\"https:\\\/\\\/marktxxl.de\\\/markt\\\/produkt\\\/eigso-punk-gothic-halsband-fuer-frauen-maenner-mit-schwarz-pu-leder-herz-und-o-ring-verstellbar\\\/#primaryimage\",\"url\":\"https:\\\/\\\/m.media-amazon.com\\\/images\\\/I\\\/41N8A9G0jkL._SL500_.jpg\",\"contentUrl\":\"https:\\\/\\\/m.media-amazon.com\\\/images\\\/I\\\/41N8A9G0jkL._SL500_.jpg\",\"width\":500,\"height\":500},{\"@type\":\"BreadcrumbList\",\"@id\":\"https:\\\/\\\/marktxxl.de\\\/markt\\\/produkt\\\/eigso-punk-gothic-halsband-fuer-frauen-maenner-mit-schwarz-pu-leder-herz-und-o-ring-verstellbar\\\/#breadcrumb\",\"itemListElement\":[{\"@type\":\"ListItem\",\"position\":1,\"name\":\"Startseite\",\"item\":\"https:\\\/\\\/marktxxl.de\\\/markt\\\/\"},{\"@type\":\"ListItem\",\"position\":2,\"name\":\"Markt\",\"item\":\"https:\\\/\\\/marktxxl.de\\\/markt\\\/\"},{\"@type\":\"ListItem\",\"position\":3,\"name\":\"EIGSO Punk Gothic Halsband f\u00fcr Frauen M\u00e4nner mit Schwarz PU Leder Herz und O-Ring verstellbar\"}]},{\"@type\":\"WebSite\",\"@id\":\"https:\\\/\\\/marktxxl.de\\\/markt\\\/#website\",\"url\":\"https:\\\/\\\/marktxxl.de\\\/markt\\\/\",\"name\":\"Markt-XXL\",\"description\":\"Ihr Markt Online\",\"publisher\":{\"@id\":\"https:\\\/\\\/marktxxl.de\\\/markt\\\/#organization\"},\"potentialAction\":[{\"@type\":\"SearchAction\",\"target\":{\"@type\":\"EntryPoint\",\"urlTemplate\":\"https:\\\/\\\/marktxxl.de\\\/markt\\\/?s={search_term_string}\"},\"query-input\":{\"@type\":\"PropertyValueSpecification\",\"valueRequired\":true,\"valueName\":\"search_term_string\"}}],\"inLanguage\":\"de\"},{\"@type\":\"Organization\",\"@id\":\"https:\\\/\\\/marktxxl.de\\\/markt\\\/#organization\",\"name\":\"Markt-XXL\",\"url\":\"https:\\\/\\\/marktxxl.de\\\/markt\\\/\",\"logo\":{\"@type\":\"ImageObject\",\"inLanguage\":\"de\",\"@id\":\"https:\\\/\\\/marktxxl.de\\\/markt\\\/#\\\/schema\\\/logo\\\/image\\\/\",\"url\":\"https:\\\/\\\/marktxxl.de\\\/markt\\\/wp-content\\\/uploads\\\/sites\\\/3\\\/2020\\\/12\\\/logo.png\",\"contentUrl\":\"https:\\\/\\\/marktxxl.de\\\/markt\\\/wp-content\\\/uploads\\\/sites\\\/3\\\/2020\\\/12\\\/logo.png\",\"width\":200,\"height\":70,\"caption\":\"Markt-XXL\"},\"image\":{\"@id\":\"https:\\\/\\\/marktxxl.de\\\/markt\\\/#\\\/schema\\\/logo\\\/image\\\/\"}}]}<\/script>\n<!-- \/ Yoast SEO plugin. -->","yoast_head_json":{"title":"EIGSO Punk Gothic Halsband f\u00fcr Frauen M\u00e4nner mit Schwarz PU Leder Herz und O-Ring verstellbar - Markt-XXL","description":"Markt-XXL EIGSO Punk Gothic Halsband f\u00fcr Frauen M\u00e4nner mit Schwarz PU Leder Herz und O-Ring verstellbar","robots":{"index":"index","follow":"follow","max-snippet":"max-snippet:-1","max-image-preview":"max-image-preview:large","max-video-preview":"max-video-preview:-1"},"canonical":"https:\/\/marktxxl.de\/markt\/produkt\/eigso-punk-gothic-halsband-fuer-frauen-maenner-mit-schwarz-pu-leder-herz-und-o-ring-verstellbar\/","og_locale":"de_DE","og_type":"article","og_title":"EIGSO Punk Gothic Halsband f\u00fcr Frauen M\u00e4nner mit Schwarz PU Leder Herz und O-Ring verstellbar - Markt-XXL","og_description":"Markt-XXL EIGSO Punk Gothic Halsband f\u00fcr Frauen M\u00e4nner mit Schwarz PU Leder Herz und O-Ring verstellbar","og_url":"https:\/\/marktxxl.de\/markt\/produkt\/eigso-punk-gothic-halsband-fuer-frauen-maenner-mit-schwarz-pu-leder-herz-und-o-ring-verstellbar\/","og_site_name":"Markt-XXL","article_modified_time":"2023-04-10T03:38:26+00:00","og_image":[{"width":500,"height":500,"url":"https:\/\/m.media-amazon.com\/images\/I\/41N8A9G0jkL._SL500_.jpg","type":"image\/jpeg"}],"twitter_card":"summary_large_image","twitter_misc":{"Gesch\u00e4tzte Lesezeit":"1\u00a0Minute"},"schema":{"@context":"https:\/\/schema.org","@graph":[{"@type":"WebPage","@id":"https:\/\/marktxxl.de\/markt\/produkt\/eigso-punk-gothic-halsband-fuer-frauen-maenner-mit-schwarz-pu-leder-herz-und-o-ring-verstellbar\/","url":"https:\/\/marktxxl.de\/markt\/produkt\/eigso-punk-gothic-halsband-fuer-frauen-maenner-mit-schwarz-pu-leder-herz-und-o-ring-verstellbar\/","name":"EIGSO Punk Gothic Halsband f\u00fcr Frauen M\u00e4nner mit Schwarz PU Leder Herz und O-Ring verstellbar - Markt-XXL","isPartOf":{"@id":"https:\/\/marktxxl.de\/markt\/#website"},"primaryImageOfPage":{"@id":"https:\/\/marktxxl.de\/markt\/produkt\/eigso-punk-gothic-halsband-fuer-frauen-maenner-mit-schwarz-pu-leder-herz-und-o-ring-verstellbar\/#primaryimage"},"image":{"@id":"https:\/\/marktxxl.de\/markt\/produkt\/eigso-punk-gothic-halsband-fuer-frauen-maenner-mit-schwarz-pu-leder-herz-und-o-ring-verstellbar\/#primaryimage"},"thumbnailUrl":"https:\/\/m.media-amazon.com\/images\/I\/41N8A9G0jkL._SL500_.jpg","datePublished":"2023-03-10T19:46:49+00:00","dateModified":"2023-04-10T03:38:26+00:00","description":"Markt-XXL EIGSO Punk Gothic Halsband f\u00fcr Frauen M\u00e4nner mit Schwarz PU Leder Herz und O-Ring verstellbar","breadcrumb":{"@id":"https:\/\/marktxxl.de\/markt\/produkt\/eigso-punk-gothic-halsband-fuer-frauen-maenner-mit-schwarz-pu-leder-herz-und-o-ring-verstellbar\/#breadcrumb"},"inLanguage":"de","potentialAction":[{"@type":"ReadAction","target":["https:\/\/marktxxl.de\/markt\/produkt\/eigso-punk-gothic-halsband-fuer-frauen-maenner-mit-schwarz-pu-leder-herz-und-o-ring-verstellbar\/"]}]},{"@type":"ImageObject","inLanguage":"de","@id":"https:\/\/marktxxl.de\/markt\/produkt\/eigso-punk-gothic-halsband-fuer-frauen-maenner-mit-schwarz-pu-leder-herz-und-o-ring-verstellbar\/#primaryimage","url":"https:\/\/m.media-amazon.com\/images\/I\/41N8A9G0jkL._SL500_.jpg","contentUrl":"https:\/\/m.media-amazon.com\/images\/I\/41N8A9G0jkL._SL500_.jpg","width":500,"height":500},{"@type":"BreadcrumbList","@id":"https:\/\/marktxxl.de\/markt\/produkt\/eigso-punk-gothic-halsband-fuer-frauen-maenner-mit-schwarz-pu-leder-herz-und-o-ring-verstellbar\/#breadcrumb","itemListElement":[{"@type":"ListItem","position":1,"name":"Startseite","item":"https:\/\/marktxxl.de\/markt\/"},{"@type":"ListItem","position":2,"name":"Markt","item":"https:\/\/marktxxl.de\/markt\/"},{"@type":"ListItem","position":3,"name":"EIGSO Punk Gothic Halsband f\u00fcr Frauen M\u00e4nner mit Schwarz PU Leder Herz und O-Ring verstellbar"}]},{"@type":"WebSite","@id":"https:\/\/marktxxl.de\/markt\/#website","url":"https:\/\/marktxxl.de\/markt\/","name":"Markt-XXL","description":"Ihr Markt Online","publisher":{"@id":"https:\/\/marktxxl.de\/markt\/#organization"},"potentialAction":[{"@type":"SearchAction","target":{"@type":"EntryPoint","urlTemplate":"https:\/\/marktxxl.de\/markt\/?s={search_term_string}"},"query-input":{"@type":"PropertyValueSpecification","valueRequired":true,"valueName":"search_term_string"}}],"inLanguage":"de"},{"@type":"Organization","@id":"https:\/\/marktxxl.de\/markt\/#organization","name":"Markt-XXL","url":"https:\/\/marktxxl.de\/markt\/","logo":{"@type":"ImageObject","inLanguage":"de","@id":"https:\/\/marktxxl.de\/markt\/#\/schema\/logo\/image\/","url":"https:\/\/marktxxl.de\/markt\/wp-content\/uploads\/sites\/3\/2020\/12\/logo.png","contentUrl":"https:\/\/marktxxl.de\/markt\/wp-content\/uploads\/sites\/3\/2020\/12\/logo.png","width":200,"height":70,"caption":"Markt-XXL"},"image":{"@id":"https:\/\/marktxxl.de\/markt\/#\/schema\/logo\/image\/"}}]}},"_links":{"self":[{"href":"https:\/\/marktxxl.de\/markt\/wp-json\/wp\/v2\/product\/190968","targetHints":{"allow":["GET"]}}],"collection":[{"href":"https:\/\/marktxxl.de\/markt\/wp-json\/wp\/v2\/product"}],"about":[{"href":"https:\/\/marktxxl.de\/markt\/wp-json\/wp\/v2\/types\/product"}],"replies":[{"embeddable":true,"href":"https:\/\/marktxxl.de\/markt\/wp-json\/wp\/v2\/comments?post=190968"}],"wp:featuredmedia":[{"embeddable":true,"href":"https:\/\/marktxxl.de\/markt\/wp-json\/wp\/v2\/media\/190969"}],"wp:attachment":[{"href":"https:\/\/marktxxl.de\/markt\/wp-json\/wp\/v2\/media?parent=190968"}],"wp:term":[{"taxonomy":"product_brand","embeddable":true,"href":"https:\/\/marktxxl.de\/markt\/wp-json\/wp\/v2\/product_brand?post=190968"},{"taxonomy":"product_cat","embeddable":true,"href":"https:\/\/marktxxl.de\/markt\/wp-json\/wp\/v2\/product_cat?post=190968"},{"taxonomy":"product_tag","embeddable":true,"href":"https:\/\/marktxxl.de\/markt\/wp-json\/wp\/v2\/product_tag?post=190968"}],"curies":[{"name":"wp","href":"https:\/\/api.w.org\/{rel}","templated":true}]}}