{"id":190042,"date":"2023-02-09T10:47:09","date_gmt":"2023-02-09T09:47:09","guid":{"rendered":"https:\/\/marktxxl.de\/markt\/produkt\/skratch-labs-sport-hydrationsgetraenkemischung-zitrone-limette-465-oz-60-portionen\/"},"modified":"2023-04-11T05:23:11","modified_gmt":"2023-04-11T03:23:11","slug":"skratch-labs-sport-hydrationsgetraenkemischung-zitrone-limette-465-oz-60-portionen","status":"publish","type":"product","link":"https:\/\/marktxxl.de\/markt\/produkt\/skratch-labs-sport-hydrationsgetraenkemischung-zitrone-limette-465-oz-60-portionen\/","title":{"rendered":"Skratch Labs | Sport-Hydrationsgetr\u00e4nkemischung, Zitrone-Limette (46,5 oz, 60 Portionen)"},"content":{"rendered":"<p>F\u00dcR ATHLETEN ENTWICKELT: Ein Elektrolytprofil, das dem entspricht, was im Schwei\u00df verloren geht, um zu rehydrieren, und ein optimiertes Verh\u00e4ltnis von Natrium und Glukose f\u00fcr eine schnelle Absorption und Energie. Radfahren, Laufen, Ausdauer oder Workout \u2013 mehr leisten UND sich besser f\u00fchlen.<br \/>\nSICHER HYDRATIEREN OHNE FLUFF: Wir haben Sportgetr\u00e4nke neu erfunden und uns auf nur die notwendigen Zutaten reduziert. F\u00fcr den Spitzensportler und Alltagsk\u00fcnstler ist einfach besser f\u00fcr alle, die hart arbeiten und schwitzen. Sie schwitzen nicht mit Red Dye #40. Warum trinken?<br \/>\nZITRONE &amp; LIME: Vegan, pflanzlich, nachweislich gentechnikfrei, glutenfrei, milchfrei und koscher. F\u00fcr den Geschmack und einen leichten, erfrischenden Geschmack werden nur echte Fr\u00fcchte verwendet. 50 % weniger Zucker und fast doppelt so viel Natrium wie das f\u00fchrende Sportgetr\u00e4nk*<br \/>\nHYDRATE SCHNELLER ALS WASSER: Beim Schwitzen verwenden und bei Durst trinken. Geben Sie einen Messl\u00f6ffel in 350 bis 500 ml Wasser und sch\u00fctteln Sie es. Trinken Sie als Ausgangspunkt 1-2 Portionen pro Stunde Bewegung, aber achten Sie auf Ihren Durst.<br \/>\nSKRATCH LABS: Wir verwenden echte Lebensmittel, beginnend bei Null, um die Sportnahrung zu kreieren, die Ihr K\u00f6rper tats\u00e4chlich braucht. Keine k\u00fcnstlichen Farbstoffe, Isolate oder Konservierungsstoffe, die Magen-Darm-Beschwerden verursachen k\u00f6nnten. Unsere Produkte helfen Ihnen dabei, bessere Leistungen zu erbringen, garantiert.<br \/>\n<div class=\"main-cross-sell\" data-asin=\"B075NDRY1C\">\n\n\t<div class=\"WooZone-cross-sell-loader\">\n\t\t<div>\n\t\t\t<div id=\"floatingBarsG\">\n\t\t\t\t<div class=\"blockG\" id=\"rotateG_01\"><\/div>\n\t\t\t\t<div class=\"blockG\" id=\"rotateG_02\"><\/div>\n\t\t\t\t<div class=\"blockG\" id=\"rotateG_03\"><\/div>\n\t\t\t\t<div class=\"blockG\" id=\"rotateG_04\"><\/div>\n\t\t\t\t<div class=\"blockG\" id=\"rotateG_05\"><\/div>\n\t\t\t\t<div class=\"blockG\" id=\"rotateG_06\"><\/div>\n\t\t\t\t<div class=\"blockG\" id=\"rotateG_07\"><\/div>\n\t\t\t\t<div class=\"blockG\" id=\"rotateG_08\"><\/div>\n\t\t\t<\/div>\n\t\t\t<div class=\"WooZone-cross-sell-loader-text\"><\/div>\n\t\t<\/div>\n\t<\/div>\n\n\t\t\n<\/div>\n<div style=\"clear:both;\"><\/div><\/p>\n","protected":false},"excerpt":{"rendered":"<p>F\u00dcR ATHLETEN ENTWICKELT: Ein Elektrolytprofil, das dem entspricht, was im Schwei\u00df verloren geht, um zu rehydrieren, und ein optimiertes Verh\u00e4ltnis von Natrium und Glukose f\u00fcr eine schnelle Absorption und Energie. Radfahren, Laufen, Ausdauer oder Workout \u2013 mehr leisten UND sich besser f\u00fchlen.<br \/>\nSICHER HYDRATIEREN OHNE FLUFF: Wir haben Sportgetr\u00e4nke neu erfunden und uns auf nur die notwendigen Zutaten reduziert. F\u00fcr den Spitzensportler und Alltagsk\u00fcnstler ist einfach besser f\u00fcr alle, die hart arbeiten und schwitzen. Sie schwitzen nicht mit Red Dye #40. Warum trinken?<br \/>\nZITRONE &amp; LIME: Vegan, pflanzlich, nachweislich gentechnikfrei, glutenfrei, milchfrei und koscher. F\u00fcr den Geschmack und einen leichten, erfrischenden Geschmack werden nur echte Fr\u00fcchte verwendet. 50 % weniger Zucker und fast doppelt so viel Natrium wie das f\u00fchrende Sportgetr\u00e4nk*<\/p>\n","protected":false},"featured_media":190043,"comment_status":"open","ping_status":"closed","template":"","meta":[],"product_brand":[],"product_cat":[566,6104],"product_tag":[],"class_list":{"0":"post-190042","1":"product","2":"type-product","3":"status-publish","4":"has-post-thumbnail","6":"product_cat-drogerie-koerperpflege","7":"product_cat-nahrungsergaenzung","8":"pa_binding-badartikel","9":"pa_brand-skratch-labs","10":"pa_height-2-75-zoll","11":"pa_length-11-zoll","12":"pa_manufacturer-skratch-labs","13":"pa_model-skratchlabslemonlime60servingmix","14":"pa_size-29-pfund-1-stueck","15":"pa_weight-0-01-pounds","16":"pa_width-9-zoll","18":"first","19":"instock","20":"shipping-taxable","21":"purchasable","22":"product-type-simple","23":"customify-col","24":"product-has-gallery"},"yoast_head":"<!-- This site is optimized with the Yoast SEO plugin v27.3 - https:\/\/yoast.com\/product\/yoast-seo-wordpress\/ -->\n<title>Skratch Labs | Sport-Hydrationsgetr\u00e4nkemischung, Zitrone-Limette (46,5 oz, 60 Portionen) - Markt-XXL<\/title>\n<meta name=\"description\" content=\"Markt-XXL Skratch Labs | Sport-Hydrationsgetr\u00e4nkemischung, Zitrone-Limette (46,5 oz, 60 Portionen)\" \/>\n<meta name=\"robots\" content=\"index, follow, max-snippet:-1, max-image-preview:large, max-video-preview:-1\" \/>\n<link rel=\"canonical\" href=\"https:\/\/marktxxl.de\/markt\/produkt\/skratch-labs-sport-hydrationsgetraenkemischung-zitrone-limette-465-oz-60-portionen\/\" \/>\n<meta property=\"og:locale\" content=\"de_DE\" \/>\n<meta property=\"og:type\" content=\"article\" \/>\n<meta property=\"og:title\" content=\"Skratch Labs | Sport-Hydrationsgetr\u00e4nkemischung, Zitrone-Limette (46,5 oz, 60 Portionen) - Markt-XXL\" \/>\n<meta property=\"og:description\" content=\"Markt-XXL Skratch Labs | Sport-Hydrationsgetr\u00e4nkemischung, Zitrone-Limette (46,5 oz, 60 Portionen)\" \/>\n<meta property=\"og:url\" content=\"https:\/\/marktxxl.de\/markt\/produkt\/skratch-labs-sport-hydrationsgetraenkemischung-zitrone-limette-465-oz-60-portionen\/\" \/>\n<meta property=\"og:site_name\" content=\"Markt-XXL\" \/>\n<meta property=\"article:modified_time\" content=\"2023-04-11T03:23:11+00:00\" \/>\n<meta property=\"og:image\" content=\"https:\/\/m.media-amazon.com\/images\/I\/51UT1RalrAL._SL500_.jpg\" \/>\n\t<meta property=\"og:image:width\" content=\"500\" \/>\n\t<meta property=\"og:image:height\" content=\"500\" \/>\n\t<meta property=\"og:image:type\" content=\"image\/jpeg\" \/>\n<meta name=\"twitter:card\" content=\"summary_large_image\" \/>\n<meta name=\"twitter:label1\" content=\"Gesch\u00e4tzte Lesezeit\" \/>\n\t<meta name=\"twitter:data1\" content=\"1\u00a0Minute\" \/>\n<script type=\"application\/ld+json\" class=\"yoast-schema-graph\">{\"@context\":\"https:\\\/\\\/schema.org\",\"@graph\":[{\"@type\":\"WebPage\",\"@id\":\"https:\\\/\\\/marktxxl.de\\\/markt\\\/produkt\\\/skratch-labs-sport-hydrationsgetraenkemischung-zitrone-limette-465-oz-60-portionen\\\/\",\"url\":\"https:\\\/\\\/marktxxl.de\\\/markt\\\/produkt\\\/skratch-labs-sport-hydrationsgetraenkemischung-zitrone-limette-465-oz-60-portionen\\\/\",\"name\":\"Skratch Labs | Sport-Hydrationsgetr\u00e4nkemischung, Zitrone-Limette (46,5 oz, 60 Portionen) - Markt-XXL\",\"isPartOf\":{\"@id\":\"https:\\\/\\\/marktxxl.de\\\/markt\\\/#website\"},\"primaryImageOfPage\":{\"@id\":\"https:\\\/\\\/marktxxl.de\\\/markt\\\/produkt\\\/skratch-labs-sport-hydrationsgetraenkemischung-zitrone-limette-465-oz-60-portionen\\\/#primaryimage\"},\"image\":{\"@id\":\"https:\\\/\\\/marktxxl.de\\\/markt\\\/produkt\\\/skratch-labs-sport-hydrationsgetraenkemischung-zitrone-limette-465-oz-60-portionen\\\/#primaryimage\"},\"thumbnailUrl\":\"https:\\\/\\\/m.media-amazon.com\\\/images\\\/I\\\/51UT1RalrAL._SL500_.jpg\",\"datePublished\":\"2023-02-09T09:47:09+00:00\",\"dateModified\":\"2023-04-11T03:23:11+00:00\",\"description\":\"Markt-XXL Skratch Labs | Sport-Hydrationsgetr\u00e4nkemischung, Zitrone-Limette (46,5 oz, 60 Portionen)\",\"breadcrumb\":{\"@id\":\"https:\\\/\\\/marktxxl.de\\\/markt\\\/produkt\\\/skratch-labs-sport-hydrationsgetraenkemischung-zitrone-limette-465-oz-60-portionen\\\/#breadcrumb\"},\"inLanguage\":\"de\",\"potentialAction\":[{\"@type\":\"ReadAction\",\"target\":[\"https:\\\/\\\/marktxxl.de\\\/markt\\\/produkt\\\/skratch-labs-sport-hydrationsgetraenkemischung-zitrone-limette-465-oz-60-portionen\\\/\"]}]},{\"@type\":\"ImageObject\",\"inLanguage\":\"de\",\"@id\":\"https:\\\/\\\/marktxxl.de\\\/markt\\\/produkt\\\/skratch-labs-sport-hydrationsgetraenkemischung-zitrone-limette-465-oz-60-portionen\\\/#primaryimage\",\"url\":\"https:\\\/\\\/m.media-amazon.com\\\/images\\\/I\\\/51UT1RalrAL._SL500_.jpg\",\"contentUrl\":\"https:\\\/\\\/m.media-amazon.com\\\/images\\\/I\\\/51UT1RalrAL._SL500_.jpg\",\"width\":500,\"height\":500},{\"@type\":\"BreadcrumbList\",\"@id\":\"https:\\\/\\\/marktxxl.de\\\/markt\\\/produkt\\\/skratch-labs-sport-hydrationsgetraenkemischung-zitrone-limette-465-oz-60-portionen\\\/#breadcrumb\",\"itemListElement\":[{\"@type\":\"ListItem\",\"position\":1,\"name\":\"Startseite\",\"item\":\"https:\\\/\\\/marktxxl.de\\\/markt\\\/\"},{\"@type\":\"ListItem\",\"position\":2,\"name\":\"Markt\",\"item\":\"https:\\\/\\\/marktxxl.de\\\/markt\\\/\"},{\"@type\":\"ListItem\",\"position\":3,\"name\":\"Skratch Labs | Sport-Hydrationsgetr\u00e4nkemischung, Zitrone-Limette (46,5 oz, 60 Portionen)\"}]},{\"@type\":\"WebSite\",\"@id\":\"https:\\\/\\\/marktxxl.de\\\/markt\\\/#website\",\"url\":\"https:\\\/\\\/marktxxl.de\\\/markt\\\/\",\"name\":\"Markt-XXL\",\"description\":\"Ihr Markt Online\",\"publisher\":{\"@id\":\"https:\\\/\\\/marktxxl.de\\\/markt\\\/#organization\"},\"potentialAction\":[{\"@type\":\"SearchAction\",\"target\":{\"@type\":\"EntryPoint\",\"urlTemplate\":\"https:\\\/\\\/marktxxl.de\\\/markt\\\/?s={search_term_string}\"},\"query-input\":{\"@type\":\"PropertyValueSpecification\",\"valueRequired\":true,\"valueName\":\"search_term_string\"}}],\"inLanguage\":\"de\"},{\"@type\":\"Organization\",\"@id\":\"https:\\\/\\\/marktxxl.de\\\/markt\\\/#organization\",\"name\":\"Markt-XXL\",\"url\":\"https:\\\/\\\/marktxxl.de\\\/markt\\\/\",\"logo\":{\"@type\":\"ImageObject\",\"inLanguage\":\"de\",\"@id\":\"https:\\\/\\\/marktxxl.de\\\/markt\\\/#\\\/schema\\\/logo\\\/image\\\/\",\"url\":\"https:\\\/\\\/marktxxl.de\\\/markt\\\/wp-content\\\/uploads\\\/sites\\\/3\\\/2020\\\/12\\\/logo.png\",\"contentUrl\":\"https:\\\/\\\/marktxxl.de\\\/markt\\\/wp-content\\\/uploads\\\/sites\\\/3\\\/2020\\\/12\\\/logo.png\",\"width\":200,\"height\":70,\"caption\":\"Markt-XXL\"},\"image\":{\"@id\":\"https:\\\/\\\/marktxxl.de\\\/markt\\\/#\\\/schema\\\/logo\\\/image\\\/\"}}]}<\/script>\n<!-- \/ Yoast SEO plugin. -->","yoast_head_json":{"title":"Skratch Labs | Sport-Hydrationsgetr\u00e4nkemischung, Zitrone-Limette (46,5 oz, 60 Portionen) - Markt-XXL","description":"Markt-XXL Skratch Labs | Sport-Hydrationsgetr\u00e4nkemischung, Zitrone-Limette (46,5 oz, 60 Portionen)","robots":{"index":"index","follow":"follow","max-snippet":"max-snippet:-1","max-image-preview":"max-image-preview:large","max-video-preview":"max-video-preview:-1"},"canonical":"https:\/\/marktxxl.de\/markt\/produkt\/skratch-labs-sport-hydrationsgetraenkemischung-zitrone-limette-465-oz-60-portionen\/","og_locale":"de_DE","og_type":"article","og_title":"Skratch Labs | Sport-Hydrationsgetr\u00e4nkemischung, Zitrone-Limette (46,5 oz, 60 Portionen) - Markt-XXL","og_description":"Markt-XXL Skratch Labs | Sport-Hydrationsgetr\u00e4nkemischung, Zitrone-Limette (46,5 oz, 60 Portionen)","og_url":"https:\/\/marktxxl.de\/markt\/produkt\/skratch-labs-sport-hydrationsgetraenkemischung-zitrone-limette-465-oz-60-portionen\/","og_site_name":"Markt-XXL","article_modified_time":"2023-04-11T03:23:11+00:00","og_image":[{"width":500,"height":500,"url":"https:\/\/m.media-amazon.com\/images\/I\/51UT1RalrAL._SL500_.jpg","type":"image\/jpeg"}],"twitter_card":"summary_large_image","twitter_misc":{"Gesch\u00e4tzte Lesezeit":"1\u00a0Minute"},"schema":{"@context":"https:\/\/schema.org","@graph":[{"@type":"WebPage","@id":"https:\/\/marktxxl.de\/markt\/produkt\/skratch-labs-sport-hydrationsgetraenkemischung-zitrone-limette-465-oz-60-portionen\/","url":"https:\/\/marktxxl.de\/markt\/produkt\/skratch-labs-sport-hydrationsgetraenkemischung-zitrone-limette-465-oz-60-portionen\/","name":"Skratch Labs | Sport-Hydrationsgetr\u00e4nkemischung, Zitrone-Limette (46,5 oz, 60 Portionen) - Markt-XXL","isPartOf":{"@id":"https:\/\/marktxxl.de\/markt\/#website"},"primaryImageOfPage":{"@id":"https:\/\/marktxxl.de\/markt\/produkt\/skratch-labs-sport-hydrationsgetraenkemischung-zitrone-limette-465-oz-60-portionen\/#primaryimage"},"image":{"@id":"https:\/\/marktxxl.de\/markt\/produkt\/skratch-labs-sport-hydrationsgetraenkemischung-zitrone-limette-465-oz-60-portionen\/#primaryimage"},"thumbnailUrl":"https:\/\/m.media-amazon.com\/images\/I\/51UT1RalrAL._SL500_.jpg","datePublished":"2023-02-09T09:47:09+00:00","dateModified":"2023-04-11T03:23:11+00:00","description":"Markt-XXL Skratch Labs | Sport-Hydrationsgetr\u00e4nkemischung, Zitrone-Limette (46,5 oz, 60 Portionen)","breadcrumb":{"@id":"https:\/\/marktxxl.de\/markt\/produkt\/skratch-labs-sport-hydrationsgetraenkemischung-zitrone-limette-465-oz-60-portionen\/#breadcrumb"},"inLanguage":"de","potentialAction":[{"@type":"ReadAction","target":["https:\/\/marktxxl.de\/markt\/produkt\/skratch-labs-sport-hydrationsgetraenkemischung-zitrone-limette-465-oz-60-portionen\/"]}]},{"@type":"ImageObject","inLanguage":"de","@id":"https:\/\/marktxxl.de\/markt\/produkt\/skratch-labs-sport-hydrationsgetraenkemischung-zitrone-limette-465-oz-60-portionen\/#primaryimage","url":"https:\/\/m.media-amazon.com\/images\/I\/51UT1RalrAL._SL500_.jpg","contentUrl":"https:\/\/m.media-amazon.com\/images\/I\/51UT1RalrAL._SL500_.jpg","width":500,"height":500},{"@type":"BreadcrumbList","@id":"https:\/\/marktxxl.de\/markt\/produkt\/skratch-labs-sport-hydrationsgetraenkemischung-zitrone-limette-465-oz-60-portionen\/#breadcrumb","itemListElement":[{"@type":"ListItem","position":1,"name":"Startseite","item":"https:\/\/marktxxl.de\/markt\/"},{"@type":"ListItem","position":2,"name":"Markt","item":"https:\/\/marktxxl.de\/markt\/"},{"@type":"ListItem","position":3,"name":"Skratch Labs | Sport-Hydrationsgetr\u00e4nkemischung, Zitrone-Limette (46,5 oz, 60 Portionen)"}]},{"@type":"WebSite","@id":"https:\/\/marktxxl.de\/markt\/#website","url":"https:\/\/marktxxl.de\/markt\/","name":"Markt-XXL","description":"Ihr Markt Online","publisher":{"@id":"https:\/\/marktxxl.de\/markt\/#organization"},"potentialAction":[{"@type":"SearchAction","target":{"@type":"EntryPoint","urlTemplate":"https:\/\/marktxxl.de\/markt\/?s={search_term_string}"},"query-input":{"@type":"PropertyValueSpecification","valueRequired":true,"valueName":"search_term_string"}}],"inLanguage":"de"},{"@type":"Organization","@id":"https:\/\/marktxxl.de\/markt\/#organization","name":"Markt-XXL","url":"https:\/\/marktxxl.de\/markt\/","logo":{"@type":"ImageObject","inLanguage":"de","@id":"https:\/\/marktxxl.de\/markt\/#\/schema\/logo\/image\/","url":"https:\/\/marktxxl.de\/markt\/wp-content\/uploads\/sites\/3\/2020\/12\/logo.png","contentUrl":"https:\/\/marktxxl.de\/markt\/wp-content\/uploads\/sites\/3\/2020\/12\/logo.png","width":200,"height":70,"caption":"Markt-XXL"},"image":{"@id":"https:\/\/marktxxl.de\/markt\/#\/schema\/logo\/image\/"}}]}},"_links":{"self":[{"href":"https:\/\/marktxxl.de\/markt\/wp-json\/wp\/v2\/product\/190042","targetHints":{"allow":["GET"]}}],"collection":[{"href":"https:\/\/marktxxl.de\/markt\/wp-json\/wp\/v2\/product"}],"about":[{"href":"https:\/\/marktxxl.de\/markt\/wp-json\/wp\/v2\/types\/product"}],"replies":[{"embeddable":true,"href":"https:\/\/marktxxl.de\/markt\/wp-json\/wp\/v2\/comments?post=190042"}],"wp:featuredmedia":[{"embeddable":true,"href":"https:\/\/marktxxl.de\/markt\/wp-json\/wp\/v2\/media\/190043"}],"wp:attachment":[{"href":"https:\/\/marktxxl.de\/markt\/wp-json\/wp\/v2\/media?parent=190042"}],"wp:term":[{"taxonomy":"product_brand","embeddable":true,"href":"https:\/\/marktxxl.de\/markt\/wp-json\/wp\/v2\/product_brand?post=190042"},{"taxonomy":"product_cat","embeddable":true,"href":"https:\/\/marktxxl.de\/markt\/wp-json\/wp\/v2\/product_cat?post=190042"},{"taxonomy":"product_tag","embeddable":true,"href":"https:\/\/marktxxl.de\/markt\/wp-json\/wp\/v2\/product_tag?post=190042"}],"curies":[{"name":"wp","href":"https:\/\/api.w.org\/{rel}","templated":true}]}}