{"id":188974,"date":"2023-02-09T08:55:48","date_gmt":"2023-02-09T07:55:48","guid":{"rendered":"https:\/\/marktxxl.de\/markt\/produkt\/sam-toft-kalender-2022-monatsansicht-familienplaner-30-cm-x-30-cm-offizielles-merchandising-produkt\/"},"modified":"2023-04-10T05:36:23","modified_gmt":"2023-04-10T03:36:23","slug":"sam-toft-kalender-2022-monatsansicht-familienplaner-30-cm-x-30-cm-offizielles-merchandising-produkt","status":"publish","type":"product","link":"https:\/\/marktxxl.de\/markt\/produkt\/sam-toft-kalender-2022-monatsansicht-familienplaner-30-cm-x-30-cm-offizielles-merchandising-produkt\/","title":{"rendered":"Sam Toft Kalender 2022 \u2013 Monatsansicht Familienplaner 30 cm x 30 cm \u2013 Offizielles Merchandising-Produkt"},"content":{"rendered":"<p>12 bezaubernde Kunstwerke vom englischen K\u00fcnstler Sam Toft. Der quadratische Wandkalender ist auf hochwertigem Papier mit einem neuen Bild f\u00fcr jeden Monat gedruckt<br \/>\nMonatsplaner: Sie k\u00f6nnen den ganzen Monat auf einmal sehen, mit genug Platz f\u00fcr Termine, Termine, besondere Ereignisse oder wichtige Geburtstage notieren<br \/>\nMit Gem\u00e4lden von Mr. Senf und seiner Frau Violett. Genie\u00dfen Sie die einfachen Freuden des Lebens mit ihrem Hund Doris von Sam Toft in ihrem skurrilen Stil und ihren charakteristischen Eiscreme-Farben<br \/>\nTolles Geschenk f\u00fcr Sam-Toft-Fans \u2013 alle, die die Unschuld und Freude an Sam Toft in diesen unvorhersehbaren Zeiten genie\u00dfen, wird ein Jahr Freude daran haben, diesen hochwertigen Kalender an der Wand zu sehen<br \/>\nEchtes Sam-Toft-Produkt. Offizielles Lizenzprodukt von Sam Toft, das toll aussieht, wenn es in Ihrem Heimb\u00fcro, in der K\u00fcche, im Flur oder in der H\u00f6hle aufgeh\u00e4ngt wird<br \/>\n<div class=\"main-cross-sell\" data-asin=\"1847579035\">\n\n\t<div class=\"WooZone-cross-sell-loader\">\n\t\t<div>\n\t\t\t<div id=\"floatingBarsG\">\n\t\t\t\t<div class=\"blockG\" id=\"rotateG_01\"><\/div>\n\t\t\t\t<div class=\"blockG\" id=\"rotateG_02\"><\/div>\n\t\t\t\t<div class=\"blockG\" id=\"rotateG_03\"><\/div>\n\t\t\t\t<div class=\"blockG\" id=\"rotateG_04\"><\/div>\n\t\t\t\t<div class=\"blockG\" id=\"rotateG_05\"><\/div>\n\t\t\t\t<div class=\"blockG\" id=\"rotateG_06\"><\/div>\n\t\t\t\t<div class=\"blockG\" id=\"rotateG_07\"><\/div>\n\t\t\t\t<div class=\"blockG\" id=\"rotateG_08\"><\/div>\n\t\t\t<\/div>\n\t\t\t<div class=\"WooZone-cross-sell-loader-text\"><\/div>\n\t\t<\/div>\n\t<\/div>\n\n\t\t\n<\/div>\n<div style=\"clear:both;\"><\/div><\/p>\n","protected":false},"excerpt":{"rendered":"<p>12 bezaubernde Kunstwerke vom englischen K\u00fcnstler Sam Toft. Der quadratische Wandkalender ist auf hochwertigem Papier mit einem neuen Bild f\u00fcr jeden Monat gedruckt<br \/>\nMonatsplaner: Sie k\u00f6nnen den ganzen Monat auf einmal sehen, mit genug Platz f\u00fcr Termine, Termine, besondere Ereignisse oder wichtige Geburtstage notieren<br \/>\nMit Gem\u00e4lden von Mr. Senf und seiner Frau Violett. Genie\u00dfen Sie die einfachen Freuden des Lebens mit ihrem Hund Doris von Sam Toft in ihrem skurrilen Stil und ihren charakteristischen Eiscreme-Farben<\/p>\n","protected":false},"featured_media":188975,"comment_status":"open","ping_status":"closed","template":"","meta":[],"product_brand":[],"product_cat":[504,8381],"product_tag":[],"class_list":{"0":"post-188974","1":"product","2":"type-product","3":"status-publish","4":"has-post-thumbnail","6":"product_cat-buerobedarf-schreibwaren","7":"product_cat-kalender-planer-und-organizer","8":"pa_binding-unbekannter-einband","9":"pa_brand-pyramid-international","10":"pa_brand-thames-hudson","11":"pa_height-0-1968503935-zoll","12":"pa_length-11-81102361-zoll","13":"pa_manufacturer-pyramid-international","14":"pa_model-c22012","15":"pa_width-11-81102361-zoll","17":"first","18":"instock","19":"shipping-taxable","20":"purchasable","21":"product-type-simple","22":"customify-col","23":"product-has-gallery"},"yoast_head":"<!-- This site is optimized with the Yoast SEO plugin v27.4 - https:\/\/yoast.com\/product\/yoast-seo-wordpress\/ -->\n<title>Sam Toft Kalender 2022 \u2013 Monatsansicht Familienplaner 30 cm x 30 cm \u2013 Offizielles Merchandising-Produkt - Markt-XXL<\/title>\n<meta name=\"description\" content=\"Markt-XXL Sam Toft Kalender 2022 \u2013 Monatsansicht Familienplaner 30 cm x 30 cm \u2013 Offizielles Merchandising-Produkt\" \/>\n<meta name=\"robots\" content=\"index, follow, max-snippet:-1, max-image-preview:large, max-video-preview:-1\" \/>\n<link rel=\"canonical\" href=\"https:\/\/marktxxl.de\/markt\/produkt\/sam-toft-kalender-2022-monatsansicht-familienplaner-30-cm-x-30-cm-offizielles-merchandising-produkt\/\" \/>\n<meta property=\"og:locale\" content=\"de_DE\" \/>\n<meta property=\"og:type\" content=\"article\" \/>\n<meta property=\"og:title\" content=\"Sam Toft Kalender 2022 \u2013 Monatsansicht Familienplaner 30 cm x 30 cm \u2013 Offizielles Merchandising-Produkt - Markt-XXL\" \/>\n<meta property=\"og:description\" content=\"Markt-XXL Sam Toft Kalender 2022 \u2013 Monatsansicht Familienplaner 30 cm x 30 cm \u2013 Offizielles Merchandising-Produkt\" \/>\n<meta property=\"og:url\" content=\"https:\/\/marktxxl.de\/markt\/produkt\/sam-toft-kalender-2022-monatsansicht-familienplaner-30-cm-x-30-cm-offizielles-merchandising-produkt\/\" \/>\n<meta property=\"og:site_name\" content=\"Markt-XXL\" \/>\n<meta property=\"article:modified_time\" content=\"2023-04-10T03:36:23+00:00\" \/>\n<meta property=\"og:image\" content=\"https:\/\/m.media-amazon.com\/images\/I\/51SdOkW0OqL._SL500_.jpg\" \/>\n\t<meta property=\"og:image:width\" content=\"500\" \/>\n\t<meta property=\"og:image:height\" content=\"500\" \/>\n\t<meta property=\"og:image:type\" content=\"image\/jpeg\" \/>\n<meta name=\"twitter:card\" content=\"summary_large_image\" \/>\n<meta name=\"twitter:label1\" content=\"Gesch\u00e4tzte Lesezeit\" \/>\n\t<meta name=\"twitter:data1\" content=\"1\u00a0Minute\" \/>\n<script type=\"application\/ld+json\" class=\"yoast-schema-graph\">{\"@context\":\"https:\\\/\\\/schema.org\",\"@graph\":[{\"@type\":\"WebPage\",\"@id\":\"https:\\\/\\\/marktxxl.de\\\/markt\\\/produkt\\\/sam-toft-kalender-2022-monatsansicht-familienplaner-30-cm-x-30-cm-offizielles-merchandising-produkt\\\/\",\"url\":\"https:\\\/\\\/marktxxl.de\\\/markt\\\/produkt\\\/sam-toft-kalender-2022-monatsansicht-familienplaner-30-cm-x-30-cm-offizielles-merchandising-produkt\\\/\",\"name\":\"Sam Toft Kalender 2022 \u2013 Monatsansicht Familienplaner 30 cm x 30 cm \u2013 Offizielles Merchandising-Produkt - Markt-XXL\",\"isPartOf\":{\"@id\":\"https:\\\/\\\/marktxxl.de\\\/markt\\\/#website\"},\"primaryImageOfPage\":{\"@id\":\"https:\\\/\\\/marktxxl.de\\\/markt\\\/produkt\\\/sam-toft-kalender-2022-monatsansicht-familienplaner-30-cm-x-30-cm-offizielles-merchandising-produkt\\\/#primaryimage\"},\"image\":{\"@id\":\"https:\\\/\\\/marktxxl.de\\\/markt\\\/produkt\\\/sam-toft-kalender-2022-monatsansicht-familienplaner-30-cm-x-30-cm-offizielles-merchandising-produkt\\\/#primaryimage\"},\"thumbnailUrl\":\"https:\\\/\\\/m.media-amazon.com\\\/images\\\/I\\\/51SdOkW0OqL._SL500_.jpg\",\"datePublished\":\"2023-02-09T07:55:48+00:00\",\"dateModified\":\"2023-04-10T03:36:23+00:00\",\"description\":\"Markt-XXL Sam Toft Kalender 2022 \u2013 Monatsansicht Familienplaner 30 cm x 30 cm \u2013 Offizielles Merchandising-Produkt\",\"breadcrumb\":{\"@id\":\"https:\\\/\\\/marktxxl.de\\\/markt\\\/produkt\\\/sam-toft-kalender-2022-monatsansicht-familienplaner-30-cm-x-30-cm-offizielles-merchandising-produkt\\\/#breadcrumb\"},\"inLanguage\":\"de\",\"potentialAction\":[{\"@type\":\"ReadAction\",\"target\":[\"https:\\\/\\\/marktxxl.de\\\/markt\\\/produkt\\\/sam-toft-kalender-2022-monatsansicht-familienplaner-30-cm-x-30-cm-offizielles-merchandising-produkt\\\/\"]}]},{\"@type\":\"ImageObject\",\"inLanguage\":\"de\",\"@id\":\"https:\\\/\\\/marktxxl.de\\\/markt\\\/produkt\\\/sam-toft-kalender-2022-monatsansicht-familienplaner-30-cm-x-30-cm-offizielles-merchandising-produkt\\\/#primaryimage\",\"url\":\"https:\\\/\\\/m.media-amazon.com\\\/images\\\/I\\\/51SdOkW0OqL._SL500_.jpg\",\"contentUrl\":\"https:\\\/\\\/m.media-amazon.com\\\/images\\\/I\\\/51SdOkW0OqL._SL500_.jpg\",\"width\":500,\"height\":500},{\"@type\":\"BreadcrumbList\",\"@id\":\"https:\\\/\\\/marktxxl.de\\\/markt\\\/produkt\\\/sam-toft-kalender-2022-monatsansicht-familienplaner-30-cm-x-30-cm-offizielles-merchandising-produkt\\\/#breadcrumb\",\"itemListElement\":[{\"@type\":\"ListItem\",\"position\":1,\"name\":\"Startseite\",\"item\":\"https:\\\/\\\/marktxxl.de\\\/markt\\\/\"},{\"@type\":\"ListItem\",\"position\":2,\"name\":\"Markt\",\"item\":\"https:\\\/\\\/marktxxl.de\\\/markt\\\/\"},{\"@type\":\"ListItem\",\"position\":3,\"name\":\"Sam Toft Kalender 2022 \u2013 Monatsansicht Familienplaner 30 cm x 30 cm \u2013 Offizielles Merchandising-Produkt\"}]},{\"@type\":\"WebSite\",\"@id\":\"https:\\\/\\\/marktxxl.de\\\/markt\\\/#website\",\"url\":\"https:\\\/\\\/marktxxl.de\\\/markt\\\/\",\"name\":\"Markt-XXL\",\"description\":\"Ihr Markt Online\",\"publisher\":{\"@id\":\"https:\\\/\\\/marktxxl.de\\\/markt\\\/#organization\"},\"potentialAction\":[{\"@type\":\"SearchAction\",\"target\":{\"@type\":\"EntryPoint\",\"urlTemplate\":\"https:\\\/\\\/marktxxl.de\\\/markt\\\/?s={search_term_string}\"},\"query-input\":{\"@type\":\"PropertyValueSpecification\",\"valueRequired\":true,\"valueName\":\"search_term_string\"}}],\"inLanguage\":\"de\"},{\"@type\":\"Organization\",\"@id\":\"https:\\\/\\\/marktxxl.de\\\/markt\\\/#organization\",\"name\":\"Markt-XXL\",\"url\":\"https:\\\/\\\/marktxxl.de\\\/markt\\\/\",\"logo\":{\"@type\":\"ImageObject\",\"inLanguage\":\"de\",\"@id\":\"https:\\\/\\\/marktxxl.de\\\/markt\\\/#\\\/schema\\\/logo\\\/image\\\/\",\"url\":\"https:\\\/\\\/marktxxl.de\\\/markt\\\/wp-content\\\/uploads\\\/sites\\\/3\\\/2020\\\/12\\\/logo.png\",\"contentUrl\":\"https:\\\/\\\/marktxxl.de\\\/markt\\\/wp-content\\\/uploads\\\/sites\\\/3\\\/2020\\\/12\\\/logo.png\",\"width\":200,\"height\":70,\"caption\":\"Markt-XXL\"},\"image\":{\"@id\":\"https:\\\/\\\/marktxxl.de\\\/markt\\\/#\\\/schema\\\/logo\\\/image\\\/\"}}]}<\/script>\n<!-- \/ Yoast SEO plugin. -->","yoast_head_json":{"title":"Sam Toft Kalender 2022 \u2013 Monatsansicht Familienplaner 30 cm x 30 cm \u2013 Offizielles Merchandising-Produkt - Markt-XXL","description":"Markt-XXL Sam Toft Kalender 2022 \u2013 Monatsansicht Familienplaner 30 cm x 30 cm \u2013 Offizielles Merchandising-Produkt","robots":{"index":"index","follow":"follow","max-snippet":"max-snippet:-1","max-image-preview":"max-image-preview:large","max-video-preview":"max-video-preview:-1"},"canonical":"https:\/\/marktxxl.de\/markt\/produkt\/sam-toft-kalender-2022-monatsansicht-familienplaner-30-cm-x-30-cm-offizielles-merchandising-produkt\/","og_locale":"de_DE","og_type":"article","og_title":"Sam Toft Kalender 2022 \u2013 Monatsansicht Familienplaner 30 cm x 30 cm \u2013 Offizielles Merchandising-Produkt - Markt-XXL","og_description":"Markt-XXL Sam Toft Kalender 2022 \u2013 Monatsansicht Familienplaner 30 cm x 30 cm \u2013 Offizielles Merchandising-Produkt","og_url":"https:\/\/marktxxl.de\/markt\/produkt\/sam-toft-kalender-2022-monatsansicht-familienplaner-30-cm-x-30-cm-offizielles-merchandising-produkt\/","og_site_name":"Markt-XXL","article_modified_time":"2023-04-10T03:36:23+00:00","og_image":[{"width":500,"height":500,"url":"https:\/\/m.media-amazon.com\/images\/I\/51SdOkW0OqL._SL500_.jpg","type":"image\/jpeg"}],"twitter_card":"summary_large_image","twitter_misc":{"Gesch\u00e4tzte Lesezeit":"1\u00a0Minute"},"schema":{"@context":"https:\/\/schema.org","@graph":[{"@type":"WebPage","@id":"https:\/\/marktxxl.de\/markt\/produkt\/sam-toft-kalender-2022-monatsansicht-familienplaner-30-cm-x-30-cm-offizielles-merchandising-produkt\/","url":"https:\/\/marktxxl.de\/markt\/produkt\/sam-toft-kalender-2022-monatsansicht-familienplaner-30-cm-x-30-cm-offizielles-merchandising-produkt\/","name":"Sam Toft Kalender 2022 \u2013 Monatsansicht Familienplaner 30 cm x 30 cm \u2013 Offizielles Merchandising-Produkt - Markt-XXL","isPartOf":{"@id":"https:\/\/marktxxl.de\/markt\/#website"},"primaryImageOfPage":{"@id":"https:\/\/marktxxl.de\/markt\/produkt\/sam-toft-kalender-2022-monatsansicht-familienplaner-30-cm-x-30-cm-offizielles-merchandising-produkt\/#primaryimage"},"image":{"@id":"https:\/\/marktxxl.de\/markt\/produkt\/sam-toft-kalender-2022-monatsansicht-familienplaner-30-cm-x-30-cm-offizielles-merchandising-produkt\/#primaryimage"},"thumbnailUrl":"https:\/\/m.media-amazon.com\/images\/I\/51SdOkW0OqL._SL500_.jpg","datePublished":"2023-02-09T07:55:48+00:00","dateModified":"2023-04-10T03:36:23+00:00","description":"Markt-XXL Sam Toft Kalender 2022 \u2013 Monatsansicht Familienplaner 30 cm x 30 cm \u2013 Offizielles Merchandising-Produkt","breadcrumb":{"@id":"https:\/\/marktxxl.de\/markt\/produkt\/sam-toft-kalender-2022-monatsansicht-familienplaner-30-cm-x-30-cm-offizielles-merchandising-produkt\/#breadcrumb"},"inLanguage":"de","potentialAction":[{"@type":"ReadAction","target":["https:\/\/marktxxl.de\/markt\/produkt\/sam-toft-kalender-2022-monatsansicht-familienplaner-30-cm-x-30-cm-offizielles-merchandising-produkt\/"]}]},{"@type":"ImageObject","inLanguage":"de","@id":"https:\/\/marktxxl.de\/markt\/produkt\/sam-toft-kalender-2022-monatsansicht-familienplaner-30-cm-x-30-cm-offizielles-merchandising-produkt\/#primaryimage","url":"https:\/\/m.media-amazon.com\/images\/I\/51SdOkW0OqL._SL500_.jpg","contentUrl":"https:\/\/m.media-amazon.com\/images\/I\/51SdOkW0OqL._SL500_.jpg","width":500,"height":500},{"@type":"BreadcrumbList","@id":"https:\/\/marktxxl.de\/markt\/produkt\/sam-toft-kalender-2022-monatsansicht-familienplaner-30-cm-x-30-cm-offizielles-merchandising-produkt\/#breadcrumb","itemListElement":[{"@type":"ListItem","position":1,"name":"Startseite","item":"https:\/\/marktxxl.de\/markt\/"},{"@type":"ListItem","position":2,"name":"Markt","item":"https:\/\/marktxxl.de\/markt\/"},{"@type":"ListItem","position":3,"name":"Sam Toft Kalender 2022 \u2013 Monatsansicht Familienplaner 30 cm x 30 cm \u2013 Offizielles Merchandising-Produkt"}]},{"@type":"WebSite","@id":"https:\/\/marktxxl.de\/markt\/#website","url":"https:\/\/marktxxl.de\/markt\/","name":"Markt-XXL","description":"Ihr Markt Online","publisher":{"@id":"https:\/\/marktxxl.de\/markt\/#organization"},"potentialAction":[{"@type":"SearchAction","target":{"@type":"EntryPoint","urlTemplate":"https:\/\/marktxxl.de\/markt\/?s={search_term_string}"},"query-input":{"@type":"PropertyValueSpecification","valueRequired":true,"valueName":"search_term_string"}}],"inLanguage":"de"},{"@type":"Organization","@id":"https:\/\/marktxxl.de\/markt\/#organization","name":"Markt-XXL","url":"https:\/\/marktxxl.de\/markt\/","logo":{"@type":"ImageObject","inLanguage":"de","@id":"https:\/\/marktxxl.de\/markt\/#\/schema\/logo\/image\/","url":"https:\/\/marktxxl.de\/markt\/wp-content\/uploads\/sites\/3\/2020\/12\/logo.png","contentUrl":"https:\/\/marktxxl.de\/markt\/wp-content\/uploads\/sites\/3\/2020\/12\/logo.png","width":200,"height":70,"caption":"Markt-XXL"},"image":{"@id":"https:\/\/marktxxl.de\/markt\/#\/schema\/logo\/image\/"}}]}},"_links":{"self":[{"href":"https:\/\/marktxxl.de\/markt\/wp-json\/wp\/v2\/product\/188974","targetHints":{"allow":["GET"]}}],"collection":[{"href":"https:\/\/marktxxl.de\/markt\/wp-json\/wp\/v2\/product"}],"about":[{"href":"https:\/\/marktxxl.de\/markt\/wp-json\/wp\/v2\/types\/product"}],"replies":[{"embeddable":true,"href":"https:\/\/marktxxl.de\/markt\/wp-json\/wp\/v2\/comments?post=188974"}],"wp:featuredmedia":[{"embeddable":true,"href":"https:\/\/marktxxl.de\/markt\/wp-json\/wp\/v2\/media\/188975"}],"wp:attachment":[{"href":"https:\/\/marktxxl.de\/markt\/wp-json\/wp\/v2\/media?parent=188974"}],"wp:term":[{"taxonomy":"product_brand","embeddable":true,"href":"https:\/\/marktxxl.de\/markt\/wp-json\/wp\/v2\/product_brand?post=188974"},{"taxonomy":"product_cat","embeddable":true,"href":"https:\/\/marktxxl.de\/markt\/wp-json\/wp\/v2\/product_cat?post=188974"},{"taxonomy":"product_tag","embeddable":true,"href":"https:\/\/marktxxl.de\/markt\/wp-json\/wp\/v2\/product_tag?post=188974"}],"curies":[{"name":"wp","href":"https:\/\/api.w.org\/{rel}","templated":true}]}}