{"id":188700,"date":"2023-02-09T07:34:43","date_gmt":"2023-02-09T06:34:43","guid":{"rendered":"https:\/\/marktxxl.de\/markt\/produkt\/vp-home-firefly-jar-gnome-solarbetriebene-led-outdoor-decor-garten-licht\/"},"modified":"2023-04-10T05:36:19","modified_gmt":"2023-04-10T03:36:19","slug":"vp-home-firefly-jar-gnome-solarbetriebene-led-outdoor-decor-garten-licht","status":"publish","type":"product","link":"https:\/\/marktxxl.de\/markt\/produkt\/vp-home-firefly-jar-gnome-solarbetriebene-led-outdoor-decor-garten-licht\/","title":{"rendered":"VP Home Gl\u00fchw\u00fcrmchen-Glas, Gartenzwerg, Gartenzwerg, mit Solarlicht, tolle Erg\u00e4nzung f\u00fcr Ihren Garten, solarbetrieben\u2026"},"content":{"rendered":"<p>Firefly Jar Gnome Solar-LED-Au\u00dfenleuchte \u2013 tolle Erg\u00e4nzung f\u00fcr Ihren Garten.<br \/>\nPerfekt f\u00fcr jeden Ort mit direktem Sonnenlicht wie Terrasse, Garten, Veranda, Rasen, Weg oder Auffahrt, etc.<br \/>\nAngetrieben durch ein Solarpanel, absorbiert die solarbetriebene LED-Gartenleuchte morgens Energie und schaltet sich ein, wenn die Sonne untergeht. Das solarbetriebene Licht leuchtet stundenlang, wenn es voll aufgeladen ist.<br \/>\nMa\u00dfe (H x B x T): 29 x 14 x 14 cm.<br \/>\nPolyresin-Konstruktion und wiederaufladbare Batterie im Lieferumfang enthalten.<br \/>\n<div class=\"main-cross-sell\" data-asin=\"B08GJGGW77\">\n\n\t<div class=\"WooZone-cross-sell-loader\">\n\t\t<div>\n\t\t\t<div id=\"floatingBarsG\">\n\t\t\t\t<div class=\"blockG\" id=\"rotateG_01\"><\/div>\n\t\t\t\t<div class=\"blockG\" id=\"rotateG_02\"><\/div>\n\t\t\t\t<div class=\"blockG\" id=\"rotateG_03\"><\/div>\n\t\t\t\t<div class=\"blockG\" id=\"rotateG_04\"><\/div>\n\t\t\t\t<div class=\"blockG\" id=\"rotateG_05\"><\/div>\n\t\t\t\t<div class=\"blockG\" id=\"rotateG_06\"><\/div>\n\t\t\t\t<div class=\"blockG\" id=\"rotateG_07\"><\/div>\n\t\t\t\t<div class=\"blockG\" id=\"rotateG_08\"><\/div>\n\t\t\t<\/div>\n\t\t\t<div class=\"WooZone-cross-sell-loader-text\"><\/div>\n\t\t<\/div>\n\t<\/div>\n\n\t\t\n<\/div>\n<div style=\"clear:both;\"><\/div><\/p>\n","protected":false},"excerpt":{"rendered":"<p>Firefly Jar Gnome Solar-LED-Au\u00dfenleuchte \u2013 tolle Erg\u00e4nzung f\u00fcr Ihren Garten.<br \/>\nPerfekt f\u00fcr jeden Ort mit direktem Sonnenlicht wie Terrasse, Garten, Veranda, Rasen, Weg oder Auffahrt, etc.<br \/>\nAngetrieben durch ein Solarpanel, absorbiert die solarbetriebene LED-Gartenleuchte morgens Energie und schaltet sich ein, wenn die Sonne untergeht. Das solarbetriebene Licht leuchtet stundenlang, wenn es voll aufgeladen ist.<\/p>\n","protected":false},"featured_media":188701,"comment_status":"open","ping_status":"closed","template":"","meta":[],"product_brand":[],"product_cat":[11446,2108],"product_tag":[],"class_list":{"0":"post-188700","1":"product","2":"type-product","3":"status-publish","4":"has-post-thumbnail","6":"product_cat-aussenbeleuchtung","7":"product_cat-beleuchtung","8":"pa_binding-haushaltswaren","9":"pa_brand-thames-hudson","10":"pa_brand-vp-home","11":"pa_height-4-5275590505-zoll","12":"pa_length-2-1653543285-zoll","13":"pa_manufacturer-vp-home","14":"pa_width-2-1653543285-zoll","16":"first","17":"instock","18":"shipping-taxable","19":"purchasable","20":"product-type-simple","21":"customify-col","22":"product-has-gallery"},"yoast_head":"<!-- This site is optimized with the Yoast SEO plugin v27.3 - https:\/\/yoast.com\/product\/yoast-seo-wordpress\/ -->\n<title>VP Home Gl\u00fchw\u00fcrmchen-Glas, Gartenzwerg, Gartenzwerg, mit Solarlicht, tolle Erg\u00e4nzung f\u00fcr Ihren Garten, solarbetrieben\u2026 - Markt-XXL<\/title>\n<meta name=\"description\" content=\"Markt-XXL VP Home Gl\u00fchw\u00fcrmchen-Glas, Gartenzwerg, Gartenzwerg, mit Solarlicht, tolle Erg\u00e4nzung f\u00fcr Ihren Garten, solarbetrieben\u2026\" \/>\n<meta name=\"robots\" content=\"index, follow, max-snippet:-1, max-image-preview:large, max-video-preview:-1\" \/>\n<link rel=\"canonical\" href=\"https:\/\/marktxxl.de\/markt\/produkt\/vp-home-firefly-jar-gnome-solarbetriebene-led-outdoor-decor-garten-licht\/\" \/>\n<meta property=\"og:locale\" content=\"de_DE\" \/>\n<meta property=\"og:type\" content=\"article\" \/>\n<meta property=\"og:title\" content=\"VP Home Gl\u00fchw\u00fcrmchen-Glas, Gartenzwerg, Gartenzwerg, mit Solarlicht, tolle Erg\u00e4nzung f\u00fcr Ihren Garten, solarbetrieben\u2026 - Markt-XXL\" \/>\n<meta property=\"og:description\" content=\"Markt-XXL VP Home Gl\u00fchw\u00fcrmchen-Glas, Gartenzwerg, Gartenzwerg, mit Solarlicht, tolle Erg\u00e4nzung f\u00fcr Ihren Garten, solarbetrieben\u2026\" \/>\n<meta property=\"og:url\" content=\"https:\/\/marktxxl.de\/markt\/produkt\/vp-home-firefly-jar-gnome-solarbetriebene-led-outdoor-decor-garten-licht\/\" \/>\n<meta property=\"og:site_name\" content=\"Markt-XXL\" \/>\n<meta property=\"article:modified_time\" content=\"2023-04-10T03:36:19+00:00\" \/>\n<meta property=\"og:image\" content=\"https:\/\/m.media-amazon.com\/images\/I\/41uupGgMoeL._SL500_.jpg\" \/>\n\t<meta property=\"og:image:width\" content=\"500\" \/>\n\t<meta property=\"og:image:height\" content=\"500\" \/>\n\t<meta property=\"og:image:type\" content=\"image\/jpeg\" \/>\n<meta name=\"twitter:card\" content=\"summary_large_image\" \/>\n<script type=\"application\/ld+json\" class=\"yoast-schema-graph\">{\"@context\":\"https:\\\/\\\/schema.org\",\"@graph\":[{\"@type\":\"WebPage\",\"@id\":\"https:\\\/\\\/marktxxl.de\\\/markt\\\/produkt\\\/vp-home-firefly-jar-gnome-solarbetriebene-led-outdoor-decor-garten-licht\\\/\",\"url\":\"https:\\\/\\\/marktxxl.de\\\/markt\\\/produkt\\\/vp-home-firefly-jar-gnome-solarbetriebene-led-outdoor-decor-garten-licht\\\/\",\"name\":\"VP Home Gl\u00fchw\u00fcrmchen-Glas, Gartenzwerg, Gartenzwerg, mit Solarlicht, tolle Erg\u00e4nzung f\u00fcr Ihren Garten, solarbetrieben\u2026 - Markt-XXL\",\"isPartOf\":{\"@id\":\"https:\\\/\\\/marktxxl.de\\\/markt\\\/#website\"},\"primaryImageOfPage\":{\"@id\":\"https:\\\/\\\/marktxxl.de\\\/markt\\\/produkt\\\/vp-home-firefly-jar-gnome-solarbetriebene-led-outdoor-decor-garten-licht\\\/#primaryimage\"},\"image\":{\"@id\":\"https:\\\/\\\/marktxxl.de\\\/markt\\\/produkt\\\/vp-home-firefly-jar-gnome-solarbetriebene-led-outdoor-decor-garten-licht\\\/#primaryimage\"},\"thumbnailUrl\":\"https:\\\/\\\/m.media-amazon.com\\\/images\\\/I\\\/41uupGgMoeL._SL500_.jpg\",\"datePublished\":\"2023-02-09T06:34:43+00:00\",\"dateModified\":\"2023-04-10T03:36:19+00:00\",\"description\":\"Markt-XXL VP Home Gl\u00fchw\u00fcrmchen-Glas, Gartenzwerg, Gartenzwerg, mit Solarlicht, tolle Erg\u00e4nzung f\u00fcr Ihren Garten, solarbetrieben\u2026\",\"breadcrumb\":{\"@id\":\"https:\\\/\\\/marktxxl.de\\\/markt\\\/produkt\\\/vp-home-firefly-jar-gnome-solarbetriebene-led-outdoor-decor-garten-licht\\\/#breadcrumb\"},\"inLanguage\":\"de\",\"potentialAction\":[{\"@type\":\"ReadAction\",\"target\":[\"https:\\\/\\\/marktxxl.de\\\/markt\\\/produkt\\\/vp-home-firefly-jar-gnome-solarbetriebene-led-outdoor-decor-garten-licht\\\/\"]}]},{\"@type\":\"ImageObject\",\"inLanguage\":\"de\",\"@id\":\"https:\\\/\\\/marktxxl.de\\\/markt\\\/produkt\\\/vp-home-firefly-jar-gnome-solarbetriebene-led-outdoor-decor-garten-licht\\\/#primaryimage\",\"url\":\"https:\\\/\\\/m.media-amazon.com\\\/images\\\/I\\\/41uupGgMoeL._SL500_.jpg\",\"contentUrl\":\"https:\\\/\\\/m.media-amazon.com\\\/images\\\/I\\\/41uupGgMoeL._SL500_.jpg\",\"width\":500,\"height\":500},{\"@type\":\"BreadcrumbList\",\"@id\":\"https:\\\/\\\/marktxxl.de\\\/markt\\\/produkt\\\/vp-home-firefly-jar-gnome-solarbetriebene-led-outdoor-decor-garten-licht\\\/#breadcrumb\",\"itemListElement\":[{\"@type\":\"ListItem\",\"position\":1,\"name\":\"Startseite\",\"item\":\"https:\\\/\\\/marktxxl.de\\\/markt\\\/\"},{\"@type\":\"ListItem\",\"position\":2,\"name\":\"Markt\",\"item\":\"https:\\\/\\\/marktxxl.de\\\/markt\\\/\"},{\"@type\":\"ListItem\",\"position\":3,\"name\":\"VP Home Gl\u00fchw\u00fcrmchen-Glas, Gartenzwerg, Gartenzwerg, mit Solarlicht, tolle Erg\u00e4nzung f\u00fcr Ihren Garten, solarbetrieben\u2026\"}]},{\"@type\":\"WebSite\",\"@id\":\"https:\\\/\\\/marktxxl.de\\\/markt\\\/#website\",\"url\":\"https:\\\/\\\/marktxxl.de\\\/markt\\\/\",\"name\":\"Markt-XXL\",\"description\":\"Ihr Markt Online\",\"publisher\":{\"@id\":\"https:\\\/\\\/marktxxl.de\\\/markt\\\/#organization\"},\"potentialAction\":[{\"@type\":\"SearchAction\",\"target\":{\"@type\":\"EntryPoint\",\"urlTemplate\":\"https:\\\/\\\/marktxxl.de\\\/markt\\\/?s={search_term_string}\"},\"query-input\":{\"@type\":\"PropertyValueSpecification\",\"valueRequired\":true,\"valueName\":\"search_term_string\"}}],\"inLanguage\":\"de\"},{\"@type\":\"Organization\",\"@id\":\"https:\\\/\\\/marktxxl.de\\\/markt\\\/#organization\",\"name\":\"Markt-XXL\",\"url\":\"https:\\\/\\\/marktxxl.de\\\/markt\\\/\",\"logo\":{\"@type\":\"ImageObject\",\"inLanguage\":\"de\",\"@id\":\"https:\\\/\\\/marktxxl.de\\\/markt\\\/#\\\/schema\\\/logo\\\/image\\\/\",\"url\":\"https:\\\/\\\/marktxxl.de\\\/markt\\\/wp-content\\\/uploads\\\/sites\\\/3\\\/2020\\\/12\\\/logo.png\",\"contentUrl\":\"https:\\\/\\\/marktxxl.de\\\/markt\\\/wp-content\\\/uploads\\\/sites\\\/3\\\/2020\\\/12\\\/logo.png\",\"width\":200,\"height\":70,\"caption\":\"Markt-XXL\"},\"image\":{\"@id\":\"https:\\\/\\\/marktxxl.de\\\/markt\\\/#\\\/schema\\\/logo\\\/image\\\/\"}}]}<\/script>\n<!-- \/ Yoast SEO plugin. -->","yoast_head_json":{"title":"VP Home Gl\u00fchw\u00fcrmchen-Glas, Gartenzwerg, Gartenzwerg, mit Solarlicht, tolle Erg\u00e4nzung f\u00fcr Ihren Garten, solarbetrieben\u2026 - Markt-XXL","description":"Markt-XXL VP Home Gl\u00fchw\u00fcrmchen-Glas, Gartenzwerg, Gartenzwerg, mit Solarlicht, tolle Erg\u00e4nzung f\u00fcr Ihren Garten, solarbetrieben\u2026","robots":{"index":"index","follow":"follow","max-snippet":"max-snippet:-1","max-image-preview":"max-image-preview:large","max-video-preview":"max-video-preview:-1"},"canonical":"https:\/\/marktxxl.de\/markt\/produkt\/vp-home-firefly-jar-gnome-solarbetriebene-led-outdoor-decor-garten-licht\/","og_locale":"de_DE","og_type":"article","og_title":"VP Home Gl\u00fchw\u00fcrmchen-Glas, Gartenzwerg, Gartenzwerg, mit Solarlicht, tolle Erg\u00e4nzung f\u00fcr Ihren Garten, solarbetrieben\u2026 - Markt-XXL","og_description":"Markt-XXL VP Home Gl\u00fchw\u00fcrmchen-Glas, Gartenzwerg, Gartenzwerg, mit Solarlicht, tolle Erg\u00e4nzung f\u00fcr Ihren Garten, solarbetrieben\u2026","og_url":"https:\/\/marktxxl.de\/markt\/produkt\/vp-home-firefly-jar-gnome-solarbetriebene-led-outdoor-decor-garten-licht\/","og_site_name":"Markt-XXL","article_modified_time":"2023-04-10T03:36:19+00:00","og_image":[{"width":500,"height":500,"url":"https:\/\/m.media-amazon.com\/images\/I\/41uupGgMoeL._SL500_.jpg","type":"image\/jpeg"}],"twitter_card":"summary_large_image","schema":{"@context":"https:\/\/schema.org","@graph":[{"@type":"WebPage","@id":"https:\/\/marktxxl.de\/markt\/produkt\/vp-home-firefly-jar-gnome-solarbetriebene-led-outdoor-decor-garten-licht\/","url":"https:\/\/marktxxl.de\/markt\/produkt\/vp-home-firefly-jar-gnome-solarbetriebene-led-outdoor-decor-garten-licht\/","name":"VP Home Gl\u00fchw\u00fcrmchen-Glas, Gartenzwerg, Gartenzwerg, mit Solarlicht, tolle Erg\u00e4nzung f\u00fcr Ihren Garten, solarbetrieben\u2026 - Markt-XXL","isPartOf":{"@id":"https:\/\/marktxxl.de\/markt\/#website"},"primaryImageOfPage":{"@id":"https:\/\/marktxxl.de\/markt\/produkt\/vp-home-firefly-jar-gnome-solarbetriebene-led-outdoor-decor-garten-licht\/#primaryimage"},"image":{"@id":"https:\/\/marktxxl.de\/markt\/produkt\/vp-home-firefly-jar-gnome-solarbetriebene-led-outdoor-decor-garten-licht\/#primaryimage"},"thumbnailUrl":"https:\/\/m.media-amazon.com\/images\/I\/41uupGgMoeL._SL500_.jpg","datePublished":"2023-02-09T06:34:43+00:00","dateModified":"2023-04-10T03:36:19+00:00","description":"Markt-XXL VP Home Gl\u00fchw\u00fcrmchen-Glas, Gartenzwerg, Gartenzwerg, mit Solarlicht, tolle Erg\u00e4nzung f\u00fcr Ihren Garten, solarbetrieben\u2026","breadcrumb":{"@id":"https:\/\/marktxxl.de\/markt\/produkt\/vp-home-firefly-jar-gnome-solarbetriebene-led-outdoor-decor-garten-licht\/#breadcrumb"},"inLanguage":"de","potentialAction":[{"@type":"ReadAction","target":["https:\/\/marktxxl.de\/markt\/produkt\/vp-home-firefly-jar-gnome-solarbetriebene-led-outdoor-decor-garten-licht\/"]}]},{"@type":"ImageObject","inLanguage":"de","@id":"https:\/\/marktxxl.de\/markt\/produkt\/vp-home-firefly-jar-gnome-solarbetriebene-led-outdoor-decor-garten-licht\/#primaryimage","url":"https:\/\/m.media-amazon.com\/images\/I\/41uupGgMoeL._SL500_.jpg","contentUrl":"https:\/\/m.media-amazon.com\/images\/I\/41uupGgMoeL._SL500_.jpg","width":500,"height":500},{"@type":"BreadcrumbList","@id":"https:\/\/marktxxl.de\/markt\/produkt\/vp-home-firefly-jar-gnome-solarbetriebene-led-outdoor-decor-garten-licht\/#breadcrumb","itemListElement":[{"@type":"ListItem","position":1,"name":"Startseite","item":"https:\/\/marktxxl.de\/markt\/"},{"@type":"ListItem","position":2,"name":"Markt","item":"https:\/\/marktxxl.de\/markt\/"},{"@type":"ListItem","position":3,"name":"VP Home Gl\u00fchw\u00fcrmchen-Glas, Gartenzwerg, Gartenzwerg, mit Solarlicht, tolle Erg\u00e4nzung f\u00fcr Ihren Garten, solarbetrieben\u2026"}]},{"@type":"WebSite","@id":"https:\/\/marktxxl.de\/markt\/#website","url":"https:\/\/marktxxl.de\/markt\/","name":"Markt-XXL","description":"Ihr Markt Online","publisher":{"@id":"https:\/\/marktxxl.de\/markt\/#organization"},"potentialAction":[{"@type":"SearchAction","target":{"@type":"EntryPoint","urlTemplate":"https:\/\/marktxxl.de\/markt\/?s={search_term_string}"},"query-input":{"@type":"PropertyValueSpecification","valueRequired":true,"valueName":"search_term_string"}}],"inLanguage":"de"},{"@type":"Organization","@id":"https:\/\/marktxxl.de\/markt\/#organization","name":"Markt-XXL","url":"https:\/\/marktxxl.de\/markt\/","logo":{"@type":"ImageObject","inLanguage":"de","@id":"https:\/\/marktxxl.de\/markt\/#\/schema\/logo\/image\/","url":"https:\/\/marktxxl.de\/markt\/wp-content\/uploads\/sites\/3\/2020\/12\/logo.png","contentUrl":"https:\/\/marktxxl.de\/markt\/wp-content\/uploads\/sites\/3\/2020\/12\/logo.png","width":200,"height":70,"caption":"Markt-XXL"},"image":{"@id":"https:\/\/marktxxl.de\/markt\/#\/schema\/logo\/image\/"}}]}},"_links":{"self":[{"href":"https:\/\/marktxxl.de\/markt\/wp-json\/wp\/v2\/product\/188700","targetHints":{"allow":["GET"]}}],"collection":[{"href":"https:\/\/marktxxl.de\/markt\/wp-json\/wp\/v2\/product"}],"about":[{"href":"https:\/\/marktxxl.de\/markt\/wp-json\/wp\/v2\/types\/product"}],"replies":[{"embeddable":true,"href":"https:\/\/marktxxl.de\/markt\/wp-json\/wp\/v2\/comments?post=188700"}],"wp:featuredmedia":[{"embeddable":true,"href":"https:\/\/marktxxl.de\/markt\/wp-json\/wp\/v2\/media\/188701"}],"wp:attachment":[{"href":"https:\/\/marktxxl.de\/markt\/wp-json\/wp\/v2\/media?parent=188700"}],"wp:term":[{"taxonomy":"product_brand","embeddable":true,"href":"https:\/\/marktxxl.de\/markt\/wp-json\/wp\/v2\/product_brand?post=188700"},{"taxonomy":"product_cat","embeddable":true,"href":"https:\/\/marktxxl.de\/markt\/wp-json\/wp\/v2\/product_cat?post=188700"},{"taxonomy":"product_tag","embeddable":true,"href":"https:\/\/marktxxl.de\/markt\/wp-json\/wp\/v2\/product_tag?post=188700"}],"curies":[{"name":"wp","href":"https:\/\/api.w.org\/{rel}","templated":true}]}}