{"id":188631,"date":"2023-02-09T07:13:26","date_gmt":"2023-02-09T06:13:26","guid":{"rendered":"https:\/\/marktxxl.de\/markt\/produkt\/shisha-schlauchgriff-mundstueckteil-kitosun-shisha-zubehoer-universell-elegant-100-kohlefaser-huelse-shishagriff-mit-mundstuecke-aus-rostfreier-stahl-ergonomisches-design\/"},"modified":"2023-04-07T04:36:18","modified_gmt":"2023-04-07T02:36:18","slug":"shisha-schlauchgriff-mundstueckteil-kitosun-shisha-zubehoer-universell-elegant-100-kohlefaser-huelse-shishagriff-mit-mundstuecke-aus-rostfreier-stahl-ergonomisches-design","status":"publish","type":"product","link":"https:\/\/marktxxl.de\/markt\/produkt\/shisha-schlauchgriff-mundstueckteil-kitosun-shisha-zubehoer-universell-elegant-100-kohlefaser-huelse-shishagriff-mit-mundstuecke-aus-rostfreier-stahl-ergonomisches-design\/","title":{"rendered":"Shisha Schlauchgriff Mundst\u00fcckteil &#8211; Kitosun Shisha Zubeh\u00f6r Universell Elegant 100% Kohlefaser H\u00fclse Shishagriff mit\u2026"},"content":{"rendered":"<p>100% Kohlefaserrohr: Kitosun adoptieren nur eine echte Kohlefaser als \u00c4rmel. Das ist ungiftig, geruchlos, langlebig und leicht. Das Mundst\u00fcck liegt am nahe am Mund. Bitte w\u00e4hlen Sie nur echte Kohlefaser. Glasfaser ist sehr sch\u00e4dlich, wenn Sie einatmen. Bitte ignorieren Sie nicht<br \/>\nErgonomisch gestaltete Griffe: Es sieht nicht nur elegant aus, sondern auch nach Ergonomie. Effizienz und Komfort. Sie werden einen gro\u00dfen Griff haben. Egal, was f\u00fcr Finger oder das Gewicht geeignet ist, nur am besten.<br \/>\nAbnehmbare Teile: 304 Edelstahl Shisha Schlauchstecker und die Mundspitze sind von der Kohlenstoffh\u00fclse abnehmbar. Du kannst eine Tiefenreinigung machen. Es unterst\u00fctzt auch die anderen Kitosun Shisha Griffe. So bringt es Optionen<br \/>\nGr\u00f6\u00dfe: Die Gesamtl\u00e4nge betr\u00e4gt 35 cm, 1,6 cm Au\u00dfendurchmesser. Fit mit den 11-12 mm Innenloch-Silikonschl\u00e4uchen. Bitte achten auf die Gr\u00f6\u00dfen.<br \/>\nBis zu 7 Farben und Musteroptionen. Sie k\u00f6nnen immer einen fangen, um Ihre Shisha zu kombinieren. Eine gute Sammlungen<br \/>\n<div class=\"main-cross-sell\" data-asin=\"B09MJ83ZRQ\">\n\n\t<div class=\"WooZone-cross-sell-loader\">\n\t\t<div>\n\t\t\t<div id=\"floatingBarsG\">\n\t\t\t\t<div class=\"blockG\" id=\"rotateG_01\"><\/div>\n\t\t\t\t<div class=\"blockG\" id=\"rotateG_02\"><\/div>\n\t\t\t\t<div class=\"blockG\" id=\"rotateG_03\"><\/div>\n\t\t\t\t<div class=\"blockG\" id=\"rotateG_04\"><\/div>\n\t\t\t\t<div class=\"blockG\" id=\"rotateG_05\"><\/div>\n\t\t\t\t<div class=\"blockG\" id=\"rotateG_06\"><\/div>\n\t\t\t\t<div class=\"blockG\" id=\"rotateG_07\"><\/div>\n\t\t\t\t<div class=\"blockG\" id=\"rotateG_08\"><\/div>\n\t\t\t<\/div>\n\t\t\t<div class=\"WooZone-cross-sell-loader-text\"><\/div>\n\t\t<\/div>\n\t<\/div>\n\n\t\t\n<\/div>\n<div style=\"clear:both;\"><\/div><\/p>\n","protected":false},"excerpt":{"rendered":"<p>100% Kohlefaserrohr: Kitosun adoptieren nur eine echte Kohlefaser als \u00c4rmel. Das ist ungiftig, geruchlos, langlebig und leicht. Das Mundst\u00fcck liegt am nahe am Mund. Bitte w\u00e4hlen Sie nur echte Kohlefaser. Glasfaser ist sehr sch\u00e4dlich, wenn Sie einatmen. Bitte ignorieren Sie nicht<br \/>\nErgonomisch gestaltete Griffe: Es sieht nicht nur elegant aus, sondern auch nach Ergonomie. Effizienz und Komfort. Sie werden einen gro\u00dfen Griff haben. Egal, was f\u00fcr Finger oder das Gewicht geeignet ist, nur am besten.<br \/>\nAbnehmbare Teile: 304 Edelstahl Shisha Schlauchstecker und die Mundspitze sind von der Kohlenstoffh\u00fclse abnehmbar. Du kannst eine Tiefenreinigung machen. Es unterst\u00fctzt auch die anderen Kitosun Shisha Griffe. So bringt es Optionen<\/p>\n","protected":false},"featured_media":188632,"comment_status":"open","ping_status":"closed","template":"","meta":[],"product_brand":[],"product_cat":[566,5626],"product_tag":[],"class_list":{"0":"post-188631","1":"product","2":"type-product","3":"status-publish","4":"has-post-thumbnail","6":"product_cat-drogerie-koerperpflege","7":"product_cat-elektronische-zigaretten-shishas-zubehoer","8":"pa_binding-badartikel","9":"pa_brand-kitosun","10":"pa_length-35-zentimeter","11":"pa_manufacturer-kitosun","12":"pa_model-tanchan","13":"pa_size-35cm-lang","15":"first","16":"instock","17":"shipping-taxable","18":"purchasable","19":"product-type-simple","20":"customify-col","21":"product-has-gallery"},"yoast_head":"<!-- This site is optimized with the Yoast SEO plugin v27.4 - https:\/\/yoast.com\/product\/yoast-seo-wordpress\/ -->\n<title>Shisha Schlauchgriff Mundst\u00fcckteil - Kitosun Shisha Zubeh\u00f6r Universell Elegant 100% Kohlefaser H\u00fclse Shishagriff mit\u2026 - Markt-XXL<\/title>\n<meta name=\"description\" content=\"Markt-XXL Shisha Schlauchgriff Mundst\u00fcckteil - Kitosun Shisha Zubeh\u00f6r Universell Elegant 100% Kohlefaser H\u00fclse Shishagriff mit\u2026\" \/>\n<meta name=\"robots\" content=\"index, follow, max-snippet:-1, max-image-preview:large, max-video-preview:-1\" \/>\n<link rel=\"canonical\" href=\"https:\/\/marktxxl.de\/markt\/produkt\/shisha-schlauchgriff-mundstueckteil-kitosun-shisha-zubehoer-universell-elegant-100-kohlefaser-huelse-shishagriff-mit-mundstuecke-aus-rostfreier-stahl-ergonomisches-design\/\" \/>\n<meta property=\"og:locale\" content=\"de_DE\" \/>\n<meta property=\"og:type\" content=\"article\" \/>\n<meta property=\"og:title\" content=\"Shisha Schlauchgriff Mundst\u00fcckteil - Kitosun Shisha Zubeh\u00f6r Universell Elegant 100% Kohlefaser H\u00fclse Shishagriff mit\u2026 - Markt-XXL\" \/>\n<meta property=\"og:description\" content=\"Markt-XXL Shisha Schlauchgriff Mundst\u00fcckteil - Kitosun Shisha Zubeh\u00f6r Universell Elegant 100% Kohlefaser H\u00fclse Shishagriff mit\u2026\" \/>\n<meta property=\"og:url\" content=\"https:\/\/marktxxl.de\/markt\/produkt\/shisha-schlauchgriff-mundstueckteil-kitosun-shisha-zubehoer-universell-elegant-100-kohlefaser-huelse-shishagriff-mit-mundstuecke-aus-rostfreier-stahl-ergonomisches-design\/\" \/>\n<meta property=\"og:site_name\" content=\"Markt-XXL\" \/>\n<meta property=\"article:modified_time\" content=\"2023-04-07T02:36:18+00:00\" \/>\n<meta property=\"og:image\" content=\"https:\/\/m.media-amazon.com\/images\/I\/31fGWMBR3HL._SL500_.jpg\" \/>\n\t<meta property=\"og:image:width\" content=\"500\" \/>\n\t<meta property=\"og:image:height\" content=\"500\" \/>\n\t<meta property=\"og:image:type\" content=\"image\/jpeg\" \/>\n<meta name=\"twitter:card\" content=\"summary_large_image\" \/>\n<meta name=\"twitter:label1\" content=\"Gesch\u00e4tzte Lesezeit\" \/>\n\t<meta name=\"twitter:data1\" content=\"1\u00a0Minute\" \/>\n<script type=\"application\/ld+json\" class=\"yoast-schema-graph\">{\"@context\":\"https:\\\/\\\/schema.org\",\"@graph\":[{\"@type\":\"WebPage\",\"@id\":\"https:\\\/\\\/marktxxl.de\\\/markt\\\/produkt\\\/shisha-schlauchgriff-mundstueckteil-kitosun-shisha-zubehoer-universell-elegant-100-kohlefaser-huelse-shishagriff-mit-mundstuecke-aus-rostfreier-stahl-ergonomisches-design\\\/\",\"url\":\"https:\\\/\\\/marktxxl.de\\\/markt\\\/produkt\\\/shisha-schlauchgriff-mundstueckteil-kitosun-shisha-zubehoer-universell-elegant-100-kohlefaser-huelse-shishagriff-mit-mundstuecke-aus-rostfreier-stahl-ergonomisches-design\\\/\",\"name\":\"Shisha Schlauchgriff Mundst\u00fcckteil - Kitosun Shisha Zubeh\u00f6r Universell Elegant 100% Kohlefaser H\u00fclse Shishagriff mit\u2026 - Markt-XXL\",\"isPartOf\":{\"@id\":\"https:\\\/\\\/marktxxl.de\\\/markt\\\/#website\"},\"primaryImageOfPage\":{\"@id\":\"https:\\\/\\\/marktxxl.de\\\/markt\\\/produkt\\\/shisha-schlauchgriff-mundstueckteil-kitosun-shisha-zubehoer-universell-elegant-100-kohlefaser-huelse-shishagriff-mit-mundstuecke-aus-rostfreier-stahl-ergonomisches-design\\\/#primaryimage\"},\"image\":{\"@id\":\"https:\\\/\\\/marktxxl.de\\\/markt\\\/produkt\\\/shisha-schlauchgriff-mundstueckteil-kitosun-shisha-zubehoer-universell-elegant-100-kohlefaser-huelse-shishagriff-mit-mundstuecke-aus-rostfreier-stahl-ergonomisches-design\\\/#primaryimage\"},\"thumbnailUrl\":\"https:\\\/\\\/m.media-amazon.com\\\/images\\\/I\\\/31fGWMBR3HL._SL500_.jpg\",\"datePublished\":\"2023-02-09T06:13:26+00:00\",\"dateModified\":\"2023-04-07T02:36:18+00:00\",\"description\":\"Markt-XXL Shisha Schlauchgriff Mundst\u00fcckteil - Kitosun Shisha Zubeh\u00f6r Universell Elegant 100% Kohlefaser H\u00fclse Shishagriff mit\u2026\",\"breadcrumb\":{\"@id\":\"https:\\\/\\\/marktxxl.de\\\/markt\\\/produkt\\\/shisha-schlauchgriff-mundstueckteil-kitosun-shisha-zubehoer-universell-elegant-100-kohlefaser-huelse-shishagriff-mit-mundstuecke-aus-rostfreier-stahl-ergonomisches-design\\\/#breadcrumb\"},\"inLanguage\":\"de\",\"potentialAction\":[{\"@type\":\"ReadAction\",\"target\":[\"https:\\\/\\\/marktxxl.de\\\/markt\\\/produkt\\\/shisha-schlauchgriff-mundstueckteil-kitosun-shisha-zubehoer-universell-elegant-100-kohlefaser-huelse-shishagriff-mit-mundstuecke-aus-rostfreier-stahl-ergonomisches-design\\\/\"]}]},{\"@type\":\"ImageObject\",\"inLanguage\":\"de\",\"@id\":\"https:\\\/\\\/marktxxl.de\\\/markt\\\/produkt\\\/shisha-schlauchgriff-mundstueckteil-kitosun-shisha-zubehoer-universell-elegant-100-kohlefaser-huelse-shishagriff-mit-mundstuecke-aus-rostfreier-stahl-ergonomisches-design\\\/#primaryimage\",\"url\":\"https:\\\/\\\/m.media-amazon.com\\\/images\\\/I\\\/31fGWMBR3HL._SL500_.jpg\",\"contentUrl\":\"https:\\\/\\\/m.media-amazon.com\\\/images\\\/I\\\/31fGWMBR3HL._SL500_.jpg\",\"width\":500,\"height\":500},{\"@type\":\"BreadcrumbList\",\"@id\":\"https:\\\/\\\/marktxxl.de\\\/markt\\\/produkt\\\/shisha-schlauchgriff-mundstueckteil-kitosun-shisha-zubehoer-universell-elegant-100-kohlefaser-huelse-shishagriff-mit-mundstuecke-aus-rostfreier-stahl-ergonomisches-design\\\/#breadcrumb\",\"itemListElement\":[{\"@type\":\"ListItem\",\"position\":1,\"name\":\"Startseite\",\"item\":\"https:\\\/\\\/marktxxl.de\\\/markt\\\/\"},{\"@type\":\"ListItem\",\"position\":2,\"name\":\"Markt\",\"item\":\"https:\\\/\\\/marktxxl.de\\\/markt\\\/\"},{\"@type\":\"ListItem\",\"position\":3,\"name\":\"Shisha Schlauchgriff Mundst\u00fcckteil &#8211; Kitosun Shisha Zubeh\u00f6r Universell Elegant 100% Kohlefaser H\u00fclse Shishagriff mit\u2026\"}]},{\"@type\":\"WebSite\",\"@id\":\"https:\\\/\\\/marktxxl.de\\\/markt\\\/#website\",\"url\":\"https:\\\/\\\/marktxxl.de\\\/markt\\\/\",\"name\":\"Markt-XXL\",\"description\":\"Ihr Markt Online\",\"publisher\":{\"@id\":\"https:\\\/\\\/marktxxl.de\\\/markt\\\/#organization\"},\"potentialAction\":[{\"@type\":\"SearchAction\",\"target\":{\"@type\":\"EntryPoint\",\"urlTemplate\":\"https:\\\/\\\/marktxxl.de\\\/markt\\\/?s={search_term_string}\"},\"query-input\":{\"@type\":\"PropertyValueSpecification\",\"valueRequired\":true,\"valueName\":\"search_term_string\"}}],\"inLanguage\":\"de\"},{\"@type\":\"Organization\",\"@id\":\"https:\\\/\\\/marktxxl.de\\\/markt\\\/#organization\",\"name\":\"Markt-XXL\",\"url\":\"https:\\\/\\\/marktxxl.de\\\/markt\\\/\",\"logo\":{\"@type\":\"ImageObject\",\"inLanguage\":\"de\",\"@id\":\"https:\\\/\\\/marktxxl.de\\\/markt\\\/#\\\/schema\\\/logo\\\/image\\\/\",\"url\":\"https:\\\/\\\/marktxxl.de\\\/markt\\\/wp-content\\\/uploads\\\/sites\\\/3\\\/2020\\\/12\\\/logo.png\",\"contentUrl\":\"https:\\\/\\\/marktxxl.de\\\/markt\\\/wp-content\\\/uploads\\\/sites\\\/3\\\/2020\\\/12\\\/logo.png\",\"width\":200,\"height\":70,\"caption\":\"Markt-XXL\"},\"image\":{\"@id\":\"https:\\\/\\\/marktxxl.de\\\/markt\\\/#\\\/schema\\\/logo\\\/image\\\/\"}}]}<\/script>\n<!-- \/ Yoast SEO plugin. -->","yoast_head_json":{"title":"Shisha Schlauchgriff Mundst\u00fcckteil - Kitosun Shisha Zubeh\u00f6r Universell Elegant 100% Kohlefaser H\u00fclse Shishagriff mit\u2026 - Markt-XXL","description":"Markt-XXL Shisha Schlauchgriff Mundst\u00fcckteil - Kitosun Shisha Zubeh\u00f6r Universell Elegant 100% Kohlefaser H\u00fclse Shishagriff mit\u2026","robots":{"index":"index","follow":"follow","max-snippet":"max-snippet:-1","max-image-preview":"max-image-preview:large","max-video-preview":"max-video-preview:-1"},"canonical":"https:\/\/marktxxl.de\/markt\/produkt\/shisha-schlauchgriff-mundstueckteil-kitosun-shisha-zubehoer-universell-elegant-100-kohlefaser-huelse-shishagriff-mit-mundstuecke-aus-rostfreier-stahl-ergonomisches-design\/","og_locale":"de_DE","og_type":"article","og_title":"Shisha Schlauchgriff Mundst\u00fcckteil - Kitosun Shisha Zubeh\u00f6r Universell Elegant 100% Kohlefaser H\u00fclse Shishagriff mit\u2026 - Markt-XXL","og_description":"Markt-XXL Shisha Schlauchgriff Mundst\u00fcckteil - Kitosun Shisha Zubeh\u00f6r Universell Elegant 100% Kohlefaser H\u00fclse Shishagriff mit\u2026","og_url":"https:\/\/marktxxl.de\/markt\/produkt\/shisha-schlauchgriff-mundstueckteil-kitosun-shisha-zubehoer-universell-elegant-100-kohlefaser-huelse-shishagriff-mit-mundstuecke-aus-rostfreier-stahl-ergonomisches-design\/","og_site_name":"Markt-XXL","article_modified_time":"2023-04-07T02:36:18+00:00","og_image":[{"width":500,"height":500,"url":"https:\/\/m.media-amazon.com\/images\/I\/31fGWMBR3HL._SL500_.jpg","type":"image\/jpeg"}],"twitter_card":"summary_large_image","twitter_misc":{"Gesch\u00e4tzte Lesezeit":"1\u00a0Minute"},"schema":{"@context":"https:\/\/schema.org","@graph":[{"@type":"WebPage","@id":"https:\/\/marktxxl.de\/markt\/produkt\/shisha-schlauchgriff-mundstueckteil-kitosun-shisha-zubehoer-universell-elegant-100-kohlefaser-huelse-shishagriff-mit-mundstuecke-aus-rostfreier-stahl-ergonomisches-design\/","url":"https:\/\/marktxxl.de\/markt\/produkt\/shisha-schlauchgriff-mundstueckteil-kitosun-shisha-zubehoer-universell-elegant-100-kohlefaser-huelse-shishagriff-mit-mundstuecke-aus-rostfreier-stahl-ergonomisches-design\/","name":"Shisha Schlauchgriff Mundst\u00fcckteil - Kitosun Shisha Zubeh\u00f6r Universell Elegant 100% Kohlefaser H\u00fclse Shishagriff mit\u2026 - Markt-XXL","isPartOf":{"@id":"https:\/\/marktxxl.de\/markt\/#website"},"primaryImageOfPage":{"@id":"https:\/\/marktxxl.de\/markt\/produkt\/shisha-schlauchgriff-mundstueckteil-kitosun-shisha-zubehoer-universell-elegant-100-kohlefaser-huelse-shishagriff-mit-mundstuecke-aus-rostfreier-stahl-ergonomisches-design\/#primaryimage"},"image":{"@id":"https:\/\/marktxxl.de\/markt\/produkt\/shisha-schlauchgriff-mundstueckteil-kitosun-shisha-zubehoer-universell-elegant-100-kohlefaser-huelse-shishagriff-mit-mundstuecke-aus-rostfreier-stahl-ergonomisches-design\/#primaryimage"},"thumbnailUrl":"https:\/\/m.media-amazon.com\/images\/I\/31fGWMBR3HL._SL500_.jpg","datePublished":"2023-02-09T06:13:26+00:00","dateModified":"2023-04-07T02:36:18+00:00","description":"Markt-XXL Shisha Schlauchgriff Mundst\u00fcckteil - Kitosun Shisha Zubeh\u00f6r Universell Elegant 100% Kohlefaser H\u00fclse Shishagriff mit\u2026","breadcrumb":{"@id":"https:\/\/marktxxl.de\/markt\/produkt\/shisha-schlauchgriff-mundstueckteil-kitosun-shisha-zubehoer-universell-elegant-100-kohlefaser-huelse-shishagriff-mit-mundstuecke-aus-rostfreier-stahl-ergonomisches-design\/#breadcrumb"},"inLanguage":"de","potentialAction":[{"@type":"ReadAction","target":["https:\/\/marktxxl.de\/markt\/produkt\/shisha-schlauchgriff-mundstueckteil-kitosun-shisha-zubehoer-universell-elegant-100-kohlefaser-huelse-shishagriff-mit-mundstuecke-aus-rostfreier-stahl-ergonomisches-design\/"]}]},{"@type":"ImageObject","inLanguage":"de","@id":"https:\/\/marktxxl.de\/markt\/produkt\/shisha-schlauchgriff-mundstueckteil-kitosun-shisha-zubehoer-universell-elegant-100-kohlefaser-huelse-shishagriff-mit-mundstuecke-aus-rostfreier-stahl-ergonomisches-design\/#primaryimage","url":"https:\/\/m.media-amazon.com\/images\/I\/31fGWMBR3HL._SL500_.jpg","contentUrl":"https:\/\/m.media-amazon.com\/images\/I\/31fGWMBR3HL._SL500_.jpg","width":500,"height":500},{"@type":"BreadcrumbList","@id":"https:\/\/marktxxl.de\/markt\/produkt\/shisha-schlauchgriff-mundstueckteil-kitosun-shisha-zubehoer-universell-elegant-100-kohlefaser-huelse-shishagriff-mit-mundstuecke-aus-rostfreier-stahl-ergonomisches-design\/#breadcrumb","itemListElement":[{"@type":"ListItem","position":1,"name":"Startseite","item":"https:\/\/marktxxl.de\/markt\/"},{"@type":"ListItem","position":2,"name":"Markt","item":"https:\/\/marktxxl.de\/markt\/"},{"@type":"ListItem","position":3,"name":"Shisha Schlauchgriff Mundst\u00fcckteil &#8211; Kitosun Shisha Zubeh\u00f6r Universell Elegant 100% Kohlefaser H\u00fclse Shishagriff mit\u2026"}]},{"@type":"WebSite","@id":"https:\/\/marktxxl.de\/markt\/#website","url":"https:\/\/marktxxl.de\/markt\/","name":"Markt-XXL","description":"Ihr Markt Online","publisher":{"@id":"https:\/\/marktxxl.de\/markt\/#organization"},"potentialAction":[{"@type":"SearchAction","target":{"@type":"EntryPoint","urlTemplate":"https:\/\/marktxxl.de\/markt\/?s={search_term_string}"},"query-input":{"@type":"PropertyValueSpecification","valueRequired":true,"valueName":"search_term_string"}}],"inLanguage":"de"},{"@type":"Organization","@id":"https:\/\/marktxxl.de\/markt\/#organization","name":"Markt-XXL","url":"https:\/\/marktxxl.de\/markt\/","logo":{"@type":"ImageObject","inLanguage":"de","@id":"https:\/\/marktxxl.de\/markt\/#\/schema\/logo\/image\/","url":"https:\/\/marktxxl.de\/markt\/wp-content\/uploads\/sites\/3\/2020\/12\/logo.png","contentUrl":"https:\/\/marktxxl.de\/markt\/wp-content\/uploads\/sites\/3\/2020\/12\/logo.png","width":200,"height":70,"caption":"Markt-XXL"},"image":{"@id":"https:\/\/marktxxl.de\/markt\/#\/schema\/logo\/image\/"}}]}},"_links":{"self":[{"href":"https:\/\/marktxxl.de\/markt\/wp-json\/wp\/v2\/product\/188631","targetHints":{"allow":["GET"]}}],"collection":[{"href":"https:\/\/marktxxl.de\/markt\/wp-json\/wp\/v2\/product"}],"about":[{"href":"https:\/\/marktxxl.de\/markt\/wp-json\/wp\/v2\/types\/product"}],"replies":[{"embeddable":true,"href":"https:\/\/marktxxl.de\/markt\/wp-json\/wp\/v2\/comments?post=188631"}],"wp:featuredmedia":[{"embeddable":true,"href":"https:\/\/marktxxl.de\/markt\/wp-json\/wp\/v2\/media\/188632"}],"wp:attachment":[{"href":"https:\/\/marktxxl.de\/markt\/wp-json\/wp\/v2\/media?parent=188631"}],"wp:term":[{"taxonomy":"product_brand","embeddable":true,"href":"https:\/\/marktxxl.de\/markt\/wp-json\/wp\/v2\/product_brand?post=188631"},{"taxonomy":"product_cat","embeddable":true,"href":"https:\/\/marktxxl.de\/markt\/wp-json\/wp\/v2\/product_cat?post=188631"},{"taxonomy":"product_tag","embeddable":true,"href":"https:\/\/marktxxl.de\/markt\/wp-json\/wp\/v2\/product_tag?post=188631"}],"curies":[{"name":"wp","href":"https:\/\/api.w.org\/{rel}","templated":true}]}}