{"id":188334,"date":"2023-02-09T06:58:49","date_gmt":"2023-02-09T05:58:49","guid":{"rendered":"https:\/\/marktxxl.de\/markt\/produkt\/liene-fotopapier-40-stueck\/"},"modified":"2023-04-08T04:50:16","modified_gmt":"2023-04-08T02:50:16","slug":"liene-fotopapier-40-stueck","status":"publish","type":"product","link":"https:\/\/marktxxl.de\/markt\/produkt\/liene-fotopapier-40-stueck\/","title":{"rendered":"Liene Fotopapier, 40 St\u00fcck"},"content":{"rendered":"<p>Extrem praktisch; Diese verbesserte Nachf\u00fcllpackung enth\u00e4lt 40 St\u00fcck Fotopapier und 1 Tintenpatrone. 3 verschiedene Farbstoffe werden mit einer Tintenpatrone geliefert, sodass Sie keine separaten Bestellungen f\u00fcr verschiedene Tinte aufgeben m\u00fcssen. In Anbetracht der potenziellen Drucker der neuen Generation, ist diese Nachf\u00fcllpackung auch mit ihnen kompatibel<br \/>\nPerfekte Gr\u00f6\u00dfe: Die Gr\u00f6\u00dfe jedes Fotopapiers betr\u00e4gt 10,2 x 15,2 cm, was f\u00fcr die meisten Albumpacks geeignet ist. Ausgeschnittene Bereiche auf beiden Seiten k\u00f6nnen verhindern, dass die Druckausgabe durch Fingerabdr\u00fccke beeintr\u00e4chtigt wird. Sie k\u00f6nnen sie einfach abrei\u00dfen, wenn Sie m\u00f6chten<br \/>\nHochwertiges Druckergebnis; Thermo-Farbstoff-Sublimation wird immer noch auf diese verbesserte Version angewendet. Mit dieser Technologie k\u00f6nnen Farbstoffe perfekt in das Fotopapier eindringen und l\u00e4nger bleiben als normales Fotopapier. Au\u00dferdem wurde das Material des Fotopapiers verbessert, damit die Farben nach dem Drucken besser angezeigt werden k\u00f6nnen und das Bild authentisch bleiben kann. Verbessertes Teil: verbessertes Papiermaterial<br \/>\nH\u00f6herer Schutz; Liene hat die Schutzschicht verst\u00e4rkt, die am Ende des Druckens produziert wird. Diese verbesserte Schutzschicht wird nicht leicht durch Kratzer besch\u00e4digt. Die Schicht kann das Bild ohne tote Winkel abdecken, und es ist oxidationsbest\u00e4ndig und wasserfest. W\u00e4hrend das Bild gesch\u00fctzt wird, sieht das Foto genauso aus wie das, was es sein soll; verbessertes Teil: haltbarere Schutzschicht<br \/>\nEinsatzbereich: Ausstellen, Einrahmen, Sammelalben oder als Geschenk<br \/>\n<div class=\"main-cross-sell\" data-asin=\"B0983SR7Q9\">\n\n\t<div class=\"WooZone-cross-sell-loader\">\n\t\t<div>\n\t\t\t<div id=\"floatingBarsG\">\n\t\t\t\t<div class=\"blockG\" id=\"rotateG_01\"><\/div>\n\t\t\t\t<div class=\"blockG\" id=\"rotateG_02\"><\/div>\n\t\t\t\t<div class=\"blockG\" id=\"rotateG_03\"><\/div>\n\t\t\t\t<div class=\"blockG\" id=\"rotateG_04\"><\/div>\n\t\t\t\t<div class=\"blockG\" id=\"rotateG_05\"><\/div>\n\t\t\t\t<div class=\"blockG\" id=\"rotateG_06\"><\/div>\n\t\t\t\t<div class=\"blockG\" id=\"rotateG_07\"><\/div>\n\t\t\t\t<div class=\"blockG\" id=\"rotateG_08\"><\/div>\n\t\t\t<\/div>\n\t\t\t<div class=\"WooZone-cross-sell-loader-text\"><\/div>\n\t\t<\/div>\n\t<\/div>\n\n\t\t\n<\/div>\n<div style=\"clear:both;\"><\/div><\/p>\n","protected":false},"excerpt":{"rendered":"<p>Extrem praktisch; Diese verbesserte Nachf\u00fcllpackung enth\u00e4lt 40 St\u00fcck Fotopapier und 1 Tintenpatrone. 3 verschiedene Farbstoffe werden mit einer Tintenpatrone geliefert, sodass Sie keine separaten Bestellungen f\u00fcr verschiedene Tinte aufgeben m\u00fcssen. In Anbetracht der potenziellen Drucker der neuen Generation, ist diese Nachf\u00fcllpackung auch mit ihnen kompatibel<br \/>\nPerfekte Gr\u00f6\u00dfe: Die Gr\u00f6\u00dfe jedes Fotopapiers betr\u00e4gt 10,2 x 15,2 cm, was f\u00fcr die meisten Albumpacks geeignet ist. Ausgeschnittene Bereiche auf beiden Seiten k\u00f6nnen verhindern, dass die Druckausgabe durch Fingerabdr\u00fccke beeintr\u00e4chtigt wird. Sie k\u00f6nnen sie einfach abrei\u00dfen, wenn Sie m\u00f6chten<br \/>\nHochwertiges Druckergebnis; Thermo-Farbstoff-Sublimation wird immer noch auf diese verbesserte Version angewendet. Mit dieser Technologie k\u00f6nnen Farbstoffe perfekt in das Fotopapier eindringen und l\u00e4nger bleiben als normales Fotopapier. Au\u00dferdem wurde das Material des Fotopapiers verbessert, damit die Farben nach dem Drucken besser angezeigt werden k\u00f6nnen und das Bild authentisch bleiben kann. Verbessertes Teil: verbessertes Papiermaterial<\/p>\n","protected":false},"featured_media":188335,"comment_status":"open","ping_status":"closed","template":"","meta":[],"product_brand":[],"product_cat":[504,8208],"product_tag":[],"class_list":{"0":"post-188334","1":"product","2":"type-product","3":"status-publish","4":"has-post-thumbnail","6":"product_cat-buerobedarf-schreibwaren","7":"product_cat-bueroelektronik","8":"pa_binding-buerobedarf-schreibwaren","9":"pa_brand-liene","10":"pa_color-gray","11":"pa_height-1-6-zoll","12":"pa_length-7-6-zoll","13":"pa_manufacturer-hannto-technology-co-ltd","14":"pa_model-sd-22","15":"pa_size-small","16":"pa_width-4-4-zoll","18":"first","19":"instock","20":"shipping-taxable","21":"purchasable","22":"product-type-simple","23":"customify-col","24":"product-has-gallery"},"yoast_head":"<!-- This site is optimized with the Yoast SEO plugin v27.3 - https:\/\/yoast.com\/product\/yoast-seo-wordpress\/ -->\n<title>Liene Fotopapier, 40 St\u00fcck - Markt-XXL<\/title>\n<meta name=\"description\" content=\"Markt-XXL Liene Fotopapier, 40 St\u00fcck\" \/>\n<meta name=\"robots\" content=\"index, follow, max-snippet:-1, max-image-preview:large, max-video-preview:-1\" \/>\n<link rel=\"canonical\" href=\"https:\/\/marktxxl.de\/markt\/produkt\/liene-fotopapier-40-stueck\/\" \/>\n<meta property=\"og:locale\" content=\"de_DE\" \/>\n<meta property=\"og:type\" content=\"article\" \/>\n<meta property=\"og:title\" content=\"Liene Fotopapier, 40 St\u00fcck - Markt-XXL\" \/>\n<meta property=\"og:description\" content=\"Markt-XXL Liene Fotopapier, 40 St\u00fcck\" \/>\n<meta property=\"og:url\" content=\"https:\/\/marktxxl.de\/markt\/produkt\/liene-fotopapier-40-stueck\/\" \/>\n<meta property=\"og:site_name\" content=\"Markt-XXL\" \/>\n<meta property=\"article:modified_time\" content=\"2023-04-08T02:50:16+00:00\" \/>\n<meta property=\"og:image\" content=\"https:\/\/m.media-amazon.com\/images\/I\/411nnEvuO5L._SL500_.jpg\" \/>\n\t<meta property=\"og:image:width\" content=\"500\" \/>\n\t<meta property=\"og:image:height\" content=\"500\" \/>\n\t<meta property=\"og:image:type\" content=\"image\/jpeg\" \/>\n<meta name=\"twitter:card\" content=\"summary_large_image\" \/>\n<meta name=\"twitter:label1\" content=\"Gesch\u00e4tzte Lesezeit\" \/>\n\t<meta name=\"twitter:data1\" content=\"1\u00a0Minute\" \/>\n<script type=\"application\/ld+json\" class=\"yoast-schema-graph\">{\"@context\":\"https:\\\/\\\/schema.org\",\"@graph\":[{\"@type\":\"WebPage\",\"@id\":\"https:\\\/\\\/marktxxl.de\\\/markt\\\/produkt\\\/liene-fotopapier-40-stueck\\\/\",\"url\":\"https:\\\/\\\/marktxxl.de\\\/markt\\\/produkt\\\/liene-fotopapier-40-stueck\\\/\",\"name\":\"Liene Fotopapier, 40 St\u00fcck - Markt-XXL\",\"isPartOf\":{\"@id\":\"https:\\\/\\\/marktxxl.de\\\/markt\\\/#website\"},\"primaryImageOfPage\":{\"@id\":\"https:\\\/\\\/marktxxl.de\\\/markt\\\/produkt\\\/liene-fotopapier-40-stueck\\\/#primaryimage\"},\"image\":{\"@id\":\"https:\\\/\\\/marktxxl.de\\\/markt\\\/produkt\\\/liene-fotopapier-40-stueck\\\/#primaryimage\"},\"thumbnailUrl\":\"https:\\\/\\\/m.media-amazon.com\\\/images\\\/I\\\/411nnEvuO5L._SL500_.jpg\",\"datePublished\":\"2023-02-09T05:58:49+00:00\",\"dateModified\":\"2023-04-08T02:50:16+00:00\",\"description\":\"Markt-XXL Liene Fotopapier, 40 St\u00fcck\",\"breadcrumb\":{\"@id\":\"https:\\\/\\\/marktxxl.de\\\/markt\\\/produkt\\\/liene-fotopapier-40-stueck\\\/#breadcrumb\"},\"inLanguage\":\"de\",\"potentialAction\":[{\"@type\":\"ReadAction\",\"target\":[\"https:\\\/\\\/marktxxl.de\\\/markt\\\/produkt\\\/liene-fotopapier-40-stueck\\\/\"]}]},{\"@type\":\"ImageObject\",\"inLanguage\":\"de\",\"@id\":\"https:\\\/\\\/marktxxl.de\\\/markt\\\/produkt\\\/liene-fotopapier-40-stueck\\\/#primaryimage\",\"url\":\"https:\\\/\\\/m.media-amazon.com\\\/images\\\/I\\\/411nnEvuO5L._SL500_.jpg\",\"contentUrl\":\"https:\\\/\\\/m.media-amazon.com\\\/images\\\/I\\\/411nnEvuO5L._SL500_.jpg\",\"width\":500,\"height\":500},{\"@type\":\"BreadcrumbList\",\"@id\":\"https:\\\/\\\/marktxxl.de\\\/markt\\\/produkt\\\/liene-fotopapier-40-stueck\\\/#breadcrumb\",\"itemListElement\":[{\"@type\":\"ListItem\",\"position\":1,\"name\":\"Startseite\",\"item\":\"https:\\\/\\\/marktxxl.de\\\/markt\\\/\"},{\"@type\":\"ListItem\",\"position\":2,\"name\":\"Markt\",\"item\":\"https:\\\/\\\/marktxxl.de\\\/markt\\\/\"},{\"@type\":\"ListItem\",\"position\":3,\"name\":\"Liene Fotopapier, 40 St\u00fcck\"}]},{\"@type\":\"WebSite\",\"@id\":\"https:\\\/\\\/marktxxl.de\\\/markt\\\/#website\",\"url\":\"https:\\\/\\\/marktxxl.de\\\/markt\\\/\",\"name\":\"Markt-XXL\",\"description\":\"Ihr Markt Online\",\"publisher\":{\"@id\":\"https:\\\/\\\/marktxxl.de\\\/markt\\\/#organization\"},\"potentialAction\":[{\"@type\":\"SearchAction\",\"target\":{\"@type\":\"EntryPoint\",\"urlTemplate\":\"https:\\\/\\\/marktxxl.de\\\/markt\\\/?s={search_term_string}\"},\"query-input\":{\"@type\":\"PropertyValueSpecification\",\"valueRequired\":true,\"valueName\":\"search_term_string\"}}],\"inLanguage\":\"de\"},{\"@type\":\"Organization\",\"@id\":\"https:\\\/\\\/marktxxl.de\\\/markt\\\/#organization\",\"name\":\"Markt-XXL\",\"url\":\"https:\\\/\\\/marktxxl.de\\\/markt\\\/\",\"logo\":{\"@type\":\"ImageObject\",\"inLanguage\":\"de\",\"@id\":\"https:\\\/\\\/marktxxl.de\\\/markt\\\/#\\\/schema\\\/logo\\\/image\\\/\",\"url\":\"https:\\\/\\\/marktxxl.de\\\/markt\\\/wp-content\\\/uploads\\\/sites\\\/3\\\/2020\\\/12\\\/logo.png\",\"contentUrl\":\"https:\\\/\\\/marktxxl.de\\\/markt\\\/wp-content\\\/uploads\\\/sites\\\/3\\\/2020\\\/12\\\/logo.png\",\"width\":200,\"height\":70,\"caption\":\"Markt-XXL\"},\"image\":{\"@id\":\"https:\\\/\\\/marktxxl.de\\\/markt\\\/#\\\/schema\\\/logo\\\/image\\\/\"}}]}<\/script>\n<!-- \/ Yoast SEO plugin. -->","yoast_head_json":{"title":"Liene Fotopapier, 40 St\u00fcck - Markt-XXL","description":"Markt-XXL Liene Fotopapier, 40 St\u00fcck","robots":{"index":"index","follow":"follow","max-snippet":"max-snippet:-1","max-image-preview":"max-image-preview:large","max-video-preview":"max-video-preview:-1"},"canonical":"https:\/\/marktxxl.de\/markt\/produkt\/liene-fotopapier-40-stueck\/","og_locale":"de_DE","og_type":"article","og_title":"Liene Fotopapier, 40 St\u00fcck - Markt-XXL","og_description":"Markt-XXL Liene Fotopapier, 40 St\u00fcck","og_url":"https:\/\/marktxxl.de\/markt\/produkt\/liene-fotopapier-40-stueck\/","og_site_name":"Markt-XXL","article_modified_time":"2023-04-08T02:50:16+00:00","og_image":[{"width":500,"height":500,"url":"https:\/\/m.media-amazon.com\/images\/I\/411nnEvuO5L._SL500_.jpg","type":"image\/jpeg"}],"twitter_card":"summary_large_image","twitter_misc":{"Gesch\u00e4tzte Lesezeit":"1\u00a0Minute"},"schema":{"@context":"https:\/\/schema.org","@graph":[{"@type":"WebPage","@id":"https:\/\/marktxxl.de\/markt\/produkt\/liene-fotopapier-40-stueck\/","url":"https:\/\/marktxxl.de\/markt\/produkt\/liene-fotopapier-40-stueck\/","name":"Liene Fotopapier, 40 St\u00fcck - Markt-XXL","isPartOf":{"@id":"https:\/\/marktxxl.de\/markt\/#website"},"primaryImageOfPage":{"@id":"https:\/\/marktxxl.de\/markt\/produkt\/liene-fotopapier-40-stueck\/#primaryimage"},"image":{"@id":"https:\/\/marktxxl.de\/markt\/produkt\/liene-fotopapier-40-stueck\/#primaryimage"},"thumbnailUrl":"https:\/\/m.media-amazon.com\/images\/I\/411nnEvuO5L._SL500_.jpg","datePublished":"2023-02-09T05:58:49+00:00","dateModified":"2023-04-08T02:50:16+00:00","description":"Markt-XXL Liene Fotopapier, 40 St\u00fcck","breadcrumb":{"@id":"https:\/\/marktxxl.de\/markt\/produkt\/liene-fotopapier-40-stueck\/#breadcrumb"},"inLanguage":"de","potentialAction":[{"@type":"ReadAction","target":["https:\/\/marktxxl.de\/markt\/produkt\/liene-fotopapier-40-stueck\/"]}]},{"@type":"ImageObject","inLanguage":"de","@id":"https:\/\/marktxxl.de\/markt\/produkt\/liene-fotopapier-40-stueck\/#primaryimage","url":"https:\/\/m.media-amazon.com\/images\/I\/411nnEvuO5L._SL500_.jpg","contentUrl":"https:\/\/m.media-amazon.com\/images\/I\/411nnEvuO5L._SL500_.jpg","width":500,"height":500},{"@type":"BreadcrumbList","@id":"https:\/\/marktxxl.de\/markt\/produkt\/liene-fotopapier-40-stueck\/#breadcrumb","itemListElement":[{"@type":"ListItem","position":1,"name":"Startseite","item":"https:\/\/marktxxl.de\/markt\/"},{"@type":"ListItem","position":2,"name":"Markt","item":"https:\/\/marktxxl.de\/markt\/"},{"@type":"ListItem","position":3,"name":"Liene Fotopapier, 40 St\u00fcck"}]},{"@type":"WebSite","@id":"https:\/\/marktxxl.de\/markt\/#website","url":"https:\/\/marktxxl.de\/markt\/","name":"Markt-XXL","description":"Ihr Markt Online","publisher":{"@id":"https:\/\/marktxxl.de\/markt\/#organization"},"potentialAction":[{"@type":"SearchAction","target":{"@type":"EntryPoint","urlTemplate":"https:\/\/marktxxl.de\/markt\/?s={search_term_string}"},"query-input":{"@type":"PropertyValueSpecification","valueRequired":true,"valueName":"search_term_string"}}],"inLanguage":"de"},{"@type":"Organization","@id":"https:\/\/marktxxl.de\/markt\/#organization","name":"Markt-XXL","url":"https:\/\/marktxxl.de\/markt\/","logo":{"@type":"ImageObject","inLanguage":"de","@id":"https:\/\/marktxxl.de\/markt\/#\/schema\/logo\/image\/","url":"https:\/\/marktxxl.de\/markt\/wp-content\/uploads\/sites\/3\/2020\/12\/logo.png","contentUrl":"https:\/\/marktxxl.de\/markt\/wp-content\/uploads\/sites\/3\/2020\/12\/logo.png","width":200,"height":70,"caption":"Markt-XXL"},"image":{"@id":"https:\/\/marktxxl.de\/markt\/#\/schema\/logo\/image\/"}}]}},"_links":{"self":[{"href":"https:\/\/marktxxl.de\/markt\/wp-json\/wp\/v2\/product\/188334","targetHints":{"allow":["GET"]}}],"collection":[{"href":"https:\/\/marktxxl.de\/markt\/wp-json\/wp\/v2\/product"}],"about":[{"href":"https:\/\/marktxxl.de\/markt\/wp-json\/wp\/v2\/types\/product"}],"replies":[{"embeddable":true,"href":"https:\/\/marktxxl.de\/markt\/wp-json\/wp\/v2\/comments?post=188334"}],"wp:featuredmedia":[{"embeddable":true,"href":"https:\/\/marktxxl.de\/markt\/wp-json\/wp\/v2\/media\/188335"}],"wp:attachment":[{"href":"https:\/\/marktxxl.de\/markt\/wp-json\/wp\/v2\/media?parent=188334"}],"wp:term":[{"taxonomy":"product_brand","embeddable":true,"href":"https:\/\/marktxxl.de\/markt\/wp-json\/wp\/v2\/product_brand?post=188334"},{"taxonomy":"product_cat","embeddable":true,"href":"https:\/\/marktxxl.de\/markt\/wp-json\/wp\/v2\/product_cat?post=188334"},{"taxonomy":"product_tag","embeddable":true,"href":"https:\/\/marktxxl.de\/markt\/wp-json\/wp\/v2\/product_tag?post=188334"}],"curies":[{"name":"wp","href":"https:\/\/api.w.org\/{rel}","templated":true}]}}