{"id":187299,"date":"2023-02-09T04:49:32","date_gmt":"2023-02-09T03:49:32","guid":{"rendered":"https:\/\/marktxxl.de\/markt\/produkt\/baerenfuss-damen-und-herren-premium-stuetz-struempfe-4-paar-kompressionsstruempfe-ideal-fuer-reisen\/"},"modified":"2023-04-09T05:05:06","modified_gmt":"2023-04-09T03:05:06","slug":"baerenfuss-damen-und-herren-premium-stuetz-struempfe-4-paar-kompressionsstruempfe-ideal-fuer-reisen","status":"publish","type":"product","link":"https:\/\/marktxxl.de\/markt\/produkt\/baerenfuss-damen-und-herren-premium-stuetz-struempfe-4-paar-kompressionsstruempfe-ideal-fuer-reisen\/","title":{"rendered":"B\u00e4renfu\u00df Damen und Herren Premium St\u00fctz Str\u00fcmpfe &#8211; 4 Paar Kompressionsstr\u00fcmpfe ideal f\u00fcr Reisen"},"content":{"rendered":"<p>SCHNELLE ERHOHLUNG: Unsere Kompressionssocken beugen geschwollenen Beinen vor, die z.B. durch langes Stehen auf der Arbeit oder bei Fl\u00fcgen entstehen k\u00f6nnen. Perfekt geeignet sind sie auch gegen Wassereinlagerungen w\u00e4hrend der Schwangerschaft.<br \/>\nF\u00d6RDERT DIE DURCHBLUTUNG: Die hautfreundlichen Reisesocken erh\u00f6hen die Durchblutung und verhindern somit geschwollene Beine. Besonders bei langem Sitzen oder Stehen, auf Reisen, bei der Arbeit oder im Alltag.<br \/>\nST\u00dcTZWIRKUNG: Die St\u00fctzstr\u00fcmpfe wirken gelenkschonend dank st\u00fctzender Kraft an Wadenbein und Fu\u00df. Das verst\u00e4rkte Gewebe sorgt f\u00fcr eine lange Lebensdauer bei intensiver Nutzung.<br \/>\nBESTE QUALIT\u00c4T: Unsere Socken haben nicht nur eine perfekte Passform, sondern entsprechen zugleich auch h\u00f6chsten Qualit\u00e4tsstandards. Fersen und Zehenspitzen sind verst\u00e4rkt. Durch die von Hand vern\u00e4hte Spitze dr\u00fccken keine N\u00e4hte an den Zehen.<br \/>\nANTI-LOCH-GARANTIE: Wir sind ein junges Start Up und lernen t\u00e4glich dazu. Die Socken haben ein Loch? Kein Problem! Schick sie einfach zur\u00fcck und wir ersetzen sie innerhalb der ersten 6 Monaten kostenfrei!<br \/>\n<div class=\"main-cross-sell\" data-asin=\"B09WDN67K7\">\n\n\t<div class=\"WooZone-cross-sell-loader\">\n\t\t<div>\n\t\t\t<div id=\"floatingBarsG\">\n\t\t\t\t<div class=\"blockG\" id=\"rotateG_01\"><\/div>\n\t\t\t\t<div class=\"blockG\" id=\"rotateG_02\"><\/div>\n\t\t\t\t<div class=\"blockG\" id=\"rotateG_03\"><\/div>\n\t\t\t\t<div class=\"blockG\" id=\"rotateG_04\"><\/div>\n\t\t\t\t<div class=\"blockG\" id=\"rotateG_05\"><\/div>\n\t\t\t\t<div class=\"blockG\" id=\"rotateG_06\"><\/div>\n\t\t\t\t<div class=\"blockG\" id=\"rotateG_07\"><\/div>\n\t\t\t\t<div class=\"blockG\" id=\"rotateG_08\"><\/div>\n\t\t\t<\/div>\n\t\t\t<div class=\"WooZone-cross-sell-loader-text\"><\/div>\n\t\t<\/div>\n\t<\/div>\n\n\t\t\n<\/div>\n<div style=\"clear:both;\"><\/div><\/p>\n","protected":false},"excerpt":{"rendered":"<p>SCHNELLE ERHOHLUNG: Unsere Kompressionssocken beugen geschwollenen Beinen vor, die z.B. durch langes Stehen auf der Arbeit oder bei Fl\u00fcgen entstehen k\u00f6nnen. Perfekt geeignet sind sie auch gegen Wassereinlagerungen w\u00e4hrend der Schwangerschaft.<br \/>\nF\u00d6RDERT DIE DURCHBLUTUNG: Die hautfreundlichen Reisesocken erh\u00f6hen die Durchblutung und verhindern somit geschwollene Beine. Besonders bei langem Sitzen oder Stehen, auf Reisen, bei der Arbeit oder im Alltag.<br \/>\nST\u00dcTZWIRKUNG: Die St\u00fctzstr\u00fcmpfe wirken gelenkschonend dank st\u00fctzender Kraft an Wadenbein und Fu\u00df. Das verst\u00e4rkte Gewebe sorgt f\u00fcr eine lange Lebensdauer bei intensiver Nutzung.<\/p>\n","protected":false},"featured_media":187300,"comment_status":"open","ping_status":"closed","template":"","meta":[],"product_brand":[],"product_cat":[1186,3920],"product_tag":[],"class_list":{"0":"post-187299","1":"product","2":"type-product","3":"status-publish","4":"has-post-thumbnail","6":"product_cat-bekleidung","7":"product_cat-damen","8":"pa_brand-baerenfuss","9":"pa_model-bf-travel","11":"first","12":"instock","13":"shipping-taxable","14":"purchasable","15":"product-type-simple","16":"customify-col","17":"product-has-gallery"},"yoast_head":"<!-- This site is optimized with the Yoast SEO plugin v27.4 - https:\/\/yoast.com\/product\/yoast-seo-wordpress\/ -->\n<title>B\u00e4renfu\u00df Damen und Herren Premium St\u00fctz Str\u00fcmpfe - 4 Paar Kompressionsstr\u00fcmpfe ideal f\u00fcr Reisen - Markt-XXL<\/title>\n<meta name=\"description\" content=\"Markt-XXL B\u00e4renfu\u00df Damen und Herren Premium St\u00fctz Str\u00fcmpfe - 4 Paar Kompressionsstr\u00fcmpfe ideal f\u00fcr Reisen\" \/>\n<meta name=\"robots\" content=\"index, follow, max-snippet:-1, max-image-preview:large, max-video-preview:-1\" \/>\n<link rel=\"canonical\" href=\"https:\/\/marktxxl.de\/markt\/produkt\/baerenfuss-damen-und-herren-premium-stuetz-struempfe-4-paar-kompressionsstruempfe-ideal-fuer-reisen\/\" \/>\n<meta property=\"og:locale\" content=\"de_DE\" \/>\n<meta property=\"og:type\" content=\"article\" \/>\n<meta property=\"og:title\" content=\"B\u00e4renfu\u00df Damen und Herren Premium St\u00fctz Str\u00fcmpfe - 4 Paar Kompressionsstr\u00fcmpfe ideal f\u00fcr Reisen - Markt-XXL\" \/>\n<meta property=\"og:description\" content=\"Markt-XXL B\u00e4renfu\u00df Damen und Herren Premium St\u00fctz Str\u00fcmpfe - 4 Paar Kompressionsstr\u00fcmpfe ideal f\u00fcr Reisen\" \/>\n<meta property=\"og:url\" content=\"https:\/\/marktxxl.de\/markt\/produkt\/baerenfuss-damen-und-herren-premium-stuetz-struempfe-4-paar-kompressionsstruempfe-ideal-fuer-reisen\/\" \/>\n<meta property=\"og:site_name\" content=\"Markt-XXL\" \/>\n<meta property=\"article:modified_time\" content=\"2023-04-09T03:05:06+00:00\" \/>\n<meta property=\"og:image\" content=\"https:\/\/m.media-amazon.com\/images\/I\/513RkPplaBL._SL500_.jpg\" \/>\n\t<meta property=\"og:image:width\" content=\"500\" \/>\n\t<meta property=\"og:image:height\" content=\"500\" \/>\n\t<meta property=\"og:image:type\" content=\"image\/jpeg\" \/>\n<meta name=\"twitter:card\" content=\"summary_large_image\" \/>\n<meta name=\"twitter:label1\" content=\"Gesch\u00e4tzte Lesezeit\" \/>\n\t<meta name=\"twitter:data1\" content=\"1\u00a0Minute\" \/>\n<script type=\"application\/ld+json\" class=\"yoast-schema-graph\">{\"@context\":\"https:\\\/\\\/schema.org\",\"@graph\":[{\"@type\":\"WebPage\",\"@id\":\"https:\\\/\\\/marktxxl.de\\\/markt\\\/produkt\\\/baerenfuss-damen-und-herren-premium-stuetz-struempfe-4-paar-kompressionsstruempfe-ideal-fuer-reisen\\\/\",\"url\":\"https:\\\/\\\/marktxxl.de\\\/markt\\\/produkt\\\/baerenfuss-damen-und-herren-premium-stuetz-struempfe-4-paar-kompressionsstruempfe-ideal-fuer-reisen\\\/\",\"name\":\"B\u00e4renfu\u00df Damen und Herren Premium St\u00fctz Str\u00fcmpfe - 4 Paar Kompressionsstr\u00fcmpfe ideal f\u00fcr Reisen - Markt-XXL\",\"isPartOf\":{\"@id\":\"https:\\\/\\\/marktxxl.de\\\/markt\\\/#website\"},\"primaryImageOfPage\":{\"@id\":\"https:\\\/\\\/marktxxl.de\\\/markt\\\/produkt\\\/baerenfuss-damen-und-herren-premium-stuetz-struempfe-4-paar-kompressionsstruempfe-ideal-fuer-reisen\\\/#primaryimage\"},\"image\":{\"@id\":\"https:\\\/\\\/marktxxl.de\\\/markt\\\/produkt\\\/baerenfuss-damen-und-herren-premium-stuetz-struempfe-4-paar-kompressionsstruempfe-ideal-fuer-reisen\\\/#primaryimage\"},\"thumbnailUrl\":\"https:\\\/\\\/m.media-amazon.com\\\/images\\\/I\\\/513RkPplaBL._SL500_.jpg\",\"datePublished\":\"2023-02-09T03:49:32+00:00\",\"dateModified\":\"2023-04-09T03:05:06+00:00\",\"description\":\"Markt-XXL B\u00e4renfu\u00df Damen und Herren Premium St\u00fctz Str\u00fcmpfe - 4 Paar Kompressionsstr\u00fcmpfe ideal f\u00fcr Reisen\",\"breadcrumb\":{\"@id\":\"https:\\\/\\\/marktxxl.de\\\/markt\\\/produkt\\\/baerenfuss-damen-und-herren-premium-stuetz-struempfe-4-paar-kompressionsstruempfe-ideal-fuer-reisen\\\/#breadcrumb\"},\"inLanguage\":\"de\",\"potentialAction\":[{\"@type\":\"ReadAction\",\"target\":[\"https:\\\/\\\/marktxxl.de\\\/markt\\\/produkt\\\/baerenfuss-damen-und-herren-premium-stuetz-struempfe-4-paar-kompressionsstruempfe-ideal-fuer-reisen\\\/\"]}]},{\"@type\":\"ImageObject\",\"inLanguage\":\"de\",\"@id\":\"https:\\\/\\\/marktxxl.de\\\/markt\\\/produkt\\\/baerenfuss-damen-und-herren-premium-stuetz-struempfe-4-paar-kompressionsstruempfe-ideal-fuer-reisen\\\/#primaryimage\",\"url\":\"https:\\\/\\\/m.media-amazon.com\\\/images\\\/I\\\/513RkPplaBL._SL500_.jpg\",\"contentUrl\":\"https:\\\/\\\/m.media-amazon.com\\\/images\\\/I\\\/513RkPplaBL._SL500_.jpg\",\"width\":500,\"height\":500},{\"@type\":\"BreadcrumbList\",\"@id\":\"https:\\\/\\\/marktxxl.de\\\/markt\\\/produkt\\\/baerenfuss-damen-und-herren-premium-stuetz-struempfe-4-paar-kompressionsstruempfe-ideal-fuer-reisen\\\/#breadcrumb\",\"itemListElement\":[{\"@type\":\"ListItem\",\"position\":1,\"name\":\"Startseite\",\"item\":\"https:\\\/\\\/marktxxl.de\\\/markt\\\/\"},{\"@type\":\"ListItem\",\"position\":2,\"name\":\"Markt\",\"item\":\"https:\\\/\\\/marktxxl.de\\\/markt\\\/\"},{\"@type\":\"ListItem\",\"position\":3,\"name\":\"B\u00e4renfu\u00df Damen und Herren Premium St\u00fctz Str\u00fcmpfe &#8211; 4 Paar Kompressionsstr\u00fcmpfe ideal f\u00fcr Reisen\"}]},{\"@type\":\"WebSite\",\"@id\":\"https:\\\/\\\/marktxxl.de\\\/markt\\\/#website\",\"url\":\"https:\\\/\\\/marktxxl.de\\\/markt\\\/\",\"name\":\"Markt-XXL\",\"description\":\"Ihr Markt Online\",\"publisher\":{\"@id\":\"https:\\\/\\\/marktxxl.de\\\/markt\\\/#organization\"},\"potentialAction\":[{\"@type\":\"SearchAction\",\"target\":{\"@type\":\"EntryPoint\",\"urlTemplate\":\"https:\\\/\\\/marktxxl.de\\\/markt\\\/?s={search_term_string}\"},\"query-input\":{\"@type\":\"PropertyValueSpecification\",\"valueRequired\":true,\"valueName\":\"search_term_string\"}}],\"inLanguage\":\"de\"},{\"@type\":\"Organization\",\"@id\":\"https:\\\/\\\/marktxxl.de\\\/markt\\\/#organization\",\"name\":\"Markt-XXL\",\"url\":\"https:\\\/\\\/marktxxl.de\\\/markt\\\/\",\"logo\":{\"@type\":\"ImageObject\",\"inLanguage\":\"de\",\"@id\":\"https:\\\/\\\/marktxxl.de\\\/markt\\\/#\\\/schema\\\/logo\\\/image\\\/\",\"url\":\"https:\\\/\\\/marktxxl.de\\\/markt\\\/wp-content\\\/uploads\\\/sites\\\/3\\\/2020\\\/12\\\/logo.png\",\"contentUrl\":\"https:\\\/\\\/marktxxl.de\\\/markt\\\/wp-content\\\/uploads\\\/sites\\\/3\\\/2020\\\/12\\\/logo.png\",\"width\":200,\"height\":70,\"caption\":\"Markt-XXL\"},\"image\":{\"@id\":\"https:\\\/\\\/marktxxl.de\\\/markt\\\/#\\\/schema\\\/logo\\\/image\\\/\"}}]}<\/script>\n<!-- \/ Yoast SEO plugin. -->","yoast_head_json":{"title":"B\u00e4renfu\u00df Damen und Herren Premium St\u00fctz Str\u00fcmpfe - 4 Paar Kompressionsstr\u00fcmpfe ideal f\u00fcr Reisen - Markt-XXL","description":"Markt-XXL B\u00e4renfu\u00df Damen und Herren Premium St\u00fctz Str\u00fcmpfe - 4 Paar Kompressionsstr\u00fcmpfe ideal f\u00fcr Reisen","robots":{"index":"index","follow":"follow","max-snippet":"max-snippet:-1","max-image-preview":"max-image-preview:large","max-video-preview":"max-video-preview:-1"},"canonical":"https:\/\/marktxxl.de\/markt\/produkt\/baerenfuss-damen-und-herren-premium-stuetz-struempfe-4-paar-kompressionsstruempfe-ideal-fuer-reisen\/","og_locale":"de_DE","og_type":"article","og_title":"B\u00e4renfu\u00df Damen und Herren Premium St\u00fctz Str\u00fcmpfe - 4 Paar Kompressionsstr\u00fcmpfe ideal f\u00fcr Reisen - Markt-XXL","og_description":"Markt-XXL B\u00e4renfu\u00df Damen und Herren Premium St\u00fctz Str\u00fcmpfe - 4 Paar Kompressionsstr\u00fcmpfe ideal f\u00fcr Reisen","og_url":"https:\/\/marktxxl.de\/markt\/produkt\/baerenfuss-damen-und-herren-premium-stuetz-struempfe-4-paar-kompressionsstruempfe-ideal-fuer-reisen\/","og_site_name":"Markt-XXL","article_modified_time":"2023-04-09T03:05:06+00:00","og_image":[{"width":500,"height":500,"url":"https:\/\/m.media-amazon.com\/images\/I\/513RkPplaBL._SL500_.jpg","type":"image\/jpeg"}],"twitter_card":"summary_large_image","twitter_misc":{"Gesch\u00e4tzte Lesezeit":"1\u00a0Minute"},"schema":{"@context":"https:\/\/schema.org","@graph":[{"@type":"WebPage","@id":"https:\/\/marktxxl.de\/markt\/produkt\/baerenfuss-damen-und-herren-premium-stuetz-struempfe-4-paar-kompressionsstruempfe-ideal-fuer-reisen\/","url":"https:\/\/marktxxl.de\/markt\/produkt\/baerenfuss-damen-und-herren-premium-stuetz-struempfe-4-paar-kompressionsstruempfe-ideal-fuer-reisen\/","name":"B\u00e4renfu\u00df Damen und Herren Premium St\u00fctz Str\u00fcmpfe - 4 Paar Kompressionsstr\u00fcmpfe ideal f\u00fcr Reisen - Markt-XXL","isPartOf":{"@id":"https:\/\/marktxxl.de\/markt\/#website"},"primaryImageOfPage":{"@id":"https:\/\/marktxxl.de\/markt\/produkt\/baerenfuss-damen-und-herren-premium-stuetz-struempfe-4-paar-kompressionsstruempfe-ideal-fuer-reisen\/#primaryimage"},"image":{"@id":"https:\/\/marktxxl.de\/markt\/produkt\/baerenfuss-damen-und-herren-premium-stuetz-struempfe-4-paar-kompressionsstruempfe-ideal-fuer-reisen\/#primaryimage"},"thumbnailUrl":"https:\/\/m.media-amazon.com\/images\/I\/513RkPplaBL._SL500_.jpg","datePublished":"2023-02-09T03:49:32+00:00","dateModified":"2023-04-09T03:05:06+00:00","description":"Markt-XXL B\u00e4renfu\u00df Damen und Herren Premium St\u00fctz Str\u00fcmpfe - 4 Paar Kompressionsstr\u00fcmpfe ideal f\u00fcr Reisen","breadcrumb":{"@id":"https:\/\/marktxxl.de\/markt\/produkt\/baerenfuss-damen-und-herren-premium-stuetz-struempfe-4-paar-kompressionsstruempfe-ideal-fuer-reisen\/#breadcrumb"},"inLanguage":"de","potentialAction":[{"@type":"ReadAction","target":["https:\/\/marktxxl.de\/markt\/produkt\/baerenfuss-damen-und-herren-premium-stuetz-struempfe-4-paar-kompressionsstruempfe-ideal-fuer-reisen\/"]}]},{"@type":"ImageObject","inLanguage":"de","@id":"https:\/\/marktxxl.de\/markt\/produkt\/baerenfuss-damen-und-herren-premium-stuetz-struempfe-4-paar-kompressionsstruempfe-ideal-fuer-reisen\/#primaryimage","url":"https:\/\/m.media-amazon.com\/images\/I\/513RkPplaBL._SL500_.jpg","contentUrl":"https:\/\/m.media-amazon.com\/images\/I\/513RkPplaBL._SL500_.jpg","width":500,"height":500},{"@type":"BreadcrumbList","@id":"https:\/\/marktxxl.de\/markt\/produkt\/baerenfuss-damen-und-herren-premium-stuetz-struempfe-4-paar-kompressionsstruempfe-ideal-fuer-reisen\/#breadcrumb","itemListElement":[{"@type":"ListItem","position":1,"name":"Startseite","item":"https:\/\/marktxxl.de\/markt\/"},{"@type":"ListItem","position":2,"name":"Markt","item":"https:\/\/marktxxl.de\/markt\/"},{"@type":"ListItem","position":3,"name":"B\u00e4renfu\u00df Damen und Herren Premium St\u00fctz Str\u00fcmpfe &#8211; 4 Paar Kompressionsstr\u00fcmpfe ideal f\u00fcr Reisen"}]},{"@type":"WebSite","@id":"https:\/\/marktxxl.de\/markt\/#website","url":"https:\/\/marktxxl.de\/markt\/","name":"Markt-XXL","description":"Ihr Markt Online","publisher":{"@id":"https:\/\/marktxxl.de\/markt\/#organization"},"potentialAction":[{"@type":"SearchAction","target":{"@type":"EntryPoint","urlTemplate":"https:\/\/marktxxl.de\/markt\/?s={search_term_string}"},"query-input":{"@type":"PropertyValueSpecification","valueRequired":true,"valueName":"search_term_string"}}],"inLanguage":"de"},{"@type":"Organization","@id":"https:\/\/marktxxl.de\/markt\/#organization","name":"Markt-XXL","url":"https:\/\/marktxxl.de\/markt\/","logo":{"@type":"ImageObject","inLanguage":"de","@id":"https:\/\/marktxxl.de\/markt\/#\/schema\/logo\/image\/","url":"https:\/\/marktxxl.de\/markt\/wp-content\/uploads\/sites\/3\/2020\/12\/logo.png","contentUrl":"https:\/\/marktxxl.de\/markt\/wp-content\/uploads\/sites\/3\/2020\/12\/logo.png","width":200,"height":70,"caption":"Markt-XXL"},"image":{"@id":"https:\/\/marktxxl.de\/markt\/#\/schema\/logo\/image\/"}}]}},"_links":{"self":[{"href":"https:\/\/marktxxl.de\/markt\/wp-json\/wp\/v2\/product\/187299","targetHints":{"allow":["GET"]}}],"collection":[{"href":"https:\/\/marktxxl.de\/markt\/wp-json\/wp\/v2\/product"}],"about":[{"href":"https:\/\/marktxxl.de\/markt\/wp-json\/wp\/v2\/types\/product"}],"replies":[{"embeddable":true,"href":"https:\/\/marktxxl.de\/markt\/wp-json\/wp\/v2\/comments?post=187299"}],"wp:featuredmedia":[{"embeddable":true,"href":"https:\/\/marktxxl.de\/markt\/wp-json\/wp\/v2\/media\/187300"}],"wp:attachment":[{"href":"https:\/\/marktxxl.de\/markt\/wp-json\/wp\/v2\/media?parent=187299"}],"wp:term":[{"taxonomy":"product_brand","embeddable":true,"href":"https:\/\/marktxxl.de\/markt\/wp-json\/wp\/v2\/product_brand?post=187299"},{"taxonomy":"product_cat","embeddable":true,"href":"https:\/\/marktxxl.de\/markt\/wp-json\/wp\/v2\/product_cat?post=187299"},{"taxonomy":"product_tag","embeddable":true,"href":"https:\/\/marktxxl.de\/markt\/wp-json\/wp\/v2\/product_tag?post=187299"}],"curies":[{"name":"wp","href":"https:\/\/api.w.org\/{rel}","templated":true}]}}