{"id":187266,"date":"2023-02-09T04:47:28","date_gmt":"2023-02-09T03:47:28","guid":{"rendered":"https:\/\/marktxxl.de\/markt\/produkt\/led-spiegelleuchte-infankey-40cm-dimmbar-badleuchte-mit-fernbedienung-15w-1200lm-3000-6000k-220v-badezimmer-lampe-wasserdicht-ip44-spiegelleuchte-bad-fuer-badzimmer-und-wandbeleuchtung\/"},"modified":"2023-04-09T05:03:43","modified_gmt":"2023-04-09T03:03:43","slug":"led-spiegelleuchte-infankey-40cm-dimmbar-badleuchte-mit-fernbedienung-15w-1200lm-3000-6000k-220v-badezimmer-lampe-wasserdicht-ip44-spiegelleuchte-bad-fuer-badzimmer-und-wandbeleuchtung","status":"publish","type":"product","link":"https:\/\/marktxxl.de\/markt\/produkt\/led-spiegelleuchte-infankey-40cm-dimmbar-badleuchte-mit-fernbedienung-15w-1200lm-3000-6000k-220v-badezimmer-lampe-wasserdicht-ip44-spiegelleuchte-bad-fuer-badzimmer-und-wandbeleuchtung\/","title":{"rendered":"LED Spiegelleuchte, Infankey 40CM Dimmbar Badleuchte mit Fernbedienung, 15W 1200LM 3000-6000K 220V, Badezimmer Lampe\u2026"},"content":{"rendered":"<p>\ud83c\udf19[15W &amp; 3000-6000K Farbtemperatur] Mehrere lichtmodi (k\u00fchles wei\u00df , neutral, warm gelb, halbhelles Nachtlicht), bietet eine geeignetere Helligkeitsauswahl entsprechend den Anforderungen verschiedener Verwendungsszenarien. Ob Wohnzimmer, Schlafzimmer, Bad oder WC, weiches Lichte kann Ihre W\u00fcnsche erf\u00fcllen.<br \/>\n\ud83c\udf19[1200 Lumen &amp; Fernbedienung] Sie k\u00f6nnen die badezimmer spiegel durch Fernbedienung (in etwa 15 Metern Reichweite), Sie k\u00f6nnen es ein- und ausschalten oder die Helligkeit anpassen, es wird Ihrem Leben Komfort bringen.Dieses Badleuchte hat eine Speicherfunktion, aber denken Sie daran: Der Modus ist mindestens 10 Sekunden lang eingeschaltet, bevor sich das Produkt an den letzten Modus erinnert. Bitte schalten Sie es aus und wieder ein f\u00fcr mindestens drei Sekunden.<br \/>\n\ud83c\udf19[Wasserdichte IP44 badlampe 40CM] IP44 Wasserdichte l\u00e4sst die Spiegellampe sicher in nasser Umgebung einsetzbar, kann als badezimmer spiegellampe. Das spiegel beleuchtung kann in Badezimmern oder anderen feuchten Innenbereichen verwendet werden.<br \/>\n\ud83c\udf19[Einfache Installation] Spiegellampe kann als spiegelleuchte oder als Schrankleuchte und Bildbeleuchtung am Schrank oder an der Wand montiert werden. Das Montagematerial ist nur eine Halterung, so dass diese Lampe aufgrund ihres einfachen Designs bei verschiedenen Gelegenheiten verwendet werden kann.<br \/>\n\ud83c\udf19[Service Nach dem Verkauf] Wenn Sie Fragen zu dieser spiegelschrank lampe haben, wenden Sie sich bitte an uns. Wenn das Produkt nicht Ihren Erwartungen entspricht, k\u00f6nnen Sie eine vollst\u00e4ndige R\u00fcckerstattung oder einen Umtausch beantragen. Wir geben Ihnen 2 Jahre Garantie<br \/>\n<div class=\"main-cross-sell\" data-asin=\"B08ZY39LHB\">\n\n\t<div class=\"WooZone-cross-sell-loader\">\n\t\t<div>\n\t\t\t<div id=\"floatingBarsG\">\n\t\t\t\t<div class=\"blockG\" id=\"rotateG_01\"><\/div>\n\t\t\t\t<div class=\"blockG\" id=\"rotateG_02\"><\/div>\n\t\t\t\t<div class=\"blockG\" id=\"rotateG_03\"><\/div>\n\t\t\t\t<div class=\"blockG\" id=\"rotateG_04\"><\/div>\n\t\t\t\t<div class=\"blockG\" id=\"rotateG_05\"><\/div>\n\t\t\t\t<div class=\"blockG\" id=\"rotateG_06\"><\/div>\n\t\t\t\t<div class=\"blockG\" id=\"rotateG_07\"><\/div>\n\t\t\t\t<div class=\"blockG\" id=\"rotateG_08\"><\/div>\n\t\t\t<\/div>\n\t\t\t<div class=\"WooZone-cross-sell-loader-text\"><\/div>\n\t\t<\/div>\n\t<\/div>\n\n\t\t\n<\/div>\n<div style=\"clear:both;\"><\/div><\/p>\n","protected":false},"excerpt":{"rendered":"<p>\ud83c\udf19[15W &amp; 3000-6000K Farbtemperatur] Mehrere lichtmodi (k\u00fchles wei\u00df , neutral, warm gelb, halbhelles Nachtlicht), bietet eine geeignetere Helligkeitsauswahl entsprechend den Anforderungen verschiedener Verwendungsszenarien. Ob Wohnzimmer, Schlafzimmer, Bad oder WC, weiches Lichte kann Ihre W\u00fcnsche erf\u00fcllen.<br \/>\n\ud83c\udf19[1200 Lumen &amp; Fernbedienung] Sie k\u00f6nnen die badezimmer spiegel durch Fernbedienung (in etwa 15 Metern Reichweite), Sie k\u00f6nnen es ein- und ausschalten oder die Helligkeit anpassen, es wird Ihrem Leben Komfort bringen.Dieses Badleuchte hat eine Speicherfunktion, aber denken Sie daran: Der Modus ist mindestens 10 Sekunden lang eingeschaltet, bevor sich das Produkt an den letzten Modus erinnert. Bitte schalten Sie es aus und wieder ein f\u00fcr mindestens drei Sekunden.<br \/>\n\ud83c\udf19[Wasserdichte IP44 badlampe 40CM] IP44 Wasserdichte l\u00e4sst die Spiegellampe sicher in nasser Umgebung einsetzbar, kann als badezimmer spiegellampe. Das spiegel beleuchtung kann in Badezimmern oder anderen feuchten Innenbereichen verwendet werden.<\/p>\n","protected":false},"featured_media":187267,"comment_status":"open","ping_status":"closed","template":"","meta":[],"product_brand":[],"product_cat":[11474,2108],"product_tag":[],"class_list":{"0":"post-187266","1":"product","2":"type-product","3":"status-publish","4":"has-post-thumbnail","6":"product_cat-bad-beleuchtung","7":"product_cat-beleuchtung","8":"pa_binding-werkzeug","9":"pa_brand-infankey","10":"pa_height-0-6299212592-zoll","11":"pa_length-15-74803148-zoll","12":"pa_manufacturer-infankey","13":"pa_model-1pcs","14":"pa_size-40cm","15":"pa_width-1-7716535415-zoll","17":"first","18":"instock","19":"shipping-taxable","20":"purchasable","21":"product-type-simple","22":"customify-col","23":"product-has-gallery"},"yoast_head":"<!-- This site is optimized with the Yoast SEO plugin v27.4 - https:\/\/yoast.com\/product\/yoast-seo-wordpress\/ -->\n<title>LED Spiegelleuchte, Infankey 40CM Dimmbar Badleuchte mit Fernbedienung, 15W 1200LM 3000-6000K 220V, Badezimmer Lampe\u2026 - Markt-XXL<\/title>\n<meta name=\"description\" content=\"Markt-XXL LED Spiegelleuchte, Infankey 40CM Dimmbar Badleuchte mit Fernbedienung, 15W 1200LM 3000-6000K 220V, Badezimmer Lampe\u2026\" \/>\n<meta name=\"robots\" content=\"index, follow, max-snippet:-1, max-image-preview:large, max-video-preview:-1\" \/>\n<link rel=\"canonical\" href=\"https:\/\/marktxxl.de\/markt\/produkt\/led-spiegelleuchte-infankey-40cm-dimmbar-badleuchte-mit-fernbedienung-15w-1200lm-3000-6000k-220v-badezimmer-lampe-wasserdicht-ip44-spiegelleuchte-bad-fuer-badzimmer-und-wandbeleuchtung\/\" \/>\n<meta property=\"og:locale\" content=\"de_DE\" \/>\n<meta property=\"og:type\" content=\"article\" \/>\n<meta property=\"og:title\" content=\"LED Spiegelleuchte, Infankey 40CM Dimmbar Badleuchte mit Fernbedienung, 15W 1200LM 3000-6000K 220V, Badezimmer Lampe\u2026 - Markt-XXL\" \/>\n<meta property=\"og:description\" content=\"Markt-XXL LED Spiegelleuchte, Infankey 40CM Dimmbar Badleuchte mit Fernbedienung, 15W 1200LM 3000-6000K 220V, Badezimmer Lampe\u2026\" \/>\n<meta property=\"og:url\" content=\"https:\/\/marktxxl.de\/markt\/produkt\/led-spiegelleuchte-infankey-40cm-dimmbar-badleuchte-mit-fernbedienung-15w-1200lm-3000-6000k-220v-badezimmer-lampe-wasserdicht-ip44-spiegelleuchte-bad-fuer-badzimmer-und-wandbeleuchtung\/\" \/>\n<meta property=\"og:site_name\" content=\"Markt-XXL\" \/>\n<meta property=\"article:modified_time\" content=\"2023-04-09T03:03:43+00:00\" \/>\n<meta property=\"og:image\" content=\"https:\/\/m.media-amazon.com\/images\/I\/51LfI2YAlbS._SL500_.jpg\" \/>\n\t<meta property=\"og:image:width\" content=\"500\" \/>\n\t<meta property=\"og:image:height\" content=\"500\" \/>\n\t<meta property=\"og:image:type\" content=\"image\/jpeg\" \/>\n<meta name=\"twitter:card\" content=\"summary_large_image\" \/>\n<meta name=\"twitter:label1\" content=\"Gesch\u00e4tzte Lesezeit\" \/>\n\t<meta name=\"twitter:data1\" content=\"1\u00a0Minute\" \/>\n<script type=\"application\/ld+json\" class=\"yoast-schema-graph\">{\"@context\":\"https:\\\/\\\/schema.org\",\"@graph\":[{\"@type\":\"WebPage\",\"@id\":\"https:\\\/\\\/marktxxl.de\\\/markt\\\/produkt\\\/led-spiegelleuchte-infankey-40cm-dimmbar-badleuchte-mit-fernbedienung-15w-1200lm-3000-6000k-220v-badezimmer-lampe-wasserdicht-ip44-spiegelleuchte-bad-fuer-badzimmer-und-wandbeleuchtung\\\/\",\"url\":\"https:\\\/\\\/marktxxl.de\\\/markt\\\/produkt\\\/led-spiegelleuchte-infankey-40cm-dimmbar-badleuchte-mit-fernbedienung-15w-1200lm-3000-6000k-220v-badezimmer-lampe-wasserdicht-ip44-spiegelleuchte-bad-fuer-badzimmer-und-wandbeleuchtung\\\/\",\"name\":\"LED Spiegelleuchte, Infankey 40CM Dimmbar Badleuchte mit Fernbedienung, 15W 1200LM 3000-6000K 220V, Badezimmer Lampe\u2026 - Markt-XXL\",\"isPartOf\":{\"@id\":\"https:\\\/\\\/marktxxl.de\\\/markt\\\/#website\"},\"primaryImageOfPage\":{\"@id\":\"https:\\\/\\\/marktxxl.de\\\/markt\\\/produkt\\\/led-spiegelleuchte-infankey-40cm-dimmbar-badleuchte-mit-fernbedienung-15w-1200lm-3000-6000k-220v-badezimmer-lampe-wasserdicht-ip44-spiegelleuchte-bad-fuer-badzimmer-und-wandbeleuchtung\\\/#primaryimage\"},\"image\":{\"@id\":\"https:\\\/\\\/marktxxl.de\\\/markt\\\/produkt\\\/led-spiegelleuchte-infankey-40cm-dimmbar-badleuchte-mit-fernbedienung-15w-1200lm-3000-6000k-220v-badezimmer-lampe-wasserdicht-ip44-spiegelleuchte-bad-fuer-badzimmer-und-wandbeleuchtung\\\/#primaryimage\"},\"thumbnailUrl\":\"https:\\\/\\\/m.media-amazon.com\\\/images\\\/I\\\/51LfI2YAlbS._SL500_.jpg\",\"datePublished\":\"2023-02-09T03:47:28+00:00\",\"dateModified\":\"2023-04-09T03:03:43+00:00\",\"description\":\"Markt-XXL LED Spiegelleuchte, Infankey 40CM Dimmbar Badleuchte mit Fernbedienung, 15W 1200LM 3000-6000K 220V, Badezimmer Lampe\u2026\",\"breadcrumb\":{\"@id\":\"https:\\\/\\\/marktxxl.de\\\/markt\\\/produkt\\\/led-spiegelleuchte-infankey-40cm-dimmbar-badleuchte-mit-fernbedienung-15w-1200lm-3000-6000k-220v-badezimmer-lampe-wasserdicht-ip44-spiegelleuchte-bad-fuer-badzimmer-und-wandbeleuchtung\\\/#breadcrumb\"},\"inLanguage\":\"de\",\"potentialAction\":[{\"@type\":\"ReadAction\",\"target\":[\"https:\\\/\\\/marktxxl.de\\\/markt\\\/produkt\\\/led-spiegelleuchte-infankey-40cm-dimmbar-badleuchte-mit-fernbedienung-15w-1200lm-3000-6000k-220v-badezimmer-lampe-wasserdicht-ip44-spiegelleuchte-bad-fuer-badzimmer-und-wandbeleuchtung\\\/\"]}]},{\"@type\":\"ImageObject\",\"inLanguage\":\"de\",\"@id\":\"https:\\\/\\\/marktxxl.de\\\/markt\\\/produkt\\\/led-spiegelleuchte-infankey-40cm-dimmbar-badleuchte-mit-fernbedienung-15w-1200lm-3000-6000k-220v-badezimmer-lampe-wasserdicht-ip44-spiegelleuchte-bad-fuer-badzimmer-und-wandbeleuchtung\\\/#primaryimage\",\"url\":\"https:\\\/\\\/m.media-amazon.com\\\/images\\\/I\\\/51LfI2YAlbS._SL500_.jpg\",\"contentUrl\":\"https:\\\/\\\/m.media-amazon.com\\\/images\\\/I\\\/51LfI2YAlbS._SL500_.jpg\",\"width\":500,\"height\":500},{\"@type\":\"BreadcrumbList\",\"@id\":\"https:\\\/\\\/marktxxl.de\\\/markt\\\/produkt\\\/led-spiegelleuchte-infankey-40cm-dimmbar-badleuchte-mit-fernbedienung-15w-1200lm-3000-6000k-220v-badezimmer-lampe-wasserdicht-ip44-spiegelleuchte-bad-fuer-badzimmer-und-wandbeleuchtung\\\/#breadcrumb\",\"itemListElement\":[{\"@type\":\"ListItem\",\"position\":1,\"name\":\"Startseite\",\"item\":\"https:\\\/\\\/marktxxl.de\\\/markt\\\/\"},{\"@type\":\"ListItem\",\"position\":2,\"name\":\"Markt\",\"item\":\"https:\\\/\\\/marktxxl.de\\\/markt\\\/\"},{\"@type\":\"ListItem\",\"position\":3,\"name\":\"LED Spiegelleuchte, Infankey 40CM Dimmbar Badleuchte mit Fernbedienung, 15W 1200LM 3000-6000K 220V, Badezimmer Lampe\u2026\"}]},{\"@type\":\"WebSite\",\"@id\":\"https:\\\/\\\/marktxxl.de\\\/markt\\\/#website\",\"url\":\"https:\\\/\\\/marktxxl.de\\\/markt\\\/\",\"name\":\"Markt-XXL\",\"description\":\"Ihr Markt Online\",\"publisher\":{\"@id\":\"https:\\\/\\\/marktxxl.de\\\/markt\\\/#organization\"},\"potentialAction\":[{\"@type\":\"SearchAction\",\"target\":{\"@type\":\"EntryPoint\",\"urlTemplate\":\"https:\\\/\\\/marktxxl.de\\\/markt\\\/?s={search_term_string}\"},\"query-input\":{\"@type\":\"PropertyValueSpecification\",\"valueRequired\":true,\"valueName\":\"search_term_string\"}}],\"inLanguage\":\"de\"},{\"@type\":\"Organization\",\"@id\":\"https:\\\/\\\/marktxxl.de\\\/markt\\\/#organization\",\"name\":\"Markt-XXL\",\"url\":\"https:\\\/\\\/marktxxl.de\\\/markt\\\/\",\"logo\":{\"@type\":\"ImageObject\",\"inLanguage\":\"de\",\"@id\":\"https:\\\/\\\/marktxxl.de\\\/markt\\\/#\\\/schema\\\/logo\\\/image\\\/\",\"url\":\"https:\\\/\\\/marktxxl.de\\\/markt\\\/wp-content\\\/uploads\\\/sites\\\/3\\\/2020\\\/12\\\/logo.png\",\"contentUrl\":\"https:\\\/\\\/marktxxl.de\\\/markt\\\/wp-content\\\/uploads\\\/sites\\\/3\\\/2020\\\/12\\\/logo.png\",\"width\":200,\"height\":70,\"caption\":\"Markt-XXL\"},\"image\":{\"@id\":\"https:\\\/\\\/marktxxl.de\\\/markt\\\/#\\\/schema\\\/logo\\\/image\\\/\"}}]}<\/script>\n<!-- \/ Yoast SEO plugin. -->","yoast_head_json":{"title":"LED Spiegelleuchte, Infankey 40CM Dimmbar Badleuchte mit Fernbedienung, 15W 1200LM 3000-6000K 220V, Badezimmer Lampe\u2026 - Markt-XXL","description":"Markt-XXL LED Spiegelleuchte, Infankey 40CM Dimmbar Badleuchte mit Fernbedienung, 15W 1200LM 3000-6000K 220V, Badezimmer Lampe\u2026","robots":{"index":"index","follow":"follow","max-snippet":"max-snippet:-1","max-image-preview":"max-image-preview:large","max-video-preview":"max-video-preview:-1"},"canonical":"https:\/\/marktxxl.de\/markt\/produkt\/led-spiegelleuchte-infankey-40cm-dimmbar-badleuchte-mit-fernbedienung-15w-1200lm-3000-6000k-220v-badezimmer-lampe-wasserdicht-ip44-spiegelleuchte-bad-fuer-badzimmer-und-wandbeleuchtung\/","og_locale":"de_DE","og_type":"article","og_title":"LED Spiegelleuchte, Infankey 40CM Dimmbar Badleuchte mit Fernbedienung, 15W 1200LM 3000-6000K 220V, Badezimmer Lampe\u2026 - Markt-XXL","og_description":"Markt-XXL LED Spiegelleuchte, Infankey 40CM Dimmbar Badleuchte mit Fernbedienung, 15W 1200LM 3000-6000K 220V, Badezimmer Lampe\u2026","og_url":"https:\/\/marktxxl.de\/markt\/produkt\/led-spiegelleuchte-infankey-40cm-dimmbar-badleuchte-mit-fernbedienung-15w-1200lm-3000-6000k-220v-badezimmer-lampe-wasserdicht-ip44-spiegelleuchte-bad-fuer-badzimmer-und-wandbeleuchtung\/","og_site_name":"Markt-XXL","article_modified_time":"2023-04-09T03:03:43+00:00","og_image":[{"width":500,"height":500,"url":"https:\/\/m.media-amazon.com\/images\/I\/51LfI2YAlbS._SL500_.jpg","type":"image\/jpeg"}],"twitter_card":"summary_large_image","twitter_misc":{"Gesch\u00e4tzte Lesezeit":"1\u00a0Minute"},"schema":{"@context":"https:\/\/schema.org","@graph":[{"@type":"WebPage","@id":"https:\/\/marktxxl.de\/markt\/produkt\/led-spiegelleuchte-infankey-40cm-dimmbar-badleuchte-mit-fernbedienung-15w-1200lm-3000-6000k-220v-badezimmer-lampe-wasserdicht-ip44-spiegelleuchte-bad-fuer-badzimmer-und-wandbeleuchtung\/","url":"https:\/\/marktxxl.de\/markt\/produkt\/led-spiegelleuchte-infankey-40cm-dimmbar-badleuchte-mit-fernbedienung-15w-1200lm-3000-6000k-220v-badezimmer-lampe-wasserdicht-ip44-spiegelleuchte-bad-fuer-badzimmer-und-wandbeleuchtung\/","name":"LED Spiegelleuchte, Infankey 40CM Dimmbar Badleuchte mit Fernbedienung, 15W 1200LM 3000-6000K 220V, Badezimmer Lampe\u2026 - Markt-XXL","isPartOf":{"@id":"https:\/\/marktxxl.de\/markt\/#website"},"primaryImageOfPage":{"@id":"https:\/\/marktxxl.de\/markt\/produkt\/led-spiegelleuchte-infankey-40cm-dimmbar-badleuchte-mit-fernbedienung-15w-1200lm-3000-6000k-220v-badezimmer-lampe-wasserdicht-ip44-spiegelleuchte-bad-fuer-badzimmer-und-wandbeleuchtung\/#primaryimage"},"image":{"@id":"https:\/\/marktxxl.de\/markt\/produkt\/led-spiegelleuchte-infankey-40cm-dimmbar-badleuchte-mit-fernbedienung-15w-1200lm-3000-6000k-220v-badezimmer-lampe-wasserdicht-ip44-spiegelleuchte-bad-fuer-badzimmer-und-wandbeleuchtung\/#primaryimage"},"thumbnailUrl":"https:\/\/m.media-amazon.com\/images\/I\/51LfI2YAlbS._SL500_.jpg","datePublished":"2023-02-09T03:47:28+00:00","dateModified":"2023-04-09T03:03:43+00:00","description":"Markt-XXL LED Spiegelleuchte, Infankey 40CM Dimmbar Badleuchte mit Fernbedienung, 15W 1200LM 3000-6000K 220V, Badezimmer Lampe\u2026","breadcrumb":{"@id":"https:\/\/marktxxl.de\/markt\/produkt\/led-spiegelleuchte-infankey-40cm-dimmbar-badleuchte-mit-fernbedienung-15w-1200lm-3000-6000k-220v-badezimmer-lampe-wasserdicht-ip44-spiegelleuchte-bad-fuer-badzimmer-und-wandbeleuchtung\/#breadcrumb"},"inLanguage":"de","potentialAction":[{"@type":"ReadAction","target":["https:\/\/marktxxl.de\/markt\/produkt\/led-spiegelleuchte-infankey-40cm-dimmbar-badleuchte-mit-fernbedienung-15w-1200lm-3000-6000k-220v-badezimmer-lampe-wasserdicht-ip44-spiegelleuchte-bad-fuer-badzimmer-und-wandbeleuchtung\/"]}]},{"@type":"ImageObject","inLanguage":"de","@id":"https:\/\/marktxxl.de\/markt\/produkt\/led-spiegelleuchte-infankey-40cm-dimmbar-badleuchte-mit-fernbedienung-15w-1200lm-3000-6000k-220v-badezimmer-lampe-wasserdicht-ip44-spiegelleuchte-bad-fuer-badzimmer-und-wandbeleuchtung\/#primaryimage","url":"https:\/\/m.media-amazon.com\/images\/I\/51LfI2YAlbS._SL500_.jpg","contentUrl":"https:\/\/m.media-amazon.com\/images\/I\/51LfI2YAlbS._SL500_.jpg","width":500,"height":500},{"@type":"BreadcrumbList","@id":"https:\/\/marktxxl.de\/markt\/produkt\/led-spiegelleuchte-infankey-40cm-dimmbar-badleuchte-mit-fernbedienung-15w-1200lm-3000-6000k-220v-badezimmer-lampe-wasserdicht-ip44-spiegelleuchte-bad-fuer-badzimmer-und-wandbeleuchtung\/#breadcrumb","itemListElement":[{"@type":"ListItem","position":1,"name":"Startseite","item":"https:\/\/marktxxl.de\/markt\/"},{"@type":"ListItem","position":2,"name":"Markt","item":"https:\/\/marktxxl.de\/markt\/"},{"@type":"ListItem","position":3,"name":"LED Spiegelleuchte, Infankey 40CM Dimmbar Badleuchte mit Fernbedienung, 15W 1200LM 3000-6000K 220V, Badezimmer Lampe\u2026"}]},{"@type":"WebSite","@id":"https:\/\/marktxxl.de\/markt\/#website","url":"https:\/\/marktxxl.de\/markt\/","name":"Markt-XXL","description":"Ihr Markt Online","publisher":{"@id":"https:\/\/marktxxl.de\/markt\/#organization"},"potentialAction":[{"@type":"SearchAction","target":{"@type":"EntryPoint","urlTemplate":"https:\/\/marktxxl.de\/markt\/?s={search_term_string}"},"query-input":{"@type":"PropertyValueSpecification","valueRequired":true,"valueName":"search_term_string"}}],"inLanguage":"de"},{"@type":"Organization","@id":"https:\/\/marktxxl.de\/markt\/#organization","name":"Markt-XXL","url":"https:\/\/marktxxl.de\/markt\/","logo":{"@type":"ImageObject","inLanguage":"de","@id":"https:\/\/marktxxl.de\/markt\/#\/schema\/logo\/image\/","url":"https:\/\/marktxxl.de\/markt\/wp-content\/uploads\/sites\/3\/2020\/12\/logo.png","contentUrl":"https:\/\/marktxxl.de\/markt\/wp-content\/uploads\/sites\/3\/2020\/12\/logo.png","width":200,"height":70,"caption":"Markt-XXL"},"image":{"@id":"https:\/\/marktxxl.de\/markt\/#\/schema\/logo\/image\/"}}]}},"_links":{"self":[{"href":"https:\/\/marktxxl.de\/markt\/wp-json\/wp\/v2\/product\/187266","targetHints":{"allow":["GET"]}}],"collection":[{"href":"https:\/\/marktxxl.de\/markt\/wp-json\/wp\/v2\/product"}],"about":[{"href":"https:\/\/marktxxl.de\/markt\/wp-json\/wp\/v2\/types\/product"}],"replies":[{"embeddable":true,"href":"https:\/\/marktxxl.de\/markt\/wp-json\/wp\/v2\/comments?post=187266"}],"wp:featuredmedia":[{"embeddable":true,"href":"https:\/\/marktxxl.de\/markt\/wp-json\/wp\/v2\/media\/187267"}],"wp:attachment":[{"href":"https:\/\/marktxxl.de\/markt\/wp-json\/wp\/v2\/media?parent=187266"}],"wp:term":[{"taxonomy":"product_brand","embeddable":true,"href":"https:\/\/marktxxl.de\/markt\/wp-json\/wp\/v2\/product_brand?post=187266"},{"taxonomy":"product_cat","embeddable":true,"href":"https:\/\/marktxxl.de\/markt\/wp-json\/wp\/v2\/product_cat?post=187266"},{"taxonomy":"product_tag","embeddable":true,"href":"https:\/\/marktxxl.de\/markt\/wp-json\/wp\/v2\/product_tag?post=187266"}],"curies":[{"name":"wp","href":"https:\/\/api.w.org\/{rel}","templated":true}]}}