{"id":186912,"date":"2023-02-09T03:47:02","date_gmt":"2023-02-09T02:47:02","guid":{"rendered":"https:\/\/marktxxl.de\/markt\/produkt\/dewello-infrarotkabine-infrarotsauna-hyder-115x105-fuer-1-2-personen-aus-hemlock-holz-mit-vollspektrumstrahler-led-farblicht-bluetooth-fmmp3usb\/"},"modified":"2023-04-09T05:03:37","modified_gmt":"2023-04-09T03:03:37","slug":"dewello-infrarotkabine-infrarotsauna-hyder-115x105-fuer-1-2-personen-aus-hemlock-holz-mit-vollspektrumstrahler-led-farblicht-bluetooth-fmmp3usb","status":"publish","type":"product","link":"https:\/\/marktxxl.de\/markt\/produkt\/dewello-infrarotkabine-infrarotsauna-hyder-115x105-fuer-1-2-personen-aus-hemlock-holz-mit-vollspektrumstrahler-led-farblicht-bluetooth-fmmp3usb\/","title":{"rendered":"Dewello Infrarotkabine Infrarotsauna Hyder 115&#215;105 f\u00fcr 1-2 Personen aus Hemlock Holz mit Vollspektrumstrahler, LED\u2026"},"content":{"rendered":"<p>Diese Infrarotkabine in dem Ma\u00df 115&#215;105 cm bietet Platz f\u00fcr 1 &#8211; 2 Person und ist aus kanadischem Hemlock Tannenholz gefertigt. Sie haben die M\u00f6glichkeit den Temperaturbereich von 30\u00b0C bis 65\u00b0C zu w\u00e4hlen.<br \/>\nDie W\u00e4rmekabine verf\u00fcgt \u00fcber 6 Vollspektrumstrahler. Durch die Vollspektrumstrahler ist die Kabine ideal f\u00fcr therapeutische Anwendungen geeignet.<br \/>\nDie Kabine verf\u00fcgt zudem \u00fcber mehrere Optionen im Bereich Multimedia. So k\u00f6nnen Sie Ihre Musik mit Hilfe Bluetooth, SD-Karte, MP3, USB oder \u00fcber FM Radio h\u00f6ren. Ionisator mit Ozon Desinfektion &amp; Aroma Therapie inklusive.<br \/>\nIm Bereich des Vordachs und im Innenbereich befindet sich jeweils separat und optional schaltbares Licht. Zudem haben Sie im Innenbereich eine verstellbare LED-Farblichttherapie.<br \/>\nGlast\u00fcr ist aus Sicherheitsglas gefertigt und die Scharniere sind aus Edelstahl! Da der T\u00fcrgriff aus Holz gefertigt ist, heizt sich dieser bei hoher Temperatur im Innenraum nicht so stark auf, dass Sie sich verbrennen.<br \/>\n<div class=\"main-cross-sell\" data-asin=\"B07VPW7GG1\">\n\n\t<div class=\"WooZone-cross-sell-loader\">\n\t\t<div>\n\t\t\t<div id=\"floatingBarsG\">\n\t\t\t\t<div class=\"blockG\" id=\"rotateG_01\"><\/div>\n\t\t\t\t<div class=\"blockG\" id=\"rotateG_02\"><\/div>\n\t\t\t\t<div class=\"blockG\" id=\"rotateG_03\"><\/div>\n\t\t\t\t<div class=\"blockG\" id=\"rotateG_04\"><\/div>\n\t\t\t\t<div class=\"blockG\" id=\"rotateG_05\"><\/div>\n\t\t\t\t<div class=\"blockG\" id=\"rotateG_06\"><\/div>\n\t\t\t\t<div class=\"blockG\" id=\"rotateG_07\"><\/div>\n\t\t\t\t<div class=\"blockG\" id=\"rotateG_08\"><\/div>\n\t\t\t<\/div>\n\t\t\t<div class=\"WooZone-cross-sell-loader-text\"><\/div>\n\t\t<\/div>\n\t<\/div>\n\n\t\t\n<\/div>\n<div style=\"clear:both;\"><\/div><\/p>\n","protected":false},"excerpt":{"rendered":"<p>Diese Infrarotkabine in dem Ma\u00df 115&#215;105 cm bietet Platz f\u00fcr 1 &#8211; 2 Person und ist aus kanadischem Hemlock Tannenholz gefertigt. Sie haben die M\u00f6glichkeit den Temperaturbereich von 30\u00b0C bis 65\u00b0C zu w\u00e4hlen.<br \/>\nDie W\u00e4rmekabine verf\u00fcgt \u00fcber 6 Vollspektrumstrahler. Durch die Vollspektrumstrahler ist die Kabine ideal f\u00fcr therapeutische Anwendungen geeignet.<br \/>\nDie Kabine verf\u00fcgt zudem \u00fcber mehrere Optionen im Bereich Multimedia. So k\u00f6nnen Sie Ihre Musik mit Hilfe Bluetooth, SD-Karte, MP3, USB oder \u00fcber FM Radio h\u00f6ren. Ionisator mit Ozon Desinfektion &amp; Aroma Therapie inklusive.<\/p>\n","protected":false},"featured_media":186913,"comment_status":"open","ping_status":"closed","template":"","meta":[],"product_brand":[],"product_cat":[1983,11101],"product_tag":[],"class_list":{"0":"post-186912","1":"product","2":"type-product","3":"status-publish","4":"has-post-thumbnail","6":"product_cat-baumarkt","7":"product_cat-kuechen-badinstallation","8":"pa_binding-haushaltswaren","9":"pa_brand-dewello","10":"pa_height-74-80314953-zoll","11":"pa_length-45-275590505-zoll","12":"pa_manufacturer-dewello","13":"pa_weight-264-5547144-pfund","14":"pa_width-41-338582635-zoll","16":"first","17":"instock","18":"shipping-taxable","19":"purchasable","20":"product-type-simple","21":"customify-col","22":"product-has-gallery"},"yoast_head":"<!-- This site is optimized with the Yoast SEO plugin v27.4 - https:\/\/yoast.com\/product\/yoast-seo-wordpress\/ -->\n<title>Dewello Infrarotkabine Infrarotsauna Hyder 115x105 f\u00fcr 1-2 Personen aus Hemlock Holz mit Vollspektrumstrahler, LED\u2026 - Markt-XXL<\/title>\n<meta name=\"description\" content=\"Markt-XXL Dewello Infrarotkabine Infrarotsauna Hyder 115x105 f\u00fcr 1-2 Personen aus Hemlock Holz mit Vollspektrumstrahler, LED\u2026\" \/>\n<meta name=\"robots\" content=\"index, follow, max-snippet:-1, max-image-preview:large, max-video-preview:-1\" \/>\n<link rel=\"canonical\" href=\"https:\/\/marktxxl.de\/markt\/produkt\/dewello-infrarotkabine-infrarotsauna-hyder-115x105-fuer-1-2-personen-aus-hemlock-holz-mit-vollspektrumstrahler-led-farblicht-bluetooth-fmmp3usb\/\" \/>\n<meta property=\"og:locale\" content=\"de_DE\" \/>\n<meta property=\"og:type\" content=\"article\" \/>\n<meta property=\"og:title\" content=\"Dewello Infrarotkabine Infrarotsauna Hyder 115x105 f\u00fcr 1-2 Personen aus Hemlock Holz mit Vollspektrumstrahler, LED\u2026 - Markt-XXL\" \/>\n<meta property=\"og:description\" content=\"Markt-XXL Dewello Infrarotkabine Infrarotsauna Hyder 115x105 f\u00fcr 1-2 Personen aus Hemlock Holz mit Vollspektrumstrahler, LED\u2026\" \/>\n<meta property=\"og:url\" content=\"https:\/\/marktxxl.de\/markt\/produkt\/dewello-infrarotkabine-infrarotsauna-hyder-115x105-fuer-1-2-personen-aus-hemlock-holz-mit-vollspektrumstrahler-led-farblicht-bluetooth-fmmp3usb\/\" \/>\n<meta property=\"og:site_name\" content=\"Markt-XXL\" \/>\n<meta property=\"article:modified_time\" content=\"2023-04-09T03:03:37+00:00\" \/>\n<meta property=\"og:image\" content=\"https:\/\/m.media-amazon.com\/images\/I\/41cOPC0k14L._SL500_.jpg\" \/>\n\t<meta property=\"og:image:width\" content=\"500\" \/>\n\t<meta property=\"og:image:height\" content=\"500\" \/>\n\t<meta property=\"og:image:type\" content=\"image\/jpeg\" \/>\n<meta name=\"twitter:card\" content=\"summary_large_image\" \/>\n<meta name=\"twitter:label1\" content=\"Gesch\u00e4tzte Lesezeit\" \/>\n\t<meta name=\"twitter:data1\" content=\"1\u00a0Minute\" \/>\n<script type=\"application\/ld+json\" class=\"yoast-schema-graph\">{\"@context\":\"https:\\\/\\\/schema.org\",\"@graph\":[{\"@type\":\"WebPage\",\"@id\":\"https:\\\/\\\/marktxxl.de\\\/markt\\\/produkt\\\/dewello-infrarotkabine-infrarotsauna-hyder-115x105-fuer-1-2-personen-aus-hemlock-holz-mit-vollspektrumstrahler-led-farblicht-bluetooth-fmmp3usb\\\/\",\"url\":\"https:\\\/\\\/marktxxl.de\\\/markt\\\/produkt\\\/dewello-infrarotkabine-infrarotsauna-hyder-115x105-fuer-1-2-personen-aus-hemlock-holz-mit-vollspektrumstrahler-led-farblicht-bluetooth-fmmp3usb\\\/\",\"name\":\"Dewello Infrarotkabine Infrarotsauna Hyder 115x105 f\u00fcr 1-2 Personen aus Hemlock Holz mit Vollspektrumstrahler, LED\u2026 - Markt-XXL\",\"isPartOf\":{\"@id\":\"https:\\\/\\\/marktxxl.de\\\/markt\\\/#website\"},\"primaryImageOfPage\":{\"@id\":\"https:\\\/\\\/marktxxl.de\\\/markt\\\/produkt\\\/dewello-infrarotkabine-infrarotsauna-hyder-115x105-fuer-1-2-personen-aus-hemlock-holz-mit-vollspektrumstrahler-led-farblicht-bluetooth-fmmp3usb\\\/#primaryimage\"},\"image\":{\"@id\":\"https:\\\/\\\/marktxxl.de\\\/markt\\\/produkt\\\/dewello-infrarotkabine-infrarotsauna-hyder-115x105-fuer-1-2-personen-aus-hemlock-holz-mit-vollspektrumstrahler-led-farblicht-bluetooth-fmmp3usb\\\/#primaryimage\"},\"thumbnailUrl\":\"https:\\\/\\\/m.media-amazon.com\\\/images\\\/I\\\/41cOPC0k14L._SL500_.jpg\",\"datePublished\":\"2023-02-09T02:47:02+00:00\",\"dateModified\":\"2023-04-09T03:03:37+00:00\",\"description\":\"Markt-XXL Dewello Infrarotkabine Infrarotsauna Hyder 115x105 f\u00fcr 1-2 Personen aus Hemlock Holz mit Vollspektrumstrahler, LED\u2026\",\"breadcrumb\":{\"@id\":\"https:\\\/\\\/marktxxl.de\\\/markt\\\/produkt\\\/dewello-infrarotkabine-infrarotsauna-hyder-115x105-fuer-1-2-personen-aus-hemlock-holz-mit-vollspektrumstrahler-led-farblicht-bluetooth-fmmp3usb\\\/#breadcrumb\"},\"inLanguage\":\"de\",\"potentialAction\":[{\"@type\":\"ReadAction\",\"target\":[\"https:\\\/\\\/marktxxl.de\\\/markt\\\/produkt\\\/dewello-infrarotkabine-infrarotsauna-hyder-115x105-fuer-1-2-personen-aus-hemlock-holz-mit-vollspektrumstrahler-led-farblicht-bluetooth-fmmp3usb\\\/\"]}]},{\"@type\":\"ImageObject\",\"inLanguage\":\"de\",\"@id\":\"https:\\\/\\\/marktxxl.de\\\/markt\\\/produkt\\\/dewello-infrarotkabine-infrarotsauna-hyder-115x105-fuer-1-2-personen-aus-hemlock-holz-mit-vollspektrumstrahler-led-farblicht-bluetooth-fmmp3usb\\\/#primaryimage\",\"url\":\"https:\\\/\\\/m.media-amazon.com\\\/images\\\/I\\\/41cOPC0k14L._SL500_.jpg\",\"contentUrl\":\"https:\\\/\\\/m.media-amazon.com\\\/images\\\/I\\\/41cOPC0k14L._SL500_.jpg\",\"width\":500,\"height\":500},{\"@type\":\"BreadcrumbList\",\"@id\":\"https:\\\/\\\/marktxxl.de\\\/markt\\\/produkt\\\/dewello-infrarotkabine-infrarotsauna-hyder-115x105-fuer-1-2-personen-aus-hemlock-holz-mit-vollspektrumstrahler-led-farblicht-bluetooth-fmmp3usb\\\/#breadcrumb\",\"itemListElement\":[{\"@type\":\"ListItem\",\"position\":1,\"name\":\"Startseite\",\"item\":\"https:\\\/\\\/marktxxl.de\\\/markt\\\/\"},{\"@type\":\"ListItem\",\"position\":2,\"name\":\"Markt\",\"item\":\"https:\\\/\\\/marktxxl.de\\\/markt\\\/\"},{\"@type\":\"ListItem\",\"position\":3,\"name\":\"Dewello Infrarotkabine Infrarotsauna Hyder 115&#215;105 f\u00fcr 1-2 Personen aus Hemlock Holz mit Vollspektrumstrahler, LED\u2026\"}]},{\"@type\":\"WebSite\",\"@id\":\"https:\\\/\\\/marktxxl.de\\\/markt\\\/#website\",\"url\":\"https:\\\/\\\/marktxxl.de\\\/markt\\\/\",\"name\":\"Markt-XXL\",\"description\":\"Ihr Markt Online\",\"publisher\":{\"@id\":\"https:\\\/\\\/marktxxl.de\\\/markt\\\/#organization\"},\"potentialAction\":[{\"@type\":\"SearchAction\",\"target\":{\"@type\":\"EntryPoint\",\"urlTemplate\":\"https:\\\/\\\/marktxxl.de\\\/markt\\\/?s={search_term_string}\"},\"query-input\":{\"@type\":\"PropertyValueSpecification\",\"valueRequired\":true,\"valueName\":\"search_term_string\"}}],\"inLanguage\":\"de\"},{\"@type\":\"Organization\",\"@id\":\"https:\\\/\\\/marktxxl.de\\\/markt\\\/#organization\",\"name\":\"Markt-XXL\",\"url\":\"https:\\\/\\\/marktxxl.de\\\/markt\\\/\",\"logo\":{\"@type\":\"ImageObject\",\"inLanguage\":\"de\",\"@id\":\"https:\\\/\\\/marktxxl.de\\\/markt\\\/#\\\/schema\\\/logo\\\/image\\\/\",\"url\":\"https:\\\/\\\/marktxxl.de\\\/markt\\\/wp-content\\\/uploads\\\/sites\\\/3\\\/2020\\\/12\\\/logo.png\",\"contentUrl\":\"https:\\\/\\\/marktxxl.de\\\/markt\\\/wp-content\\\/uploads\\\/sites\\\/3\\\/2020\\\/12\\\/logo.png\",\"width\":200,\"height\":70,\"caption\":\"Markt-XXL\"},\"image\":{\"@id\":\"https:\\\/\\\/marktxxl.de\\\/markt\\\/#\\\/schema\\\/logo\\\/image\\\/\"}}]}<\/script>\n<!-- \/ Yoast SEO plugin. -->","yoast_head_json":{"title":"Dewello Infrarotkabine Infrarotsauna Hyder 115x105 f\u00fcr 1-2 Personen aus Hemlock Holz mit Vollspektrumstrahler, LED\u2026 - Markt-XXL","description":"Markt-XXL Dewello Infrarotkabine Infrarotsauna Hyder 115x105 f\u00fcr 1-2 Personen aus Hemlock Holz mit Vollspektrumstrahler, LED\u2026","robots":{"index":"index","follow":"follow","max-snippet":"max-snippet:-1","max-image-preview":"max-image-preview:large","max-video-preview":"max-video-preview:-1"},"canonical":"https:\/\/marktxxl.de\/markt\/produkt\/dewello-infrarotkabine-infrarotsauna-hyder-115x105-fuer-1-2-personen-aus-hemlock-holz-mit-vollspektrumstrahler-led-farblicht-bluetooth-fmmp3usb\/","og_locale":"de_DE","og_type":"article","og_title":"Dewello Infrarotkabine Infrarotsauna Hyder 115x105 f\u00fcr 1-2 Personen aus Hemlock Holz mit Vollspektrumstrahler, LED\u2026 - Markt-XXL","og_description":"Markt-XXL Dewello Infrarotkabine Infrarotsauna Hyder 115x105 f\u00fcr 1-2 Personen aus Hemlock Holz mit Vollspektrumstrahler, LED\u2026","og_url":"https:\/\/marktxxl.de\/markt\/produkt\/dewello-infrarotkabine-infrarotsauna-hyder-115x105-fuer-1-2-personen-aus-hemlock-holz-mit-vollspektrumstrahler-led-farblicht-bluetooth-fmmp3usb\/","og_site_name":"Markt-XXL","article_modified_time":"2023-04-09T03:03:37+00:00","og_image":[{"width":500,"height":500,"url":"https:\/\/m.media-amazon.com\/images\/I\/41cOPC0k14L._SL500_.jpg","type":"image\/jpeg"}],"twitter_card":"summary_large_image","twitter_misc":{"Gesch\u00e4tzte Lesezeit":"1\u00a0Minute"},"schema":{"@context":"https:\/\/schema.org","@graph":[{"@type":"WebPage","@id":"https:\/\/marktxxl.de\/markt\/produkt\/dewello-infrarotkabine-infrarotsauna-hyder-115x105-fuer-1-2-personen-aus-hemlock-holz-mit-vollspektrumstrahler-led-farblicht-bluetooth-fmmp3usb\/","url":"https:\/\/marktxxl.de\/markt\/produkt\/dewello-infrarotkabine-infrarotsauna-hyder-115x105-fuer-1-2-personen-aus-hemlock-holz-mit-vollspektrumstrahler-led-farblicht-bluetooth-fmmp3usb\/","name":"Dewello Infrarotkabine Infrarotsauna Hyder 115x105 f\u00fcr 1-2 Personen aus Hemlock Holz mit Vollspektrumstrahler, LED\u2026 - Markt-XXL","isPartOf":{"@id":"https:\/\/marktxxl.de\/markt\/#website"},"primaryImageOfPage":{"@id":"https:\/\/marktxxl.de\/markt\/produkt\/dewello-infrarotkabine-infrarotsauna-hyder-115x105-fuer-1-2-personen-aus-hemlock-holz-mit-vollspektrumstrahler-led-farblicht-bluetooth-fmmp3usb\/#primaryimage"},"image":{"@id":"https:\/\/marktxxl.de\/markt\/produkt\/dewello-infrarotkabine-infrarotsauna-hyder-115x105-fuer-1-2-personen-aus-hemlock-holz-mit-vollspektrumstrahler-led-farblicht-bluetooth-fmmp3usb\/#primaryimage"},"thumbnailUrl":"https:\/\/m.media-amazon.com\/images\/I\/41cOPC0k14L._SL500_.jpg","datePublished":"2023-02-09T02:47:02+00:00","dateModified":"2023-04-09T03:03:37+00:00","description":"Markt-XXL Dewello Infrarotkabine Infrarotsauna Hyder 115x105 f\u00fcr 1-2 Personen aus Hemlock Holz mit Vollspektrumstrahler, LED\u2026","breadcrumb":{"@id":"https:\/\/marktxxl.de\/markt\/produkt\/dewello-infrarotkabine-infrarotsauna-hyder-115x105-fuer-1-2-personen-aus-hemlock-holz-mit-vollspektrumstrahler-led-farblicht-bluetooth-fmmp3usb\/#breadcrumb"},"inLanguage":"de","potentialAction":[{"@type":"ReadAction","target":["https:\/\/marktxxl.de\/markt\/produkt\/dewello-infrarotkabine-infrarotsauna-hyder-115x105-fuer-1-2-personen-aus-hemlock-holz-mit-vollspektrumstrahler-led-farblicht-bluetooth-fmmp3usb\/"]}]},{"@type":"ImageObject","inLanguage":"de","@id":"https:\/\/marktxxl.de\/markt\/produkt\/dewello-infrarotkabine-infrarotsauna-hyder-115x105-fuer-1-2-personen-aus-hemlock-holz-mit-vollspektrumstrahler-led-farblicht-bluetooth-fmmp3usb\/#primaryimage","url":"https:\/\/m.media-amazon.com\/images\/I\/41cOPC0k14L._SL500_.jpg","contentUrl":"https:\/\/m.media-amazon.com\/images\/I\/41cOPC0k14L._SL500_.jpg","width":500,"height":500},{"@type":"BreadcrumbList","@id":"https:\/\/marktxxl.de\/markt\/produkt\/dewello-infrarotkabine-infrarotsauna-hyder-115x105-fuer-1-2-personen-aus-hemlock-holz-mit-vollspektrumstrahler-led-farblicht-bluetooth-fmmp3usb\/#breadcrumb","itemListElement":[{"@type":"ListItem","position":1,"name":"Startseite","item":"https:\/\/marktxxl.de\/markt\/"},{"@type":"ListItem","position":2,"name":"Markt","item":"https:\/\/marktxxl.de\/markt\/"},{"@type":"ListItem","position":3,"name":"Dewello Infrarotkabine Infrarotsauna Hyder 115&#215;105 f\u00fcr 1-2 Personen aus Hemlock Holz mit Vollspektrumstrahler, LED\u2026"}]},{"@type":"WebSite","@id":"https:\/\/marktxxl.de\/markt\/#website","url":"https:\/\/marktxxl.de\/markt\/","name":"Markt-XXL","description":"Ihr Markt Online","publisher":{"@id":"https:\/\/marktxxl.de\/markt\/#organization"},"potentialAction":[{"@type":"SearchAction","target":{"@type":"EntryPoint","urlTemplate":"https:\/\/marktxxl.de\/markt\/?s={search_term_string}"},"query-input":{"@type":"PropertyValueSpecification","valueRequired":true,"valueName":"search_term_string"}}],"inLanguage":"de"},{"@type":"Organization","@id":"https:\/\/marktxxl.de\/markt\/#organization","name":"Markt-XXL","url":"https:\/\/marktxxl.de\/markt\/","logo":{"@type":"ImageObject","inLanguage":"de","@id":"https:\/\/marktxxl.de\/markt\/#\/schema\/logo\/image\/","url":"https:\/\/marktxxl.de\/markt\/wp-content\/uploads\/sites\/3\/2020\/12\/logo.png","contentUrl":"https:\/\/marktxxl.de\/markt\/wp-content\/uploads\/sites\/3\/2020\/12\/logo.png","width":200,"height":70,"caption":"Markt-XXL"},"image":{"@id":"https:\/\/marktxxl.de\/markt\/#\/schema\/logo\/image\/"}}]}},"_links":{"self":[{"href":"https:\/\/marktxxl.de\/markt\/wp-json\/wp\/v2\/product\/186912","targetHints":{"allow":["GET"]}}],"collection":[{"href":"https:\/\/marktxxl.de\/markt\/wp-json\/wp\/v2\/product"}],"about":[{"href":"https:\/\/marktxxl.de\/markt\/wp-json\/wp\/v2\/types\/product"}],"replies":[{"embeddable":true,"href":"https:\/\/marktxxl.de\/markt\/wp-json\/wp\/v2\/comments?post=186912"}],"wp:featuredmedia":[{"embeddable":true,"href":"https:\/\/marktxxl.de\/markt\/wp-json\/wp\/v2\/media\/186913"}],"wp:attachment":[{"href":"https:\/\/marktxxl.de\/markt\/wp-json\/wp\/v2\/media?parent=186912"}],"wp:term":[{"taxonomy":"product_brand","embeddable":true,"href":"https:\/\/marktxxl.de\/markt\/wp-json\/wp\/v2\/product_brand?post=186912"},{"taxonomy":"product_cat","embeddable":true,"href":"https:\/\/marktxxl.de\/markt\/wp-json\/wp\/v2\/product_cat?post=186912"},{"taxonomy":"product_tag","embeddable":true,"href":"https:\/\/marktxxl.de\/markt\/wp-json\/wp\/v2\/product_tag?post=186912"}],"curies":[{"name":"wp","href":"https:\/\/api.w.org\/{rel}","templated":true}]}}