{"id":185300,"date":"2023-02-08T23:25:16","date_gmt":"2023-02-08T22:25:16","guid":{"rendered":"https:\/\/marktxxl.de\/markt\/produkt\/zweistufiger-hocker-fuer-kinder-doppelter-kleinkind-tritthocker-fuer-toepfchentraining-kueche-badezimmer-wc-hocker-mit-anti-rutsch-streifen-fuer-sicherheit-breiter-schritt-1-packung-blau\/"},"modified":"2023-04-09T05:00:46","modified_gmt":"2023-04-09T03:00:46","slug":"zweistufiger-hocker-fuer-kinder-doppelter-kleinkind-tritthocker-fuer-toepfchentraining-kueche-badezimmer-wc-hocker-mit-anti-rutsch-streifen-fuer-sicherheit-breiter-schritt-1-packung-blau","status":"publish","type":"product","link":"https:\/\/marktxxl.de\/markt\/produkt\/zweistufiger-hocker-fuer-kinder-doppelter-kleinkind-tritthocker-fuer-toepfchentraining-kueche-badezimmer-wc-hocker-mit-anti-rutsch-streifen-fuer-sicherheit-breiter-schritt-1-packung-blau\/","title":{"rendered":"Zweistufiger Hocker f\u00fcr Kinder, doppelter Kleinkind-Tritthocker f\u00fcr T\u00f6pfchentraining, K\u00fcche, Badezimmer, WC-Hocker mit\u2026"},"content":{"rendered":"<p>Zwei Hocker im Lieferumfang enthalten, sodass sie separat oder zusammen verwendet werden k\u00f6nnen. Einfache Montage in weniger als 1 Minute.<br \/>\nVerwenden Sie diesen Tritthocker in vielseitigen Szenarien, wie Toilettentraining, zum Erreichen von Wasserbecken f\u00fcr H\u00e4nde oder Z\u00e4hneputzen, helfen Sie mit der Mama und erreichen Sie hohe Stellen, auf die Ihre Kinder neugierig sind.<br \/>\nEs ist leicht zu tragen, aber mit starker Tragf\u00e4higkeit, die bis zu 90 kg h\u00e4lt.<br \/>\nBreit genug Platz zum Stehen und widerstandsf\u00e4hige Oberfl\u00e4che auf Hockern und Unterseite aus rutschfestem Gummi, sichern Sie Ihre Kinder jedes Detail, w\u00e4hrend Sie es verwenden.<br \/>\nLeicht zu reinigen mit feuchtem Abwischen des Hockers und es wird ein neuer.<br \/>\n<div class=\"main-cross-sell\" data-asin=\"B09VS91675\">\n\n\t<div class=\"WooZone-cross-sell-loader\">\n\t\t<div>\n\t\t\t<div id=\"floatingBarsG\">\n\t\t\t\t<div class=\"blockG\" id=\"rotateG_01\"><\/div>\n\t\t\t\t<div class=\"blockG\" id=\"rotateG_02\"><\/div>\n\t\t\t\t<div class=\"blockG\" id=\"rotateG_03\"><\/div>\n\t\t\t\t<div class=\"blockG\" id=\"rotateG_04\"><\/div>\n\t\t\t\t<div class=\"blockG\" id=\"rotateG_05\"><\/div>\n\t\t\t\t<div class=\"blockG\" id=\"rotateG_06\"><\/div>\n\t\t\t\t<div class=\"blockG\" id=\"rotateG_07\"><\/div>\n\t\t\t\t<div class=\"blockG\" id=\"rotateG_08\"><\/div>\n\t\t\t<\/div>\n\t\t\t<div class=\"WooZone-cross-sell-loader-text\"><\/div>\n\t\t<\/div>\n\t<\/div>\n\n\t\t\n<\/div>\n<div style=\"clear:both;\"><\/div><\/p>\n","protected":false},"excerpt":{"rendered":"<p>Zwei Hocker im Lieferumfang enthalten, sodass sie separat oder zusammen verwendet werden k\u00f6nnen. Einfache Montage in weniger als 1 Minute.<br \/>\nVerwenden Sie diesen Tritthocker in vielseitigen Szenarien, wie Toilettentraining, zum Erreichen von Wasserbecken f\u00fcr H\u00e4nde oder Z\u00e4hneputzen, helfen Sie mit der Mama und erreichen Sie hohe Stellen, auf die Ihre Kinder neugierig sind.<br \/>\nEs ist leicht zu tragen, aber mit starker Tragf\u00e4higkeit, die bis zu 90 kg h\u00e4lt.<\/p>\n","protected":false},"featured_media":185301,"comment_status":"open","ping_status":"closed","template":"","meta":[],"product_brand":[],"product_cat":[21,9437],"product_tag":[],"class_list":{"0":"post-185300","1":"product","2":"type-product","3":"status-publish","4":"has-post-thumbnail","6":"product_cat-baby","7":"product_cat-toepfchen-trittschemel-baby","8":"pa_binding-unbekannter-einband","9":"pa_brand-mangohood","10":"pa_model-2in1-new-2","12":"first","13":"instock","14":"shipping-taxable","15":"purchasable","16":"product-type-simple","17":"customify-col","18":"product-has-gallery"},"yoast_head":"<!-- This site is optimized with the Yoast SEO plugin v27.4 - https:\/\/yoast.com\/product\/yoast-seo-wordpress\/ -->\n<title>Zweistufiger Hocker f\u00fcr Kinder, doppelter Kleinkind-Tritthocker f\u00fcr T\u00f6pfchentraining, K\u00fcche, Badezimmer, WC-Hocker mit\u2026 - Markt-XXL<\/title>\n<meta name=\"description\" content=\"Markt-XXL Zweistufiger Hocker f\u00fcr Kinder, doppelter Kleinkind-Tritthocker f\u00fcr T\u00f6pfchentraining, K\u00fcche, Badezimmer, WC-Hocker mit\u2026\" \/>\n<meta name=\"robots\" content=\"index, follow, max-snippet:-1, max-image-preview:large, max-video-preview:-1\" \/>\n<link rel=\"canonical\" href=\"https:\/\/marktxxl.de\/markt\/produkt\/zweistufiger-hocker-fuer-kinder-doppelter-kleinkind-tritthocker-fuer-toepfchentraining-kueche-badezimmer-wc-hocker-mit-anti-rutsch-streifen-fuer-sicherheit-breiter-schritt-1-packung-blau\/\" \/>\n<meta property=\"og:locale\" content=\"de_DE\" \/>\n<meta property=\"og:type\" content=\"article\" \/>\n<meta property=\"og:title\" content=\"Zweistufiger Hocker f\u00fcr Kinder, doppelter Kleinkind-Tritthocker f\u00fcr T\u00f6pfchentraining, K\u00fcche, Badezimmer, WC-Hocker mit\u2026 - Markt-XXL\" \/>\n<meta property=\"og:description\" content=\"Markt-XXL Zweistufiger Hocker f\u00fcr Kinder, doppelter Kleinkind-Tritthocker f\u00fcr T\u00f6pfchentraining, K\u00fcche, Badezimmer, WC-Hocker mit\u2026\" \/>\n<meta property=\"og:url\" content=\"https:\/\/marktxxl.de\/markt\/produkt\/zweistufiger-hocker-fuer-kinder-doppelter-kleinkind-tritthocker-fuer-toepfchentraining-kueche-badezimmer-wc-hocker-mit-anti-rutsch-streifen-fuer-sicherheit-breiter-schritt-1-packung-blau\/\" \/>\n<meta property=\"og:site_name\" content=\"Markt-XXL\" \/>\n<meta property=\"article:modified_time\" content=\"2023-04-09T03:00:46+00:00\" \/>\n<meta property=\"og:image\" content=\"https:\/\/m.media-amazon.com\/images\/I\/41MVgtbJlmL._SL500_.jpg\" \/>\n\t<meta property=\"og:image:width\" content=\"500\" \/>\n\t<meta property=\"og:image:height\" content=\"500\" \/>\n\t<meta property=\"og:image:type\" content=\"image\/jpeg\" \/>\n<meta name=\"twitter:card\" content=\"summary_large_image\" \/>\n<meta name=\"twitter:label1\" content=\"Gesch\u00e4tzte Lesezeit\" \/>\n\t<meta name=\"twitter:data1\" content=\"1\u00a0Minute\" \/>\n<script type=\"application\/ld+json\" class=\"yoast-schema-graph\">{\"@context\":\"https:\\\/\\\/schema.org\",\"@graph\":[{\"@type\":\"WebPage\",\"@id\":\"https:\\\/\\\/marktxxl.de\\\/markt\\\/produkt\\\/zweistufiger-hocker-fuer-kinder-doppelter-kleinkind-tritthocker-fuer-toepfchentraining-kueche-badezimmer-wc-hocker-mit-anti-rutsch-streifen-fuer-sicherheit-breiter-schritt-1-packung-blau\\\/\",\"url\":\"https:\\\/\\\/marktxxl.de\\\/markt\\\/produkt\\\/zweistufiger-hocker-fuer-kinder-doppelter-kleinkind-tritthocker-fuer-toepfchentraining-kueche-badezimmer-wc-hocker-mit-anti-rutsch-streifen-fuer-sicherheit-breiter-schritt-1-packung-blau\\\/\",\"name\":\"Zweistufiger Hocker f\u00fcr Kinder, doppelter Kleinkind-Tritthocker f\u00fcr T\u00f6pfchentraining, K\u00fcche, Badezimmer, WC-Hocker mit\u2026 - Markt-XXL\",\"isPartOf\":{\"@id\":\"https:\\\/\\\/marktxxl.de\\\/markt\\\/#website\"},\"primaryImageOfPage\":{\"@id\":\"https:\\\/\\\/marktxxl.de\\\/markt\\\/produkt\\\/zweistufiger-hocker-fuer-kinder-doppelter-kleinkind-tritthocker-fuer-toepfchentraining-kueche-badezimmer-wc-hocker-mit-anti-rutsch-streifen-fuer-sicherheit-breiter-schritt-1-packung-blau\\\/#primaryimage\"},\"image\":{\"@id\":\"https:\\\/\\\/marktxxl.de\\\/markt\\\/produkt\\\/zweistufiger-hocker-fuer-kinder-doppelter-kleinkind-tritthocker-fuer-toepfchentraining-kueche-badezimmer-wc-hocker-mit-anti-rutsch-streifen-fuer-sicherheit-breiter-schritt-1-packung-blau\\\/#primaryimage\"},\"thumbnailUrl\":\"https:\\\/\\\/m.media-amazon.com\\\/images\\\/I\\\/41MVgtbJlmL._SL500_.jpg\",\"datePublished\":\"2023-02-08T22:25:16+00:00\",\"dateModified\":\"2023-04-09T03:00:46+00:00\",\"description\":\"Markt-XXL Zweistufiger Hocker f\u00fcr Kinder, doppelter Kleinkind-Tritthocker f\u00fcr T\u00f6pfchentraining, K\u00fcche, Badezimmer, WC-Hocker mit\u2026\",\"breadcrumb\":{\"@id\":\"https:\\\/\\\/marktxxl.de\\\/markt\\\/produkt\\\/zweistufiger-hocker-fuer-kinder-doppelter-kleinkind-tritthocker-fuer-toepfchentraining-kueche-badezimmer-wc-hocker-mit-anti-rutsch-streifen-fuer-sicherheit-breiter-schritt-1-packung-blau\\\/#breadcrumb\"},\"inLanguage\":\"de\",\"potentialAction\":[{\"@type\":\"ReadAction\",\"target\":[\"https:\\\/\\\/marktxxl.de\\\/markt\\\/produkt\\\/zweistufiger-hocker-fuer-kinder-doppelter-kleinkind-tritthocker-fuer-toepfchentraining-kueche-badezimmer-wc-hocker-mit-anti-rutsch-streifen-fuer-sicherheit-breiter-schritt-1-packung-blau\\\/\"]}]},{\"@type\":\"ImageObject\",\"inLanguage\":\"de\",\"@id\":\"https:\\\/\\\/marktxxl.de\\\/markt\\\/produkt\\\/zweistufiger-hocker-fuer-kinder-doppelter-kleinkind-tritthocker-fuer-toepfchentraining-kueche-badezimmer-wc-hocker-mit-anti-rutsch-streifen-fuer-sicherheit-breiter-schritt-1-packung-blau\\\/#primaryimage\",\"url\":\"https:\\\/\\\/m.media-amazon.com\\\/images\\\/I\\\/41MVgtbJlmL._SL500_.jpg\",\"contentUrl\":\"https:\\\/\\\/m.media-amazon.com\\\/images\\\/I\\\/41MVgtbJlmL._SL500_.jpg\",\"width\":500,\"height\":500},{\"@type\":\"BreadcrumbList\",\"@id\":\"https:\\\/\\\/marktxxl.de\\\/markt\\\/produkt\\\/zweistufiger-hocker-fuer-kinder-doppelter-kleinkind-tritthocker-fuer-toepfchentraining-kueche-badezimmer-wc-hocker-mit-anti-rutsch-streifen-fuer-sicherheit-breiter-schritt-1-packung-blau\\\/#breadcrumb\",\"itemListElement\":[{\"@type\":\"ListItem\",\"position\":1,\"name\":\"Startseite\",\"item\":\"https:\\\/\\\/marktxxl.de\\\/markt\\\/\"},{\"@type\":\"ListItem\",\"position\":2,\"name\":\"Markt\",\"item\":\"https:\\\/\\\/marktxxl.de\\\/markt\\\/\"},{\"@type\":\"ListItem\",\"position\":3,\"name\":\"Zweistufiger Hocker f\u00fcr Kinder, doppelter Kleinkind-Tritthocker f\u00fcr T\u00f6pfchentraining, K\u00fcche, Badezimmer, WC-Hocker mit\u2026\"}]},{\"@type\":\"WebSite\",\"@id\":\"https:\\\/\\\/marktxxl.de\\\/markt\\\/#website\",\"url\":\"https:\\\/\\\/marktxxl.de\\\/markt\\\/\",\"name\":\"Markt-XXL\",\"description\":\"Ihr Markt Online\",\"publisher\":{\"@id\":\"https:\\\/\\\/marktxxl.de\\\/markt\\\/#organization\"},\"potentialAction\":[{\"@type\":\"SearchAction\",\"target\":{\"@type\":\"EntryPoint\",\"urlTemplate\":\"https:\\\/\\\/marktxxl.de\\\/markt\\\/?s={search_term_string}\"},\"query-input\":{\"@type\":\"PropertyValueSpecification\",\"valueRequired\":true,\"valueName\":\"search_term_string\"}}],\"inLanguage\":\"de\"},{\"@type\":\"Organization\",\"@id\":\"https:\\\/\\\/marktxxl.de\\\/markt\\\/#organization\",\"name\":\"Markt-XXL\",\"url\":\"https:\\\/\\\/marktxxl.de\\\/markt\\\/\",\"logo\":{\"@type\":\"ImageObject\",\"inLanguage\":\"de\",\"@id\":\"https:\\\/\\\/marktxxl.de\\\/markt\\\/#\\\/schema\\\/logo\\\/image\\\/\",\"url\":\"https:\\\/\\\/marktxxl.de\\\/markt\\\/wp-content\\\/uploads\\\/sites\\\/3\\\/2020\\\/12\\\/logo.png\",\"contentUrl\":\"https:\\\/\\\/marktxxl.de\\\/markt\\\/wp-content\\\/uploads\\\/sites\\\/3\\\/2020\\\/12\\\/logo.png\",\"width\":200,\"height\":70,\"caption\":\"Markt-XXL\"},\"image\":{\"@id\":\"https:\\\/\\\/marktxxl.de\\\/markt\\\/#\\\/schema\\\/logo\\\/image\\\/\"}}]}<\/script>\n<!-- \/ Yoast SEO plugin. -->","yoast_head_json":{"title":"Zweistufiger Hocker f\u00fcr Kinder, doppelter Kleinkind-Tritthocker f\u00fcr T\u00f6pfchentraining, K\u00fcche, Badezimmer, WC-Hocker mit\u2026 - Markt-XXL","description":"Markt-XXL Zweistufiger Hocker f\u00fcr Kinder, doppelter Kleinkind-Tritthocker f\u00fcr T\u00f6pfchentraining, K\u00fcche, Badezimmer, WC-Hocker mit\u2026","robots":{"index":"index","follow":"follow","max-snippet":"max-snippet:-1","max-image-preview":"max-image-preview:large","max-video-preview":"max-video-preview:-1"},"canonical":"https:\/\/marktxxl.de\/markt\/produkt\/zweistufiger-hocker-fuer-kinder-doppelter-kleinkind-tritthocker-fuer-toepfchentraining-kueche-badezimmer-wc-hocker-mit-anti-rutsch-streifen-fuer-sicherheit-breiter-schritt-1-packung-blau\/","og_locale":"de_DE","og_type":"article","og_title":"Zweistufiger Hocker f\u00fcr Kinder, doppelter Kleinkind-Tritthocker f\u00fcr T\u00f6pfchentraining, K\u00fcche, Badezimmer, WC-Hocker mit\u2026 - Markt-XXL","og_description":"Markt-XXL Zweistufiger Hocker f\u00fcr Kinder, doppelter Kleinkind-Tritthocker f\u00fcr T\u00f6pfchentraining, K\u00fcche, Badezimmer, WC-Hocker mit\u2026","og_url":"https:\/\/marktxxl.de\/markt\/produkt\/zweistufiger-hocker-fuer-kinder-doppelter-kleinkind-tritthocker-fuer-toepfchentraining-kueche-badezimmer-wc-hocker-mit-anti-rutsch-streifen-fuer-sicherheit-breiter-schritt-1-packung-blau\/","og_site_name":"Markt-XXL","article_modified_time":"2023-04-09T03:00:46+00:00","og_image":[{"width":500,"height":500,"url":"https:\/\/m.media-amazon.com\/images\/I\/41MVgtbJlmL._SL500_.jpg","type":"image\/jpeg"}],"twitter_card":"summary_large_image","twitter_misc":{"Gesch\u00e4tzte Lesezeit":"1\u00a0Minute"},"schema":{"@context":"https:\/\/schema.org","@graph":[{"@type":"WebPage","@id":"https:\/\/marktxxl.de\/markt\/produkt\/zweistufiger-hocker-fuer-kinder-doppelter-kleinkind-tritthocker-fuer-toepfchentraining-kueche-badezimmer-wc-hocker-mit-anti-rutsch-streifen-fuer-sicherheit-breiter-schritt-1-packung-blau\/","url":"https:\/\/marktxxl.de\/markt\/produkt\/zweistufiger-hocker-fuer-kinder-doppelter-kleinkind-tritthocker-fuer-toepfchentraining-kueche-badezimmer-wc-hocker-mit-anti-rutsch-streifen-fuer-sicherheit-breiter-schritt-1-packung-blau\/","name":"Zweistufiger Hocker f\u00fcr Kinder, doppelter Kleinkind-Tritthocker f\u00fcr T\u00f6pfchentraining, K\u00fcche, Badezimmer, WC-Hocker mit\u2026 - Markt-XXL","isPartOf":{"@id":"https:\/\/marktxxl.de\/markt\/#website"},"primaryImageOfPage":{"@id":"https:\/\/marktxxl.de\/markt\/produkt\/zweistufiger-hocker-fuer-kinder-doppelter-kleinkind-tritthocker-fuer-toepfchentraining-kueche-badezimmer-wc-hocker-mit-anti-rutsch-streifen-fuer-sicherheit-breiter-schritt-1-packung-blau\/#primaryimage"},"image":{"@id":"https:\/\/marktxxl.de\/markt\/produkt\/zweistufiger-hocker-fuer-kinder-doppelter-kleinkind-tritthocker-fuer-toepfchentraining-kueche-badezimmer-wc-hocker-mit-anti-rutsch-streifen-fuer-sicherheit-breiter-schritt-1-packung-blau\/#primaryimage"},"thumbnailUrl":"https:\/\/m.media-amazon.com\/images\/I\/41MVgtbJlmL._SL500_.jpg","datePublished":"2023-02-08T22:25:16+00:00","dateModified":"2023-04-09T03:00:46+00:00","description":"Markt-XXL Zweistufiger Hocker f\u00fcr Kinder, doppelter Kleinkind-Tritthocker f\u00fcr T\u00f6pfchentraining, K\u00fcche, Badezimmer, WC-Hocker mit\u2026","breadcrumb":{"@id":"https:\/\/marktxxl.de\/markt\/produkt\/zweistufiger-hocker-fuer-kinder-doppelter-kleinkind-tritthocker-fuer-toepfchentraining-kueche-badezimmer-wc-hocker-mit-anti-rutsch-streifen-fuer-sicherheit-breiter-schritt-1-packung-blau\/#breadcrumb"},"inLanguage":"de","potentialAction":[{"@type":"ReadAction","target":["https:\/\/marktxxl.de\/markt\/produkt\/zweistufiger-hocker-fuer-kinder-doppelter-kleinkind-tritthocker-fuer-toepfchentraining-kueche-badezimmer-wc-hocker-mit-anti-rutsch-streifen-fuer-sicherheit-breiter-schritt-1-packung-blau\/"]}]},{"@type":"ImageObject","inLanguage":"de","@id":"https:\/\/marktxxl.de\/markt\/produkt\/zweistufiger-hocker-fuer-kinder-doppelter-kleinkind-tritthocker-fuer-toepfchentraining-kueche-badezimmer-wc-hocker-mit-anti-rutsch-streifen-fuer-sicherheit-breiter-schritt-1-packung-blau\/#primaryimage","url":"https:\/\/m.media-amazon.com\/images\/I\/41MVgtbJlmL._SL500_.jpg","contentUrl":"https:\/\/m.media-amazon.com\/images\/I\/41MVgtbJlmL._SL500_.jpg","width":500,"height":500},{"@type":"BreadcrumbList","@id":"https:\/\/marktxxl.de\/markt\/produkt\/zweistufiger-hocker-fuer-kinder-doppelter-kleinkind-tritthocker-fuer-toepfchentraining-kueche-badezimmer-wc-hocker-mit-anti-rutsch-streifen-fuer-sicherheit-breiter-schritt-1-packung-blau\/#breadcrumb","itemListElement":[{"@type":"ListItem","position":1,"name":"Startseite","item":"https:\/\/marktxxl.de\/markt\/"},{"@type":"ListItem","position":2,"name":"Markt","item":"https:\/\/marktxxl.de\/markt\/"},{"@type":"ListItem","position":3,"name":"Zweistufiger Hocker f\u00fcr Kinder, doppelter Kleinkind-Tritthocker f\u00fcr T\u00f6pfchentraining, K\u00fcche, Badezimmer, WC-Hocker mit\u2026"}]},{"@type":"WebSite","@id":"https:\/\/marktxxl.de\/markt\/#website","url":"https:\/\/marktxxl.de\/markt\/","name":"Markt-XXL","description":"Ihr Markt Online","publisher":{"@id":"https:\/\/marktxxl.de\/markt\/#organization"},"potentialAction":[{"@type":"SearchAction","target":{"@type":"EntryPoint","urlTemplate":"https:\/\/marktxxl.de\/markt\/?s={search_term_string}"},"query-input":{"@type":"PropertyValueSpecification","valueRequired":true,"valueName":"search_term_string"}}],"inLanguage":"de"},{"@type":"Organization","@id":"https:\/\/marktxxl.de\/markt\/#organization","name":"Markt-XXL","url":"https:\/\/marktxxl.de\/markt\/","logo":{"@type":"ImageObject","inLanguage":"de","@id":"https:\/\/marktxxl.de\/markt\/#\/schema\/logo\/image\/","url":"https:\/\/marktxxl.de\/markt\/wp-content\/uploads\/sites\/3\/2020\/12\/logo.png","contentUrl":"https:\/\/marktxxl.de\/markt\/wp-content\/uploads\/sites\/3\/2020\/12\/logo.png","width":200,"height":70,"caption":"Markt-XXL"},"image":{"@id":"https:\/\/marktxxl.de\/markt\/#\/schema\/logo\/image\/"}}]}},"_links":{"self":[{"href":"https:\/\/marktxxl.de\/markt\/wp-json\/wp\/v2\/product\/185300","targetHints":{"allow":["GET"]}}],"collection":[{"href":"https:\/\/marktxxl.de\/markt\/wp-json\/wp\/v2\/product"}],"about":[{"href":"https:\/\/marktxxl.de\/markt\/wp-json\/wp\/v2\/types\/product"}],"replies":[{"embeddable":true,"href":"https:\/\/marktxxl.de\/markt\/wp-json\/wp\/v2\/comments?post=185300"}],"wp:featuredmedia":[{"embeddable":true,"href":"https:\/\/marktxxl.de\/markt\/wp-json\/wp\/v2\/media\/185301"}],"wp:attachment":[{"href":"https:\/\/marktxxl.de\/markt\/wp-json\/wp\/v2\/media?parent=185300"}],"wp:term":[{"taxonomy":"product_brand","embeddable":true,"href":"https:\/\/marktxxl.de\/markt\/wp-json\/wp\/v2\/product_brand?post=185300"},{"taxonomy":"product_cat","embeddable":true,"href":"https:\/\/marktxxl.de\/markt\/wp-json\/wp\/v2\/product_cat?post=185300"},{"taxonomy":"product_tag","embeddable":true,"href":"https:\/\/marktxxl.de\/markt\/wp-json\/wp\/v2\/product_tag?post=185300"}],"curies":[{"name":"wp","href":"https:\/\/api.w.org\/{rel}","templated":true}]}}