{"id":185161,"date":"2023-02-08T22:16:24","date_gmt":"2023-02-08T21:16:24","guid":{"rendered":"https:\/\/marktxxl.de\/markt\/produkt\/kesser-cruiser-kinderanhaenger-fahrradanhaenger-360-drehbar-mit-federung-2in1-joggerfunktion-kinderfahrradanhaenger-5-punkt-sicherheitsgurt-jogger-fahrrad-anhaenger-fuer-1-bis-2-kinder\/"},"modified":"2023-04-11T05:16:30","modified_gmt":"2023-04-11T03:16:30","slug":"kesser-cruiser-kinderanhaenger-fahrradanhaenger-360-drehbar-mit-federung-2in1-joggerfunktion-kinderfahrradanhaenger-5-punkt-sicherheitsgurt-jogger-fahrrad-anhaenger-fuer-1-bis-2-kinder","status":"publish","type":"product","link":"https:\/\/marktxxl.de\/markt\/produkt\/kesser-cruiser-kinderanhaenger-fahrradanhaenger-360-drehbar-mit-federung-2in1-joggerfunktion-kinderfahrradanhaenger-5-punkt-sicherheitsgurt-jogger-fahrrad-anhaenger-fuer-1-bis-2-kinder\/","title":{"rendered":"KESSER\u00ae Cruiser Kinderanh\u00e4nger Fahrradanh\u00e4nger 360\u00b0 Drehbar mit Federung 2in1 Joggerfunktion Kinderfahrradanh\u00e4nger + 5\u2026"},"content":{"rendered":"<p>\ud835\udc05\ud835\udc0b\ud835\udc04\ud835\udc17\ud835\udc08\ud835\udc01\ud835\udc04\ud835\udc0b \ud835\udc03\ud835\udc00\ud835\udc0d\ud835\udc0a \ud835\udfd0 \ud835\udc08\ud835\udc0d \ud835\udfcf: Ohne komplizierte Umbauten oder Werkzeug wird der Anh\u00e4nger durch ein einfaches Splint-System zum Jogger! Ausgestattet mit zwei praktischen Seitentaschen hat Babys Spielzeug, das Fl\u00e4schchen und kleine Snacks gen\u00fcgend Platz und Sie die H\u00e4nde frei. Dank der hochwertigen, robusten und stabilen Dual-Federung kann Ihr Kind selig tr\u00e4umen und schlummern.<br \/>\n\ud835\udc12\ud835\udc08\ud835\udc02\ud835\udc07\ud835\udc04\ud835\udc11\ud835\udc07\ud835\udc04\ud835\udc08\ud835\udc13: Sicher angeschnallt mit dem 5-Punkt Gurt auf der ergonomischen Sitzfl\u00e4che im Innenraum kann es los gehen. Reflektoren und eine abnehmbare Warnfahne machen Sie bei D\u00e4mmerung oder schlechtem Wetter im Verkehr sichtbar. Eine gut bedienbare Handbremse und die Feststellbremse verhindern das Wegrollen. Das 360 Grad schwenkbare Vorderrad bietet optimale Flexibilit\u00e4t. Eine Aufr\u00fcstung durch ein entsprechendes R\u00fccklicht sorgt f\u00fcr eine StVO-Zulassung.<br \/>\n\ud835\udc00\ud835\udc0b\ud835\udc0b\ud835\udc11\ud835\udc0e\ud835\udc14\ud835\udc0d\ud835\udc03\ud835\udc04\ud835\udc11: Eine Universalkupplung an Ihrem Anh\u00e4nger eignet sich f\u00fcr die meisten g\u00e4ngigen Fahrr\u00e4der. Verwendet als Fahrradanh\u00e4nger oder Kinderbuggy k\u00f6nnen Sie tolle Ausfl\u00fcge in den Zoo oder zu den Gro\u00dfeltern unternehmen, ein Picknick im Park machen, zur KITA fahren, neue Fahrradrouten entdecken und ausprobieren, einfach mal nur Eink\u00e4ufe transportieren oder auch Ihren Vierbeiner ausfahren. Die luxuri\u00f6se Babykutsche von KESSER punktet gleich mehrfach.<br \/>\n\ud835\udc0a\ud835\udc0e\ud835\udc0c\ud835\udc05\ud835\udc0e\ud835\udc11\ud835\udc13\ud835\udc00\ud835\udc01\ud835\udc0b\ud835\udc04\ud835\udc12 \ud835\udc11\ud835\udc00\ud835\udc14\ud835\udc0c\ud835\udc16\ud835\udc14\ud835\udc0d\ud835\udc03\ud835\udc04\ud835\udc11: Das Fliegengitter h\u00e4lt l\u00e4stige Insekten ab und sorgt f\u00fcr frischen Fahrtwind. Aufrollbare Kunststoffplanen bei Regenwetter und get\u00f6nte Kunststoffplanen bei Sonneneinstrahlung sch\u00fctzen Ihren Racker vor Umwelteinfl\u00fcssen. Der gro\u00dfz\u00fcgige Innen &#8211; und Fu\u00dfraum des zusammenklappbaren Minitransporters und die Belastbarkeit bis 40 kg machen den Anh\u00e4nger auch f\u00fcr Zwillinge perfekt! Ab 18 Monaten finden gleich Kinder Platz in Ihrem Transporter.<br \/>\n\ud835\udc12\ud835\udc02\ud835\udc07\ud835\udc08\ud835\udc02\ud835\udc0a \ud835\udc14\ud835\udc0d\ud835\udc03 \ud835\udc05\ud835\udc14\ud835\udc0d\ud835\udc0a\ud835\udc13\ud835\udc08\ud835\udc0e\ud835\udc0d\ud835\udc00\ud835\udc0b: Das sportlich-schicke Design macht aus dem hochwertigen und edlen Jogger einen absoluten Hingucker und l\u00e4sst jedes Elternherz h\u00f6herschlagen. Sie werden Ihren, aus Premium Qualit\u00e4t hergestellten Kinderfahrradanh\u00e4nger nicht mehr hergeben wollen! Ben\u00f6tigen Sie Platz, l\u00e4sst sich der Radanh\u00e4nger einfach und sicher zusammenklappen und nimmt nur noch wenig Raum in Anspruch.<br \/>\n<div class=\"main-cross-sell\" data-asin=\"B0BSH1H592\">\n\n\t<div class=\"WooZone-cross-sell-loader\">\n\t\t<div>\n\t\t\t<div id=\"floatingBarsG\">\n\t\t\t\t<div class=\"blockG\" id=\"rotateG_01\"><\/div>\n\t\t\t\t<div class=\"blockG\" id=\"rotateG_02\"><\/div>\n\t\t\t\t<div class=\"blockG\" id=\"rotateG_03\"><\/div>\n\t\t\t\t<div class=\"blockG\" id=\"rotateG_04\"><\/div>\n\t\t\t\t<div class=\"blockG\" id=\"rotateG_05\"><\/div>\n\t\t\t\t<div class=\"blockG\" id=\"rotateG_06\"><\/div>\n\t\t\t\t<div class=\"blockG\" id=\"rotateG_07\"><\/div>\n\t\t\t\t<div class=\"blockG\" id=\"rotateG_08\"><\/div>\n\t\t\t<\/div>\n\t\t\t<div class=\"WooZone-cross-sell-loader-text\"><\/div>\n\t\t<\/div>\n\t<\/div>\n\n\t\t\n<\/div>\n<div style=\"clear:both;\"><\/div><\/p>\n","protected":false},"excerpt":{"rendered":"<p>\ud835\udc05\ud835\udc0b\ud835\udc04\ud835\udc17\ud835\udc08\ud835\udc01\ud835\udc04\ud835\udc0b \ud835\udc03\ud835\udc00\ud835\udc0d\ud835\udc0a \ud835\udfd0 \ud835\udc08\ud835\udc0d \ud835\udfcf: Ohne komplizierte Umbauten oder Werkzeug wird der Anh\u00e4nger durch ein einfaches Splint-System zum Jogger! Ausgestattet mit zwei praktischen Seitentaschen hat Babys Spielzeug, das Fl\u00e4schchen und kleine Snacks gen\u00fcgend Platz und Sie die H\u00e4nde frei. Dank der hochwertigen, robusten und stabilen Dual-Federung kann Ihr Kind selig tr\u00e4umen und schlummern.<br \/>\n\ud835\udc12\ud835\udc08\ud835\udc02\ud835\udc07\ud835\udc04\ud835\udc11\ud835\udc07\ud835\udc04\ud835\udc08\ud835\udc13: Sicher angeschnallt mit dem 5-Punkt Gurt auf der ergonomischen Sitzfl\u00e4che im Innenraum kann es los gehen. Reflektoren und eine abnehmbare Warnfahne machen Sie bei D\u00e4mmerung oder schlechtem Wetter im Verkehr sichtbar. Eine gut bedienbare Handbremse und die Feststellbremse verhindern das Wegrollen. Das 360 Grad schwenkbare Vorderrad bietet optimale Flexibilit\u00e4t. Eine Aufr\u00fcstung durch ein entsprechendes R\u00fccklicht sorgt f\u00fcr eine StVO-Zulassung.<br \/>\n\ud835\udc00\ud835\udc0b\ud835\udc0b\ud835\udc11\ud835\udc0e\ud835\udc14\ud835\udc0d\ud835\udc03\ud835\udc04\ud835\udc11: Eine Universalkupplung an Ihrem Anh\u00e4nger eignet sich f\u00fcr die meisten g\u00e4ngigen Fahrr\u00e4der. Verwendet als Fahrradanh\u00e4nger oder Kinderbuggy k\u00f6nnen Sie tolle Ausfl\u00fcge in den Zoo oder zu den Gro\u00dfeltern unternehmen, ein Picknick im Park machen, zur KITA fahren, neue Fahrradrouten entdecken und ausprobieren, einfach mal nur Eink\u00e4ufe transportieren oder auch Ihren Vierbeiner ausfahren. Die luxuri\u00f6se Babykutsche von KESSER punktet gleich mehrfach.<\/p>\n","protected":false},"featured_media":185162,"comment_status":"open","ping_status":"closed","template":"","meta":[],"product_brand":[],"product_cat":[21,9245],"product_tag":[],"class_list":{"0":"post-185161","1":"product","2":"type-product","3":"status-publish","4":"has-post-thumbnail","6":"product_cat-baby","7":"product_cat-fahrradanhaenger-zubehoer-baby","8":"pa_brand-kesser","9":"pa_manufacturer-kesser","11":"first","12":"instock","13":"shipping-taxable","14":"purchasable","15":"product-type-simple","16":"customify-col","17":"product-has-gallery"},"yoast_head":"<!-- This site is optimized with the Yoast SEO plugin v27.4 - https:\/\/yoast.com\/product\/yoast-seo-wordpress\/ -->\n<title>KESSER\u00ae Cruiser Kinderanh\u00e4nger Fahrradanh\u00e4nger 360\u00b0 Drehbar mit Federung 2in1 Joggerfunktion Kinderfahrradanh\u00e4nger + 5\u2026 - Markt-XXL<\/title>\n<meta name=\"description\" content=\"Markt-XXL KESSER\u00ae Cruiser Kinderanh\u00e4nger Fahrradanh\u00e4nger 360\u00b0 Drehbar mit Federung 2in1 Joggerfunktion Kinderfahrradanh\u00e4nger + 5\u2026\" \/>\n<meta name=\"robots\" content=\"index, follow, max-snippet:-1, max-image-preview:large, max-video-preview:-1\" \/>\n<link rel=\"canonical\" href=\"https:\/\/marktxxl.de\/markt\/produkt\/kesser-cruiser-kinderanhaenger-fahrradanhaenger-360-drehbar-mit-federung-2in1-joggerfunktion-kinderfahrradanhaenger-5-punkt-sicherheitsgurt-jogger-fahrrad-anhaenger-fuer-1-bis-2-kinder\/\" \/>\n<meta property=\"og:locale\" content=\"de_DE\" \/>\n<meta property=\"og:type\" content=\"article\" \/>\n<meta property=\"og:title\" content=\"KESSER\u00ae Cruiser Kinderanh\u00e4nger Fahrradanh\u00e4nger 360\u00b0 Drehbar mit Federung 2in1 Joggerfunktion Kinderfahrradanh\u00e4nger + 5\u2026 - Markt-XXL\" \/>\n<meta property=\"og:description\" content=\"Markt-XXL KESSER\u00ae Cruiser Kinderanh\u00e4nger Fahrradanh\u00e4nger 360\u00b0 Drehbar mit Federung 2in1 Joggerfunktion Kinderfahrradanh\u00e4nger + 5\u2026\" \/>\n<meta property=\"og:url\" content=\"https:\/\/marktxxl.de\/markt\/produkt\/kesser-cruiser-kinderanhaenger-fahrradanhaenger-360-drehbar-mit-federung-2in1-joggerfunktion-kinderfahrradanhaenger-5-punkt-sicherheitsgurt-jogger-fahrrad-anhaenger-fuer-1-bis-2-kinder\/\" \/>\n<meta property=\"og:site_name\" content=\"Markt-XXL\" \/>\n<meta property=\"article:modified_time\" content=\"2023-04-11T03:16:30+00:00\" \/>\n<meta property=\"og:image\" content=\"https:\/\/m.media-amazon.com\/images\/I\/51CH1GFtFFL._SL500_.jpg\" \/>\n\t<meta property=\"og:image:width\" content=\"500\" \/>\n\t<meta property=\"og:image:height\" content=\"500\" \/>\n\t<meta property=\"og:image:type\" content=\"image\/jpeg\" \/>\n<meta name=\"twitter:card\" content=\"summary_large_image\" \/>\n<meta name=\"twitter:label1\" content=\"Gesch\u00e4tzte Lesezeit\" \/>\n\t<meta name=\"twitter:data1\" content=\"2\u00a0Minuten\" \/>\n<script type=\"application\/ld+json\" class=\"yoast-schema-graph\">{\"@context\":\"https:\\\/\\\/schema.org\",\"@graph\":[{\"@type\":\"WebPage\",\"@id\":\"https:\\\/\\\/marktxxl.de\\\/markt\\\/produkt\\\/kesser-cruiser-kinderanhaenger-fahrradanhaenger-360-drehbar-mit-federung-2in1-joggerfunktion-kinderfahrradanhaenger-5-punkt-sicherheitsgurt-jogger-fahrrad-anhaenger-fuer-1-bis-2-kinder\\\/\",\"url\":\"https:\\\/\\\/marktxxl.de\\\/markt\\\/produkt\\\/kesser-cruiser-kinderanhaenger-fahrradanhaenger-360-drehbar-mit-federung-2in1-joggerfunktion-kinderfahrradanhaenger-5-punkt-sicherheitsgurt-jogger-fahrrad-anhaenger-fuer-1-bis-2-kinder\\\/\",\"name\":\"KESSER\u00ae Cruiser Kinderanh\u00e4nger Fahrradanh\u00e4nger 360\u00b0 Drehbar mit Federung 2in1 Joggerfunktion Kinderfahrradanh\u00e4nger + 5\u2026 - Markt-XXL\",\"isPartOf\":{\"@id\":\"https:\\\/\\\/marktxxl.de\\\/markt\\\/#website\"},\"primaryImageOfPage\":{\"@id\":\"https:\\\/\\\/marktxxl.de\\\/markt\\\/produkt\\\/kesser-cruiser-kinderanhaenger-fahrradanhaenger-360-drehbar-mit-federung-2in1-joggerfunktion-kinderfahrradanhaenger-5-punkt-sicherheitsgurt-jogger-fahrrad-anhaenger-fuer-1-bis-2-kinder\\\/#primaryimage\"},\"image\":{\"@id\":\"https:\\\/\\\/marktxxl.de\\\/markt\\\/produkt\\\/kesser-cruiser-kinderanhaenger-fahrradanhaenger-360-drehbar-mit-federung-2in1-joggerfunktion-kinderfahrradanhaenger-5-punkt-sicherheitsgurt-jogger-fahrrad-anhaenger-fuer-1-bis-2-kinder\\\/#primaryimage\"},\"thumbnailUrl\":\"https:\\\/\\\/m.media-amazon.com\\\/images\\\/I\\\/51CH1GFtFFL._SL500_.jpg\",\"datePublished\":\"2023-02-08T21:16:24+00:00\",\"dateModified\":\"2023-04-11T03:16:30+00:00\",\"description\":\"Markt-XXL KESSER\u00ae Cruiser Kinderanh\u00e4nger Fahrradanh\u00e4nger 360\u00b0 Drehbar mit Federung 2in1 Joggerfunktion Kinderfahrradanh\u00e4nger + 5\u2026\",\"breadcrumb\":{\"@id\":\"https:\\\/\\\/marktxxl.de\\\/markt\\\/produkt\\\/kesser-cruiser-kinderanhaenger-fahrradanhaenger-360-drehbar-mit-federung-2in1-joggerfunktion-kinderfahrradanhaenger-5-punkt-sicherheitsgurt-jogger-fahrrad-anhaenger-fuer-1-bis-2-kinder\\\/#breadcrumb\"},\"inLanguage\":\"de\",\"potentialAction\":[{\"@type\":\"ReadAction\",\"target\":[\"https:\\\/\\\/marktxxl.de\\\/markt\\\/produkt\\\/kesser-cruiser-kinderanhaenger-fahrradanhaenger-360-drehbar-mit-federung-2in1-joggerfunktion-kinderfahrradanhaenger-5-punkt-sicherheitsgurt-jogger-fahrrad-anhaenger-fuer-1-bis-2-kinder\\\/\"]}]},{\"@type\":\"ImageObject\",\"inLanguage\":\"de\",\"@id\":\"https:\\\/\\\/marktxxl.de\\\/markt\\\/produkt\\\/kesser-cruiser-kinderanhaenger-fahrradanhaenger-360-drehbar-mit-federung-2in1-joggerfunktion-kinderfahrradanhaenger-5-punkt-sicherheitsgurt-jogger-fahrrad-anhaenger-fuer-1-bis-2-kinder\\\/#primaryimage\",\"url\":\"https:\\\/\\\/m.media-amazon.com\\\/images\\\/I\\\/51CH1GFtFFL._SL500_.jpg\",\"contentUrl\":\"https:\\\/\\\/m.media-amazon.com\\\/images\\\/I\\\/51CH1GFtFFL._SL500_.jpg\",\"width\":500,\"height\":500},{\"@type\":\"BreadcrumbList\",\"@id\":\"https:\\\/\\\/marktxxl.de\\\/markt\\\/produkt\\\/kesser-cruiser-kinderanhaenger-fahrradanhaenger-360-drehbar-mit-federung-2in1-joggerfunktion-kinderfahrradanhaenger-5-punkt-sicherheitsgurt-jogger-fahrrad-anhaenger-fuer-1-bis-2-kinder\\\/#breadcrumb\",\"itemListElement\":[{\"@type\":\"ListItem\",\"position\":1,\"name\":\"Startseite\",\"item\":\"https:\\\/\\\/marktxxl.de\\\/markt\\\/\"},{\"@type\":\"ListItem\",\"position\":2,\"name\":\"Markt\",\"item\":\"https:\\\/\\\/marktxxl.de\\\/markt\\\/\"},{\"@type\":\"ListItem\",\"position\":3,\"name\":\"KESSER\u00ae Cruiser Kinderanh\u00e4nger Fahrradanh\u00e4nger 360\u00b0 Drehbar mit Federung 2in1 Joggerfunktion Kinderfahrradanh\u00e4nger + 5\u2026\"}]},{\"@type\":\"WebSite\",\"@id\":\"https:\\\/\\\/marktxxl.de\\\/markt\\\/#website\",\"url\":\"https:\\\/\\\/marktxxl.de\\\/markt\\\/\",\"name\":\"Markt-XXL\",\"description\":\"Ihr Markt Online\",\"publisher\":{\"@id\":\"https:\\\/\\\/marktxxl.de\\\/markt\\\/#organization\"},\"potentialAction\":[{\"@type\":\"SearchAction\",\"target\":{\"@type\":\"EntryPoint\",\"urlTemplate\":\"https:\\\/\\\/marktxxl.de\\\/markt\\\/?s={search_term_string}\"},\"query-input\":{\"@type\":\"PropertyValueSpecification\",\"valueRequired\":true,\"valueName\":\"search_term_string\"}}],\"inLanguage\":\"de\"},{\"@type\":\"Organization\",\"@id\":\"https:\\\/\\\/marktxxl.de\\\/markt\\\/#organization\",\"name\":\"Markt-XXL\",\"url\":\"https:\\\/\\\/marktxxl.de\\\/markt\\\/\",\"logo\":{\"@type\":\"ImageObject\",\"inLanguage\":\"de\",\"@id\":\"https:\\\/\\\/marktxxl.de\\\/markt\\\/#\\\/schema\\\/logo\\\/image\\\/\",\"url\":\"https:\\\/\\\/marktxxl.de\\\/markt\\\/wp-content\\\/uploads\\\/sites\\\/3\\\/2020\\\/12\\\/logo.png\",\"contentUrl\":\"https:\\\/\\\/marktxxl.de\\\/markt\\\/wp-content\\\/uploads\\\/sites\\\/3\\\/2020\\\/12\\\/logo.png\",\"width\":200,\"height\":70,\"caption\":\"Markt-XXL\"},\"image\":{\"@id\":\"https:\\\/\\\/marktxxl.de\\\/markt\\\/#\\\/schema\\\/logo\\\/image\\\/\"}}]}<\/script>\n<!-- \/ Yoast SEO plugin. -->","yoast_head_json":{"title":"KESSER\u00ae Cruiser Kinderanh\u00e4nger Fahrradanh\u00e4nger 360\u00b0 Drehbar mit Federung 2in1 Joggerfunktion Kinderfahrradanh\u00e4nger + 5\u2026 - Markt-XXL","description":"Markt-XXL KESSER\u00ae Cruiser Kinderanh\u00e4nger Fahrradanh\u00e4nger 360\u00b0 Drehbar mit Federung 2in1 Joggerfunktion Kinderfahrradanh\u00e4nger + 5\u2026","robots":{"index":"index","follow":"follow","max-snippet":"max-snippet:-1","max-image-preview":"max-image-preview:large","max-video-preview":"max-video-preview:-1"},"canonical":"https:\/\/marktxxl.de\/markt\/produkt\/kesser-cruiser-kinderanhaenger-fahrradanhaenger-360-drehbar-mit-federung-2in1-joggerfunktion-kinderfahrradanhaenger-5-punkt-sicherheitsgurt-jogger-fahrrad-anhaenger-fuer-1-bis-2-kinder\/","og_locale":"de_DE","og_type":"article","og_title":"KESSER\u00ae Cruiser Kinderanh\u00e4nger Fahrradanh\u00e4nger 360\u00b0 Drehbar mit Federung 2in1 Joggerfunktion Kinderfahrradanh\u00e4nger + 5\u2026 - Markt-XXL","og_description":"Markt-XXL KESSER\u00ae Cruiser Kinderanh\u00e4nger Fahrradanh\u00e4nger 360\u00b0 Drehbar mit Federung 2in1 Joggerfunktion Kinderfahrradanh\u00e4nger + 5\u2026","og_url":"https:\/\/marktxxl.de\/markt\/produkt\/kesser-cruiser-kinderanhaenger-fahrradanhaenger-360-drehbar-mit-federung-2in1-joggerfunktion-kinderfahrradanhaenger-5-punkt-sicherheitsgurt-jogger-fahrrad-anhaenger-fuer-1-bis-2-kinder\/","og_site_name":"Markt-XXL","article_modified_time":"2023-04-11T03:16:30+00:00","og_image":[{"width":500,"height":500,"url":"https:\/\/m.media-amazon.com\/images\/I\/51CH1GFtFFL._SL500_.jpg","type":"image\/jpeg"}],"twitter_card":"summary_large_image","twitter_misc":{"Gesch\u00e4tzte Lesezeit":"2\u00a0Minuten"},"schema":{"@context":"https:\/\/schema.org","@graph":[{"@type":"WebPage","@id":"https:\/\/marktxxl.de\/markt\/produkt\/kesser-cruiser-kinderanhaenger-fahrradanhaenger-360-drehbar-mit-federung-2in1-joggerfunktion-kinderfahrradanhaenger-5-punkt-sicherheitsgurt-jogger-fahrrad-anhaenger-fuer-1-bis-2-kinder\/","url":"https:\/\/marktxxl.de\/markt\/produkt\/kesser-cruiser-kinderanhaenger-fahrradanhaenger-360-drehbar-mit-federung-2in1-joggerfunktion-kinderfahrradanhaenger-5-punkt-sicherheitsgurt-jogger-fahrrad-anhaenger-fuer-1-bis-2-kinder\/","name":"KESSER\u00ae Cruiser Kinderanh\u00e4nger Fahrradanh\u00e4nger 360\u00b0 Drehbar mit Federung 2in1 Joggerfunktion Kinderfahrradanh\u00e4nger + 5\u2026 - Markt-XXL","isPartOf":{"@id":"https:\/\/marktxxl.de\/markt\/#website"},"primaryImageOfPage":{"@id":"https:\/\/marktxxl.de\/markt\/produkt\/kesser-cruiser-kinderanhaenger-fahrradanhaenger-360-drehbar-mit-federung-2in1-joggerfunktion-kinderfahrradanhaenger-5-punkt-sicherheitsgurt-jogger-fahrrad-anhaenger-fuer-1-bis-2-kinder\/#primaryimage"},"image":{"@id":"https:\/\/marktxxl.de\/markt\/produkt\/kesser-cruiser-kinderanhaenger-fahrradanhaenger-360-drehbar-mit-federung-2in1-joggerfunktion-kinderfahrradanhaenger-5-punkt-sicherheitsgurt-jogger-fahrrad-anhaenger-fuer-1-bis-2-kinder\/#primaryimage"},"thumbnailUrl":"https:\/\/m.media-amazon.com\/images\/I\/51CH1GFtFFL._SL500_.jpg","datePublished":"2023-02-08T21:16:24+00:00","dateModified":"2023-04-11T03:16:30+00:00","description":"Markt-XXL KESSER\u00ae Cruiser Kinderanh\u00e4nger Fahrradanh\u00e4nger 360\u00b0 Drehbar mit Federung 2in1 Joggerfunktion Kinderfahrradanh\u00e4nger + 5\u2026","breadcrumb":{"@id":"https:\/\/marktxxl.de\/markt\/produkt\/kesser-cruiser-kinderanhaenger-fahrradanhaenger-360-drehbar-mit-federung-2in1-joggerfunktion-kinderfahrradanhaenger-5-punkt-sicherheitsgurt-jogger-fahrrad-anhaenger-fuer-1-bis-2-kinder\/#breadcrumb"},"inLanguage":"de","potentialAction":[{"@type":"ReadAction","target":["https:\/\/marktxxl.de\/markt\/produkt\/kesser-cruiser-kinderanhaenger-fahrradanhaenger-360-drehbar-mit-federung-2in1-joggerfunktion-kinderfahrradanhaenger-5-punkt-sicherheitsgurt-jogger-fahrrad-anhaenger-fuer-1-bis-2-kinder\/"]}]},{"@type":"ImageObject","inLanguage":"de","@id":"https:\/\/marktxxl.de\/markt\/produkt\/kesser-cruiser-kinderanhaenger-fahrradanhaenger-360-drehbar-mit-federung-2in1-joggerfunktion-kinderfahrradanhaenger-5-punkt-sicherheitsgurt-jogger-fahrrad-anhaenger-fuer-1-bis-2-kinder\/#primaryimage","url":"https:\/\/m.media-amazon.com\/images\/I\/51CH1GFtFFL._SL500_.jpg","contentUrl":"https:\/\/m.media-amazon.com\/images\/I\/51CH1GFtFFL._SL500_.jpg","width":500,"height":500},{"@type":"BreadcrumbList","@id":"https:\/\/marktxxl.de\/markt\/produkt\/kesser-cruiser-kinderanhaenger-fahrradanhaenger-360-drehbar-mit-federung-2in1-joggerfunktion-kinderfahrradanhaenger-5-punkt-sicherheitsgurt-jogger-fahrrad-anhaenger-fuer-1-bis-2-kinder\/#breadcrumb","itemListElement":[{"@type":"ListItem","position":1,"name":"Startseite","item":"https:\/\/marktxxl.de\/markt\/"},{"@type":"ListItem","position":2,"name":"Markt","item":"https:\/\/marktxxl.de\/markt\/"},{"@type":"ListItem","position":3,"name":"KESSER\u00ae Cruiser Kinderanh\u00e4nger Fahrradanh\u00e4nger 360\u00b0 Drehbar mit Federung 2in1 Joggerfunktion Kinderfahrradanh\u00e4nger + 5\u2026"}]},{"@type":"WebSite","@id":"https:\/\/marktxxl.de\/markt\/#website","url":"https:\/\/marktxxl.de\/markt\/","name":"Markt-XXL","description":"Ihr Markt Online","publisher":{"@id":"https:\/\/marktxxl.de\/markt\/#organization"},"potentialAction":[{"@type":"SearchAction","target":{"@type":"EntryPoint","urlTemplate":"https:\/\/marktxxl.de\/markt\/?s={search_term_string}"},"query-input":{"@type":"PropertyValueSpecification","valueRequired":true,"valueName":"search_term_string"}}],"inLanguage":"de"},{"@type":"Organization","@id":"https:\/\/marktxxl.de\/markt\/#organization","name":"Markt-XXL","url":"https:\/\/marktxxl.de\/markt\/","logo":{"@type":"ImageObject","inLanguage":"de","@id":"https:\/\/marktxxl.de\/markt\/#\/schema\/logo\/image\/","url":"https:\/\/marktxxl.de\/markt\/wp-content\/uploads\/sites\/3\/2020\/12\/logo.png","contentUrl":"https:\/\/marktxxl.de\/markt\/wp-content\/uploads\/sites\/3\/2020\/12\/logo.png","width":200,"height":70,"caption":"Markt-XXL"},"image":{"@id":"https:\/\/marktxxl.de\/markt\/#\/schema\/logo\/image\/"}}]}},"_links":{"self":[{"href":"https:\/\/marktxxl.de\/markt\/wp-json\/wp\/v2\/product\/185161","targetHints":{"allow":["GET"]}}],"collection":[{"href":"https:\/\/marktxxl.de\/markt\/wp-json\/wp\/v2\/product"}],"about":[{"href":"https:\/\/marktxxl.de\/markt\/wp-json\/wp\/v2\/types\/product"}],"replies":[{"embeddable":true,"href":"https:\/\/marktxxl.de\/markt\/wp-json\/wp\/v2\/comments?post=185161"}],"wp:featuredmedia":[{"embeddable":true,"href":"https:\/\/marktxxl.de\/markt\/wp-json\/wp\/v2\/media\/185162"}],"wp:attachment":[{"href":"https:\/\/marktxxl.de\/markt\/wp-json\/wp\/v2\/media?parent=185161"}],"wp:term":[{"taxonomy":"product_brand","embeddable":true,"href":"https:\/\/marktxxl.de\/markt\/wp-json\/wp\/v2\/product_brand?post=185161"},{"taxonomy":"product_cat","embeddable":true,"href":"https:\/\/marktxxl.de\/markt\/wp-json\/wp\/v2\/product_cat?post=185161"},{"taxonomy":"product_tag","embeddable":true,"href":"https:\/\/marktxxl.de\/markt\/wp-json\/wp\/v2\/product_tag?post=185161"}],"curies":[{"name":"wp","href":"https:\/\/api.w.org\/{rel}","templated":true}]}}