{"id":185086,"date":"2023-02-08T21:16:37","date_gmt":"2023-02-08T20:16:37","guid":{"rendered":"https:\/\/marktxxl.de\/markt\/produkt\/keababies-baby-kapuzenhandtuch-bambus-babyhandtuch-bio-bambushandtuch-saeuglingstuecher-grosses-bambus-kapuzenhandtuch-baby-badetuecher-mit-kapuze-fuer-babys-neugeborene-kleinkinder\/"},"modified":"2023-04-11T05:16:29","modified_gmt":"2023-04-11T03:16:29","slug":"keababies-baby-kapuzenhandtuch-bambus-babyhandtuch-bio-bambushandtuch-saeuglingstuecher-grosses-bambus-kapuzenhandtuch-baby-badetuecher-mit-kapuze-fuer-babys-neugeborene-kleinkinder","status":"publish","type":"product","link":"https:\/\/marktxxl.de\/markt\/produkt\/keababies-baby-kapuzenhandtuch-bambus-babyhandtuch-bio-bambushandtuch-saeuglingstuecher-grosses-bambus-kapuzenhandtuch-baby-badetuecher-mit-kapuze-fuer-babys-neugeborene-kleinkinder\/","title":{"rendered":"KeaBabies Baby-Kapuzenhandtuch &#8211; Bambus-Babyhandtuch Bio-Bambushandtuch &#8211; S\u00e4uglingst\u00fccher &#8211; Gro\u00dfes Bambus\u2026"},"content":{"rendered":"<p>Gro\u00dfe und lang anhaltende Kapuze Bambus Baby Badetuch &#8211; Pr\u00e4sentieren Sie Ihnen ein weiches und langlebiges Handtuch, das mit Ihrem Baby w\u00e4chst. KeaBabies Hooded Baby Handtuch ist 89cm x 89cm gro\u00df, gro\u00df genug, um von der neugeborenen B\u00fchne bis zum Alter von 6 Jahren zu verwenden.<br \/>\nDreimal die Absorptionsf\u00e4higkeit \u00a0&#8211; Bambusmaterial ist super absorbierend. Unser Baby Haubenhandtuch nimmt Wasser dreimal schneller auf als Baumwoll-Babyt\u00fccher, sodass es immer frisch und gebrauchsfertig ist. Es ist maschinenwaschbar und trocknerfreundlich, perfekt f\u00fcr gesch\u00e4ftige Eltern. Langlebig, getestet, um \u00fcber 1.000 W\u00e4schen standzuhalten.<br \/>\nExtra dick und \u00fcppig &#8211; Hergestellt mit Premium 500GSM Fadenzahl Bambusfaser, unser Kapuzenhandtuch bietet \u00fcppige Dicke und extra Flauschigkeit. Der handverlesene nat\u00fcrliche Bambus f\u00fchlt sich ultra-weich an.<br \/>\nSanft auf empfindlicher Haut &#8211; Das nat\u00fcrliche Bambusfasermaterial sch\u00fctzt die empfindliche Haut Ihres Babys. Es ist sicher und geeignet f\u00fcr alle Hautzust\u00e4nde &#8211; auch die empfindlichsten.<br \/>\nSuper Adorable Design &#8211; Jede Badezeit ist ein Abenteuer mit unserem Kapuzenhandtuch. Genie\u00dfen Sie mehr Spa\u00df mit den bezaubernden Drucke und Tierohren. Wickeln Sie sie nach jedem Bad warm und machen Sie viele Bilder. Es macht ein tolles Geschenk mit seiner schicken nachhaltigen Box.<br \/>\n<div class=\"main-cross-sell\" data-asin=\"B0BF8KNP7T\">\n\n\t<div class=\"WooZone-cross-sell-loader\">\n\t\t<div>\n\t\t\t<div id=\"floatingBarsG\">\n\t\t\t\t<div class=\"blockG\" id=\"rotateG_01\"><\/div>\n\t\t\t\t<div class=\"blockG\" id=\"rotateG_02\"><\/div>\n\t\t\t\t<div class=\"blockG\" id=\"rotateG_03\"><\/div>\n\t\t\t\t<div class=\"blockG\" id=\"rotateG_04\"><\/div>\n\t\t\t\t<div class=\"blockG\" id=\"rotateG_05\"><\/div>\n\t\t\t\t<div class=\"blockG\" id=\"rotateG_06\"><\/div>\n\t\t\t\t<div class=\"blockG\" id=\"rotateG_07\"><\/div>\n\t\t\t\t<div class=\"blockG\" id=\"rotateG_08\"><\/div>\n\t\t\t<\/div>\n\t\t\t<div class=\"WooZone-cross-sell-loader-text\"><\/div>\n\t\t<\/div>\n\t<\/div>\n\n\t\t\n<\/div>\n<div style=\"clear:both;\"><\/div><\/p>\n","protected":false},"excerpt":{"rendered":"<p>Gro\u00dfe und lang anhaltende Kapuze Bambus Baby Badetuch &#8211; Pr\u00e4sentieren Sie Ihnen ein weiches und langlebiges Handtuch, das mit Ihrem Baby w\u00e4chst. KeaBabies Hooded Baby Handtuch ist 89cm x 89cm gro\u00df, gro\u00df genug, um von der neugeborenen B\u00fchne bis zum Alter von 6 Jahren zu verwenden.<br \/>\nDreimal die Absorptionsf\u00e4higkeit \u00a0&#8211; Bambusmaterial ist super absorbierend. Unser Baby Haubenhandtuch nimmt Wasser dreimal schneller auf als Baumwoll-Babyt\u00fccher, sodass es immer frisch und gebrauchsfertig ist. Es ist maschinenwaschbar und trocknerfreundlich, perfekt f\u00fcr gesch\u00e4ftige Eltern. Langlebig, getestet, um \u00fcber 1.000 W\u00e4schen standzuhalten.<br \/>\nExtra dick und \u00fcppig &#8211; Hergestellt mit Premium 500GSM Fadenzahl Bambusfaser, unser Kapuzenhandtuch bietet \u00fcppige Dicke und extra Flauschigkeit. Der handverlesene nat\u00fcrliche Bambus f\u00fchlt sich ultra-weich an.<\/p>\n","protected":false},"featured_media":185087,"comment_status":"open","ping_status":"closed","template":"","meta":[],"product_brand":[],"product_cat":[21,9009],"product_tag":[],"class_list":{"0":"post-185086","1":"product","2":"type-product","3":"status-publish","4":"has-post-thumbnail","6":"product_cat-baby","7":"product_cat-babypflege-baby","8":"pa_brand-keababies","9":"pa_height-0-1968503935-zoll","10":"pa_length-35-039370043-zoll","11":"pa_manufacturer-keababies","12":"pa_model-keababies","13":"pa_size-89-x-89-cm","14":"pa_width-35-039370043-zoll","16":"first","17":"instock","18":"shipping-taxable","19":"purchasable","20":"product-type-simple","21":"customify-col","22":"product-has-gallery"},"yoast_head":"<!-- This site is optimized with the Yoast SEO plugin v27.3 - https:\/\/yoast.com\/product\/yoast-seo-wordpress\/ -->\n<title>KeaBabies Baby-Kapuzenhandtuch - Bambus-Babyhandtuch Bio-Bambushandtuch - S\u00e4uglingst\u00fccher - Gro\u00dfes Bambus\u2026 - Markt-XXL<\/title>\n<meta name=\"description\" content=\"Markt-XXL KeaBabies Baby-Kapuzenhandtuch - Bambus-Babyhandtuch Bio-Bambushandtuch - S\u00e4uglingst\u00fccher - Gro\u00dfes Bambus\u2026\" \/>\n<meta name=\"robots\" content=\"index, follow, max-snippet:-1, max-image-preview:large, max-video-preview:-1\" \/>\n<link rel=\"canonical\" href=\"https:\/\/marktxxl.de\/markt\/produkt\/keababies-baby-kapuzenhandtuch-bambus-babyhandtuch-bio-bambushandtuch-saeuglingstuecher-grosses-bambus-kapuzenhandtuch-baby-badetuecher-mit-kapuze-fuer-babys-neugeborene-kleinkinder\/\" \/>\n<meta property=\"og:locale\" content=\"de_DE\" \/>\n<meta property=\"og:type\" content=\"article\" \/>\n<meta property=\"og:title\" content=\"KeaBabies Baby-Kapuzenhandtuch - Bambus-Babyhandtuch Bio-Bambushandtuch - S\u00e4uglingst\u00fccher - Gro\u00dfes Bambus\u2026 - Markt-XXL\" \/>\n<meta property=\"og:description\" content=\"Markt-XXL KeaBabies Baby-Kapuzenhandtuch - Bambus-Babyhandtuch Bio-Bambushandtuch - S\u00e4uglingst\u00fccher - Gro\u00dfes Bambus\u2026\" \/>\n<meta property=\"og:url\" content=\"https:\/\/marktxxl.de\/markt\/produkt\/keababies-baby-kapuzenhandtuch-bambus-babyhandtuch-bio-bambushandtuch-saeuglingstuecher-grosses-bambus-kapuzenhandtuch-baby-badetuecher-mit-kapuze-fuer-babys-neugeborene-kleinkinder\/\" \/>\n<meta property=\"og:site_name\" content=\"Markt-XXL\" \/>\n<meta property=\"article:modified_time\" content=\"2023-04-11T03:16:29+00:00\" \/>\n<meta property=\"og:image\" content=\"https:\/\/m.media-amazon.com\/images\/I\/41gquKDYmaS._SL500_.jpg\" \/>\n\t<meta property=\"og:image:width\" content=\"500\" \/>\n\t<meta property=\"og:image:height\" content=\"500\" \/>\n\t<meta property=\"og:image:type\" content=\"image\/jpeg\" \/>\n<meta name=\"twitter:card\" content=\"summary_large_image\" \/>\n<meta name=\"twitter:label1\" content=\"Gesch\u00e4tzte Lesezeit\" \/>\n\t<meta name=\"twitter:data1\" content=\"1\u00a0Minute\" \/>\n<script type=\"application\/ld+json\" class=\"yoast-schema-graph\">{\"@context\":\"https:\\\/\\\/schema.org\",\"@graph\":[{\"@type\":\"WebPage\",\"@id\":\"https:\\\/\\\/marktxxl.de\\\/markt\\\/produkt\\\/keababies-baby-kapuzenhandtuch-bambus-babyhandtuch-bio-bambushandtuch-saeuglingstuecher-grosses-bambus-kapuzenhandtuch-baby-badetuecher-mit-kapuze-fuer-babys-neugeborene-kleinkinder\\\/\",\"url\":\"https:\\\/\\\/marktxxl.de\\\/markt\\\/produkt\\\/keababies-baby-kapuzenhandtuch-bambus-babyhandtuch-bio-bambushandtuch-saeuglingstuecher-grosses-bambus-kapuzenhandtuch-baby-badetuecher-mit-kapuze-fuer-babys-neugeborene-kleinkinder\\\/\",\"name\":\"KeaBabies Baby-Kapuzenhandtuch - Bambus-Babyhandtuch Bio-Bambushandtuch - S\u00e4uglingst\u00fccher - Gro\u00dfes Bambus\u2026 - Markt-XXL\",\"isPartOf\":{\"@id\":\"https:\\\/\\\/marktxxl.de\\\/markt\\\/#website\"},\"primaryImageOfPage\":{\"@id\":\"https:\\\/\\\/marktxxl.de\\\/markt\\\/produkt\\\/keababies-baby-kapuzenhandtuch-bambus-babyhandtuch-bio-bambushandtuch-saeuglingstuecher-grosses-bambus-kapuzenhandtuch-baby-badetuecher-mit-kapuze-fuer-babys-neugeborene-kleinkinder\\\/#primaryimage\"},\"image\":{\"@id\":\"https:\\\/\\\/marktxxl.de\\\/markt\\\/produkt\\\/keababies-baby-kapuzenhandtuch-bambus-babyhandtuch-bio-bambushandtuch-saeuglingstuecher-grosses-bambus-kapuzenhandtuch-baby-badetuecher-mit-kapuze-fuer-babys-neugeborene-kleinkinder\\\/#primaryimage\"},\"thumbnailUrl\":\"https:\\\/\\\/m.media-amazon.com\\\/images\\\/I\\\/41gquKDYmaS._SL500_.jpg\",\"datePublished\":\"2023-02-08T20:16:37+00:00\",\"dateModified\":\"2023-04-11T03:16:29+00:00\",\"description\":\"Markt-XXL KeaBabies Baby-Kapuzenhandtuch - Bambus-Babyhandtuch Bio-Bambushandtuch - S\u00e4uglingst\u00fccher - Gro\u00dfes Bambus\u2026\",\"breadcrumb\":{\"@id\":\"https:\\\/\\\/marktxxl.de\\\/markt\\\/produkt\\\/keababies-baby-kapuzenhandtuch-bambus-babyhandtuch-bio-bambushandtuch-saeuglingstuecher-grosses-bambus-kapuzenhandtuch-baby-badetuecher-mit-kapuze-fuer-babys-neugeborene-kleinkinder\\\/#breadcrumb\"},\"inLanguage\":\"de\",\"potentialAction\":[{\"@type\":\"ReadAction\",\"target\":[\"https:\\\/\\\/marktxxl.de\\\/markt\\\/produkt\\\/keababies-baby-kapuzenhandtuch-bambus-babyhandtuch-bio-bambushandtuch-saeuglingstuecher-grosses-bambus-kapuzenhandtuch-baby-badetuecher-mit-kapuze-fuer-babys-neugeborene-kleinkinder\\\/\"]}]},{\"@type\":\"ImageObject\",\"inLanguage\":\"de\",\"@id\":\"https:\\\/\\\/marktxxl.de\\\/markt\\\/produkt\\\/keababies-baby-kapuzenhandtuch-bambus-babyhandtuch-bio-bambushandtuch-saeuglingstuecher-grosses-bambus-kapuzenhandtuch-baby-badetuecher-mit-kapuze-fuer-babys-neugeborene-kleinkinder\\\/#primaryimage\",\"url\":\"https:\\\/\\\/m.media-amazon.com\\\/images\\\/I\\\/41gquKDYmaS._SL500_.jpg\",\"contentUrl\":\"https:\\\/\\\/m.media-amazon.com\\\/images\\\/I\\\/41gquKDYmaS._SL500_.jpg\",\"width\":500,\"height\":500},{\"@type\":\"BreadcrumbList\",\"@id\":\"https:\\\/\\\/marktxxl.de\\\/markt\\\/produkt\\\/keababies-baby-kapuzenhandtuch-bambus-babyhandtuch-bio-bambushandtuch-saeuglingstuecher-grosses-bambus-kapuzenhandtuch-baby-badetuecher-mit-kapuze-fuer-babys-neugeborene-kleinkinder\\\/#breadcrumb\",\"itemListElement\":[{\"@type\":\"ListItem\",\"position\":1,\"name\":\"Startseite\",\"item\":\"https:\\\/\\\/marktxxl.de\\\/markt\\\/\"},{\"@type\":\"ListItem\",\"position\":2,\"name\":\"Markt\",\"item\":\"https:\\\/\\\/marktxxl.de\\\/markt\\\/\"},{\"@type\":\"ListItem\",\"position\":3,\"name\":\"KeaBabies Baby-Kapuzenhandtuch &#8211; Bambus-Babyhandtuch Bio-Bambushandtuch &#8211; S\u00e4uglingst\u00fccher &#8211; Gro\u00dfes Bambus\u2026\"}]},{\"@type\":\"WebSite\",\"@id\":\"https:\\\/\\\/marktxxl.de\\\/markt\\\/#website\",\"url\":\"https:\\\/\\\/marktxxl.de\\\/markt\\\/\",\"name\":\"Markt-XXL\",\"description\":\"Ihr Markt Online\",\"publisher\":{\"@id\":\"https:\\\/\\\/marktxxl.de\\\/markt\\\/#organization\"},\"potentialAction\":[{\"@type\":\"SearchAction\",\"target\":{\"@type\":\"EntryPoint\",\"urlTemplate\":\"https:\\\/\\\/marktxxl.de\\\/markt\\\/?s={search_term_string}\"},\"query-input\":{\"@type\":\"PropertyValueSpecification\",\"valueRequired\":true,\"valueName\":\"search_term_string\"}}],\"inLanguage\":\"de\"},{\"@type\":\"Organization\",\"@id\":\"https:\\\/\\\/marktxxl.de\\\/markt\\\/#organization\",\"name\":\"Markt-XXL\",\"url\":\"https:\\\/\\\/marktxxl.de\\\/markt\\\/\",\"logo\":{\"@type\":\"ImageObject\",\"inLanguage\":\"de\",\"@id\":\"https:\\\/\\\/marktxxl.de\\\/markt\\\/#\\\/schema\\\/logo\\\/image\\\/\",\"url\":\"https:\\\/\\\/marktxxl.de\\\/markt\\\/wp-content\\\/uploads\\\/sites\\\/3\\\/2020\\\/12\\\/logo.png\",\"contentUrl\":\"https:\\\/\\\/marktxxl.de\\\/markt\\\/wp-content\\\/uploads\\\/sites\\\/3\\\/2020\\\/12\\\/logo.png\",\"width\":200,\"height\":70,\"caption\":\"Markt-XXL\"},\"image\":{\"@id\":\"https:\\\/\\\/marktxxl.de\\\/markt\\\/#\\\/schema\\\/logo\\\/image\\\/\"}}]}<\/script>\n<!-- \/ Yoast SEO plugin. -->","yoast_head_json":{"title":"KeaBabies Baby-Kapuzenhandtuch - Bambus-Babyhandtuch Bio-Bambushandtuch - S\u00e4uglingst\u00fccher - Gro\u00dfes Bambus\u2026 - Markt-XXL","description":"Markt-XXL KeaBabies Baby-Kapuzenhandtuch - Bambus-Babyhandtuch Bio-Bambushandtuch - S\u00e4uglingst\u00fccher - Gro\u00dfes Bambus\u2026","robots":{"index":"index","follow":"follow","max-snippet":"max-snippet:-1","max-image-preview":"max-image-preview:large","max-video-preview":"max-video-preview:-1"},"canonical":"https:\/\/marktxxl.de\/markt\/produkt\/keababies-baby-kapuzenhandtuch-bambus-babyhandtuch-bio-bambushandtuch-saeuglingstuecher-grosses-bambus-kapuzenhandtuch-baby-badetuecher-mit-kapuze-fuer-babys-neugeborene-kleinkinder\/","og_locale":"de_DE","og_type":"article","og_title":"KeaBabies Baby-Kapuzenhandtuch - Bambus-Babyhandtuch Bio-Bambushandtuch - S\u00e4uglingst\u00fccher - Gro\u00dfes Bambus\u2026 - Markt-XXL","og_description":"Markt-XXL KeaBabies Baby-Kapuzenhandtuch - Bambus-Babyhandtuch Bio-Bambushandtuch - S\u00e4uglingst\u00fccher - Gro\u00dfes Bambus\u2026","og_url":"https:\/\/marktxxl.de\/markt\/produkt\/keababies-baby-kapuzenhandtuch-bambus-babyhandtuch-bio-bambushandtuch-saeuglingstuecher-grosses-bambus-kapuzenhandtuch-baby-badetuecher-mit-kapuze-fuer-babys-neugeborene-kleinkinder\/","og_site_name":"Markt-XXL","article_modified_time":"2023-04-11T03:16:29+00:00","og_image":[{"width":500,"height":500,"url":"https:\/\/m.media-amazon.com\/images\/I\/41gquKDYmaS._SL500_.jpg","type":"image\/jpeg"}],"twitter_card":"summary_large_image","twitter_misc":{"Gesch\u00e4tzte Lesezeit":"1\u00a0Minute"},"schema":{"@context":"https:\/\/schema.org","@graph":[{"@type":"WebPage","@id":"https:\/\/marktxxl.de\/markt\/produkt\/keababies-baby-kapuzenhandtuch-bambus-babyhandtuch-bio-bambushandtuch-saeuglingstuecher-grosses-bambus-kapuzenhandtuch-baby-badetuecher-mit-kapuze-fuer-babys-neugeborene-kleinkinder\/","url":"https:\/\/marktxxl.de\/markt\/produkt\/keababies-baby-kapuzenhandtuch-bambus-babyhandtuch-bio-bambushandtuch-saeuglingstuecher-grosses-bambus-kapuzenhandtuch-baby-badetuecher-mit-kapuze-fuer-babys-neugeborene-kleinkinder\/","name":"KeaBabies Baby-Kapuzenhandtuch - Bambus-Babyhandtuch Bio-Bambushandtuch - S\u00e4uglingst\u00fccher - Gro\u00dfes Bambus\u2026 - Markt-XXL","isPartOf":{"@id":"https:\/\/marktxxl.de\/markt\/#website"},"primaryImageOfPage":{"@id":"https:\/\/marktxxl.de\/markt\/produkt\/keababies-baby-kapuzenhandtuch-bambus-babyhandtuch-bio-bambushandtuch-saeuglingstuecher-grosses-bambus-kapuzenhandtuch-baby-badetuecher-mit-kapuze-fuer-babys-neugeborene-kleinkinder\/#primaryimage"},"image":{"@id":"https:\/\/marktxxl.de\/markt\/produkt\/keababies-baby-kapuzenhandtuch-bambus-babyhandtuch-bio-bambushandtuch-saeuglingstuecher-grosses-bambus-kapuzenhandtuch-baby-badetuecher-mit-kapuze-fuer-babys-neugeborene-kleinkinder\/#primaryimage"},"thumbnailUrl":"https:\/\/m.media-amazon.com\/images\/I\/41gquKDYmaS._SL500_.jpg","datePublished":"2023-02-08T20:16:37+00:00","dateModified":"2023-04-11T03:16:29+00:00","description":"Markt-XXL KeaBabies Baby-Kapuzenhandtuch - Bambus-Babyhandtuch Bio-Bambushandtuch - S\u00e4uglingst\u00fccher - Gro\u00dfes Bambus\u2026","breadcrumb":{"@id":"https:\/\/marktxxl.de\/markt\/produkt\/keababies-baby-kapuzenhandtuch-bambus-babyhandtuch-bio-bambushandtuch-saeuglingstuecher-grosses-bambus-kapuzenhandtuch-baby-badetuecher-mit-kapuze-fuer-babys-neugeborene-kleinkinder\/#breadcrumb"},"inLanguage":"de","potentialAction":[{"@type":"ReadAction","target":["https:\/\/marktxxl.de\/markt\/produkt\/keababies-baby-kapuzenhandtuch-bambus-babyhandtuch-bio-bambushandtuch-saeuglingstuecher-grosses-bambus-kapuzenhandtuch-baby-badetuecher-mit-kapuze-fuer-babys-neugeborene-kleinkinder\/"]}]},{"@type":"ImageObject","inLanguage":"de","@id":"https:\/\/marktxxl.de\/markt\/produkt\/keababies-baby-kapuzenhandtuch-bambus-babyhandtuch-bio-bambushandtuch-saeuglingstuecher-grosses-bambus-kapuzenhandtuch-baby-badetuecher-mit-kapuze-fuer-babys-neugeborene-kleinkinder\/#primaryimage","url":"https:\/\/m.media-amazon.com\/images\/I\/41gquKDYmaS._SL500_.jpg","contentUrl":"https:\/\/m.media-amazon.com\/images\/I\/41gquKDYmaS._SL500_.jpg","width":500,"height":500},{"@type":"BreadcrumbList","@id":"https:\/\/marktxxl.de\/markt\/produkt\/keababies-baby-kapuzenhandtuch-bambus-babyhandtuch-bio-bambushandtuch-saeuglingstuecher-grosses-bambus-kapuzenhandtuch-baby-badetuecher-mit-kapuze-fuer-babys-neugeborene-kleinkinder\/#breadcrumb","itemListElement":[{"@type":"ListItem","position":1,"name":"Startseite","item":"https:\/\/marktxxl.de\/markt\/"},{"@type":"ListItem","position":2,"name":"Markt","item":"https:\/\/marktxxl.de\/markt\/"},{"@type":"ListItem","position":3,"name":"KeaBabies Baby-Kapuzenhandtuch &#8211; Bambus-Babyhandtuch Bio-Bambushandtuch &#8211; S\u00e4uglingst\u00fccher &#8211; Gro\u00dfes Bambus\u2026"}]},{"@type":"WebSite","@id":"https:\/\/marktxxl.de\/markt\/#website","url":"https:\/\/marktxxl.de\/markt\/","name":"Markt-XXL","description":"Ihr Markt Online","publisher":{"@id":"https:\/\/marktxxl.de\/markt\/#organization"},"potentialAction":[{"@type":"SearchAction","target":{"@type":"EntryPoint","urlTemplate":"https:\/\/marktxxl.de\/markt\/?s={search_term_string}"},"query-input":{"@type":"PropertyValueSpecification","valueRequired":true,"valueName":"search_term_string"}}],"inLanguage":"de"},{"@type":"Organization","@id":"https:\/\/marktxxl.de\/markt\/#organization","name":"Markt-XXL","url":"https:\/\/marktxxl.de\/markt\/","logo":{"@type":"ImageObject","inLanguage":"de","@id":"https:\/\/marktxxl.de\/markt\/#\/schema\/logo\/image\/","url":"https:\/\/marktxxl.de\/markt\/wp-content\/uploads\/sites\/3\/2020\/12\/logo.png","contentUrl":"https:\/\/marktxxl.de\/markt\/wp-content\/uploads\/sites\/3\/2020\/12\/logo.png","width":200,"height":70,"caption":"Markt-XXL"},"image":{"@id":"https:\/\/marktxxl.de\/markt\/#\/schema\/logo\/image\/"}}]}},"_links":{"self":[{"href":"https:\/\/marktxxl.de\/markt\/wp-json\/wp\/v2\/product\/185086","targetHints":{"allow":["GET"]}}],"collection":[{"href":"https:\/\/marktxxl.de\/markt\/wp-json\/wp\/v2\/product"}],"about":[{"href":"https:\/\/marktxxl.de\/markt\/wp-json\/wp\/v2\/types\/product"}],"replies":[{"embeddable":true,"href":"https:\/\/marktxxl.de\/markt\/wp-json\/wp\/v2\/comments?post=185086"}],"wp:featuredmedia":[{"embeddable":true,"href":"https:\/\/marktxxl.de\/markt\/wp-json\/wp\/v2\/media\/185087"}],"wp:attachment":[{"href":"https:\/\/marktxxl.de\/markt\/wp-json\/wp\/v2\/media?parent=185086"}],"wp:term":[{"taxonomy":"product_brand","embeddable":true,"href":"https:\/\/marktxxl.de\/markt\/wp-json\/wp\/v2\/product_brand?post=185086"},{"taxonomy":"product_cat","embeddable":true,"href":"https:\/\/marktxxl.de\/markt\/wp-json\/wp\/v2\/product_cat?post=185086"},{"taxonomy":"product_tag","embeddable":true,"href":"https:\/\/marktxxl.de\/markt\/wp-json\/wp\/v2\/product_tag?post=185086"}],"curies":[{"name":"wp","href":"https:\/\/api.w.org\/{rel}","templated":true}]}}