{"id":184487,"date":"2023-01-10T12:27:00","date_gmt":"2023-01-10T11:27:00","guid":{"rendered":"https:\/\/marktxxl.de\/markt\/produkt\/schnarchstopper-anti-schnarch-anti-schnarch-nase-schnarchen-stopper-nasal-dilatator-schnarchen-schnarchen-clip-sofortige-hilfe-und-verbesserung-der-atmung2-groessen\/"},"modified":"2023-04-11T05:16:20","modified_gmt":"2023-04-11T03:16:20","slug":"schnarchstopper-anti-schnarch-anti-schnarch-nase-schnarchen-stopper-nasal-dilatator-schnarchen-schnarchen-clip-sofortige-hilfe-und-verbesserung-der-atmung2-groessen","status":"publish","type":"product","link":"https:\/\/marktxxl.de\/markt\/produkt\/schnarchstopper-anti-schnarch-anti-schnarch-nase-schnarchen-stopper-nasal-dilatator-schnarchen-schnarchen-clip-sofortige-hilfe-und-verbesserung-der-atmung2-groessen\/","title":{"rendered":"Schnarchstopper, Anti Schnarch, Anti Schnarch Nase Schnarchen Stopper, Nasal Dilatator Schnarchen Schnarchen Clip\u2026"},"content":{"rendered":"<p>\u3010UNIVERSELL\u3011Dank 2 unterschiedliche Gr\u00f6\u00dfen f\u00fcr jede Nase passend.Kann Nasenatmung sp\u00fcrbar verbessern und das allgemeine Wohlbefinden steigern<br \/>\n\u3010MEHRFUNKTIONAL\u3011Der Anti Schnarch Nasenclip kann nicht nur das Schnarchen wirksam verhindern, sondern auch die Gewohnheit der Mundatmung w\u00e4hrend des Schlafs \u00e4ndern, um Infektionen der oberen Atemwege zu verhindern. Bei vielen Sportarten wie Joggen und Wandern kann man die Nasenklammern auch verwenden, um besser und effektiver atmen zu k\u00f6nnen.<br \/>\n\u3010KOMFORTABLE PASSFORM\u3011Wir verwenden ein ultra-weiches Soft-Silikon, welches deutlich angenehmer zu tragen ist &#8211; Sie bemerken garantiert kein Fremdk\u00f6rper Gef\u00fchl wie bei anderen Herstellern! Die neuartige magnetische Nasenklemme ist DIE L\u00f6sung f\u00fcr jeden Schnarcher! Mithilfe der magnetischen Nasenclips lassen sich die Nasenfl\u00fcgel angenehm weiten, so dass die Atmung sp\u00fcrbar verbessert wird.<br \/>\n\u3010VERBESSERN SCHLAFQUALIT\u00c4T\u3011Dies ist der perfekte Nasenspreizer, unser Schnarchschiene zum Schnarchen oder Atmen w\u00e4hrend des Schlafes und f\u00fcr gewohnheitsm\u00e4\u00dfige Schl\u00e4fer mit Mund\u00f6ffnung und sowohl f\u00fcr M\u00e4nner als auch f\u00fcr Frauen, es verbessert auch Ihre Atmung bei K\u00e4lte, um Ihre Atmung weicher zu machen. Verbessern Sie die Schlafqualit\u00e4t f\u00fcr Sie und Ihren Partner!<br \/>\n\u3010LANGLEBIG UND TRAGBAR\u3011Nasenspreizer ist in einer wiederverwendbaren Kunststoff transparente Box , die passende Box bietet hervorragenden Schutz vor Staub und Schmutz und der kleine Formfaktor ist leicht zu transportieren, machen Sie das Produkt haltbarer.<br \/>\n<div class=\"main-cross-sell\" data-asin=\"B0BJD3RQYK\">\n\n\t<div class=\"WooZone-cross-sell-loader\">\n\t\t<div>\n\t\t\t<div id=\"floatingBarsG\">\n\t\t\t\t<div class=\"blockG\" id=\"rotateG_01\"><\/div>\n\t\t\t\t<div class=\"blockG\" id=\"rotateG_02\"><\/div>\n\t\t\t\t<div class=\"blockG\" id=\"rotateG_03\"><\/div>\n\t\t\t\t<div class=\"blockG\" id=\"rotateG_04\"><\/div>\n\t\t\t\t<div class=\"blockG\" id=\"rotateG_05\"><\/div>\n\t\t\t\t<div class=\"blockG\" id=\"rotateG_06\"><\/div>\n\t\t\t\t<div class=\"blockG\" id=\"rotateG_07\"><\/div>\n\t\t\t\t<div class=\"blockG\" id=\"rotateG_08\"><\/div>\n\t\t\t<\/div>\n\t\t\t<div class=\"WooZone-cross-sell-loader-text\"><\/div>\n\t\t<\/div>\n\t<\/div>\n\n\t\t\n<\/div>\n<div style=\"clear:both;\"><\/div><\/p>\n","protected":false},"excerpt":{"rendered":"<p>\u3010UNIVERSELL\u3011Dank 2 unterschiedliche Gr\u00f6\u00dfen f\u00fcr jede Nase passend.Kann Nasenatmung sp\u00fcrbar verbessern und das allgemeine Wohlbefinden steigern<br \/>\n\u3010MEHRFUNKTIONAL\u3011Der Anti Schnarch Nasenclip kann nicht nur das Schnarchen wirksam verhindern, sondern auch die Gewohnheit der Mundatmung w\u00e4hrend des Schlafs \u00e4ndern, um Infektionen der oberen Atemwege zu verhindern. Bei vielen Sportarten wie Joggen und Wandern kann man die Nasenklammern auch verwenden, um besser und effektiver atmen zu k\u00f6nnen.<br \/>\n\u3010KOMFORTABLE PASSFORM\u3011Wir verwenden ein ultra-weiches Soft-Silikon, welches deutlich angenehmer zu tragen ist &#8211; Sie bemerken garantiert kein Fremdk\u00f6rper Gef\u00fchl wie bei anderen Herstellern! Die neuartige magnetische Nasenklemme ist DIE L\u00f6sung f\u00fcr jeden Schnarcher! Mithilfe der magnetischen Nasenclips lassen sich die Nasenfl\u00fcgel angenehm weiten, so dass die Atmung sp\u00fcrbar verbessert wird.<\/p>\n","protected":false},"featured_media":184488,"comment_status":"open","ping_status":"closed","template":"","meta":[],"product_brand":[],"product_cat":[566,5846],"product_tag":[],"class_list":{"0":"post-184487","1":"product","2":"type-product","3":"status-publish","4":"has-post-thumbnail","6":"product_cat-drogerie-koerperpflege","7":"product_cat-medizin-erste-hilfe","8":"pa_binding-badartikel","9":"pa_brand-fqqf","10":"pa_color-transparent","11":"pa_height-0-8661417314-zoll","12":"pa_length-3-5039370043-zoll","13":"pa_manufacturer-fqqf","14":"pa_weight-0-06-kilogramm","15":"pa_width-2-8346456664-zoll","17":"first","18":"instock","19":"shipping-taxable","20":"purchasable","21":"product-type-simple","22":"customify-col","23":"product-has-gallery"},"yoast_head":"<!-- This site is optimized with the Yoast SEO plugin v27.4 - https:\/\/yoast.com\/product\/yoast-seo-wordpress\/ -->\n<title>Schnarchstopper, Anti Schnarch, Anti Schnarch Nase Schnarchen Stopper, Nasal Dilatator Schnarchen Schnarchen Clip\u2026 - Markt-XXL<\/title>\n<meta name=\"description\" content=\"Markt-XXL Schnarchstopper, Anti Schnarch, Anti Schnarch Nase Schnarchen Stopper, Nasal Dilatator Schnarchen Schnarchen Clip\u2026\" \/>\n<meta name=\"robots\" content=\"index, follow, max-snippet:-1, max-image-preview:large, max-video-preview:-1\" \/>\n<link rel=\"canonical\" href=\"https:\/\/marktxxl.de\/markt\/produkt\/schnarchstopper-anti-schnarch-anti-schnarch-nase-schnarchen-stopper-nasal-dilatator-schnarchen-schnarchen-clip-sofortige-hilfe-und-verbesserung-der-atmung2-groessen\/\" \/>\n<meta property=\"og:locale\" content=\"de_DE\" \/>\n<meta property=\"og:type\" content=\"article\" \/>\n<meta property=\"og:title\" content=\"Schnarchstopper, Anti Schnarch, Anti Schnarch Nase Schnarchen Stopper, Nasal Dilatator Schnarchen Schnarchen Clip\u2026 - Markt-XXL\" \/>\n<meta property=\"og:description\" content=\"Markt-XXL Schnarchstopper, Anti Schnarch, Anti Schnarch Nase Schnarchen Stopper, Nasal Dilatator Schnarchen Schnarchen Clip\u2026\" \/>\n<meta property=\"og:url\" content=\"https:\/\/marktxxl.de\/markt\/produkt\/schnarchstopper-anti-schnarch-anti-schnarch-nase-schnarchen-stopper-nasal-dilatator-schnarchen-schnarchen-clip-sofortige-hilfe-und-verbesserung-der-atmung2-groessen\/\" \/>\n<meta property=\"og:site_name\" content=\"Markt-XXL\" \/>\n<meta property=\"article:modified_time\" content=\"2023-04-11T03:16:20+00:00\" \/>\n<meta property=\"og:image\" content=\"https:\/\/m.media-amazon.com\/images\/I\/51AW4IPkNhL._SL500_.jpg\" \/>\n\t<meta property=\"og:image:width\" content=\"500\" \/>\n\t<meta property=\"og:image:height\" content=\"500\" \/>\n\t<meta property=\"og:image:type\" content=\"image\/jpeg\" \/>\n<meta name=\"twitter:card\" content=\"summary_large_image\" \/>\n<meta name=\"twitter:label1\" content=\"Gesch\u00e4tzte Lesezeit\" \/>\n\t<meta name=\"twitter:data1\" content=\"1\u00a0Minute\" \/>\n<script type=\"application\/ld+json\" class=\"yoast-schema-graph\">{\"@context\":\"https:\\\/\\\/schema.org\",\"@graph\":[{\"@type\":\"WebPage\",\"@id\":\"https:\\\/\\\/marktxxl.de\\\/markt\\\/produkt\\\/schnarchstopper-anti-schnarch-anti-schnarch-nase-schnarchen-stopper-nasal-dilatator-schnarchen-schnarchen-clip-sofortige-hilfe-und-verbesserung-der-atmung2-groessen\\\/\",\"url\":\"https:\\\/\\\/marktxxl.de\\\/markt\\\/produkt\\\/schnarchstopper-anti-schnarch-anti-schnarch-nase-schnarchen-stopper-nasal-dilatator-schnarchen-schnarchen-clip-sofortige-hilfe-und-verbesserung-der-atmung2-groessen\\\/\",\"name\":\"Schnarchstopper, Anti Schnarch, Anti Schnarch Nase Schnarchen Stopper, Nasal Dilatator Schnarchen Schnarchen Clip\u2026 - Markt-XXL\",\"isPartOf\":{\"@id\":\"https:\\\/\\\/marktxxl.de\\\/markt\\\/#website\"},\"primaryImageOfPage\":{\"@id\":\"https:\\\/\\\/marktxxl.de\\\/markt\\\/produkt\\\/schnarchstopper-anti-schnarch-anti-schnarch-nase-schnarchen-stopper-nasal-dilatator-schnarchen-schnarchen-clip-sofortige-hilfe-und-verbesserung-der-atmung2-groessen\\\/#primaryimage\"},\"image\":{\"@id\":\"https:\\\/\\\/marktxxl.de\\\/markt\\\/produkt\\\/schnarchstopper-anti-schnarch-anti-schnarch-nase-schnarchen-stopper-nasal-dilatator-schnarchen-schnarchen-clip-sofortige-hilfe-und-verbesserung-der-atmung2-groessen\\\/#primaryimage\"},\"thumbnailUrl\":\"https:\\\/\\\/m.media-amazon.com\\\/images\\\/I\\\/51AW4IPkNhL._SL500_.jpg\",\"datePublished\":\"2023-01-10T11:27:00+00:00\",\"dateModified\":\"2023-04-11T03:16:20+00:00\",\"description\":\"Markt-XXL Schnarchstopper, Anti Schnarch, Anti Schnarch Nase Schnarchen Stopper, Nasal Dilatator Schnarchen Schnarchen Clip\u2026\",\"breadcrumb\":{\"@id\":\"https:\\\/\\\/marktxxl.de\\\/markt\\\/produkt\\\/schnarchstopper-anti-schnarch-anti-schnarch-nase-schnarchen-stopper-nasal-dilatator-schnarchen-schnarchen-clip-sofortige-hilfe-und-verbesserung-der-atmung2-groessen\\\/#breadcrumb\"},\"inLanguage\":\"de\",\"potentialAction\":[{\"@type\":\"ReadAction\",\"target\":[\"https:\\\/\\\/marktxxl.de\\\/markt\\\/produkt\\\/schnarchstopper-anti-schnarch-anti-schnarch-nase-schnarchen-stopper-nasal-dilatator-schnarchen-schnarchen-clip-sofortige-hilfe-und-verbesserung-der-atmung2-groessen\\\/\"]}]},{\"@type\":\"ImageObject\",\"inLanguage\":\"de\",\"@id\":\"https:\\\/\\\/marktxxl.de\\\/markt\\\/produkt\\\/schnarchstopper-anti-schnarch-anti-schnarch-nase-schnarchen-stopper-nasal-dilatator-schnarchen-schnarchen-clip-sofortige-hilfe-und-verbesserung-der-atmung2-groessen\\\/#primaryimage\",\"url\":\"https:\\\/\\\/m.media-amazon.com\\\/images\\\/I\\\/51AW4IPkNhL._SL500_.jpg\",\"contentUrl\":\"https:\\\/\\\/m.media-amazon.com\\\/images\\\/I\\\/51AW4IPkNhL._SL500_.jpg\",\"width\":500,\"height\":500},{\"@type\":\"BreadcrumbList\",\"@id\":\"https:\\\/\\\/marktxxl.de\\\/markt\\\/produkt\\\/schnarchstopper-anti-schnarch-anti-schnarch-nase-schnarchen-stopper-nasal-dilatator-schnarchen-schnarchen-clip-sofortige-hilfe-und-verbesserung-der-atmung2-groessen\\\/#breadcrumb\",\"itemListElement\":[{\"@type\":\"ListItem\",\"position\":1,\"name\":\"Startseite\",\"item\":\"https:\\\/\\\/marktxxl.de\\\/markt\\\/\"},{\"@type\":\"ListItem\",\"position\":2,\"name\":\"Markt\",\"item\":\"https:\\\/\\\/marktxxl.de\\\/markt\\\/\"},{\"@type\":\"ListItem\",\"position\":3,\"name\":\"Schnarchstopper, Anti Schnarch, Anti Schnarch Nase Schnarchen Stopper, Nasal Dilatator Schnarchen Schnarchen Clip\u2026\"}]},{\"@type\":\"WebSite\",\"@id\":\"https:\\\/\\\/marktxxl.de\\\/markt\\\/#website\",\"url\":\"https:\\\/\\\/marktxxl.de\\\/markt\\\/\",\"name\":\"Markt-XXL\",\"description\":\"Ihr Markt Online\",\"publisher\":{\"@id\":\"https:\\\/\\\/marktxxl.de\\\/markt\\\/#organization\"},\"potentialAction\":[{\"@type\":\"SearchAction\",\"target\":{\"@type\":\"EntryPoint\",\"urlTemplate\":\"https:\\\/\\\/marktxxl.de\\\/markt\\\/?s={search_term_string}\"},\"query-input\":{\"@type\":\"PropertyValueSpecification\",\"valueRequired\":true,\"valueName\":\"search_term_string\"}}],\"inLanguage\":\"de\"},{\"@type\":\"Organization\",\"@id\":\"https:\\\/\\\/marktxxl.de\\\/markt\\\/#organization\",\"name\":\"Markt-XXL\",\"url\":\"https:\\\/\\\/marktxxl.de\\\/markt\\\/\",\"logo\":{\"@type\":\"ImageObject\",\"inLanguage\":\"de\",\"@id\":\"https:\\\/\\\/marktxxl.de\\\/markt\\\/#\\\/schema\\\/logo\\\/image\\\/\",\"url\":\"https:\\\/\\\/marktxxl.de\\\/markt\\\/wp-content\\\/uploads\\\/sites\\\/3\\\/2020\\\/12\\\/logo.png\",\"contentUrl\":\"https:\\\/\\\/marktxxl.de\\\/markt\\\/wp-content\\\/uploads\\\/sites\\\/3\\\/2020\\\/12\\\/logo.png\",\"width\":200,\"height\":70,\"caption\":\"Markt-XXL\"},\"image\":{\"@id\":\"https:\\\/\\\/marktxxl.de\\\/markt\\\/#\\\/schema\\\/logo\\\/image\\\/\"}}]}<\/script>\n<!-- \/ Yoast SEO plugin. -->","yoast_head_json":{"title":"Schnarchstopper, Anti Schnarch, Anti Schnarch Nase Schnarchen Stopper, Nasal Dilatator Schnarchen Schnarchen Clip\u2026 - Markt-XXL","description":"Markt-XXL Schnarchstopper, Anti Schnarch, Anti Schnarch Nase Schnarchen Stopper, Nasal Dilatator Schnarchen Schnarchen Clip\u2026","robots":{"index":"index","follow":"follow","max-snippet":"max-snippet:-1","max-image-preview":"max-image-preview:large","max-video-preview":"max-video-preview:-1"},"canonical":"https:\/\/marktxxl.de\/markt\/produkt\/schnarchstopper-anti-schnarch-anti-schnarch-nase-schnarchen-stopper-nasal-dilatator-schnarchen-schnarchen-clip-sofortige-hilfe-und-verbesserung-der-atmung2-groessen\/","og_locale":"de_DE","og_type":"article","og_title":"Schnarchstopper, Anti Schnarch, Anti Schnarch Nase Schnarchen Stopper, Nasal Dilatator Schnarchen Schnarchen Clip\u2026 - Markt-XXL","og_description":"Markt-XXL Schnarchstopper, Anti Schnarch, Anti Schnarch Nase Schnarchen Stopper, Nasal Dilatator Schnarchen Schnarchen Clip\u2026","og_url":"https:\/\/marktxxl.de\/markt\/produkt\/schnarchstopper-anti-schnarch-anti-schnarch-nase-schnarchen-stopper-nasal-dilatator-schnarchen-schnarchen-clip-sofortige-hilfe-und-verbesserung-der-atmung2-groessen\/","og_site_name":"Markt-XXL","article_modified_time":"2023-04-11T03:16:20+00:00","og_image":[{"width":500,"height":500,"url":"https:\/\/m.media-amazon.com\/images\/I\/51AW4IPkNhL._SL500_.jpg","type":"image\/jpeg"}],"twitter_card":"summary_large_image","twitter_misc":{"Gesch\u00e4tzte Lesezeit":"1\u00a0Minute"},"schema":{"@context":"https:\/\/schema.org","@graph":[{"@type":"WebPage","@id":"https:\/\/marktxxl.de\/markt\/produkt\/schnarchstopper-anti-schnarch-anti-schnarch-nase-schnarchen-stopper-nasal-dilatator-schnarchen-schnarchen-clip-sofortige-hilfe-und-verbesserung-der-atmung2-groessen\/","url":"https:\/\/marktxxl.de\/markt\/produkt\/schnarchstopper-anti-schnarch-anti-schnarch-nase-schnarchen-stopper-nasal-dilatator-schnarchen-schnarchen-clip-sofortige-hilfe-und-verbesserung-der-atmung2-groessen\/","name":"Schnarchstopper, Anti Schnarch, Anti Schnarch Nase Schnarchen Stopper, Nasal Dilatator Schnarchen Schnarchen Clip\u2026 - Markt-XXL","isPartOf":{"@id":"https:\/\/marktxxl.de\/markt\/#website"},"primaryImageOfPage":{"@id":"https:\/\/marktxxl.de\/markt\/produkt\/schnarchstopper-anti-schnarch-anti-schnarch-nase-schnarchen-stopper-nasal-dilatator-schnarchen-schnarchen-clip-sofortige-hilfe-und-verbesserung-der-atmung2-groessen\/#primaryimage"},"image":{"@id":"https:\/\/marktxxl.de\/markt\/produkt\/schnarchstopper-anti-schnarch-anti-schnarch-nase-schnarchen-stopper-nasal-dilatator-schnarchen-schnarchen-clip-sofortige-hilfe-und-verbesserung-der-atmung2-groessen\/#primaryimage"},"thumbnailUrl":"https:\/\/m.media-amazon.com\/images\/I\/51AW4IPkNhL._SL500_.jpg","datePublished":"2023-01-10T11:27:00+00:00","dateModified":"2023-04-11T03:16:20+00:00","description":"Markt-XXL Schnarchstopper, Anti Schnarch, Anti Schnarch Nase Schnarchen Stopper, Nasal Dilatator Schnarchen Schnarchen Clip\u2026","breadcrumb":{"@id":"https:\/\/marktxxl.de\/markt\/produkt\/schnarchstopper-anti-schnarch-anti-schnarch-nase-schnarchen-stopper-nasal-dilatator-schnarchen-schnarchen-clip-sofortige-hilfe-und-verbesserung-der-atmung2-groessen\/#breadcrumb"},"inLanguage":"de","potentialAction":[{"@type":"ReadAction","target":["https:\/\/marktxxl.de\/markt\/produkt\/schnarchstopper-anti-schnarch-anti-schnarch-nase-schnarchen-stopper-nasal-dilatator-schnarchen-schnarchen-clip-sofortige-hilfe-und-verbesserung-der-atmung2-groessen\/"]}]},{"@type":"ImageObject","inLanguage":"de","@id":"https:\/\/marktxxl.de\/markt\/produkt\/schnarchstopper-anti-schnarch-anti-schnarch-nase-schnarchen-stopper-nasal-dilatator-schnarchen-schnarchen-clip-sofortige-hilfe-und-verbesserung-der-atmung2-groessen\/#primaryimage","url":"https:\/\/m.media-amazon.com\/images\/I\/51AW4IPkNhL._SL500_.jpg","contentUrl":"https:\/\/m.media-amazon.com\/images\/I\/51AW4IPkNhL._SL500_.jpg","width":500,"height":500},{"@type":"BreadcrumbList","@id":"https:\/\/marktxxl.de\/markt\/produkt\/schnarchstopper-anti-schnarch-anti-schnarch-nase-schnarchen-stopper-nasal-dilatator-schnarchen-schnarchen-clip-sofortige-hilfe-und-verbesserung-der-atmung2-groessen\/#breadcrumb","itemListElement":[{"@type":"ListItem","position":1,"name":"Startseite","item":"https:\/\/marktxxl.de\/markt\/"},{"@type":"ListItem","position":2,"name":"Markt","item":"https:\/\/marktxxl.de\/markt\/"},{"@type":"ListItem","position":3,"name":"Schnarchstopper, Anti Schnarch, Anti Schnarch Nase Schnarchen Stopper, Nasal Dilatator Schnarchen Schnarchen Clip\u2026"}]},{"@type":"WebSite","@id":"https:\/\/marktxxl.de\/markt\/#website","url":"https:\/\/marktxxl.de\/markt\/","name":"Markt-XXL","description":"Ihr Markt Online","publisher":{"@id":"https:\/\/marktxxl.de\/markt\/#organization"},"potentialAction":[{"@type":"SearchAction","target":{"@type":"EntryPoint","urlTemplate":"https:\/\/marktxxl.de\/markt\/?s={search_term_string}"},"query-input":{"@type":"PropertyValueSpecification","valueRequired":true,"valueName":"search_term_string"}}],"inLanguage":"de"},{"@type":"Organization","@id":"https:\/\/marktxxl.de\/markt\/#organization","name":"Markt-XXL","url":"https:\/\/marktxxl.de\/markt\/","logo":{"@type":"ImageObject","inLanguage":"de","@id":"https:\/\/marktxxl.de\/markt\/#\/schema\/logo\/image\/","url":"https:\/\/marktxxl.de\/markt\/wp-content\/uploads\/sites\/3\/2020\/12\/logo.png","contentUrl":"https:\/\/marktxxl.de\/markt\/wp-content\/uploads\/sites\/3\/2020\/12\/logo.png","width":200,"height":70,"caption":"Markt-XXL"},"image":{"@id":"https:\/\/marktxxl.de\/markt\/#\/schema\/logo\/image\/"}}]}},"_links":{"self":[{"href":"https:\/\/marktxxl.de\/markt\/wp-json\/wp\/v2\/product\/184487","targetHints":{"allow":["GET"]}}],"collection":[{"href":"https:\/\/marktxxl.de\/markt\/wp-json\/wp\/v2\/product"}],"about":[{"href":"https:\/\/marktxxl.de\/markt\/wp-json\/wp\/v2\/types\/product"}],"replies":[{"embeddable":true,"href":"https:\/\/marktxxl.de\/markt\/wp-json\/wp\/v2\/comments?post=184487"}],"wp:featuredmedia":[{"embeddable":true,"href":"https:\/\/marktxxl.de\/markt\/wp-json\/wp\/v2\/media\/184488"}],"wp:attachment":[{"href":"https:\/\/marktxxl.de\/markt\/wp-json\/wp\/v2\/media?parent=184487"}],"wp:term":[{"taxonomy":"product_brand","embeddable":true,"href":"https:\/\/marktxxl.de\/markt\/wp-json\/wp\/v2\/product_brand?post=184487"},{"taxonomy":"product_cat","embeddable":true,"href":"https:\/\/marktxxl.de\/markt\/wp-json\/wp\/v2\/product_cat?post=184487"},{"taxonomy":"product_tag","embeddable":true,"href":"https:\/\/marktxxl.de\/markt\/wp-json\/wp\/v2\/product_tag?post=184487"}],"curies":[{"name":"wp","href":"https:\/\/api.w.org\/{rel}","templated":true}]}}