{"id":183367,"date":"2023-01-10T10:02:09","date_gmt":"2023-01-10T09:02:09","guid":{"rendered":"https:\/\/marktxxl.de\/markt\/produkt\/4-tb-tragbare-ssd-externe-solid-state-drive-usb-c-usb-3-1-festplatte-externe-festplatte-ssd-kompatibel-fuer-windows-linux-android-desktop-laptop-mac\/"},"modified":"2023-04-09T04:57:19","modified_gmt":"2023-04-09T02:57:19","slug":"4-tb-tragbare-ssd-externe-solid-state-drive-usb-c-usb-3-1-festplatte-externe-festplatte-ssd-kompatibel-fuer-windows-linux-android-desktop-laptop-mac","status":"publish","type":"product","link":"https:\/\/marktxxl.de\/markt\/produkt\/4-tb-tragbare-ssd-externe-solid-state-drive-usb-c-usb-3-1-festplatte-externe-festplatte-ssd-kompatibel-fuer-windows-linux-android-desktop-laptop-mac\/","title":{"rendered":"4TB tragbare SSD Externe Solid State Drive USB-C USB 3.1 Festplatte Externe Festplatte SSD kompatibel f\u00fcr Windows\/Linux\u2026"},"content":{"rendered":"<p>\u3010Plug-and-Play\u3011Keine Stromversorgung, Software Installation oder jedes Netzwerk, einfach einstecken in die tragbare SSD-Laufwerk, um eine sichere Verwendung zu erhalten. Provide ideal additional storage space for your computer and game console.<br \/>\n\u3010Breite Kompatibilit\u00e4t\u3011 Kann mit einer breiten Palette von Ger\u00e4ten verwendet werden, einschlie\u00dflich Smart-TVs, Spielekonsolen, PS5\/PS4(Pro), Xbox Series, Samsung Smartphones und Mac \/ Windows 7 und obove. Und it is compatible with most USB 1.1, USB 2.0 and USB 3.0 ports, you can easily transfer data or content with quick plug and play accessibility.<br \/>\n\u3010Outstanding Performance\u3011 Unterst\u00fctzt durch eingebaute NAND-Flash &amp; USB 3.1 Gen 1 Schnittstelle, die Lesegeschwindigkeit dieser Festplatte ist 3-5 Zeiten, die von einer normalen Festplatte verwendet wird, und die Schreibgeschwindigkeit ist mehr als 2-3 Zeiten als gew\u00f6hnliche Festplatte. Ideal f\u00fcr \u00dcbertragungsringe in gro\u00dfen Gr\u00f6\u00dfen inklusive 4 K Videos, hohe Aufl\u00f6sung von Fotos und mehr.<br \/>\n\u3010Shockproof &amp; Drop Resistant\u3011 Mit Rugged Aluminium Loy Body macht die tragbare SSD resistent gegen Sto\u00df und Vibration zum Schutz des Laufwerks und Hitzes, und das schlanke Design ist einfach zu halten. Your digital data would be protected well no matter in the office or outdoors.<br \/>\n\u3010Paket &amp; Warranty\u3011Wir bieten 1 St\u00fcck * 4 TB tragbare Solid State Drive, und 1 St\u00fcck * USB3.1\/USB-C auf USB-A Datenkabel. Wir bieten ein 3-Jahres-Produkt warranty Unterst\u00fctzung, freie Lifetime technical Unterst\u00fctzung, jede Frage kindly cotact us, wenn Sie frei sind. und solve within 24 Stunden<br \/>\n<div class=\"main-cross-sell\" data-asin=\"B0BRT7XG6J\">\n\n\t<div class=\"WooZone-cross-sell-loader\">\n\t\t<div>\n\t\t\t<div id=\"floatingBarsG\">\n\t\t\t\t<div class=\"blockG\" id=\"rotateG_01\"><\/div>\n\t\t\t\t<div class=\"blockG\" id=\"rotateG_02\"><\/div>\n\t\t\t\t<div class=\"blockG\" id=\"rotateG_03\"><\/div>\n\t\t\t\t<div class=\"blockG\" id=\"rotateG_04\"><\/div>\n\t\t\t\t<div class=\"blockG\" id=\"rotateG_05\"><\/div>\n\t\t\t\t<div class=\"blockG\" id=\"rotateG_06\"><\/div>\n\t\t\t\t<div class=\"blockG\" id=\"rotateG_07\"><\/div>\n\t\t\t\t<div class=\"blockG\" id=\"rotateG_08\"><\/div>\n\t\t\t<\/div>\n\t\t\t<div class=\"WooZone-cross-sell-loader-text\"><\/div>\n\t\t<\/div>\n\t<\/div>\n\n\t\t\n<\/div>\n<div style=\"clear:both;\"><\/div><\/p>\n","protected":false},"excerpt":{"rendered":"<p>\u3010Plug-and-Play\u3011Keine Stromversorgung, Software Installation oder jedes Netzwerk, einfach einstecken in die tragbare SSD-Laufwerk, um eine sichere Verwendung zu erhalten. Provide ideal additional storage space for your computer and game console.<br \/>\n\u3010Breite Kompatibilit\u00e4t\u3011 Kann mit einer breiten Palette von Ger\u00e4ten verwendet werden, einschlie\u00dflich Smart-TVs, Spielekonsolen, PS5\/PS4(Pro), Xbox Series, Samsung Smartphones und Mac \/ Windows 7 und obove. Und it is compatible with most USB 1.1, USB 2.0 and USB 3.0 ports, you can easily transfer data or content with quick plug and play accessibility.<br \/>\n\u3010Outstanding Performance\u3011 Unterst\u00fctzt durch eingebaute NAND-Flash &amp; USB 3.1 Gen 1 Schnittstelle, die Lesegeschwindigkeit dieser Festplatte ist 3-5 Zeiten, die von einer normalen Festplatte verwendet wird, und die Schreibgeschwindigkeit ist mehr als 2-3 Zeiten als gew\u00f6hnliche Festplatte. Ideal f\u00fcr \u00dcbertragungsringe in gro\u00dfen Gr\u00f6\u00dfen inklusive 4 K Videos, hohe Aufl\u00f6sung von Fotos und mehr.<\/p>\n","protected":false},"featured_media":183368,"comment_status":"open","ping_status":"closed","template":"","meta":[],"product_brand":[],"product_cat":[863],"product_tag":[],"class_list":{"0":"post-183367","1":"product","2":"type-product","3":"status-publish","4":"has-post-thumbnail","6":"product_cat-computer-zubehoer","7":"pa_binding-elektronik","8":"pa_brand-generic","9":"pa_height-0-35-zoll","10":"pa_length-3-9-zoll","11":"pa_manufacturer-generic","12":"pa_width-1-26-zoll","14":"first","15":"instock","16":"shipping-taxable","17":"purchasable","18":"product-type-simple","19":"customify-col","20":"product-has-gallery"},"yoast_head":"<!-- This site is optimized with the Yoast SEO plugin v27.4 - https:\/\/yoast.com\/product\/yoast-seo-wordpress\/ -->\n<title>4TB tragbare SSD Externe Solid State Drive USB-C USB 3.1 Festplatte Externe Festplatte SSD kompatibel f\u00fcr Windows\/Linux\u2026 - Markt-XXL<\/title>\n<meta name=\"description\" content=\"Markt-XXL 4TB tragbare SSD Externe Solid State Drive USB-C USB 3.1 Festplatte Externe Festplatte SSD kompatibel f\u00fcr Windows\/Linux\u2026\" \/>\n<meta name=\"robots\" content=\"index, follow, max-snippet:-1, max-image-preview:large, max-video-preview:-1\" \/>\n<link rel=\"canonical\" href=\"https:\/\/marktxxl.de\/markt\/produkt\/4-tb-tragbare-ssd-externe-solid-state-drive-usb-c-usb-3-1-festplatte-externe-festplatte-ssd-kompatibel-fuer-windows-linux-android-desktop-laptop-mac\/\" \/>\n<meta property=\"og:locale\" content=\"de_DE\" \/>\n<meta property=\"og:type\" content=\"article\" \/>\n<meta property=\"og:title\" content=\"4TB tragbare SSD Externe Solid State Drive USB-C USB 3.1 Festplatte Externe Festplatte SSD kompatibel f\u00fcr Windows\/Linux\u2026 - Markt-XXL\" \/>\n<meta property=\"og:description\" content=\"Markt-XXL 4TB tragbare SSD Externe Solid State Drive USB-C USB 3.1 Festplatte Externe Festplatte SSD kompatibel f\u00fcr Windows\/Linux\u2026\" \/>\n<meta property=\"og:url\" content=\"https:\/\/marktxxl.de\/markt\/produkt\/4-tb-tragbare-ssd-externe-solid-state-drive-usb-c-usb-3-1-festplatte-externe-festplatte-ssd-kompatibel-fuer-windows-linux-android-desktop-laptop-mac\/\" \/>\n<meta property=\"og:site_name\" content=\"Markt-XXL\" \/>\n<meta property=\"article:modified_time\" content=\"2023-04-09T02:57:19+00:00\" \/>\n<meta property=\"og:image\" content=\"https:\/\/m.media-amazon.com\/images\/I\/41R8ElBB1uL._SL500_.jpg\" \/>\n\t<meta property=\"og:image:width\" content=\"500\" \/>\n\t<meta property=\"og:image:height\" content=\"425\" \/>\n\t<meta property=\"og:image:type\" content=\"image\/jpeg\" \/>\n<meta name=\"twitter:card\" content=\"summary_large_image\" \/>\n<meta name=\"twitter:label1\" content=\"Gesch\u00e4tzte Lesezeit\" \/>\n\t<meta name=\"twitter:data1\" content=\"1\u00a0Minute\" \/>\n<script type=\"application\/ld+json\" class=\"yoast-schema-graph\">{\"@context\":\"https:\\\/\\\/schema.org\",\"@graph\":[{\"@type\":\"WebPage\",\"@id\":\"https:\\\/\\\/marktxxl.de\\\/markt\\\/produkt\\\/4-tb-tragbare-ssd-externe-solid-state-drive-usb-c-usb-3-1-festplatte-externe-festplatte-ssd-kompatibel-fuer-windows-linux-android-desktop-laptop-mac\\\/\",\"url\":\"https:\\\/\\\/marktxxl.de\\\/markt\\\/produkt\\\/4-tb-tragbare-ssd-externe-solid-state-drive-usb-c-usb-3-1-festplatte-externe-festplatte-ssd-kompatibel-fuer-windows-linux-android-desktop-laptop-mac\\\/\",\"name\":\"4TB tragbare SSD Externe Solid State Drive USB-C USB 3.1 Festplatte Externe Festplatte SSD kompatibel f\u00fcr Windows\\\/Linux\u2026 - Markt-XXL\",\"isPartOf\":{\"@id\":\"https:\\\/\\\/marktxxl.de\\\/markt\\\/#website\"},\"primaryImageOfPage\":{\"@id\":\"https:\\\/\\\/marktxxl.de\\\/markt\\\/produkt\\\/4-tb-tragbare-ssd-externe-solid-state-drive-usb-c-usb-3-1-festplatte-externe-festplatte-ssd-kompatibel-fuer-windows-linux-android-desktop-laptop-mac\\\/#primaryimage\"},\"image\":{\"@id\":\"https:\\\/\\\/marktxxl.de\\\/markt\\\/produkt\\\/4-tb-tragbare-ssd-externe-solid-state-drive-usb-c-usb-3-1-festplatte-externe-festplatte-ssd-kompatibel-fuer-windows-linux-android-desktop-laptop-mac\\\/#primaryimage\"},\"thumbnailUrl\":\"https:\\\/\\\/m.media-amazon.com\\\/images\\\/I\\\/41R8ElBB1uL._SL500_.jpg\",\"datePublished\":\"2023-01-10T09:02:09+00:00\",\"dateModified\":\"2023-04-09T02:57:19+00:00\",\"description\":\"Markt-XXL 4TB tragbare SSD Externe Solid State Drive USB-C USB 3.1 Festplatte Externe Festplatte SSD kompatibel f\u00fcr Windows\\\/Linux\u2026\",\"breadcrumb\":{\"@id\":\"https:\\\/\\\/marktxxl.de\\\/markt\\\/produkt\\\/4-tb-tragbare-ssd-externe-solid-state-drive-usb-c-usb-3-1-festplatte-externe-festplatte-ssd-kompatibel-fuer-windows-linux-android-desktop-laptop-mac\\\/#breadcrumb\"},\"inLanguage\":\"de\",\"potentialAction\":[{\"@type\":\"ReadAction\",\"target\":[\"https:\\\/\\\/marktxxl.de\\\/markt\\\/produkt\\\/4-tb-tragbare-ssd-externe-solid-state-drive-usb-c-usb-3-1-festplatte-externe-festplatte-ssd-kompatibel-fuer-windows-linux-android-desktop-laptop-mac\\\/\"]}]},{\"@type\":\"ImageObject\",\"inLanguage\":\"de\",\"@id\":\"https:\\\/\\\/marktxxl.de\\\/markt\\\/produkt\\\/4-tb-tragbare-ssd-externe-solid-state-drive-usb-c-usb-3-1-festplatte-externe-festplatte-ssd-kompatibel-fuer-windows-linux-android-desktop-laptop-mac\\\/#primaryimage\",\"url\":\"https:\\\/\\\/m.media-amazon.com\\\/images\\\/I\\\/41R8ElBB1uL._SL500_.jpg\",\"contentUrl\":\"https:\\\/\\\/m.media-amazon.com\\\/images\\\/I\\\/41R8ElBB1uL._SL500_.jpg\",\"width\":500,\"height\":425},{\"@type\":\"BreadcrumbList\",\"@id\":\"https:\\\/\\\/marktxxl.de\\\/markt\\\/produkt\\\/4-tb-tragbare-ssd-externe-solid-state-drive-usb-c-usb-3-1-festplatte-externe-festplatte-ssd-kompatibel-fuer-windows-linux-android-desktop-laptop-mac\\\/#breadcrumb\",\"itemListElement\":[{\"@type\":\"ListItem\",\"position\":1,\"name\":\"Startseite\",\"item\":\"https:\\\/\\\/marktxxl.de\\\/markt\\\/\"},{\"@type\":\"ListItem\",\"position\":2,\"name\":\"Markt\",\"item\":\"https:\\\/\\\/marktxxl.de\\\/markt\\\/\"},{\"@type\":\"ListItem\",\"position\":3,\"name\":\"4TB tragbare SSD Externe Solid State Drive USB-C USB 3.1 Festplatte Externe Festplatte SSD kompatibel f\u00fcr Windows\\\/Linux\u2026\"}]},{\"@type\":\"WebSite\",\"@id\":\"https:\\\/\\\/marktxxl.de\\\/markt\\\/#website\",\"url\":\"https:\\\/\\\/marktxxl.de\\\/markt\\\/\",\"name\":\"Markt-XXL\",\"description\":\"Ihr Markt Online\",\"publisher\":{\"@id\":\"https:\\\/\\\/marktxxl.de\\\/markt\\\/#organization\"},\"potentialAction\":[{\"@type\":\"SearchAction\",\"target\":{\"@type\":\"EntryPoint\",\"urlTemplate\":\"https:\\\/\\\/marktxxl.de\\\/markt\\\/?s={search_term_string}\"},\"query-input\":{\"@type\":\"PropertyValueSpecification\",\"valueRequired\":true,\"valueName\":\"search_term_string\"}}],\"inLanguage\":\"de\"},{\"@type\":\"Organization\",\"@id\":\"https:\\\/\\\/marktxxl.de\\\/markt\\\/#organization\",\"name\":\"Markt-XXL\",\"url\":\"https:\\\/\\\/marktxxl.de\\\/markt\\\/\",\"logo\":{\"@type\":\"ImageObject\",\"inLanguage\":\"de\",\"@id\":\"https:\\\/\\\/marktxxl.de\\\/markt\\\/#\\\/schema\\\/logo\\\/image\\\/\",\"url\":\"https:\\\/\\\/marktxxl.de\\\/markt\\\/wp-content\\\/uploads\\\/sites\\\/3\\\/2020\\\/12\\\/logo.png\",\"contentUrl\":\"https:\\\/\\\/marktxxl.de\\\/markt\\\/wp-content\\\/uploads\\\/sites\\\/3\\\/2020\\\/12\\\/logo.png\",\"width\":200,\"height\":70,\"caption\":\"Markt-XXL\"},\"image\":{\"@id\":\"https:\\\/\\\/marktxxl.de\\\/markt\\\/#\\\/schema\\\/logo\\\/image\\\/\"}}]}<\/script>\n<!-- \/ Yoast SEO plugin. -->","yoast_head_json":{"title":"4TB tragbare SSD Externe Solid State Drive USB-C USB 3.1 Festplatte Externe Festplatte SSD kompatibel f\u00fcr Windows\/Linux\u2026 - Markt-XXL","description":"Markt-XXL 4TB tragbare SSD Externe Solid State Drive USB-C USB 3.1 Festplatte Externe Festplatte SSD kompatibel f\u00fcr Windows\/Linux\u2026","robots":{"index":"index","follow":"follow","max-snippet":"max-snippet:-1","max-image-preview":"max-image-preview:large","max-video-preview":"max-video-preview:-1"},"canonical":"https:\/\/marktxxl.de\/markt\/produkt\/4-tb-tragbare-ssd-externe-solid-state-drive-usb-c-usb-3-1-festplatte-externe-festplatte-ssd-kompatibel-fuer-windows-linux-android-desktop-laptop-mac\/","og_locale":"de_DE","og_type":"article","og_title":"4TB tragbare SSD Externe Solid State Drive USB-C USB 3.1 Festplatte Externe Festplatte SSD kompatibel f\u00fcr Windows\/Linux\u2026 - Markt-XXL","og_description":"Markt-XXL 4TB tragbare SSD Externe Solid State Drive USB-C USB 3.1 Festplatte Externe Festplatte SSD kompatibel f\u00fcr Windows\/Linux\u2026","og_url":"https:\/\/marktxxl.de\/markt\/produkt\/4-tb-tragbare-ssd-externe-solid-state-drive-usb-c-usb-3-1-festplatte-externe-festplatte-ssd-kompatibel-fuer-windows-linux-android-desktop-laptop-mac\/","og_site_name":"Markt-XXL","article_modified_time":"2023-04-09T02:57:19+00:00","og_image":[{"width":500,"height":425,"url":"https:\/\/m.media-amazon.com\/images\/I\/41R8ElBB1uL._SL500_.jpg","type":"image\/jpeg"}],"twitter_card":"summary_large_image","twitter_misc":{"Gesch\u00e4tzte Lesezeit":"1\u00a0Minute"},"schema":{"@context":"https:\/\/schema.org","@graph":[{"@type":"WebPage","@id":"https:\/\/marktxxl.de\/markt\/produkt\/4-tb-tragbare-ssd-externe-solid-state-drive-usb-c-usb-3-1-festplatte-externe-festplatte-ssd-kompatibel-fuer-windows-linux-android-desktop-laptop-mac\/","url":"https:\/\/marktxxl.de\/markt\/produkt\/4-tb-tragbare-ssd-externe-solid-state-drive-usb-c-usb-3-1-festplatte-externe-festplatte-ssd-kompatibel-fuer-windows-linux-android-desktop-laptop-mac\/","name":"4TB tragbare SSD Externe Solid State Drive USB-C USB 3.1 Festplatte Externe Festplatte SSD kompatibel f\u00fcr Windows\/Linux\u2026 - Markt-XXL","isPartOf":{"@id":"https:\/\/marktxxl.de\/markt\/#website"},"primaryImageOfPage":{"@id":"https:\/\/marktxxl.de\/markt\/produkt\/4-tb-tragbare-ssd-externe-solid-state-drive-usb-c-usb-3-1-festplatte-externe-festplatte-ssd-kompatibel-fuer-windows-linux-android-desktop-laptop-mac\/#primaryimage"},"image":{"@id":"https:\/\/marktxxl.de\/markt\/produkt\/4-tb-tragbare-ssd-externe-solid-state-drive-usb-c-usb-3-1-festplatte-externe-festplatte-ssd-kompatibel-fuer-windows-linux-android-desktop-laptop-mac\/#primaryimage"},"thumbnailUrl":"https:\/\/m.media-amazon.com\/images\/I\/41R8ElBB1uL._SL500_.jpg","datePublished":"2023-01-10T09:02:09+00:00","dateModified":"2023-04-09T02:57:19+00:00","description":"Markt-XXL 4TB tragbare SSD Externe Solid State Drive USB-C USB 3.1 Festplatte Externe Festplatte SSD kompatibel f\u00fcr Windows\/Linux\u2026","breadcrumb":{"@id":"https:\/\/marktxxl.de\/markt\/produkt\/4-tb-tragbare-ssd-externe-solid-state-drive-usb-c-usb-3-1-festplatte-externe-festplatte-ssd-kompatibel-fuer-windows-linux-android-desktop-laptop-mac\/#breadcrumb"},"inLanguage":"de","potentialAction":[{"@type":"ReadAction","target":["https:\/\/marktxxl.de\/markt\/produkt\/4-tb-tragbare-ssd-externe-solid-state-drive-usb-c-usb-3-1-festplatte-externe-festplatte-ssd-kompatibel-fuer-windows-linux-android-desktop-laptop-mac\/"]}]},{"@type":"ImageObject","inLanguage":"de","@id":"https:\/\/marktxxl.de\/markt\/produkt\/4-tb-tragbare-ssd-externe-solid-state-drive-usb-c-usb-3-1-festplatte-externe-festplatte-ssd-kompatibel-fuer-windows-linux-android-desktop-laptop-mac\/#primaryimage","url":"https:\/\/m.media-amazon.com\/images\/I\/41R8ElBB1uL._SL500_.jpg","contentUrl":"https:\/\/m.media-amazon.com\/images\/I\/41R8ElBB1uL._SL500_.jpg","width":500,"height":425},{"@type":"BreadcrumbList","@id":"https:\/\/marktxxl.de\/markt\/produkt\/4-tb-tragbare-ssd-externe-solid-state-drive-usb-c-usb-3-1-festplatte-externe-festplatte-ssd-kompatibel-fuer-windows-linux-android-desktop-laptop-mac\/#breadcrumb","itemListElement":[{"@type":"ListItem","position":1,"name":"Startseite","item":"https:\/\/marktxxl.de\/markt\/"},{"@type":"ListItem","position":2,"name":"Markt","item":"https:\/\/marktxxl.de\/markt\/"},{"@type":"ListItem","position":3,"name":"4TB tragbare SSD Externe Solid State Drive USB-C USB 3.1 Festplatte Externe Festplatte SSD kompatibel f\u00fcr Windows\/Linux\u2026"}]},{"@type":"WebSite","@id":"https:\/\/marktxxl.de\/markt\/#website","url":"https:\/\/marktxxl.de\/markt\/","name":"Markt-XXL","description":"Ihr Markt Online","publisher":{"@id":"https:\/\/marktxxl.de\/markt\/#organization"},"potentialAction":[{"@type":"SearchAction","target":{"@type":"EntryPoint","urlTemplate":"https:\/\/marktxxl.de\/markt\/?s={search_term_string}"},"query-input":{"@type":"PropertyValueSpecification","valueRequired":true,"valueName":"search_term_string"}}],"inLanguage":"de"},{"@type":"Organization","@id":"https:\/\/marktxxl.de\/markt\/#organization","name":"Markt-XXL","url":"https:\/\/marktxxl.de\/markt\/","logo":{"@type":"ImageObject","inLanguage":"de","@id":"https:\/\/marktxxl.de\/markt\/#\/schema\/logo\/image\/","url":"https:\/\/marktxxl.de\/markt\/wp-content\/uploads\/sites\/3\/2020\/12\/logo.png","contentUrl":"https:\/\/marktxxl.de\/markt\/wp-content\/uploads\/sites\/3\/2020\/12\/logo.png","width":200,"height":70,"caption":"Markt-XXL"},"image":{"@id":"https:\/\/marktxxl.de\/markt\/#\/schema\/logo\/image\/"}}]}},"_links":{"self":[{"href":"https:\/\/marktxxl.de\/markt\/wp-json\/wp\/v2\/product\/183367","targetHints":{"allow":["GET"]}}],"collection":[{"href":"https:\/\/marktxxl.de\/markt\/wp-json\/wp\/v2\/product"}],"about":[{"href":"https:\/\/marktxxl.de\/markt\/wp-json\/wp\/v2\/types\/product"}],"replies":[{"embeddable":true,"href":"https:\/\/marktxxl.de\/markt\/wp-json\/wp\/v2\/comments?post=183367"}],"wp:featuredmedia":[{"embeddable":true,"href":"https:\/\/marktxxl.de\/markt\/wp-json\/wp\/v2\/media\/183368"}],"wp:attachment":[{"href":"https:\/\/marktxxl.de\/markt\/wp-json\/wp\/v2\/media?parent=183367"}],"wp:term":[{"taxonomy":"product_brand","embeddable":true,"href":"https:\/\/marktxxl.de\/markt\/wp-json\/wp\/v2\/product_brand?post=183367"},{"taxonomy":"product_cat","embeddable":true,"href":"https:\/\/marktxxl.de\/markt\/wp-json\/wp\/v2\/product_cat?post=183367"},{"taxonomy":"product_tag","embeddable":true,"href":"https:\/\/marktxxl.de\/markt\/wp-json\/wp\/v2\/product_tag?post=183367"}],"curies":[{"name":"wp","href":"https:\/\/api.w.org\/{rel}","templated":true}]}}