{"id":182983,"date":"2023-01-10T09:46:26","date_gmt":"2023-01-10T08:46:26","guid":{"rendered":"https:\/\/marktxxl.de\/markt\/produkt\/viosmut-weihnachtskarten-mit-umschlag-set-4-stueck-weihnachtskarten-3d-lustig-pop-up-karte-weihnachten-geschenkkarte-handgemachte-fuer-kinder-frohe-weihnachten-weihnachten-schneemann-tannenbaum-rentie\/"},"modified":"2023-04-09T04:57:14","modified_gmt":"2023-04-09T02:57:14","slug":"viosmut-weihnachtskarten-mit-umschlag-set-4-stueck-weihnachtskarten-3d-lustig-pop-up-karte-weihnachten-geschenkkarte-handgemachte-fuer-kinder-frohe-weihnachten-weihnachten-schneemann-tannenbaum-rentie","status":"publish","type":"product","link":"https:\/\/marktxxl.de\/markt\/produkt\/viosmut-weihnachtskarten-mit-umschlag-set-4-stueck-weihnachtskarten-3d-lustig-pop-up-karte-weihnachten-geschenkkarte-handgemachte-fuer-kinder-frohe-weihnachten-weihnachten-schneemann-tannenbaum-rentie\/","title":{"rendered":"Viosmut Weihnachtskarten mit Umschlag Set 4 St\u00fcck Weihnachtskarten 3D Lustig Pop Up Karte Weihnachten Geschenkkarte\u2026"},"content":{"rendered":"<p>\ud83d\udc8c\u30104*Weihnachtskarten mit Umschlag Set\u3011:Vier verschiedene Weihnachtskarten 3d mit Umschl\u00e4gen, darunter: Weihnachtsbaum,Rentier, Schneemann, Weihnachtsmann usw. Drei davon sind 15*15cm und eine 15*20cm gro\u00df,bleibt Ihnen gen\u00fcgend Platz f\u00fcr Ihre Weihnachtsgr\u00fc\u00dfe.<br \/>\n\ud83d\udc8c\u3010Handgemacht\u3011Die Geburtstagskarte besteht aus hochwertigem dickem Papier,sie k\u00f6nnen die Gru\u00dfkarte einfach falten und in den beiliegenden Umschlag stecken.Sowohl der Umschlag als auch die Karte enthalten verschiedene weihnachtliche Elemente.Vier Gru\u00dfkarten verschiedene vier wichtigen Familienmitgliedern und Freunden gegeben werden.<br \/>\n\ud83d\udc8c\u3010Lustige Weihnachtskarten\u3011:Durch das Laserschneiden wird die 3D-Designstruktur beim \u00d6ffnen entfaltet und erzeugt hervorragende 3D-Effekte, sehr sch\u00f6ne und lustige.Wenn sie diese Karte erhalten, gibt es nach dem \u00d6ffnen unerwartete \u00dcberraschungen.<br \/>\n\ud83d\udc8c\u3010Geschenkkarte Weihnachten\u3011Pop-up-Karten eignen sich sehr gut als Neujahrskarten, Geschenkkarten, Weihnachtskarten, Partyeinladungen f\u00fcr Kinder, Freunde und Familie.<br \/>\n\ud83c\udf85\u3010ZUFRIDENHEITSGARANTIE\u3011\uff1aBitte kontaktieren Sie uns, wenn Sie innerhalb nach dem Kauf der Waren bei Qualit\u00e4tsprobleme haben. Wir werden Ihnen so schnell wie m\u00f6glich eine zufriedenstellende L\u00f6sung bieten, einschlie\u00dflich R\u00fcckerstattungen, Umtausch, und Wartungsanleitung.<br \/>\n<div class=\"main-cross-sell\" data-asin=\"B09B8WDDMH\">\n\n\t<div class=\"WooZone-cross-sell-loader\">\n\t\t<div>\n\t\t\t<div id=\"floatingBarsG\">\n\t\t\t\t<div class=\"blockG\" id=\"rotateG_01\"><\/div>\n\t\t\t\t<div class=\"blockG\" id=\"rotateG_02\"><\/div>\n\t\t\t\t<div class=\"blockG\" id=\"rotateG_03\"><\/div>\n\t\t\t\t<div class=\"blockG\" id=\"rotateG_04\"><\/div>\n\t\t\t\t<div class=\"blockG\" id=\"rotateG_05\"><\/div>\n\t\t\t\t<div class=\"blockG\" id=\"rotateG_06\"><\/div>\n\t\t\t\t<div class=\"blockG\" id=\"rotateG_07\"><\/div>\n\t\t\t\t<div class=\"blockG\" id=\"rotateG_08\"><\/div>\n\t\t\t<\/div>\n\t\t\t<div class=\"WooZone-cross-sell-loader-text\"><\/div>\n\t\t<\/div>\n\t<\/div>\n\n\t\t\n<\/div>\n<div style=\"clear:both;\"><\/div><\/p>\n","protected":false},"excerpt":{"rendered":"<p>\ud83d\udc8c\u30104*Weihnachtskarten mit Umschlag Set\u3011:Vier verschiedene Weihnachtskarten 3d mit Umschl\u00e4gen, darunter: Weihnachtsbaum,Rentier, Schneemann, Weihnachtsmann usw. Drei davon sind 15*15cm und eine 15*20cm gro\u00df,bleibt Ihnen gen\u00fcgend Platz f\u00fcr Ihre Weihnachtsgr\u00fc\u00dfe.<br \/>\n\ud83d\udc8c\u3010Handgemacht\u3011Die Geburtstagskarte besteht aus hochwertigem dickem Papier,sie k\u00f6nnen die Gru\u00dfkarte einfach falten und in den beiliegenden Umschlag stecken.Sowohl der Umschlag als auch die Karte enthalten verschiedene weihnachtliche Elemente.Vier Gru\u00dfkarten verschiedene vier wichtigen Familienmitgliedern und Freunden gegeben werden.<br \/>\n\ud83d\udc8c\u3010Lustige Weihnachtskarten\u3011:Durch das Laserschneiden wird die 3D-Designstruktur beim \u00d6ffnen entfaltet und erzeugt hervorragende 3D-Effekte, sehr sch\u00f6ne und lustige.Wenn sie diese Karte erhalten, gibt es nach dem \u00d6ffnen unerwartete \u00dcberraschungen.<\/p>\n","protected":false},"featured_media":182984,"comment_status":"open","ping_status":"closed","template":"","meta":[],"product_brand":[],"product_cat":[504,8527],"product_tag":[],"class_list":{"0":"post-182983","1":"product","2":"type-product","3":"status-publish","4":"has-post-thumbnail","6":"product_cat-buerobedarf-schreibwaren","7":"product_cat-papierprodukte","8":"pa_brand-viosmut","10":"first","11":"instock","12":"shipping-taxable","13":"purchasable","14":"product-type-simple","15":"customify-col","16":"product-has-gallery"},"yoast_head":"<!-- This site is optimized with the Yoast SEO plugin v27.4 - https:\/\/yoast.com\/product\/yoast-seo-wordpress\/ -->\n<title>Viosmut Weihnachtskarten mit Umschlag Set 4 St\u00fcck Weihnachtskarten 3D Lustig Pop Up Karte Weihnachten Geschenkkarte\u2026 - Markt-XXL<\/title>\n<meta name=\"description\" content=\"Markt-XXL Viosmut Weihnachtskarten mit Umschlag Set 4 St\u00fcck Weihnachtskarten 3D Lustig Pop Up Karte Weihnachten Geschenkkarte\u2026\" \/>\n<meta name=\"robots\" content=\"index, follow, max-snippet:-1, max-image-preview:large, max-video-preview:-1\" \/>\n<link rel=\"canonical\" href=\"https:\/\/marktxxl.de\/markt\/produkt\/viosmut-weihnachtskarten-mit-umschlag-set-4-stueck-weihnachtskarten-3d-lustig-pop-up-karte-weihnachten-geschenkkarte-handgemachte-fuer-kinder-frohe-weihnachten-weihnachten-schneemann-tannenbaum-rentie\/\" \/>\n<meta property=\"og:locale\" content=\"de_DE\" \/>\n<meta property=\"og:type\" content=\"article\" \/>\n<meta property=\"og:title\" content=\"Viosmut Weihnachtskarten mit Umschlag Set 4 St\u00fcck Weihnachtskarten 3D Lustig Pop Up Karte Weihnachten Geschenkkarte\u2026 - Markt-XXL\" \/>\n<meta property=\"og:description\" content=\"Markt-XXL Viosmut Weihnachtskarten mit Umschlag Set 4 St\u00fcck Weihnachtskarten 3D Lustig Pop Up Karte Weihnachten Geschenkkarte\u2026\" \/>\n<meta property=\"og:url\" content=\"https:\/\/marktxxl.de\/markt\/produkt\/viosmut-weihnachtskarten-mit-umschlag-set-4-stueck-weihnachtskarten-3d-lustig-pop-up-karte-weihnachten-geschenkkarte-handgemachte-fuer-kinder-frohe-weihnachten-weihnachten-schneemann-tannenbaum-rentie\/\" \/>\n<meta property=\"og:site_name\" content=\"Markt-XXL\" \/>\n<meta property=\"article:modified_time\" content=\"2023-04-09T02:57:14+00:00\" \/>\n<meta property=\"og:image\" content=\"https:\/\/m.media-amazon.com\/images\/I\/51M3YTAQV8L._SL500_.jpg\" \/>\n\t<meta property=\"og:image:width\" content=\"500\" \/>\n\t<meta property=\"og:image:height\" content=\"500\" \/>\n\t<meta property=\"og:image:type\" content=\"image\/jpeg\" \/>\n<meta name=\"twitter:card\" content=\"summary_large_image\" \/>\n<meta name=\"twitter:label1\" content=\"Gesch\u00e4tzte Lesezeit\" \/>\n\t<meta name=\"twitter:data1\" content=\"1\u00a0Minute\" \/>\n<script type=\"application\/ld+json\" class=\"yoast-schema-graph\">{\"@context\":\"https:\\\/\\\/schema.org\",\"@graph\":[{\"@type\":\"WebPage\",\"@id\":\"https:\\\/\\\/marktxxl.de\\\/markt\\\/produkt\\\/viosmut-weihnachtskarten-mit-umschlag-set-4-stueck-weihnachtskarten-3d-lustig-pop-up-karte-weihnachten-geschenkkarte-handgemachte-fuer-kinder-frohe-weihnachten-weihnachten-schneemann-tannenbaum-rentie\\\/\",\"url\":\"https:\\\/\\\/marktxxl.de\\\/markt\\\/produkt\\\/viosmut-weihnachtskarten-mit-umschlag-set-4-stueck-weihnachtskarten-3d-lustig-pop-up-karte-weihnachten-geschenkkarte-handgemachte-fuer-kinder-frohe-weihnachten-weihnachten-schneemann-tannenbaum-rentie\\\/\",\"name\":\"Viosmut Weihnachtskarten mit Umschlag Set 4 St\u00fcck Weihnachtskarten 3D Lustig Pop Up Karte Weihnachten Geschenkkarte\u2026 - Markt-XXL\",\"isPartOf\":{\"@id\":\"https:\\\/\\\/marktxxl.de\\\/markt\\\/#website\"},\"primaryImageOfPage\":{\"@id\":\"https:\\\/\\\/marktxxl.de\\\/markt\\\/produkt\\\/viosmut-weihnachtskarten-mit-umschlag-set-4-stueck-weihnachtskarten-3d-lustig-pop-up-karte-weihnachten-geschenkkarte-handgemachte-fuer-kinder-frohe-weihnachten-weihnachten-schneemann-tannenbaum-rentie\\\/#primaryimage\"},\"image\":{\"@id\":\"https:\\\/\\\/marktxxl.de\\\/markt\\\/produkt\\\/viosmut-weihnachtskarten-mit-umschlag-set-4-stueck-weihnachtskarten-3d-lustig-pop-up-karte-weihnachten-geschenkkarte-handgemachte-fuer-kinder-frohe-weihnachten-weihnachten-schneemann-tannenbaum-rentie\\\/#primaryimage\"},\"thumbnailUrl\":\"https:\\\/\\\/m.media-amazon.com\\\/images\\\/I\\\/51M3YTAQV8L._SL500_.jpg\",\"datePublished\":\"2023-01-10T08:46:26+00:00\",\"dateModified\":\"2023-04-09T02:57:14+00:00\",\"description\":\"Markt-XXL Viosmut Weihnachtskarten mit Umschlag Set 4 St\u00fcck Weihnachtskarten 3D Lustig Pop Up Karte Weihnachten Geschenkkarte\u2026\",\"breadcrumb\":{\"@id\":\"https:\\\/\\\/marktxxl.de\\\/markt\\\/produkt\\\/viosmut-weihnachtskarten-mit-umschlag-set-4-stueck-weihnachtskarten-3d-lustig-pop-up-karte-weihnachten-geschenkkarte-handgemachte-fuer-kinder-frohe-weihnachten-weihnachten-schneemann-tannenbaum-rentie\\\/#breadcrumb\"},\"inLanguage\":\"de\",\"potentialAction\":[{\"@type\":\"ReadAction\",\"target\":[\"https:\\\/\\\/marktxxl.de\\\/markt\\\/produkt\\\/viosmut-weihnachtskarten-mit-umschlag-set-4-stueck-weihnachtskarten-3d-lustig-pop-up-karte-weihnachten-geschenkkarte-handgemachte-fuer-kinder-frohe-weihnachten-weihnachten-schneemann-tannenbaum-rentie\\\/\"]}]},{\"@type\":\"ImageObject\",\"inLanguage\":\"de\",\"@id\":\"https:\\\/\\\/marktxxl.de\\\/markt\\\/produkt\\\/viosmut-weihnachtskarten-mit-umschlag-set-4-stueck-weihnachtskarten-3d-lustig-pop-up-karte-weihnachten-geschenkkarte-handgemachte-fuer-kinder-frohe-weihnachten-weihnachten-schneemann-tannenbaum-rentie\\\/#primaryimage\",\"url\":\"https:\\\/\\\/m.media-amazon.com\\\/images\\\/I\\\/51M3YTAQV8L._SL500_.jpg\",\"contentUrl\":\"https:\\\/\\\/m.media-amazon.com\\\/images\\\/I\\\/51M3YTAQV8L._SL500_.jpg\",\"width\":500,\"height\":500},{\"@type\":\"BreadcrumbList\",\"@id\":\"https:\\\/\\\/marktxxl.de\\\/markt\\\/produkt\\\/viosmut-weihnachtskarten-mit-umschlag-set-4-stueck-weihnachtskarten-3d-lustig-pop-up-karte-weihnachten-geschenkkarte-handgemachte-fuer-kinder-frohe-weihnachten-weihnachten-schneemann-tannenbaum-rentie\\\/#breadcrumb\",\"itemListElement\":[{\"@type\":\"ListItem\",\"position\":1,\"name\":\"Startseite\",\"item\":\"https:\\\/\\\/marktxxl.de\\\/markt\\\/\"},{\"@type\":\"ListItem\",\"position\":2,\"name\":\"Markt\",\"item\":\"https:\\\/\\\/marktxxl.de\\\/markt\\\/\"},{\"@type\":\"ListItem\",\"position\":3,\"name\":\"Viosmut Weihnachtskarten mit Umschlag Set 4 St\u00fcck Weihnachtskarten 3D Lustig Pop Up Karte Weihnachten Geschenkkarte\u2026\"}]},{\"@type\":\"WebSite\",\"@id\":\"https:\\\/\\\/marktxxl.de\\\/markt\\\/#website\",\"url\":\"https:\\\/\\\/marktxxl.de\\\/markt\\\/\",\"name\":\"Markt-XXL\",\"description\":\"Ihr Markt Online\",\"publisher\":{\"@id\":\"https:\\\/\\\/marktxxl.de\\\/markt\\\/#organization\"},\"potentialAction\":[{\"@type\":\"SearchAction\",\"target\":{\"@type\":\"EntryPoint\",\"urlTemplate\":\"https:\\\/\\\/marktxxl.de\\\/markt\\\/?s={search_term_string}\"},\"query-input\":{\"@type\":\"PropertyValueSpecification\",\"valueRequired\":true,\"valueName\":\"search_term_string\"}}],\"inLanguage\":\"de\"},{\"@type\":\"Organization\",\"@id\":\"https:\\\/\\\/marktxxl.de\\\/markt\\\/#organization\",\"name\":\"Markt-XXL\",\"url\":\"https:\\\/\\\/marktxxl.de\\\/markt\\\/\",\"logo\":{\"@type\":\"ImageObject\",\"inLanguage\":\"de\",\"@id\":\"https:\\\/\\\/marktxxl.de\\\/markt\\\/#\\\/schema\\\/logo\\\/image\\\/\",\"url\":\"https:\\\/\\\/marktxxl.de\\\/markt\\\/wp-content\\\/uploads\\\/sites\\\/3\\\/2020\\\/12\\\/logo.png\",\"contentUrl\":\"https:\\\/\\\/marktxxl.de\\\/markt\\\/wp-content\\\/uploads\\\/sites\\\/3\\\/2020\\\/12\\\/logo.png\",\"width\":200,\"height\":70,\"caption\":\"Markt-XXL\"},\"image\":{\"@id\":\"https:\\\/\\\/marktxxl.de\\\/markt\\\/#\\\/schema\\\/logo\\\/image\\\/\"}}]}<\/script>\n<!-- \/ Yoast SEO plugin. -->","yoast_head_json":{"title":"Viosmut Weihnachtskarten mit Umschlag Set 4 St\u00fcck Weihnachtskarten 3D Lustig Pop Up Karte Weihnachten Geschenkkarte\u2026 - Markt-XXL","description":"Markt-XXL Viosmut Weihnachtskarten mit Umschlag Set 4 St\u00fcck Weihnachtskarten 3D Lustig Pop Up Karte Weihnachten Geschenkkarte\u2026","robots":{"index":"index","follow":"follow","max-snippet":"max-snippet:-1","max-image-preview":"max-image-preview:large","max-video-preview":"max-video-preview:-1"},"canonical":"https:\/\/marktxxl.de\/markt\/produkt\/viosmut-weihnachtskarten-mit-umschlag-set-4-stueck-weihnachtskarten-3d-lustig-pop-up-karte-weihnachten-geschenkkarte-handgemachte-fuer-kinder-frohe-weihnachten-weihnachten-schneemann-tannenbaum-rentie\/","og_locale":"de_DE","og_type":"article","og_title":"Viosmut Weihnachtskarten mit Umschlag Set 4 St\u00fcck Weihnachtskarten 3D Lustig Pop Up Karte Weihnachten Geschenkkarte\u2026 - Markt-XXL","og_description":"Markt-XXL Viosmut Weihnachtskarten mit Umschlag Set 4 St\u00fcck Weihnachtskarten 3D Lustig Pop Up Karte Weihnachten Geschenkkarte\u2026","og_url":"https:\/\/marktxxl.de\/markt\/produkt\/viosmut-weihnachtskarten-mit-umschlag-set-4-stueck-weihnachtskarten-3d-lustig-pop-up-karte-weihnachten-geschenkkarte-handgemachte-fuer-kinder-frohe-weihnachten-weihnachten-schneemann-tannenbaum-rentie\/","og_site_name":"Markt-XXL","article_modified_time":"2023-04-09T02:57:14+00:00","og_image":[{"width":500,"height":500,"url":"https:\/\/m.media-amazon.com\/images\/I\/51M3YTAQV8L._SL500_.jpg","type":"image\/jpeg"}],"twitter_card":"summary_large_image","twitter_misc":{"Gesch\u00e4tzte Lesezeit":"1\u00a0Minute"},"schema":{"@context":"https:\/\/schema.org","@graph":[{"@type":"WebPage","@id":"https:\/\/marktxxl.de\/markt\/produkt\/viosmut-weihnachtskarten-mit-umschlag-set-4-stueck-weihnachtskarten-3d-lustig-pop-up-karte-weihnachten-geschenkkarte-handgemachte-fuer-kinder-frohe-weihnachten-weihnachten-schneemann-tannenbaum-rentie\/","url":"https:\/\/marktxxl.de\/markt\/produkt\/viosmut-weihnachtskarten-mit-umschlag-set-4-stueck-weihnachtskarten-3d-lustig-pop-up-karte-weihnachten-geschenkkarte-handgemachte-fuer-kinder-frohe-weihnachten-weihnachten-schneemann-tannenbaum-rentie\/","name":"Viosmut Weihnachtskarten mit Umschlag Set 4 St\u00fcck Weihnachtskarten 3D Lustig Pop Up Karte Weihnachten Geschenkkarte\u2026 - Markt-XXL","isPartOf":{"@id":"https:\/\/marktxxl.de\/markt\/#website"},"primaryImageOfPage":{"@id":"https:\/\/marktxxl.de\/markt\/produkt\/viosmut-weihnachtskarten-mit-umschlag-set-4-stueck-weihnachtskarten-3d-lustig-pop-up-karte-weihnachten-geschenkkarte-handgemachte-fuer-kinder-frohe-weihnachten-weihnachten-schneemann-tannenbaum-rentie\/#primaryimage"},"image":{"@id":"https:\/\/marktxxl.de\/markt\/produkt\/viosmut-weihnachtskarten-mit-umschlag-set-4-stueck-weihnachtskarten-3d-lustig-pop-up-karte-weihnachten-geschenkkarte-handgemachte-fuer-kinder-frohe-weihnachten-weihnachten-schneemann-tannenbaum-rentie\/#primaryimage"},"thumbnailUrl":"https:\/\/m.media-amazon.com\/images\/I\/51M3YTAQV8L._SL500_.jpg","datePublished":"2023-01-10T08:46:26+00:00","dateModified":"2023-04-09T02:57:14+00:00","description":"Markt-XXL Viosmut Weihnachtskarten mit Umschlag Set 4 St\u00fcck Weihnachtskarten 3D Lustig Pop Up Karte Weihnachten Geschenkkarte\u2026","breadcrumb":{"@id":"https:\/\/marktxxl.de\/markt\/produkt\/viosmut-weihnachtskarten-mit-umschlag-set-4-stueck-weihnachtskarten-3d-lustig-pop-up-karte-weihnachten-geschenkkarte-handgemachte-fuer-kinder-frohe-weihnachten-weihnachten-schneemann-tannenbaum-rentie\/#breadcrumb"},"inLanguage":"de","potentialAction":[{"@type":"ReadAction","target":["https:\/\/marktxxl.de\/markt\/produkt\/viosmut-weihnachtskarten-mit-umschlag-set-4-stueck-weihnachtskarten-3d-lustig-pop-up-karte-weihnachten-geschenkkarte-handgemachte-fuer-kinder-frohe-weihnachten-weihnachten-schneemann-tannenbaum-rentie\/"]}]},{"@type":"ImageObject","inLanguage":"de","@id":"https:\/\/marktxxl.de\/markt\/produkt\/viosmut-weihnachtskarten-mit-umschlag-set-4-stueck-weihnachtskarten-3d-lustig-pop-up-karte-weihnachten-geschenkkarte-handgemachte-fuer-kinder-frohe-weihnachten-weihnachten-schneemann-tannenbaum-rentie\/#primaryimage","url":"https:\/\/m.media-amazon.com\/images\/I\/51M3YTAQV8L._SL500_.jpg","contentUrl":"https:\/\/m.media-amazon.com\/images\/I\/51M3YTAQV8L._SL500_.jpg","width":500,"height":500},{"@type":"BreadcrumbList","@id":"https:\/\/marktxxl.de\/markt\/produkt\/viosmut-weihnachtskarten-mit-umschlag-set-4-stueck-weihnachtskarten-3d-lustig-pop-up-karte-weihnachten-geschenkkarte-handgemachte-fuer-kinder-frohe-weihnachten-weihnachten-schneemann-tannenbaum-rentie\/#breadcrumb","itemListElement":[{"@type":"ListItem","position":1,"name":"Startseite","item":"https:\/\/marktxxl.de\/markt\/"},{"@type":"ListItem","position":2,"name":"Markt","item":"https:\/\/marktxxl.de\/markt\/"},{"@type":"ListItem","position":3,"name":"Viosmut Weihnachtskarten mit Umschlag Set 4 St\u00fcck Weihnachtskarten 3D Lustig Pop Up Karte Weihnachten Geschenkkarte\u2026"}]},{"@type":"WebSite","@id":"https:\/\/marktxxl.de\/markt\/#website","url":"https:\/\/marktxxl.de\/markt\/","name":"Markt-XXL","description":"Ihr Markt Online","publisher":{"@id":"https:\/\/marktxxl.de\/markt\/#organization"},"potentialAction":[{"@type":"SearchAction","target":{"@type":"EntryPoint","urlTemplate":"https:\/\/marktxxl.de\/markt\/?s={search_term_string}"},"query-input":{"@type":"PropertyValueSpecification","valueRequired":true,"valueName":"search_term_string"}}],"inLanguage":"de"},{"@type":"Organization","@id":"https:\/\/marktxxl.de\/markt\/#organization","name":"Markt-XXL","url":"https:\/\/marktxxl.de\/markt\/","logo":{"@type":"ImageObject","inLanguage":"de","@id":"https:\/\/marktxxl.de\/markt\/#\/schema\/logo\/image\/","url":"https:\/\/marktxxl.de\/markt\/wp-content\/uploads\/sites\/3\/2020\/12\/logo.png","contentUrl":"https:\/\/marktxxl.de\/markt\/wp-content\/uploads\/sites\/3\/2020\/12\/logo.png","width":200,"height":70,"caption":"Markt-XXL"},"image":{"@id":"https:\/\/marktxxl.de\/markt\/#\/schema\/logo\/image\/"}}]}},"_links":{"self":[{"href":"https:\/\/marktxxl.de\/markt\/wp-json\/wp\/v2\/product\/182983","targetHints":{"allow":["GET"]}}],"collection":[{"href":"https:\/\/marktxxl.de\/markt\/wp-json\/wp\/v2\/product"}],"about":[{"href":"https:\/\/marktxxl.de\/markt\/wp-json\/wp\/v2\/types\/product"}],"replies":[{"embeddable":true,"href":"https:\/\/marktxxl.de\/markt\/wp-json\/wp\/v2\/comments?post=182983"}],"wp:featuredmedia":[{"embeddable":true,"href":"https:\/\/marktxxl.de\/markt\/wp-json\/wp\/v2\/media\/182984"}],"wp:attachment":[{"href":"https:\/\/marktxxl.de\/markt\/wp-json\/wp\/v2\/media?parent=182983"}],"wp:term":[{"taxonomy":"product_brand","embeddable":true,"href":"https:\/\/marktxxl.de\/markt\/wp-json\/wp\/v2\/product_brand?post=182983"},{"taxonomy":"product_cat","embeddable":true,"href":"https:\/\/marktxxl.de\/markt\/wp-json\/wp\/v2\/product_cat?post=182983"},{"taxonomy":"product_tag","embeddable":true,"href":"https:\/\/marktxxl.de\/markt\/wp-json\/wp\/v2\/product_tag?post=182983"}],"curies":[{"name":"wp","href":"https:\/\/api.w.org\/{rel}","templated":true}]}}