{"id":182047,"date":"2023-01-10T07:05:25","date_gmt":"2023-01-10T06:05:25","guid":{"rendered":"https:\/\/marktxxl.de\/markt\/produkt\/gehstock-herren-damen-wanderstoecke-teleskop-faltbar-shealthub-anti-rutsch-spazierstock-hoehenverstellbar-84-94cm-walking-stick-bergstock-rutschfeste-klappbar\/"},"modified":"2023-04-11T05:13:25","modified_gmt":"2023-04-11T03:13:25","slug":"gehstock-herren-damen-wanderstoecke-teleskop-faltbar-shealthub-anti-rutsch-spazierstock-hoehenverstellbar-84-94cm-walking-stick-bergstock-rutschfeste-klappbar","status":"publish","type":"product","link":"https:\/\/marktxxl.de\/markt\/produkt\/gehstock-herren-damen-wanderstoecke-teleskop-faltbar-shealthub-anti-rutsch-spazierstock-hoehenverstellbar-84-94cm-walking-stick-bergstock-rutschfeste-klappbar\/","title":{"rendered":"Gehstock Herren Damen, Wanderst\u00f6cke Teleskop Faltbar, Shealthub Anti-Rutsch Spazierstock H\u00f6henverstellbar 84-94cm\u2026"},"content":{"rendered":"<p>\u2665 H\u00f6henverstellbar Faltbar Spazierstock : Dr\u00fccken Sie die Taste, um die H\u00f6he einzustellen, erh\u00e4ltlich in 5 h\u00f6henoptionen von 84-94 cm \/ 33-37 Zoll, geeignet f\u00fcr Personen mit einer K\u00f6rpergr\u00f6\u00dfe von 160 &#8211; 190 cm. Die Ma\u00dfe im gefalteten zustand betragen 13 x 9 x 37 cm.<br \/>\n\u2665 Hohe Stabilit\u00e4t Trekkingst\u00f6cke: aus einer hochfesten Aluminiumlegierung, die Max. benutzergewicht 110 kg\/242 lb fest tragen kann und Ihnen eine starke Stabilit\u00e4t bietet.<br \/>\n\u2665 Ergonomischer Griff und Riemen: Der Griff besteht aus rutschfestem Silikon, das weich ist und sich der Handfl\u00e4che anpasst, wodurch Handfl\u00e4chenschmerzen w\u00e4hrend des Gebrauchs reduziert werden. Die integrierte Handschlaufe hilft Ihnen, den Stock leichter zu bewegen und zu verhindern, dass der Stock herunterf\u00e4llt den Boden, wenn du losl\u00e4sst.<br \/>\n\u2665 2 Anti-Rutsch Gummibasis: Kr\u00fcckst\u00f6cke mit rund und dreieckig rutschfeste gummibasis, die f\u00fcr ausreichende Stabilit\u00e4t sorgen und je nach Nutzungsumgebung ausgetauscht werden k\u00f6nnen.<br \/>\n\u2665 Walking Stick f\u00fcr Senioren und Kletterer: Der Gehstock l\u00e4sst sich leicht zusammenfalten und passt zusammengeklappt in Handtaschen und Rucks\u00e4cke. Geringes Gewicht, nur 700 g, einfach zu tragen.<br \/>\n<div class=\"main-cross-sell\" data-asin=\"B09JBFTQQG\">\n\n\t<div class=\"WooZone-cross-sell-loader\">\n\t\t<div>\n\t\t\t<div id=\"floatingBarsG\">\n\t\t\t\t<div class=\"blockG\" id=\"rotateG_01\"><\/div>\n\t\t\t\t<div class=\"blockG\" id=\"rotateG_02\"><\/div>\n\t\t\t\t<div class=\"blockG\" id=\"rotateG_03\"><\/div>\n\t\t\t\t<div class=\"blockG\" id=\"rotateG_04\"><\/div>\n\t\t\t\t<div class=\"blockG\" id=\"rotateG_05\"><\/div>\n\t\t\t\t<div class=\"blockG\" id=\"rotateG_06\"><\/div>\n\t\t\t\t<div class=\"blockG\" id=\"rotateG_07\"><\/div>\n\t\t\t\t<div class=\"blockG\" id=\"rotateG_08\"><\/div>\n\t\t\t<\/div>\n\t\t\t<div class=\"WooZone-cross-sell-loader-text\"><\/div>\n\t\t<\/div>\n\t<\/div>\n\n\t\t\n<\/div>\n<div style=\"clear:both;\"><\/div><\/p>\n","protected":false},"excerpt":{"rendered":"<p>\u2665 H\u00f6henverstellbar Faltbar Spazierstock : Dr\u00fccken Sie die Taste, um die H\u00f6he einzustellen, erh\u00e4ltlich in 5 h\u00f6henoptionen von 84-94 cm \/ 33-37 Zoll, geeignet f\u00fcr Personen mit einer K\u00f6rpergr\u00f6\u00dfe von 160 &#8211; 190 cm. Die Ma\u00dfe im gefalteten zustand betragen 13 x 9 x 37 cm.<br \/>\n\u2665 Hohe Stabilit\u00e4t Trekkingst\u00f6cke: aus einer hochfesten Aluminiumlegierung, die Max. benutzergewicht 110 kg\/242 lb fest tragen kann und Ihnen eine starke Stabilit\u00e4t bietet.<br \/>\n\u2665 Ergonomischer Griff und Riemen: Der Griff besteht aus rutschfestem Silikon, das weich ist und sich der Handfl\u00e4che anpasst, wodurch Handfl\u00e4chenschmerzen w\u00e4hrend des Gebrauchs reduziert werden. Die integrierte Handschlaufe hilft Ihnen, den Stock leichter zu bewegen und zu verhindern, dass der Stock herunterf\u00e4llt den Boden, wenn du losl\u00e4sst.<\/p>\n","protected":false},"featured_media":182048,"comment_status":"open","ping_status":"closed","template":"","meta":[],"product_brand":[],"product_cat":[566,5932],"product_tag":[],"class_list":{"0":"post-182047","1":"product","2":"type-product","3":"status-publish","4":"has-post-thumbnail","6":"product_cat-drogerie-koerperpflege","7":"product_cat-mobilitaetshilfen-zubehoer","8":"pa_brand-shealthub","9":"pa_color-schwarz","10":"pa_height-14-566929119-zoll","11":"pa_length-5-118110231-zoll","12":"pa_manufacturer-sinocare","13":"pa_size-84-95cm","14":"pa_weight-1-10231131-pfund","15":"pa_width-3-543307083-zoll","17":"first","18":"instock","19":"shipping-taxable","20":"purchasable","21":"product-type-simple","22":"customify-col","23":"product-has-gallery"},"yoast_head":"<!-- This site is optimized with the Yoast SEO plugin v27.3 - https:\/\/yoast.com\/product\/yoast-seo-wordpress\/ -->\n<title>Gehstock Herren Damen, Wanderst\u00f6cke Teleskop Faltbar, Shealthub Anti-Rutsch Spazierstock H\u00f6henverstellbar 84-94cm\u2026 - Markt-XXL<\/title>\n<meta name=\"description\" content=\"Markt-XXL Gehstock Herren Damen, Wanderst\u00f6cke Teleskop Faltbar, Shealthub Anti-Rutsch Spazierstock H\u00f6henverstellbar 84-94cm\u2026\" \/>\n<meta name=\"robots\" content=\"index, follow, max-snippet:-1, max-image-preview:large, max-video-preview:-1\" \/>\n<link rel=\"canonical\" href=\"https:\/\/marktxxl.de\/markt\/produkt\/gehstock-herren-damen-wanderstoecke-teleskop-faltbar-shealthub-anti-rutsch-spazierstock-hoehenverstellbar-84-94cm-walking-stick-bergstock-rutschfeste-klappbar\/\" \/>\n<meta property=\"og:locale\" content=\"de_DE\" \/>\n<meta property=\"og:type\" content=\"article\" \/>\n<meta property=\"og:title\" content=\"Gehstock Herren Damen, Wanderst\u00f6cke Teleskop Faltbar, Shealthub Anti-Rutsch Spazierstock H\u00f6henverstellbar 84-94cm\u2026 - Markt-XXL\" \/>\n<meta property=\"og:description\" content=\"Markt-XXL Gehstock Herren Damen, Wanderst\u00f6cke Teleskop Faltbar, Shealthub Anti-Rutsch Spazierstock H\u00f6henverstellbar 84-94cm\u2026\" \/>\n<meta property=\"og:url\" content=\"https:\/\/marktxxl.de\/markt\/produkt\/gehstock-herren-damen-wanderstoecke-teleskop-faltbar-shealthub-anti-rutsch-spazierstock-hoehenverstellbar-84-94cm-walking-stick-bergstock-rutschfeste-klappbar\/\" \/>\n<meta property=\"og:site_name\" content=\"Markt-XXL\" \/>\n<meta property=\"article:modified_time\" content=\"2023-04-11T03:13:25+00:00\" \/>\n<meta property=\"og:image\" content=\"https:\/\/m.media-amazon.com\/images\/I\/31yRkYCv6lL._SL500_.jpg\" \/>\n\t<meta property=\"og:image:width\" content=\"500\" \/>\n\t<meta property=\"og:image:height\" content=\"500\" \/>\n\t<meta property=\"og:image:type\" content=\"image\/jpeg\" \/>\n<meta name=\"twitter:card\" content=\"summary_large_image\" \/>\n<meta name=\"twitter:label1\" content=\"Gesch\u00e4tzte Lesezeit\" \/>\n\t<meta name=\"twitter:data1\" content=\"1\u00a0Minute\" \/>\n<script type=\"application\/ld+json\" class=\"yoast-schema-graph\">{\"@context\":\"https:\\\/\\\/schema.org\",\"@graph\":[{\"@type\":\"WebPage\",\"@id\":\"https:\\\/\\\/marktxxl.de\\\/markt\\\/produkt\\\/gehstock-herren-damen-wanderstoecke-teleskop-faltbar-shealthub-anti-rutsch-spazierstock-hoehenverstellbar-84-94cm-walking-stick-bergstock-rutschfeste-klappbar\\\/\",\"url\":\"https:\\\/\\\/marktxxl.de\\\/markt\\\/produkt\\\/gehstock-herren-damen-wanderstoecke-teleskop-faltbar-shealthub-anti-rutsch-spazierstock-hoehenverstellbar-84-94cm-walking-stick-bergstock-rutschfeste-klappbar\\\/\",\"name\":\"Gehstock Herren Damen, Wanderst\u00f6cke Teleskop Faltbar, Shealthub Anti-Rutsch Spazierstock H\u00f6henverstellbar 84-94cm\u2026 - Markt-XXL\",\"isPartOf\":{\"@id\":\"https:\\\/\\\/marktxxl.de\\\/markt\\\/#website\"},\"primaryImageOfPage\":{\"@id\":\"https:\\\/\\\/marktxxl.de\\\/markt\\\/produkt\\\/gehstock-herren-damen-wanderstoecke-teleskop-faltbar-shealthub-anti-rutsch-spazierstock-hoehenverstellbar-84-94cm-walking-stick-bergstock-rutschfeste-klappbar\\\/#primaryimage\"},\"image\":{\"@id\":\"https:\\\/\\\/marktxxl.de\\\/markt\\\/produkt\\\/gehstock-herren-damen-wanderstoecke-teleskop-faltbar-shealthub-anti-rutsch-spazierstock-hoehenverstellbar-84-94cm-walking-stick-bergstock-rutschfeste-klappbar\\\/#primaryimage\"},\"thumbnailUrl\":\"https:\\\/\\\/m.media-amazon.com\\\/images\\\/I\\\/31yRkYCv6lL._SL500_.jpg\",\"datePublished\":\"2023-01-10T06:05:25+00:00\",\"dateModified\":\"2023-04-11T03:13:25+00:00\",\"description\":\"Markt-XXL Gehstock Herren Damen, Wanderst\u00f6cke Teleskop Faltbar, Shealthub Anti-Rutsch Spazierstock H\u00f6henverstellbar 84-94cm\u2026\",\"breadcrumb\":{\"@id\":\"https:\\\/\\\/marktxxl.de\\\/markt\\\/produkt\\\/gehstock-herren-damen-wanderstoecke-teleskop-faltbar-shealthub-anti-rutsch-spazierstock-hoehenverstellbar-84-94cm-walking-stick-bergstock-rutschfeste-klappbar\\\/#breadcrumb\"},\"inLanguage\":\"de\",\"potentialAction\":[{\"@type\":\"ReadAction\",\"target\":[\"https:\\\/\\\/marktxxl.de\\\/markt\\\/produkt\\\/gehstock-herren-damen-wanderstoecke-teleskop-faltbar-shealthub-anti-rutsch-spazierstock-hoehenverstellbar-84-94cm-walking-stick-bergstock-rutschfeste-klappbar\\\/\"]}]},{\"@type\":\"ImageObject\",\"inLanguage\":\"de\",\"@id\":\"https:\\\/\\\/marktxxl.de\\\/markt\\\/produkt\\\/gehstock-herren-damen-wanderstoecke-teleskop-faltbar-shealthub-anti-rutsch-spazierstock-hoehenverstellbar-84-94cm-walking-stick-bergstock-rutschfeste-klappbar\\\/#primaryimage\",\"url\":\"https:\\\/\\\/m.media-amazon.com\\\/images\\\/I\\\/31yRkYCv6lL._SL500_.jpg\",\"contentUrl\":\"https:\\\/\\\/m.media-amazon.com\\\/images\\\/I\\\/31yRkYCv6lL._SL500_.jpg\",\"width\":500,\"height\":500},{\"@type\":\"BreadcrumbList\",\"@id\":\"https:\\\/\\\/marktxxl.de\\\/markt\\\/produkt\\\/gehstock-herren-damen-wanderstoecke-teleskop-faltbar-shealthub-anti-rutsch-spazierstock-hoehenverstellbar-84-94cm-walking-stick-bergstock-rutschfeste-klappbar\\\/#breadcrumb\",\"itemListElement\":[{\"@type\":\"ListItem\",\"position\":1,\"name\":\"Startseite\",\"item\":\"https:\\\/\\\/marktxxl.de\\\/markt\\\/\"},{\"@type\":\"ListItem\",\"position\":2,\"name\":\"Markt\",\"item\":\"https:\\\/\\\/marktxxl.de\\\/markt\\\/\"},{\"@type\":\"ListItem\",\"position\":3,\"name\":\"Gehstock Herren Damen, Wanderst\u00f6cke Teleskop Faltbar, Shealthub Anti-Rutsch Spazierstock H\u00f6henverstellbar 84-94cm\u2026\"}]},{\"@type\":\"WebSite\",\"@id\":\"https:\\\/\\\/marktxxl.de\\\/markt\\\/#website\",\"url\":\"https:\\\/\\\/marktxxl.de\\\/markt\\\/\",\"name\":\"Markt-XXL\",\"description\":\"Ihr Markt Online\",\"publisher\":{\"@id\":\"https:\\\/\\\/marktxxl.de\\\/markt\\\/#organization\"},\"potentialAction\":[{\"@type\":\"SearchAction\",\"target\":{\"@type\":\"EntryPoint\",\"urlTemplate\":\"https:\\\/\\\/marktxxl.de\\\/markt\\\/?s={search_term_string}\"},\"query-input\":{\"@type\":\"PropertyValueSpecification\",\"valueRequired\":true,\"valueName\":\"search_term_string\"}}],\"inLanguage\":\"de\"},{\"@type\":\"Organization\",\"@id\":\"https:\\\/\\\/marktxxl.de\\\/markt\\\/#organization\",\"name\":\"Markt-XXL\",\"url\":\"https:\\\/\\\/marktxxl.de\\\/markt\\\/\",\"logo\":{\"@type\":\"ImageObject\",\"inLanguage\":\"de\",\"@id\":\"https:\\\/\\\/marktxxl.de\\\/markt\\\/#\\\/schema\\\/logo\\\/image\\\/\",\"url\":\"https:\\\/\\\/marktxxl.de\\\/markt\\\/wp-content\\\/uploads\\\/sites\\\/3\\\/2020\\\/12\\\/logo.png\",\"contentUrl\":\"https:\\\/\\\/marktxxl.de\\\/markt\\\/wp-content\\\/uploads\\\/sites\\\/3\\\/2020\\\/12\\\/logo.png\",\"width\":200,\"height\":70,\"caption\":\"Markt-XXL\"},\"image\":{\"@id\":\"https:\\\/\\\/marktxxl.de\\\/markt\\\/#\\\/schema\\\/logo\\\/image\\\/\"}}]}<\/script>\n<!-- \/ Yoast SEO plugin. -->","yoast_head_json":{"title":"Gehstock Herren Damen, Wanderst\u00f6cke Teleskop Faltbar, Shealthub Anti-Rutsch Spazierstock H\u00f6henverstellbar 84-94cm\u2026 - Markt-XXL","description":"Markt-XXL Gehstock Herren Damen, Wanderst\u00f6cke Teleskop Faltbar, Shealthub Anti-Rutsch Spazierstock H\u00f6henverstellbar 84-94cm\u2026","robots":{"index":"index","follow":"follow","max-snippet":"max-snippet:-1","max-image-preview":"max-image-preview:large","max-video-preview":"max-video-preview:-1"},"canonical":"https:\/\/marktxxl.de\/markt\/produkt\/gehstock-herren-damen-wanderstoecke-teleskop-faltbar-shealthub-anti-rutsch-spazierstock-hoehenverstellbar-84-94cm-walking-stick-bergstock-rutschfeste-klappbar\/","og_locale":"de_DE","og_type":"article","og_title":"Gehstock Herren Damen, Wanderst\u00f6cke Teleskop Faltbar, Shealthub Anti-Rutsch Spazierstock H\u00f6henverstellbar 84-94cm\u2026 - Markt-XXL","og_description":"Markt-XXL Gehstock Herren Damen, Wanderst\u00f6cke Teleskop Faltbar, Shealthub Anti-Rutsch Spazierstock H\u00f6henverstellbar 84-94cm\u2026","og_url":"https:\/\/marktxxl.de\/markt\/produkt\/gehstock-herren-damen-wanderstoecke-teleskop-faltbar-shealthub-anti-rutsch-spazierstock-hoehenverstellbar-84-94cm-walking-stick-bergstock-rutschfeste-klappbar\/","og_site_name":"Markt-XXL","article_modified_time":"2023-04-11T03:13:25+00:00","og_image":[{"width":500,"height":500,"url":"https:\/\/m.media-amazon.com\/images\/I\/31yRkYCv6lL._SL500_.jpg","type":"image\/jpeg"}],"twitter_card":"summary_large_image","twitter_misc":{"Gesch\u00e4tzte Lesezeit":"1\u00a0Minute"},"schema":{"@context":"https:\/\/schema.org","@graph":[{"@type":"WebPage","@id":"https:\/\/marktxxl.de\/markt\/produkt\/gehstock-herren-damen-wanderstoecke-teleskop-faltbar-shealthub-anti-rutsch-spazierstock-hoehenverstellbar-84-94cm-walking-stick-bergstock-rutschfeste-klappbar\/","url":"https:\/\/marktxxl.de\/markt\/produkt\/gehstock-herren-damen-wanderstoecke-teleskop-faltbar-shealthub-anti-rutsch-spazierstock-hoehenverstellbar-84-94cm-walking-stick-bergstock-rutschfeste-klappbar\/","name":"Gehstock Herren Damen, Wanderst\u00f6cke Teleskop Faltbar, Shealthub Anti-Rutsch Spazierstock H\u00f6henverstellbar 84-94cm\u2026 - Markt-XXL","isPartOf":{"@id":"https:\/\/marktxxl.de\/markt\/#website"},"primaryImageOfPage":{"@id":"https:\/\/marktxxl.de\/markt\/produkt\/gehstock-herren-damen-wanderstoecke-teleskop-faltbar-shealthub-anti-rutsch-spazierstock-hoehenverstellbar-84-94cm-walking-stick-bergstock-rutschfeste-klappbar\/#primaryimage"},"image":{"@id":"https:\/\/marktxxl.de\/markt\/produkt\/gehstock-herren-damen-wanderstoecke-teleskop-faltbar-shealthub-anti-rutsch-spazierstock-hoehenverstellbar-84-94cm-walking-stick-bergstock-rutschfeste-klappbar\/#primaryimage"},"thumbnailUrl":"https:\/\/m.media-amazon.com\/images\/I\/31yRkYCv6lL._SL500_.jpg","datePublished":"2023-01-10T06:05:25+00:00","dateModified":"2023-04-11T03:13:25+00:00","description":"Markt-XXL Gehstock Herren Damen, Wanderst\u00f6cke Teleskop Faltbar, Shealthub Anti-Rutsch Spazierstock H\u00f6henverstellbar 84-94cm\u2026","breadcrumb":{"@id":"https:\/\/marktxxl.de\/markt\/produkt\/gehstock-herren-damen-wanderstoecke-teleskop-faltbar-shealthub-anti-rutsch-spazierstock-hoehenverstellbar-84-94cm-walking-stick-bergstock-rutschfeste-klappbar\/#breadcrumb"},"inLanguage":"de","potentialAction":[{"@type":"ReadAction","target":["https:\/\/marktxxl.de\/markt\/produkt\/gehstock-herren-damen-wanderstoecke-teleskop-faltbar-shealthub-anti-rutsch-spazierstock-hoehenverstellbar-84-94cm-walking-stick-bergstock-rutschfeste-klappbar\/"]}]},{"@type":"ImageObject","inLanguage":"de","@id":"https:\/\/marktxxl.de\/markt\/produkt\/gehstock-herren-damen-wanderstoecke-teleskop-faltbar-shealthub-anti-rutsch-spazierstock-hoehenverstellbar-84-94cm-walking-stick-bergstock-rutschfeste-klappbar\/#primaryimage","url":"https:\/\/m.media-amazon.com\/images\/I\/31yRkYCv6lL._SL500_.jpg","contentUrl":"https:\/\/m.media-amazon.com\/images\/I\/31yRkYCv6lL._SL500_.jpg","width":500,"height":500},{"@type":"BreadcrumbList","@id":"https:\/\/marktxxl.de\/markt\/produkt\/gehstock-herren-damen-wanderstoecke-teleskop-faltbar-shealthub-anti-rutsch-spazierstock-hoehenverstellbar-84-94cm-walking-stick-bergstock-rutschfeste-klappbar\/#breadcrumb","itemListElement":[{"@type":"ListItem","position":1,"name":"Startseite","item":"https:\/\/marktxxl.de\/markt\/"},{"@type":"ListItem","position":2,"name":"Markt","item":"https:\/\/marktxxl.de\/markt\/"},{"@type":"ListItem","position":3,"name":"Gehstock Herren Damen, Wanderst\u00f6cke Teleskop Faltbar, Shealthub Anti-Rutsch Spazierstock H\u00f6henverstellbar 84-94cm\u2026"}]},{"@type":"WebSite","@id":"https:\/\/marktxxl.de\/markt\/#website","url":"https:\/\/marktxxl.de\/markt\/","name":"Markt-XXL","description":"Ihr Markt Online","publisher":{"@id":"https:\/\/marktxxl.de\/markt\/#organization"},"potentialAction":[{"@type":"SearchAction","target":{"@type":"EntryPoint","urlTemplate":"https:\/\/marktxxl.de\/markt\/?s={search_term_string}"},"query-input":{"@type":"PropertyValueSpecification","valueRequired":true,"valueName":"search_term_string"}}],"inLanguage":"de"},{"@type":"Organization","@id":"https:\/\/marktxxl.de\/markt\/#organization","name":"Markt-XXL","url":"https:\/\/marktxxl.de\/markt\/","logo":{"@type":"ImageObject","inLanguage":"de","@id":"https:\/\/marktxxl.de\/markt\/#\/schema\/logo\/image\/","url":"https:\/\/marktxxl.de\/markt\/wp-content\/uploads\/sites\/3\/2020\/12\/logo.png","contentUrl":"https:\/\/marktxxl.de\/markt\/wp-content\/uploads\/sites\/3\/2020\/12\/logo.png","width":200,"height":70,"caption":"Markt-XXL"},"image":{"@id":"https:\/\/marktxxl.de\/markt\/#\/schema\/logo\/image\/"}}]}},"_links":{"self":[{"href":"https:\/\/marktxxl.de\/markt\/wp-json\/wp\/v2\/product\/182047","targetHints":{"allow":["GET"]}}],"collection":[{"href":"https:\/\/marktxxl.de\/markt\/wp-json\/wp\/v2\/product"}],"about":[{"href":"https:\/\/marktxxl.de\/markt\/wp-json\/wp\/v2\/types\/product"}],"replies":[{"embeddable":true,"href":"https:\/\/marktxxl.de\/markt\/wp-json\/wp\/v2\/comments?post=182047"}],"wp:featuredmedia":[{"embeddable":true,"href":"https:\/\/marktxxl.de\/markt\/wp-json\/wp\/v2\/media\/182048"}],"wp:attachment":[{"href":"https:\/\/marktxxl.de\/markt\/wp-json\/wp\/v2\/media?parent=182047"}],"wp:term":[{"taxonomy":"product_brand","embeddable":true,"href":"https:\/\/marktxxl.de\/markt\/wp-json\/wp\/v2\/product_brand?post=182047"},{"taxonomy":"product_cat","embeddable":true,"href":"https:\/\/marktxxl.de\/markt\/wp-json\/wp\/v2\/product_cat?post=182047"},{"taxonomy":"product_tag","embeddable":true,"href":"https:\/\/marktxxl.de\/markt\/wp-json\/wp\/v2\/product_tag?post=182047"}],"curies":[{"name":"wp","href":"https:\/\/api.w.org\/{rel}","templated":true}]}}