{"id":181686,"date":"2023-01-10T06:28:14","date_gmt":"2023-01-10T05:28:14","guid":{"rendered":"https:\/\/marktxxl.de\/markt\/produkt\/luvia-beauty-blender-schwamm-make-up-ei-extra-weicher-blending-sponge-in-zeitlosem-schwarz-kosmetik-schwaemmchen\/"},"modified":"2023-04-11T05:12:22","modified_gmt":"2023-04-11T03:12:22","slug":"luvia-beauty-blender-schwamm-make-up-ei-extra-weicher-blending-sponge-in-zeitlosem-schwarz-kosmetik-schwaemmchen","status":"publish","type":"product","link":"https:\/\/marktxxl.de\/markt\/produkt\/luvia-beauty-blender-schwamm-make-up-ei-extra-weicher-blending-sponge-in-zeitlosem-schwarz-kosmetik-schwaemmchen\/","title":{"rendered":"Luvia Beauty Blender Schwamm &#8211; Make-Up Ei &#8211; Extra Weicher Blending Sponge &#8211; In Zeitlosem Schwarz &#8211; Kosmetik Schw\u00e4mmchen"},"content":{"rendered":"<p>Ready To Go: Dein Luvia Cosmetics Beauty Blender Schwamm unterst\u00fctzt Dich bei deiner t\u00e4glichen Morgenroutine. Du wirst ihn lieben, denn er ist frei von Latex sowie k\u00fcnstlichen Duftstoffen. Zudem tr\u00e4gt er das G\u00fctesiegel der Vegan Society UK.<br \/>\nEinfach Ebenm\u00e4\u00dfig: Trage Deine Foundation ab jetzt absolut gleichm\u00e4\u00dfig auf. Du wirst Deinen makellosen Look lieben. Dieses Schw\u00e4mmchen kannst Du nass sowie trocken nutzen. Erreiche auch Du ein professionelles Finish und spare t\u00e4glich viel Zeit!<br \/>\nSpare Make-Up: Im Gegensatz zu den meisten Schw\u00e4mmen, sparst Du aufgrund der geheimen Formulierung von Luvia, sogar an fl\u00fcssiger Foundation. Senke jetzt Deinen Kosmetik Verbrauch und spare Geld.<br \/>\nWerdet ein Team: Durch die spezielle Strukturierte Oberfl\u00e4che, passt sich der Sponge perfekt Deiner Hautstruktur an. Auftragen &amp; Ausblenden von Puder, Concealer &amp; Foundation sind mit diesem Make-Up Ei einfacher denn je. Setze l\u00e4stigen Steifen und Flecken im Gesicht ein Ende.<br \/>\nGESCHENK GESUCHT? Verw\u00f6hne jetzt deine Lieblingsmenschen mit diesem professionellen &amp; edlen Make-up Schwam &#8211; Freude garantiert! Die 30 Tage Geld-zur\u00fcck-Garantie bietet dir dabei Sicherheit.<br \/>\n<div class=\"main-cross-sell\" data-asin=\"B07JN92ND1\">\n\n\t<div class=\"WooZone-cross-sell-loader\">\n\t\t<div>\n\t\t\t<div id=\"floatingBarsG\">\n\t\t\t\t<div class=\"blockG\" id=\"rotateG_01\"><\/div>\n\t\t\t\t<div class=\"blockG\" id=\"rotateG_02\"><\/div>\n\t\t\t\t<div class=\"blockG\" id=\"rotateG_03\"><\/div>\n\t\t\t\t<div class=\"blockG\" id=\"rotateG_04\"><\/div>\n\t\t\t\t<div class=\"blockG\" id=\"rotateG_05\"><\/div>\n\t\t\t\t<div class=\"blockG\" id=\"rotateG_06\"><\/div>\n\t\t\t\t<div class=\"blockG\" id=\"rotateG_07\"><\/div>\n\t\t\t\t<div class=\"blockG\" id=\"rotateG_08\"><\/div>\n\t\t\t<\/div>\n\t\t\t<div class=\"WooZone-cross-sell-loader-text\"><\/div>\n\t\t<\/div>\n\t<\/div>\n\n\t\t\n<\/div>\n<div style=\"clear:both;\"><\/div><\/p>\n","protected":false},"excerpt":{"rendered":"<p>Ready To Go: Dein Luvia Cosmetics Beauty Blender Schwamm unterst\u00fctzt Dich bei deiner t\u00e4glichen Morgenroutine. Du wirst ihn lieben, denn er ist frei von Latex sowie k\u00fcnstlichen Duftstoffen. Zudem tr\u00e4gt er das G\u00fctesiegel der Vegan Society UK.<br \/>\nEinfach Ebenm\u00e4\u00dfig: Trage Deine Foundation ab jetzt absolut gleichm\u00e4\u00dfig auf. Du wirst Deinen makellosen Look lieben. Dieses Schw\u00e4mmchen kannst Du nass sowie trocken nutzen. Erreiche auch Du ein professionelles Finish und spare t\u00e4glich viel Zeit!<br \/>\nSpare Make-Up: Im Gegensatz zu den meisten Schw\u00e4mmen, sparst Du aufgrund der geheimen Formulierung von Luvia, sogar an fl\u00fcssiger Foundation. Senke jetzt Deinen Kosmetik Verbrauch und spare Geld.<\/p>\n","protected":false},"featured_media":181687,"comment_status":"open","ping_status":"closed","template":"","meta":[],"product_brand":[],"product_cat":[2858,7726],"product_tag":[],"class_list":{"0":"post-181686","1":"product","2":"type-product","3":"status-publish","4":"has-post-thumbnail","6":"product_cat-beauty","7":"product_cat-zubehoer-beauty","8":"pa_binding-badartikel","9":"pa_brand-luvia-cosmetics","10":"pa_color-schwarz","11":"pa_languages-uebersetzung-englisch-originalsprache-deutsch-unbekannt-deutsch-unbekannt-englisch","12":"pa_manufacturer-luvia-cosmetics","13":"pa_model-lc-spng-b","14":"pa_size-1-stueck-1er-pack","16":"first","17":"instock","18":"shipping-taxable","19":"purchasable","20":"product-type-simple","21":"customify-col","22":"product-has-gallery"},"yoast_head":"<!-- This site is optimized with the Yoast SEO plugin v27.4 - https:\/\/yoast.com\/product\/yoast-seo-wordpress\/ -->\n<title>Luvia Beauty Blender Schwamm - Make-Up Ei - Extra Weicher Blending Sponge - In Zeitlosem Schwarz - Kosmetik Schw\u00e4mmchen - Markt-XXL<\/title>\n<meta name=\"description\" content=\"Markt-XXL Luvia Beauty Blender Schwamm - Make-Up Ei - Extra Weicher Blending Sponge - In Zeitlosem Schwarz - Kosmetik Schw\u00e4mmchen\" \/>\n<meta name=\"robots\" content=\"index, follow, max-snippet:-1, max-image-preview:large, max-video-preview:-1\" \/>\n<link rel=\"canonical\" href=\"https:\/\/marktxxl.de\/markt\/produkt\/luvia-beauty-blender-schwamm-make-up-ei-extra-weicher-blending-sponge-in-zeitlosem-schwarz-kosmetik-schwaemmchen\/\" \/>\n<meta property=\"og:locale\" content=\"de_DE\" \/>\n<meta property=\"og:type\" content=\"article\" \/>\n<meta property=\"og:title\" content=\"Luvia Beauty Blender Schwamm - Make-Up Ei - Extra Weicher Blending Sponge - In Zeitlosem Schwarz - Kosmetik Schw\u00e4mmchen - Markt-XXL\" \/>\n<meta property=\"og:description\" content=\"Markt-XXL Luvia Beauty Blender Schwamm - Make-Up Ei - Extra Weicher Blending Sponge - In Zeitlosem Schwarz - Kosmetik Schw\u00e4mmchen\" \/>\n<meta property=\"og:url\" content=\"https:\/\/marktxxl.de\/markt\/produkt\/luvia-beauty-blender-schwamm-make-up-ei-extra-weicher-blending-sponge-in-zeitlosem-schwarz-kosmetik-schwaemmchen\/\" \/>\n<meta property=\"og:site_name\" content=\"Markt-XXL\" \/>\n<meta property=\"article:modified_time\" content=\"2023-04-11T03:12:22+00:00\" \/>\n<meta property=\"og:image\" content=\"https:\/\/m.media-amazon.com\/images\/I\/41KWeN7qggL._SL500_.jpg\" \/>\n\t<meta property=\"og:image:width\" content=\"457\" \/>\n\t<meta property=\"og:image:height\" content=\"500\" \/>\n\t<meta property=\"og:image:type\" content=\"image\/jpeg\" \/>\n<meta name=\"twitter:card\" content=\"summary_large_image\" \/>\n<meta name=\"twitter:label1\" content=\"Gesch\u00e4tzte Lesezeit\" \/>\n\t<meta name=\"twitter:data1\" content=\"1\u00a0Minute\" \/>\n<script type=\"application\/ld+json\" class=\"yoast-schema-graph\">{\"@context\":\"https:\\\/\\\/schema.org\",\"@graph\":[{\"@type\":\"WebPage\",\"@id\":\"https:\\\/\\\/marktxxl.de\\\/markt\\\/produkt\\\/luvia-beauty-blender-schwamm-make-up-ei-extra-weicher-blending-sponge-in-zeitlosem-schwarz-kosmetik-schwaemmchen\\\/\",\"url\":\"https:\\\/\\\/marktxxl.de\\\/markt\\\/produkt\\\/luvia-beauty-blender-schwamm-make-up-ei-extra-weicher-blending-sponge-in-zeitlosem-schwarz-kosmetik-schwaemmchen\\\/\",\"name\":\"Luvia Beauty Blender Schwamm - Make-Up Ei - Extra Weicher Blending Sponge - In Zeitlosem Schwarz - Kosmetik Schw\u00e4mmchen - Markt-XXL\",\"isPartOf\":{\"@id\":\"https:\\\/\\\/marktxxl.de\\\/markt\\\/#website\"},\"primaryImageOfPage\":{\"@id\":\"https:\\\/\\\/marktxxl.de\\\/markt\\\/produkt\\\/luvia-beauty-blender-schwamm-make-up-ei-extra-weicher-blending-sponge-in-zeitlosem-schwarz-kosmetik-schwaemmchen\\\/#primaryimage\"},\"image\":{\"@id\":\"https:\\\/\\\/marktxxl.de\\\/markt\\\/produkt\\\/luvia-beauty-blender-schwamm-make-up-ei-extra-weicher-blending-sponge-in-zeitlosem-schwarz-kosmetik-schwaemmchen\\\/#primaryimage\"},\"thumbnailUrl\":\"https:\\\/\\\/m.media-amazon.com\\\/images\\\/I\\\/41KWeN7qggL._SL500_.jpg\",\"datePublished\":\"2023-01-10T05:28:14+00:00\",\"dateModified\":\"2023-04-11T03:12:22+00:00\",\"description\":\"Markt-XXL Luvia Beauty Blender Schwamm - Make-Up Ei - Extra Weicher Blending Sponge - In Zeitlosem Schwarz - Kosmetik Schw\u00e4mmchen\",\"breadcrumb\":{\"@id\":\"https:\\\/\\\/marktxxl.de\\\/markt\\\/produkt\\\/luvia-beauty-blender-schwamm-make-up-ei-extra-weicher-blending-sponge-in-zeitlosem-schwarz-kosmetik-schwaemmchen\\\/#breadcrumb\"},\"inLanguage\":\"de\",\"potentialAction\":[{\"@type\":\"ReadAction\",\"target\":[\"https:\\\/\\\/marktxxl.de\\\/markt\\\/produkt\\\/luvia-beauty-blender-schwamm-make-up-ei-extra-weicher-blending-sponge-in-zeitlosem-schwarz-kosmetik-schwaemmchen\\\/\"]}]},{\"@type\":\"ImageObject\",\"inLanguage\":\"de\",\"@id\":\"https:\\\/\\\/marktxxl.de\\\/markt\\\/produkt\\\/luvia-beauty-blender-schwamm-make-up-ei-extra-weicher-blending-sponge-in-zeitlosem-schwarz-kosmetik-schwaemmchen\\\/#primaryimage\",\"url\":\"https:\\\/\\\/m.media-amazon.com\\\/images\\\/I\\\/41KWeN7qggL._SL500_.jpg\",\"contentUrl\":\"https:\\\/\\\/m.media-amazon.com\\\/images\\\/I\\\/41KWeN7qggL._SL500_.jpg\",\"width\":457,\"height\":500},{\"@type\":\"BreadcrumbList\",\"@id\":\"https:\\\/\\\/marktxxl.de\\\/markt\\\/produkt\\\/luvia-beauty-blender-schwamm-make-up-ei-extra-weicher-blending-sponge-in-zeitlosem-schwarz-kosmetik-schwaemmchen\\\/#breadcrumb\",\"itemListElement\":[{\"@type\":\"ListItem\",\"position\":1,\"name\":\"Startseite\",\"item\":\"https:\\\/\\\/marktxxl.de\\\/markt\\\/\"},{\"@type\":\"ListItem\",\"position\":2,\"name\":\"Markt\",\"item\":\"https:\\\/\\\/marktxxl.de\\\/markt\\\/\"},{\"@type\":\"ListItem\",\"position\":3,\"name\":\"Luvia Beauty Blender Schwamm &#8211; Make-Up Ei &#8211; Extra Weicher Blending Sponge &#8211; In Zeitlosem Schwarz &#8211; Kosmetik Schw\u00e4mmchen\"}]},{\"@type\":\"WebSite\",\"@id\":\"https:\\\/\\\/marktxxl.de\\\/markt\\\/#website\",\"url\":\"https:\\\/\\\/marktxxl.de\\\/markt\\\/\",\"name\":\"Markt-XXL\",\"description\":\"Ihr Markt Online\",\"publisher\":{\"@id\":\"https:\\\/\\\/marktxxl.de\\\/markt\\\/#organization\"},\"potentialAction\":[{\"@type\":\"SearchAction\",\"target\":{\"@type\":\"EntryPoint\",\"urlTemplate\":\"https:\\\/\\\/marktxxl.de\\\/markt\\\/?s={search_term_string}\"},\"query-input\":{\"@type\":\"PropertyValueSpecification\",\"valueRequired\":true,\"valueName\":\"search_term_string\"}}],\"inLanguage\":\"de\"},{\"@type\":\"Organization\",\"@id\":\"https:\\\/\\\/marktxxl.de\\\/markt\\\/#organization\",\"name\":\"Markt-XXL\",\"url\":\"https:\\\/\\\/marktxxl.de\\\/markt\\\/\",\"logo\":{\"@type\":\"ImageObject\",\"inLanguage\":\"de\",\"@id\":\"https:\\\/\\\/marktxxl.de\\\/markt\\\/#\\\/schema\\\/logo\\\/image\\\/\",\"url\":\"https:\\\/\\\/marktxxl.de\\\/markt\\\/wp-content\\\/uploads\\\/sites\\\/3\\\/2020\\\/12\\\/logo.png\",\"contentUrl\":\"https:\\\/\\\/marktxxl.de\\\/markt\\\/wp-content\\\/uploads\\\/sites\\\/3\\\/2020\\\/12\\\/logo.png\",\"width\":200,\"height\":70,\"caption\":\"Markt-XXL\"},\"image\":{\"@id\":\"https:\\\/\\\/marktxxl.de\\\/markt\\\/#\\\/schema\\\/logo\\\/image\\\/\"}}]}<\/script>\n<!-- \/ Yoast SEO plugin. -->","yoast_head_json":{"title":"Luvia Beauty Blender Schwamm - Make-Up Ei - Extra Weicher Blending Sponge - In Zeitlosem Schwarz - Kosmetik Schw\u00e4mmchen - Markt-XXL","description":"Markt-XXL Luvia Beauty Blender Schwamm - Make-Up Ei - Extra Weicher Blending Sponge - In Zeitlosem Schwarz - Kosmetik Schw\u00e4mmchen","robots":{"index":"index","follow":"follow","max-snippet":"max-snippet:-1","max-image-preview":"max-image-preview:large","max-video-preview":"max-video-preview:-1"},"canonical":"https:\/\/marktxxl.de\/markt\/produkt\/luvia-beauty-blender-schwamm-make-up-ei-extra-weicher-blending-sponge-in-zeitlosem-schwarz-kosmetik-schwaemmchen\/","og_locale":"de_DE","og_type":"article","og_title":"Luvia Beauty Blender Schwamm - Make-Up Ei - Extra Weicher Blending Sponge - In Zeitlosem Schwarz - Kosmetik Schw\u00e4mmchen - Markt-XXL","og_description":"Markt-XXL Luvia Beauty Blender Schwamm - Make-Up Ei - Extra Weicher Blending Sponge - In Zeitlosem Schwarz - Kosmetik Schw\u00e4mmchen","og_url":"https:\/\/marktxxl.de\/markt\/produkt\/luvia-beauty-blender-schwamm-make-up-ei-extra-weicher-blending-sponge-in-zeitlosem-schwarz-kosmetik-schwaemmchen\/","og_site_name":"Markt-XXL","article_modified_time":"2023-04-11T03:12:22+00:00","og_image":[{"width":457,"height":500,"url":"https:\/\/m.media-amazon.com\/images\/I\/41KWeN7qggL._SL500_.jpg","type":"image\/jpeg"}],"twitter_card":"summary_large_image","twitter_misc":{"Gesch\u00e4tzte Lesezeit":"1\u00a0Minute"},"schema":{"@context":"https:\/\/schema.org","@graph":[{"@type":"WebPage","@id":"https:\/\/marktxxl.de\/markt\/produkt\/luvia-beauty-blender-schwamm-make-up-ei-extra-weicher-blending-sponge-in-zeitlosem-schwarz-kosmetik-schwaemmchen\/","url":"https:\/\/marktxxl.de\/markt\/produkt\/luvia-beauty-blender-schwamm-make-up-ei-extra-weicher-blending-sponge-in-zeitlosem-schwarz-kosmetik-schwaemmchen\/","name":"Luvia Beauty Blender Schwamm - Make-Up Ei - Extra Weicher Blending Sponge - In Zeitlosem Schwarz - Kosmetik Schw\u00e4mmchen - Markt-XXL","isPartOf":{"@id":"https:\/\/marktxxl.de\/markt\/#website"},"primaryImageOfPage":{"@id":"https:\/\/marktxxl.de\/markt\/produkt\/luvia-beauty-blender-schwamm-make-up-ei-extra-weicher-blending-sponge-in-zeitlosem-schwarz-kosmetik-schwaemmchen\/#primaryimage"},"image":{"@id":"https:\/\/marktxxl.de\/markt\/produkt\/luvia-beauty-blender-schwamm-make-up-ei-extra-weicher-blending-sponge-in-zeitlosem-schwarz-kosmetik-schwaemmchen\/#primaryimage"},"thumbnailUrl":"https:\/\/m.media-amazon.com\/images\/I\/41KWeN7qggL._SL500_.jpg","datePublished":"2023-01-10T05:28:14+00:00","dateModified":"2023-04-11T03:12:22+00:00","description":"Markt-XXL Luvia Beauty Blender Schwamm - Make-Up Ei - Extra Weicher Blending Sponge - In Zeitlosem Schwarz - Kosmetik Schw\u00e4mmchen","breadcrumb":{"@id":"https:\/\/marktxxl.de\/markt\/produkt\/luvia-beauty-blender-schwamm-make-up-ei-extra-weicher-blending-sponge-in-zeitlosem-schwarz-kosmetik-schwaemmchen\/#breadcrumb"},"inLanguage":"de","potentialAction":[{"@type":"ReadAction","target":["https:\/\/marktxxl.de\/markt\/produkt\/luvia-beauty-blender-schwamm-make-up-ei-extra-weicher-blending-sponge-in-zeitlosem-schwarz-kosmetik-schwaemmchen\/"]}]},{"@type":"ImageObject","inLanguage":"de","@id":"https:\/\/marktxxl.de\/markt\/produkt\/luvia-beauty-blender-schwamm-make-up-ei-extra-weicher-blending-sponge-in-zeitlosem-schwarz-kosmetik-schwaemmchen\/#primaryimage","url":"https:\/\/m.media-amazon.com\/images\/I\/41KWeN7qggL._SL500_.jpg","contentUrl":"https:\/\/m.media-amazon.com\/images\/I\/41KWeN7qggL._SL500_.jpg","width":457,"height":500},{"@type":"BreadcrumbList","@id":"https:\/\/marktxxl.de\/markt\/produkt\/luvia-beauty-blender-schwamm-make-up-ei-extra-weicher-blending-sponge-in-zeitlosem-schwarz-kosmetik-schwaemmchen\/#breadcrumb","itemListElement":[{"@type":"ListItem","position":1,"name":"Startseite","item":"https:\/\/marktxxl.de\/markt\/"},{"@type":"ListItem","position":2,"name":"Markt","item":"https:\/\/marktxxl.de\/markt\/"},{"@type":"ListItem","position":3,"name":"Luvia Beauty Blender Schwamm &#8211; Make-Up Ei &#8211; Extra Weicher Blending Sponge &#8211; In Zeitlosem Schwarz &#8211; Kosmetik Schw\u00e4mmchen"}]},{"@type":"WebSite","@id":"https:\/\/marktxxl.de\/markt\/#website","url":"https:\/\/marktxxl.de\/markt\/","name":"Markt-XXL","description":"Ihr Markt Online","publisher":{"@id":"https:\/\/marktxxl.de\/markt\/#organization"},"potentialAction":[{"@type":"SearchAction","target":{"@type":"EntryPoint","urlTemplate":"https:\/\/marktxxl.de\/markt\/?s={search_term_string}"},"query-input":{"@type":"PropertyValueSpecification","valueRequired":true,"valueName":"search_term_string"}}],"inLanguage":"de"},{"@type":"Organization","@id":"https:\/\/marktxxl.de\/markt\/#organization","name":"Markt-XXL","url":"https:\/\/marktxxl.de\/markt\/","logo":{"@type":"ImageObject","inLanguage":"de","@id":"https:\/\/marktxxl.de\/markt\/#\/schema\/logo\/image\/","url":"https:\/\/marktxxl.de\/markt\/wp-content\/uploads\/sites\/3\/2020\/12\/logo.png","contentUrl":"https:\/\/marktxxl.de\/markt\/wp-content\/uploads\/sites\/3\/2020\/12\/logo.png","width":200,"height":70,"caption":"Markt-XXL"},"image":{"@id":"https:\/\/marktxxl.de\/markt\/#\/schema\/logo\/image\/"}}]}},"_links":{"self":[{"href":"https:\/\/marktxxl.de\/markt\/wp-json\/wp\/v2\/product\/181686","targetHints":{"allow":["GET"]}}],"collection":[{"href":"https:\/\/marktxxl.de\/markt\/wp-json\/wp\/v2\/product"}],"about":[{"href":"https:\/\/marktxxl.de\/markt\/wp-json\/wp\/v2\/types\/product"}],"replies":[{"embeddable":true,"href":"https:\/\/marktxxl.de\/markt\/wp-json\/wp\/v2\/comments?post=181686"}],"wp:featuredmedia":[{"embeddable":true,"href":"https:\/\/marktxxl.de\/markt\/wp-json\/wp\/v2\/media\/181687"}],"wp:attachment":[{"href":"https:\/\/marktxxl.de\/markt\/wp-json\/wp\/v2\/media?parent=181686"}],"wp:term":[{"taxonomy":"product_brand","embeddable":true,"href":"https:\/\/marktxxl.de\/markt\/wp-json\/wp\/v2\/product_brand?post=181686"},{"taxonomy":"product_cat","embeddable":true,"href":"https:\/\/marktxxl.de\/markt\/wp-json\/wp\/v2\/product_cat?post=181686"},{"taxonomy":"product_tag","embeddable":true,"href":"https:\/\/marktxxl.de\/markt\/wp-json\/wp\/v2\/product_tag?post=181686"}],"curies":[{"name":"wp","href":"https:\/\/api.w.org\/{rel}","templated":true}]}}