{"id":180980,"date":"2023-01-10T05:20:35","date_gmt":"2023-01-10T04:20:35","guid":{"rendered":"https:\/\/marktxxl.de\/markt\/produkt\/12w-led-lampe-e27-led-mais-gluehbirne120w-gluehbirnen-aequivalent1450lm-kann-100w120w-gluehlampe-leuchtmittel-ersetzencri-80-hohe-helligkeitnicht-dimmbar5er-pack\/"},"modified":"2023-04-08T04:40:17","modified_gmt":"2023-04-08T02:40:17","slug":"12w-led-lampe-e27-led-mais-gluehbirne120w-gluehbirnen-aequivalent1450lm-kann-100w120w-gluehlampe-leuchtmittel-ersetzencri-80-hohe-helligkeitnicht-dimmbar5er-pack","status":"publish","type":"product","link":"https:\/\/marktxxl.de\/markt\/produkt\/12w-led-lampe-e27-led-mais-gluehbirne120w-gluehbirnen-aequivalent1450lm-kann-100w120w-gluehlampe-leuchtmittel-ersetzencri-80-hohe-helligkeitnicht-dimmbar5er-pack\/","title":{"rendered":"PINDOWS 12W LED Lampe E14 Warmwei\u00df 3000K LED Mais Gl\u00fchbirne,120W Gl\u00fchbirnen-\u00c4quivalent,1450LM Kann 100W~120W Gl\u00fchlampe\u2026"},"content":{"rendered":"<p>\u2705\u3010Energiesparen &amp; Geringer Konsum\u301190% Energiekosten sparen.PINDOWS LED-Mais-Gl\u00fchbirnen bieten einen idealen Ersatz f\u00fcr Ihre 120 Watt Gl\u00fchbirne durch 12 Watt LED-Beleuchtung.Hochwertiger und stabiler Antrieb, geringe W\u00e4rmeentwicklung, geringer Stromverbrauch bieten eine Lebensdauer von \u00fcber 35.000 Stunden, extrem lange Lebensdauer reduziert die H\u00e4ufigkeit des Lampenwechsels.<br \/>\n\u2705\u3010Hoher Farbwiedergabeindex &amp; Hohe Helligkeit\u3011(CRI\u226580) Es wird ein lebendigeres und nat\u00fcrlicheres Licht geboten und ein 300-Grad-Abstrahlwinkel mit mehr Flutlichtern.LED-Lampen verf\u00fcgen \u00fcber 108 LED-Chips und k\u00f6nnen 1450 Lumen Warm Wei\u00df Licht ausstrahlen.Schaffen eine behagliche und warme Umgebung \u00e4hnlich wie Halogenlampen.<br \/>\n\u2705\u3010Hohe Qualit\u00e4t &amp; Kein Flimmern\u3011Die Hauptmaterialien sind Aluminium und transparenter Kunststoff, die eine gute W\u00e4rmeableitung und Lichtdurchl\u00e4ssigkeit aufweisen.Strenge Produktionsstandards, um eine hervorragende Qualit\u00e4t zu gew\u00e4hrleisten. Dieses LED-Licht blinkt nicht.Sein Licht \u00e4hnelt dem von nat\u00fcrlichem Licht, macht Ihre Augen nicht m\u00fcde, sch\u00fctzt die Augen.<br \/>\n\u2705\u3010Einfache Installation &amp; Weite Anwendung\u3011Einfach zu installieren und schnell zu installieren, Sofortiger Start ohne Verz\u00f6gerung. Die Vorheizzeit betr\u00e4gt weniger als 0,5 Sekunden.Kein Brummen. Perfekt f\u00fcr den Einsatz in K\u00fcchen, Wohnzimmern, Schlafzimmern, Badezimmern und Fluren in Ihren Tisch- und Stehleuchten, Pendelleuchten oder Deckenleuchten.<br \/>\n\u2705\u3010Sicherheitsgarantie &amp; Qualit\u00e4tsservice\u3011Unsere LED-Lampen haben die CE- und RoHS-Zertifizierung bestanden. LED-Lampen sind umweltfreundlich, enthalten kein Blei oder Quecksilber und haben keine ultraviolette oder infrarote Strahlung.Wir gew\u00e4hren 2 Jahre Garantie,wenn Sie Fragen haben,kontaktieren Sie uns bitte zuerst.Wir haben einen professionellen Support-Service. Wir bieten Ihnen eine Zufriedenheitsl\u00f6sung.Bitte seien Sie versichert, zu kaufen.<br \/>\n<div class=\"main-cross-sell\" data-asin=\"B09QH1GKVJ\">\n\n\t<div class=\"WooZone-cross-sell-loader\">\n\t\t<div>\n\t\t\t<div id=\"floatingBarsG\">\n\t\t\t\t<div class=\"blockG\" id=\"rotateG_01\"><\/div>\n\t\t\t\t<div class=\"blockG\" id=\"rotateG_02\"><\/div>\n\t\t\t\t<div class=\"blockG\" id=\"rotateG_03\"><\/div>\n\t\t\t\t<div class=\"blockG\" id=\"rotateG_04\"><\/div>\n\t\t\t\t<div class=\"blockG\" id=\"rotateG_05\"><\/div>\n\t\t\t\t<div class=\"blockG\" id=\"rotateG_06\"><\/div>\n\t\t\t\t<div class=\"blockG\" id=\"rotateG_07\"><\/div>\n\t\t\t\t<div class=\"blockG\" id=\"rotateG_08\"><\/div>\n\t\t\t<\/div>\n\t\t\t<div class=\"WooZone-cross-sell-loader-text\"><\/div>\n\t\t<\/div>\n\t<\/div>\n\n\t\t\n<\/div>\n<div style=\"clear:both;\"><\/div><\/p>\n","protected":false},"excerpt":{"rendered":"<p>\u2705\u3010Energiesparen &amp; Geringer Konsum\u301190% Energiekosten sparen.PINDOWS LED-Mais-Gl\u00fchbirnen bieten einen idealen Ersatz f\u00fcr Ihre 120 Watt Gl\u00fchbirne durch 12 Watt LED-Beleuchtung.Hochwertiger und stabiler Antrieb, geringe W\u00e4rmeentwicklung, geringer Stromverbrauch bieten eine Lebensdauer von \u00fcber 35.000 Stunden, extrem lange Lebensdauer reduziert die H\u00e4ufigkeit des Lampenwechsels.<br \/>\n\u2705\u3010Hoher Farbwiedergabeindex &amp; Hohe Helligkeit\u3011(CRI\u226580) Es wird ein lebendigeres und nat\u00fcrlicheres Licht geboten und ein 300-Grad-Abstrahlwinkel mit mehr Flutlichtern.LED-Lampen verf\u00fcgen \u00fcber 108 LED-Chips und k\u00f6nnen 1450 Lumen Warm Wei\u00df Licht ausstrahlen.Schaffen eine behagliche und warme Umgebung \u00e4hnlich wie Halogenlampen.<br \/>\n\u2705\u3010Hohe Qualit\u00e4t &amp; Kein Flimmern\u3011Die Hauptmaterialien sind Aluminium und transparenter Kunststoff, die eine gute W\u00e4rmeableitung und Lichtdurchl\u00e4ssigkeit aufweisen.Strenge Produktionsstandards, um eine hervorragende Qualit\u00e4t zu gew\u00e4hrleisten. Dieses LED-Licht blinkt nicht.Sein Licht \u00e4hnelt dem von nat\u00fcrlichem Licht, macht Ihre Augen nicht m\u00fcde, sch\u00fctzt die Augen.<\/p>\n","protected":false},"featured_media":180981,"comment_status":"open","ping_status":"closed","template":"","meta":[],"product_brand":[],"product_cat":[2108,11521],"product_tag":[],"class_list":{"0":"post-180980","1":"product","2":"type-product","3":"status-publish","4":"has-post-thumbnail","6":"product_cat-beleuchtung","7":"product_cat-leuchtmittel","8":"pa_brand-pindows","9":"pa_manufacturer-pindows","11":"first","12":"instock","13":"shipping-taxable","14":"purchasable","15":"product-type-simple","16":"customify-col","17":"product-has-gallery"},"yoast_head":"<!-- This site is optimized with the Yoast SEO plugin v27.4 - https:\/\/yoast.com\/product\/yoast-seo-wordpress\/ -->\n<title>PINDOWS 12W LED Lampe E14 Warmwei\u00df 3000K LED Mais Gl\u00fchbirne,120W Gl\u00fchbirnen-\u00c4quivalent,1450LM Kann 100W~120W Gl\u00fchlampe\u2026 - Markt-XXL<\/title>\n<meta name=\"description\" content=\"Markt-XXL PINDOWS 12W LED Lampe E14 Warmwei\u00df 3000K LED Mais Gl\u00fchbirne,120W Gl\u00fchbirnen-\u00c4quivalent,1450LM Kann 100W~120W Gl\u00fchlampe\u2026\" \/>\n<meta name=\"robots\" content=\"index, follow, max-snippet:-1, max-image-preview:large, max-video-preview:-1\" \/>\n<link rel=\"canonical\" href=\"https:\/\/marktxxl.de\/markt\/produkt\/12w-led-lampe-e27-led-mais-gluehbirne120w-gluehbirnen-aequivalent1450lm-kann-100w120w-gluehlampe-leuchtmittel-ersetzencri-80-hohe-helligkeitnicht-dimmbar5er-pack\/\" \/>\n<meta property=\"og:locale\" content=\"de_DE\" \/>\n<meta property=\"og:type\" content=\"article\" \/>\n<meta property=\"og:title\" content=\"PINDOWS 12W LED Lampe E14 Warmwei\u00df 3000K LED Mais Gl\u00fchbirne,120W Gl\u00fchbirnen-\u00c4quivalent,1450LM Kann 100W~120W Gl\u00fchlampe\u2026 - Markt-XXL\" \/>\n<meta property=\"og:description\" content=\"Markt-XXL PINDOWS 12W LED Lampe E14 Warmwei\u00df 3000K LED Mais Gl\u00fchbirne,120W Gl\u00fchbirnen-\u00c4quivalent,1450LM Kann 100W~120W Gl\u00fchlampe\u2026\" \/>\n<meta property=\"og:url\" content=\"https:\/\/marktxxl.de\/markt\/produkt\/12w-led-lampe-e27-led-mais-gluehbirne120w-gluehbirnen-aequivalent1450lm-kann-100w120w-gluehlampe-leuchtmittel-ersetzencri-80-hohe-helligkeitnicht-dimmbar5er-pack\/\" \/>\n<meta property=\"og:site_name\" content=\"Markt-XXL\" \/>\n<meta property=\"article:modified_time\" content=\"2023-04-08T02:40:17+00:00\" \/>\n<meta property=\"og:image\" content=\"https:\/\/m.media-amazon.com\/images\/I\/513ItsSQBmL._SL500_.jpg\" \/>\n\t<meta property=\"og:image:width\" content=\"500\" \/>\n\t<meta property=\"og:image:height\" content=\"500\" \/>\n\t<meta property=\"og:image:type\" content=\"image\/jpeg\" \/>\n<meta name=\"twitter:card\" content=\"summary_large_image\" \/>\n<meta name=\"twitter:label1\" content=\"Gesch\u00e4tzte Lesezeit\" \/>\n\t<meta name=\"twitter:data1\" content=\"1\u00a0Minute\" \/>\n<script type=\"application\/ld+json\" class=\"yoast-schema-graph\">{\"@context\":\"https:\\\/\\\/schema.org\",\"@graph\":[{\"@type\":\"WebPage\",\"@id\":\"https:\\\/\\\/marktxxl.de\\\/markt\\\/produkt\\\/12w-led-lampe-e27-led-mais-gluehbirne120w-gluehbirnen-aequivalent1450lm-kann-100w120w-gluehlampe-leuchtmittel-ersetzencri-80-hohe-helligkeitnicht-dimmbar5er-pack\\\/\",\"url\":\"https:\\\/\\\/marktxxl.de\\\/markt\\\/produkt\\\/12w-led-lampe-e27-led-mais-gluehbirne120w-gluehbirnen-aequivalent1450lm-kann-100w120w-gluehlampe-leuchtmittel-ersetzencri-80-hohe-helligkeitnicht-dimmbar5er-pack\\\/\",\"name\":\"PINDOWS 12W LED Lampe E14 Warmwei\u00df 3000K LED Mais Gl\u00fchbirne,120W Gl\u00fchbirnen-\u00c4quivalent,1450LM Kann 100W~120W Gl\u00fchlampe\u2026 - Markt-XXL\",\"isPartOf\":{\"@id\":\"https:\\\/\\\/marktxxl.de\\\/markt\\\/#website\"},\"primaryImageOfPage\":{\"@id\":\"https:\\\/\\\/marktxxl.de\\\/markt\\\/produkt\\\/12w-led-lampe-e27-led-mais-gluehbirne120w-gluehbirnen-aequivalent1450lm-kann-100w120w-gluehlampe-leuchtmittel-ersetzencri-80-hohe-helligkeitnicht-dimmbar5er-pack\\\/#primaryimage\"},\"image\":{\"@id\":\"https:\\\/\\\/marktxxl.de\\\/markt\\\/produkt\\\/12w-led-lampe-e27-led-mais-gluehbirne120w-gluehbirnen-aequivalent1450lm-kann-100w120w-gluehlampe-leuchtmittel-ersetzencri-80-hohe-helligkeitnicht-dimmbar5er-pack\\\/#primaryimage\"},\"thumbnailUrl\":\"https:\\\/\\\/m.media-amazon.com\\\/images\\\/I\\\/513ItsSQBmL._SL500_.jpg\",\"datePublished\":\"2023-01-10T04:20:35+00:00\",\"dateModified\":\"2023-04-08T02:40:17+00:00\",\"description\":\"Markt-XXL PINDOWS 12W LED Lampe E14 Warmwei\u00df 3000K LED Mais Gl\u00fchbirne,120W Gl\u00fchbirnen-\u00c4quivalent,1450LM Kann 100W~120W Gl\u00fchlampe\u2026\",\"breadcrumb\":{\"@id\":\"https:\\\/\\\/marktxxl.de\\\/markt\\\/produkt\\\/12w-led-lampe-e27-led-mais-gluehbirne120w-gluehbirnen-aequivalent1450lm-kann-100w120w-gluehlampe-leuchtmittel-ersetzencri-80-hohe-helligkeitnicht-dimmbar5er-pack\\\/#breadcrumb\"},\"inLanguage\":\"de\",\"potentialAction\":[{\"@type\":\"ReadAction\",\"target\":[\"https:\\\/\\\/marktxxl.de\\\/markt\\\/produkt\\\/12w-led-lampe-e27-led-mais-gluehbirne120w-gluehbirnen-aequivalent1450lm-kann-100w120w-gluehlampe-leuchtmittel-ersetzencri-80-hohe-helligkeitnicht-dimmbar5er-pack\\\/\"]}]},{\"@type\":\"ImageObject\",\"inLanguage\":\"de\",\"@id\":\"https:\\\/\\\/marktxxl.de\\\/markt\\\/produkt\\\/12w-led-lampe-e27-led-mais-gluehbirne120w-gluehbirnen-aequivalent1450lm-kann-100w120w-gluehlampe-leuchtmittel-ersetzencri-80-hohe-helligkeitnicht-dimmbar5er-pack\\\/#primaryimage\",\"url\":\"https:\\\/\\\/m.media-amazon.com\\\/images\\\/I\\\/513ItsSQBmL._SL500_.jpg\",\"contentUrl\":\"https:\\\/\\\/m.media-amazon.com\\\/images\\\/I\\\/513ItsSQBmL._SL500_.jpg\",\"width\":500,\"height\":500},{\"@type\":\"BreadcrumbList\",\"@id\":\"https:\\\/\\\/marktxxl.de\\\/markt\\\/produkt\\\/12w-led-lampe-e27-led-mais-gluehbirne120w-gluehbirnen-aequivalent1450lm-kann-100w120w-gluehlampe-leuchtmittel-ersetzencri-80-hohe-helligkeitnicht-dimmbar5er-pack\\\/#breadcrumb\",\"itemListElement\":[{\"@type\":\"ListItem\",\"position\":1,\"name\":\"Startseite\",\"item\":\"https:\\\/\\\/marktxxl.de\\\/markt\\\/\"},{\"@type\":\"ListItem\",\"position\":2,\"name\":\"Markt\",\"item\":\"https:\\\/\\\/marktxxl.de\\\/markt\\\/\"},{\"@type\":\"ListItem\",\"position\":3,\"name\":\"PINDOWS 12W LED Lampe E14 Warmwei\u00df 3000K LED Mais Gl\u00fchbirne,120W Gl\u00fchbirnen-\u00c4quivalent,1450LM Kann 100W~120W Gl\u00fchlampe\u2026\"}]},{\"@type\":\"WebSite\",\"@id\":\"https:\\\/\\\/marktxxl.de\\\/markt\\\/#website\",\"url\":\"https:\\\/\\\/marktxxl.de\\\/markt\\\/\",\"name\":\"Markt-XXL\",\"description\":\"Ihr Markt Online\",\"publisher\":{\"@id\":\"https:\\\/\\\/marktxxl.de\\\/markt\\\/#organization\"},\"potentialAction\":[{\"@type\":\"SearchAction\",\"target\":{\"@type\":\"EntryPoint\",\"urlTemplate\":\"https:\\\/\\\/marktxxl.de\\\/markt\\\/?s={search_term_string}\"},\"query-input\":{\"@type\":\"PropertyValueSpecification\",\"valueRequired\":true,\"valueName\":\"search_term_string\"}}],\"inLanguage\":\"de\"},{\"@type\":\"Organization\",\"@id\":\"https:\\\/\\\/marktxxl.de\\\/markt\\\/#organization\",\"name\":\"Markt-XXL\",\"url\":\"https:\\\/\\\/marktxxl.de\\\/markt\\\/\",\"logo\":{\"@type\":\"ImageObject\",\"inLanguage\":\"de\",\"@id\":\"https:\\\/\\\/marktxxl.de\\\/markt\\\/#\\\/schema\\\/logo\\\/image\\\/\",\"url\":\"https:\\\/\\\/marktxxl.de\\\/markt\\\/wp-content\\\/uploads\\\/sites\\\/3\\\/2020\\\/12\\\/logo.png\",\"contentUrl\":\"https:\\\/\\\/marktxxl.de\\\/markt\\\/wp-content\\\/uploads\\\/sites\\\/3\\\/2020\\\/12\\\/logo.png\",\"width\":200,\"height\":70,\"caption\":\"Markt-XXL\"},\"image\":{\"@id\":\"https:\\\/\\\/marktxxl.de\\\/markt\\\/#\\\/schema\\\/logo\\\/image\\\/\"}}]}<\/script>\n<!-- \/ Yoast SEO plugin. -->","yoast_head_json":{"title":"PINDOWS 12W LED Lampe E14 Warmwei\u00df 3000K LED Mais Gl\u00fchbirne,120W Gl\u00fchbirnen-\u00c4quivalent,1450LM Kann 100W~120W Gl\u00fchlampe\u2026 - Markt-XXL","description":"Markt-XXL PINDOWS 12W LED Lampe E14 Warmwei\u00df 3000K LED Mais Gl\u00fchbirne,120W Gl\u00fchbirnen-\u00c4quivalent,1450LM Kann 100W~120W Gl\u00fchlampe\u2026","robots":{"index":"index","follow":"follow","max-snippet":"max-snippet:-1","max-image-preview":"max-image-preview:large","max-video-preview":"max-video-preview:-1"},"canonical":"https:\/\/marktxxl.de\/markt\/produkt\/12w-led-lampe-e27-led-mais-gluehbirne120w-gluehbirnen-aequivalent1450lm-kann-100w120w-gluehlampe-leuchtmittel-ersetzencri-80-hohe-helligkeitnicht-dimmbar5er-pack\/","og_locale":"de_DE","og_type":"article","og_title":"PINDOWS 12W LED Lampe E14 Warmwei\u00df 3000K LED Mais Gl\u00fchbirne,120W Gl\u00fchbirnen-\u00c4quivalent,1450LM Kann 100W~120W Gl\u00fchlampe\u2026 - Markt-XXL","og_description":"Markt-XXL PINDOWS 12W LED Lampe E14 Warmwei\u00df 3000K LED Mais Gl\u00fchbirne,120W Gl\u00fchbirnen-\u00c4quivalent,1450LM Kann 100W~120W Gl\u00fchlampe\u2026","og_url":"https:\/\/marktxxl.de\/markt\/produkt\/12w-led-lampe-e27-led-mais-gluehbirne120w-gluehbirnen-aequivalent1450lm-kann-100w120w-gluehlampe-leuchtmittel-ersetzencri-80-hohe-helligkeitnicht-dimmbar5er-pack\/","og_site_name":"Markt-XXL","article_modified_time":"2023-04-08T02:40:17+00:00","og_image":[{"width":500,"height":500,"url":"https:\/\/m.media-amazon.com\/images\/I\/513ItsSQBmL._SL500_.jpg","type":"image\/jpeg"}],"twitter_card":"summary_large_image","twitter_misc":{"Gesch\u00e4tzte Lesezeit":"1\u00a0Minute"},"schema":{"@context":"https:\/\/schema.org","@graph":[{"@type":"WebPage","@id":"https:\/\/marktxxl.de\/markt\/produkt\/12w-led-lampe-e27-led-mais-gluehbirne120w-gluehbirnen-aequivalent1450lm-kann-100w120w-gluehlampe-leuchtmittel-ersetzencri-80-hohe-helligkeitnicht-dimmbar5er-pack\/","url":"https:\/\/marktxxl.de\/markt\/produkt\/12w-led-lampe-e27-led-mais-gluehbirne120w-gluehbirnen-aequivalent1450lm-kann-100w120w-gluehlampe-leuchtmittel-ersetzencri-80-hohe-helligkeitnicht-dimmbar5er-pack\/","name":"PINDOWS 12W LED Lampe E14 Warmwei\u00df 3000K LED Mais Gl\u00fchbirne,120W Gl\u00fchbirnen-\u00c4quivalent,1450LM Kann 100W~120W Gl\u00fchlampe\u2026 - Markt-XXL","isPartOf":{"@id":"https:\/\/marktxxl.de\/markt\/#website"},"primaryImageOfPage":{"@id":"https:\/\/marktxxl.de\/markt\/produkt\/12w-led-lampe-e27-led-mais-gluehbirne120w-gluehbirnen-aequivalent1450lm-kann-100w120w-gluehlampe-leuchtmittel-ersetzencri-80-hohe-helligkeitnicht-dimmbar5er-pack\/#primaryimage"},"image":{"@id":"https:\/\/marktxxl.de\/markt\/produkt\/12w-led-lampe-e27-led-mais-gluehbirne120w-gluehbirnen-aequivalent1450lm-kann-100w120w-gluehlampe-leuchtmittel-ersetzencri-80-hohe-helligkeitnicht-dimmbar5er-pack\/#primaryimage"},"thumbnailUrl":"https:\/\/m.media-amazon.com\/images\/I\/513ItsSQBmL._SL500_.jpg","datePublished":"2023-01-10T04:20:35+00:00","dateModified":"2023-04-08T02:40:17+00:00","description":"Markt-XXL PINDOWS 12W LED Lampe E14 Warmwei\u00df 3000K LED Mais Gl\u00fchbirne,120W Gl\u00fchbirnen-\u00c4quivalent,1450LM Kann 100W~120W Gl\u00fchlampe\u2026","breadcrumb":{"@id":"https:\/\/marktxxl.de\/markt\/produkt\/12w-led-lampe-e27-led-mais-gluehbirne120w-gluehbirnen-aequivalent1450lm-kann-100w120w-gluehlampe-leuchtmittel-ersetzencri-80-hohe-helligkeitnicht-dimmbar5er-pack\/#breadcrumb"},"inLanguage":"de","potentialAction":[{"@type":"ReadAction","target":["https:\/\/marktxxl.de\/markt\/produkt\/12w-led-lampe-e27-led-mais-gluehbirne120w-gluehbirnen-aequivalent1450lm-kann-100w120w-gluehlampe-leuchtmittel-ersetzencri-80-hohe-helligkeitnicht-dimmbar5er-pack\/"]}]},{"@type":"ImageObject","inLanguage":"de","@id":"https:\/\/marktxxl.de\/markt\/produkt\/12w-led-lampe-e27-led-mais-gluehbirne120w-gluehbirnen-aequivalent1450lm-kann-100w120w-gluehlampe-leuchtmittel-ersetzencri-80-hohe-helligkeitnicht-dimmbar5er-pack\/#primaryimage","url":"https:\/\/m.media-amazon.com\/images\/I\/513ItsSQBmL._SL500_.jpg","contentUrl":"https:\/\/m.media-amazon.com\/images\/I\/513ItsSQBmL._SL500_.jpg","width":500,"height":500},{"@type":"BreadcrumbList","@id":"https:\/\/marktxxl.de\/markt\/produkt\/12w-led-lampe-e27-led-mais-gluehbirne120w-gluehbirnen-aequivalent1450lm-kann-100w120w-gluehlampe-leuchtmittel-ersetzencri-80-hohe-helligkeitnicht-dimmbar5er-pack\/#breadcrumb","itemListElement":[{"@type":"ListItem","position":1,"name":"Startseite","item":"https:\/\/marktxxl.de\/markt\/"},{"@type":"ListItem","position":2,"name":"Markt","item":"https:\/\/marktxxl.de\/markt\/"},{"@type":"ListItem","position":3,"name":"PINDOWS 12W LED Lampe E14 Warmwei\u00df 3000K LED Mais Gl\u00fchbirne,120W Gl\u00fchbirnen-\u00c4quivalent,1450LM Kann 100W~120W Gl\u00fchlampe\u2026"}]},{"@type":"WebSite","@id":"https:\/\/marktxxl.de\/markt\/#website","url":"https:\/\/marktxxl.de\/markt\/","name":"Markt-XXL","description":"Ihr Markt Online","publisher":{"@id":"https:\/\/marktxxl.de\/markt\/#organization"},"potentialAction":[{"@type":"SearchAction","target":{"@type":"EntryPoint","urlTemplate":"https:\/\/marktxxl.de\/markt\/?s={search_term_string}"},"query-input":{"@type":"PropertyValueSpecification","valueRequired":true,"valueName":"search_term_string"}}],"inLanguage":"de"},{"@type":"Organization","@id":"https:\/\/marktxxl.de\/markt\/#organization","name":"Markt-XXL","url":"https:\/\/marktxxl.de\/markt\/","logo":{"@type":"ImageObject","inLanguage":"de","@id":"https:\/\/marktxxl.de\/markt\/#\/schema\/logo\/image\/","url":"https:\/\/marktxxl.de\/markt\/wp-content\/uploads\/sites\/3\/2020\/12\/logo.png","contentUrl":"https:\/\/marktxxl.de\/markt\/wp-content\/uploads\/sites\/3\/2020\/12\/logo.png","width":200,"height":70,"caption":"Markt-XXL"},"image":{"@id":"https:\/\/marktxxl.de\/markt\/#\/schema\/logo\/image\/"}}]}},"_links":{"self":[{"href":"https:\/\/marktxxl.de\/markt\/wp-json\/wp\/v2\/product\/180980","targetHints":{"allow":["GET"]}}],"collection":[{"href":"https:\/\/marktxxl.de\/markt\/wp-json\/wp\/v2\/product"}],"about":[{"href":"https:\/\/marktxxl.de\/markt\/wp-json\/wp\/v2\/types\/product"}],"replies":[{"embeddable":true,"href":"https:\/\/marktxxl.de\/markt\/wp-json\/wp\/v2\/comments?post=180980"}],"wp:featuredmedia":[{"embeddable":true,"href":"https:\/\/marktxxl.de\/markt\/wp-json\/wp\/v2\/media\/180981"}],"wp:attachment":[{"href":"https:\/\/marktxxl.de\/markt\/wp-json\/wp\/v2\/media?parent=180980"}],"wp:term":[{"taxonomy":"product_brand","embeddable":true,"href":"https:\/\/marktxxl.de\/markt\/wp-json\/wp\/v2\/product_brand?post=180980"},{"taxonomy":"product_cat","embeddable":true,"href":"https:\/\/marktxxl.de\/markt\/wp-json\/wp\/v2\/product_cat?post=180980"},{"taxonomy":"product_tag","embeddable":true,"href":"https:\/\/marktxxl.de\/markt\/wp-json\/wp\/v2\/product_tag?post=180980"}],"curies":[{"name":"wp","href":"https:\/\/api.w.org\/{rel}","templated":true}]}}