{"id":180666,"date":"2023-01-10T05:07:32","date_gmt":"2023-01-10T04:07:32","guid":{"rendered":"https:\/\/marktxxl.de\/markt\/produkt\/coasion-sonnenbrille-maedchen-polarisierte-sonnenbrille-fuer-jungen-und-maedchen-weiche-niedliche-herzfoermige-sonnenbrille-polarisiert-100-uv400-schutz\/"},"modified":"2023-04-08T04:40:12","modified_gmt":"2023-04-08T02:40:12","slug":"coasion-sonnenbrille-maedchen-polarisierte-sonnenbrille-fuer-jungen-und-maedchen-weiche-niedliche-herzfoermige-sonnenbrille-polarisiert-100-uv400-schutz","status":"publish","type":"product","link":"https:\/\/marktxxl.de\/markt\/produkt\/coasion-sonnenbrille-maedchen-polarisierte-sonnenbrille-fuer-jungen-und-maedchen-weiche-niedliche-herzfoermige-sonnenbrille-polarisiert-100-uv400-schutz\/","title":{"rendered":"COASION Polarisierte Baby Sonnenbrille Herz mit Verstellbares Band f\u00fcr 0-24 Monate Neugeborene Jungen M\u00e4Dchen, TPEE\u2026"},"content":{"rendered":"<p>Glasbreite: 41 mm (1.61&#8243;), Rahmenh\u00f6he: 40 mm (1.57&#8243;), Nasensteg: 15 mm (0.59&#8243;), Rahmenbreite: 106 mm (4.17&#8243;), B\u00fcgell\u00e4nge: 100 mm (3.93&#8243;), Nettogewicht: 13.4 g.<br \/>\n100% UV400 POLARISIERTE OBJEKTIV &#8211; Reduziert die Helligkeit gl\u00e4nzender Oberfl\u00e4chen drastisch und reduziert Blendung. Sch\u00fctzt die Augen Ihrer Kinder effektiv vor langfristigen UV-Sch\u00e4den, indem 100% der sch\u00e4dlichen UVA- und UVB-Strahlen blockiert werden. Babys und Kinder k\u00f6nnen die UV-freie Zeit besser genie\u00dfen, wenn Sie sie nach drau\u00dfen bringen.<br \/>\nKlassisches Design &#8211; Weiche Niedliche Herzf\u00f6rmige Polarisierte Sonnenbrille. Durch das superleichte und rutschfeste Design eignet sich die Brille nicht nur f\u00fcr den Alltag von Kindern, die das ganze Jahr \u00fcber einkaufen, sondern auch f\u00fcr reisen, radfahren, angeln, skifahren, Kost\u00fcm zeigen, Strandbekleidung und Alltagskleidung Sport und Aktivit\u00e4ten im Freien.<br \/>\nEs ist jederzeit ein perfektes Geschenk f\u00fcr Ihre Familie und Freunde. Diese herzf\u00f6rmige Retro Hippie Brille eignet sich f\u00fcr verschiedene Anl\u00e4sse: Geburtstagsfeier, Weihnachtstag, Hochzeit, Schwimmbadparty, Maskerade, Strandurlaub, Cosplay-Party usw.<br \/>\nWir bieten Ihnen einen 100% Zufriedenheitsservice. Wenn Sie ein Problem mit unserem Produkt haben, machen Sie sich keine Sorgen, z\u00f6gern Sie bitte nicht, uns per E-Mail zu kontaktieren. Die Antwort erfolgt innerhalb von 24 Stunden und wir versuchen unser Bestes, um Ihnen eine perfekte L\u00f6sung zu bieten!<br \/>\n<div class=\"main-cross-sell\" data-asin=\"B0BKFK2F9X\">\n\n\t<div class=\"WooZone-cross-sell-loader\">\n\t\t<div>\n\t\t\t<div id=\"floatingBarsG\">\n\t\t\t\t<div class=\"blockG\" id=\"rotateG_01\"><\/div>\n\t\t\t\t<div class=\"blockG\" id=\"rotateG_02\"><\/div>\n\t\t\t\t<div class=\"blockG\" id=\"rotateG_03\"><\/div>\n\t\t\t\t<div class=\"blockG\" id=\"rotateG_04\"><\/div>\n\t\t\t\t<div class=\"blockG\" id=\"rotateG_05\"><\/div>\n\t\t\t\t<div class=\"blockG\" id=\"rotateG_06\"><\/div>\n\t\t\t\t<div class=\"blockG\" id=\"rotateG_07\"><\/div>\n\t\t\t\t<div class=\"blockG\" id=\"rotateG_08\"><\/div>\n\t\t\t<\/div>\n\t\t\t<div class=\"WooZone-cross-sell-loader-text\"><\/div>\n\t\t<\/div>\n\t<\/div>\n\n\t\t\n<\/div>\n<div style=\"clear:both;\"><\/div><\/p>\n","protected":false},"excerpt":{"rendered":"<p>Glasbreite: 41 mm (1.61&#8243;), Rahmenh\u00f6he: 40 mm (1.57&#8243;), Nasensteg: 15 mm (0.59&#8243;), Rahmenbreite: 106 mm (4.17&#8243;), B\u00fcgell\u00e4nge: 100 mm (3.93&#8243;), Nettogewicht: 13.4 g.<br \/>\n100% UV400 POLARISIERTE OBJEKTIV &#8211; Reduziert die Helligkeit gl\u00e4nzender Oberfl\u00e4chen drastisch und reduziert Blendung. Sch\u00fctzt die Augen Ihrer Kinder effektiv vor langfristigen UV-Sch\u00e4den, indem 100% der sch\u00e4dlichen UVA- und UVB-Strahlen blockiert werden. Babys und Kinder k\u00f6nnen die UV-freie Zeit besser genie\u00dfen, wenn Sie sie nach drau\u00dfen bringen.<br \/>\nKlassisches Design &#8211; Weiche Niedliche Herzf\u00f6rmige Polarisierte Sonnenbrille. Durch das superleichte und rutschfeste Design eignet sich die Brille nicht nur f\u00fcr den Alltag von Kindern, die das ganze Jahr \u00fcber einkaufen, sondern auch f\u00fcr reisen, radfahren, angeln, skifahren, Kost\u00fcm zeigen, Strandbekleidung und Alltagskleidung Sport und Aktivit\u00e4ten im Freien.<\/p>\n","protected":false},"featured_media":180667,"comment_status":"open","ping_status":"closed","template":"","meta":[],"product_brand":[],"product_cat":[1186,3990],"product_tag":[],"class_list":{"0":"post-180666","1":"product","2":"type-product","3":"status-publish","4":"has-post-thumbnail","6":"product_cat-bekleidung","7":"product_cat-maedchen","8":"pa_brand-coasion","10":"first","11":"instock","12":"shipping-taxable","13":"purchasable","14":"product-type-simple","15":"customify-col","16":"product-has-gallery"},"yoast_head":"<!-- This site is optimized with the Yoast SEO plugin v27.4 - https:\/\/yoast.com\/product\/yoast-seo-wordpress\/ -->\n<title>COASION Polarisierte Baby Sonnenbrille Herz mit Verstellbares Band f\u00fcr 0-24 Monate Neugeborene Jungen M\u00e4Dchen, TPEE\u2026 - Markt-XXL<\/title>\n<meta name=\"description\" content=\"Markt-XXL COASION Polarisierte Baby Sonnenbrille Herz mit Verstellbares Band f\u00fcr 0-24 Monate Neugeborene Jungen M\u00e4Dchen, TPEE\u2026\" \/>\n<meta name=\"robots\" content=\"index, follow, max-snippet:-1, max-image-preview:large, max-video-preview:-1\" \/>\n<link rel=\"canonical\" href=\"https:\/\/marktxxl.de\/markt\/produkt\/coasion-sonnenbrille-maedchen-polarisierte-sonnenbrille-fuer-jungen-und-maedchen-weiche-niedliche-herzfoermige-sonnenbrille-polarisiert-100-uv400-schutz\/\" \/>\n<meta property=\"og:locale\" content=\"de_DE\" \/>\n<meta property=\"og:type\" content=\"article\" \/>\n<meta property=\"og:title\" content=\"COASION Polarisierte Baby Sonnenbrille Herz mit Verstellbares Band f\u00fcr 0-24 Monate Neugeborene Jungen M\u00e4Dchen, TPEE\u2026 - Markt-XXL\" \/>\n<meta property=\"og:description\" content=\"Markt-XXL COASION Polarisierte Baby Sonnenbrille Herz mit Verstellbares Band f\u00fcr 0-24 Monate Neugeborene Jungen M\u00e4Dchen, TPEE\u2026\" \/>\n<meta property=\"og:url\" content=\"https:\/\/marktxxl.de\/markt\/produkt\/coasion-sonnenbrille-maedchen-polarisierte-sonnenbrille-fuer-jungen-und-maedchen-weiche-niedliche-herzfoermige-sonnenbrille-polarisiert-100-uv400-schutz\/\" \/>\n<meta property=\"og:site_name\" content=\"Markt-XXL\" \/>\n<meta property=\"article:modified_time\" content=\"2023-04-08T02:40:12+00:00\" \/>\n<meta property=\"og:image\" content=\"https:\/\/m.media-amazon.com\/images\/I\/313Hf9t41FL._SL500_.jpg\" \/>\n\t<meta property=\"og:image:width\" content=\"500\" \/>\n\t<meta property=\"og:image:height\" content=\"500\" \/>\n\t<meta property=\"og:image:type\" content=\"image\/jpeg\" \/>\n<meta name=\"twitter:card\" content=\"summary_large_image\" \/>\n<meta name=\"twitter:label1\" content=\"Gesch\u00e4tzte Lesezeit\" \/>\n\t<meta name=\"twitter:data1\" content=\"1\u00a0Minute\" \/>\n<script type=\"application\/ld+json\" class=\"yoast-schema-graph\">{\"@context\":\"https:\\\/\\\/schema.org\",\"@graph\":[{\"@type\":\"WebPage\",\"@id\":\"https:\\\/\\\/marktxxl.de\\\/markt\\\/produkt\\\/coasion-sonnenbrille-maedchen-polarisierte-sonnenbrille-fuer-jungen-und-maedchen-weiche-niedliche-herzfoermige-sonnenbrille-polarisiert-100-uv400-schutz\\\/\",\"url\":\"https:\\\/\\\/marktxxl.de\\\/markt\\\/produkt\\\/coasion-sonnenbrille-maedchen-polarisierte-sonnenbrille-fuer-jungen-und-maedchen-weiche-niedliche-herzfoermige-sonnenbrille-polarisiert-100-uv400-schutz\\\/\",\"name\":\"COASION Polarisierte Baby Sonnenbrille Herz mit Verstellbares Band f\u00fcr 0-24 Monate Neugeborene Jungen M\u00e4Dchen, TPEE\u2026 - Markt-XXL\",\"isPartOf\":{\"@id\":\"https:\\\/\\\/marktxxl.de\\\/markt\\\/#website\"},\"primaryImageOfPage\":{\"@id\":\"https:\\\/\\\/marktxxl.de\\\/markt\\\/produkt\\\/coasion-sonnenbrille-maedchen-polarisierte-sonnenbrille-fuer-jungen-und-maedchen-weiche-niedliche-herzfoermige-sonnenbrille-polarisiert-100-uv400-schutz\\\/#primaryimage\"},\"image\":{\"@id\":\"https:\\\/\\\/marktxxl.de\\\/markt\\\/produkt\\\/coasion-sonnenbrille-maedchen-polarisierte-sonnenbrille-fuer-jungen-und-maedchen-weiche-niedliche-herzfoermige-sonnenbrille-polarisiert-100-uv400-schutz\\\/#primaryimage\"},\"thumbnailUrl\":\"https:\\\/\\\/m.media-amazon.com\\\/images\\\/I\\\/313Hf9t41FL._SL500_.jpg\",\"datePublished\":\"2023-01-10T04:07:32+00:00\",\"dateModified\":\"2023-04-08T02:40:12+00:00\",\"description\":\"Markt-XXL COASION Polarisierte Baby Sonnenbrille Herz mit Verstellbares Band f\u00fcr 0-24 Monate Neugeborene Jungen M\u00e4Dchen, TPEE\u2026\",\"breadcrumb\":{\"@id\":\"https:\\\/\\\/marktxxl.de\\\/markt\\\/produkt\\\/coasion-sonnenbrille-maedchen-polarisierte-sonnenbrille-fuer-jungen-und-maedchen-weiche-niedliche-herzfoermige-sonnenbrille-polarisiert-100-uv400-schutz\\\/#breadcrumb\"},\"inLanguage\":\"de\",\"potentialAction\":[{\"@type\":\"ReadAction\",\"target\":[\"https:\\\/\\\/marktxxl.de\\\/markt\\\/produkt\\\/coasion-sonnenbrille-maedchen-polarisierte-sonnenbrille-fuer-jungen-und-maedchen-weiche-niedliche-herzfoermige-sonnenbrille-polarisiert-100-uv400-schutz\\\/\"]}]},{\"@type\":\"ImageObject\",\"inLanguage\":\"de\",\"@id\":\"https:\\\/\\\/marktxxl.de\\\/markt\\\/produkt\\\/coasion-sonnenbrille-maedchen-polarisierte-sonnenbrille-fuer-jungen-und-maedchen-weiche-niedliche-herzfoermige-sonnenbrille-polarisiert-100-uv400-schutz\\\/#primaryimage\",\"url\":\"https:\\\/\\\/m.media-amazon.com\\\/images\\\/I\\\/313Hf9t41FL._SL500_.jpg\",\"contentUrl\":\"https:\\\/\\\/m.media-amazon.com\\\/images\\\/I\\\/313Hf9t41FL._SL500_.jpg\",\"width\":500,\"height\":500},{\"@type\":\"BreadcrumbList\",\"@id\":\"https:\\\/\\\/marktxxl.de\\\/markt\\\/produkt\\\/coasion-sonnenbrille-maedchen-polarisierte-sonnenbrille-fuer-jungen-und-maedchen-weiche-niedliche-herzfoermige-sonnenbrille-polarisiert-100-uv400-schutz\\\/#breadcrumb\",\"itemListElement\":[{\"@type\":\"ListItem\",\"position\":1,\"name\":\"Startseite\",\"item\":\"https:\\\/\\\/marktxxl.de\\\/markt\\\/\"},{\"@type\":\"ListItem\",\"position\":2,\"name\":\"Markt\",\"item\":\"https:\\\/\\\/marktxxl.de\\\/markt\\\/\"},{\"@type\":\"ListItem\",\"position\":3,\"name\":\"COASION Polarisierte Baby Sonnenbrille Herz mit Verstellbares Band f\u00fcr 0-24 Monate Neugeborene Jungen M\u00e4Dchen, TPEE\u2026\"}]},{\"@type\":\"WebSite\",\"@id\":\"https:\\\/\\\/marktxxl.de\\\/markt\\\/#website\",\"url\":\"https:\\\/\\\/marktxxl.de\\\/markt\\\/\",\"name\":\"Markt-XXL\",\"description\":\"Ihr Markt Online\",\"publisher\":{\"@id\":\"https:\\\/\\\/marktxxl.de\\\/markt\\\/#organization\"},\"potentialAction\":[{\"@type\":\"SearchAction\",\"target\":{\"@type\":\"EntryPoint\",\"urlTemplate\":\"https:\\\/\\\/marktxxl.de\\\/markt\\\/?s={search_term_string}\"},\"query-input\":{\"@type\":\"PropertyValueSpecification\",\"valueRequired\":true,\"valueName\":\"search_term_string\"}}],\"inLanguage\":\"de\"},{\"@type\":\"Organization\",\"@id\":\"https:\\\/\\\/marktxxl.de\\\/markt\\\/#organization\",\"name\":\"Markt-XXL\",\"url\":\"https:\\\/\\\/marktxxl.de\\\/markt\\\/\",\"logo\":{\"@type\":\"ImageObject\",\"inLanguage\":\"de\",\"@id\":\"https:\\\/\\\/marktxxl.de\\\/markt\\\/#\\\/schema\\\/logo\\\/image\\\/\",\"url\":\"https:\\\/\\\/marktxxl.de\\\/markt\\\/wp-content\\\/uploads\\\/sites\\\/3\\\/2020\\\/12\\\/logo.png\",\"contentUrl\":\"https:\\\/\\\/marktxxl.de\\\/markt\\\/wp-content\\\/uploads\\\/sites\\\/3\\\/2020\\\/12\\\/logo.png\",\"width\":200,\"height\":70,\"caption\":\"Markt-XXL\"},\"image\":{\"@id\":\"https:\\\/\\\/marktxxl.de\\\/markt\\\/#\\\/schema\\\/logo\\\/image\\\/\"}}]}<\/script>\n<!-- \/ Yoast SEO plugin. -->","yoast_head_json":{"title":"COASION Polarisierte Baby Sonnenbrille Herz mit Verstellbares Band f\u00fcr 0-24 Monate Neugeborene Jungen M\u00e4Dchen, TPEE\u2026 - Markt-XXL","description":"Markt-XXL COASION Polarisierte Baby Sonnenbrille Herz mit Verstellbares Band f\u00fcr 0-24 Monate Neugeborene Jungen M\u00e4Dchen, TPEE\u2026","robots":{"index":"index","follow":"follow","max-snippet":"max-snippet:-1","max-image-preview":"max-image-preview:large","max-video-preview":"max-video-preview:-1"},"canonical":"https:\/\/marktxxl.de\/markt\/produkt\/coasion-sonnenbrille-maedchen-polarisierte-sonnenbrille-fuer-jungen-und-maedchen-weiche-niedliche-herzfoermige-sonnenbrille-polarisiert-100-uv400-schutz\/","og_locale":"de_DE","og_type":"article","og_title":"COASION Polarisierte Baby Sonnenbrille Herz mit Verstellbares Band f\u00fcr 0-24 Monate Neugeborene Jungen M\u00e4Dchen, TPEE\u2026 - Markt-XXL","og_description":"Markt-XXL COASION Polarisierte Baby Sonnenbrille Herz mit Verstellbares Band f\u00fcr 0-24 Monate Neugeborene Jungen M\u00e4Dchen, TPEE\u2026","og_url":"https:\/\/marktxxl.de\/markt\/produkt\/coasion-sonnenbrille-maedchen-polarisierte-sonnenbrille-fuer-jungen-und-maedchen-weiche-niedliche-herzfoermige-sonnenbrille-polarisiert-100-uv400-schutz\/","og_site_name":"Markt-XXL","article_modified_time":"2023-04-08T02:40:12+00:00","og_image":[{"width":500,"height":500,"url":"https:\/\/m.media-amazon.com\/images\/I\/313Hf9t41FL._SL500_.jpg","type":"image\/jpeg"}],"twitter_card":"summary_large_image","twitter_misc":{"Gesch\u00e4tzte Lesezeit":"1\u00a0Minute"},"schema":{"@context":"https:\/\/schema.org","@graph":[{"@type":"WebPage","@id":"https:\/\/marktxxl.de\/markt\/produkt\/coasion-sonnenbrille-maedchen-polarisierte-sonnenbrille-fuer-jungen-und-maedchen-weiche-niedliche-herzfoermige-sonnenbrille-polarisiert-100-uv400-schutz\/","url":"https:\/\/marktxxl.de\/markt\/produkt\/coasion-sonnenbrille-maedchen-polarisierte-sonnenbrille-fuer-jungen-und-maedchen-weiche-niedliche-herzfoermige-sonnenbrille-polarisiert-100-uv400-schutz\/","name":"COASION Polarisierte Baby Sonnenbrille Herz mit Verstellbares Band f\u00fcr 0-24 Monate Neugeborene Jungen M\u00e4Dchen, TPEE\u2026 - Markt-XXL","isPartOf":{"@id":"https:\/\/marktxxl.de\/markt\/#website"},"primaryImageOfPage":{"@id":"https:\/\/marktxxl.de\/markt\/produkt\/coasion-sonnenbrille-maedchen-polarisierte-sonnenbrille-fuer-jungen-und-maedchen-weiche-niedliche-herzfoermige-sonnenbrille-polarisiert-100-uv400-schutz\/#primaryimage"},"image":{"@id":"https:\/\/marktxxl.de\/markt\/produkt\/coasion-sonnenbrille-maedchen-polarisierte-sonnenbrille-fuer-jungen-und-maedchen-weiche-niedliche-herzfoermige-sonnenbrille-polarisiert-100-uv400-schutz\/#primaryimage"},"thumbnailUrl":"https:\/\/m.media-amazon.com\/images\/I\/313Hf9t41FL._SL500_.jpg","datePublished":"2023-01-10T04:07:32+00:00","dateModified":"2023-04-08T02:40:12+00:00","description":"Markt-XXL COASION Polarisierte Baby Sonnenbrille Herz mit Verstellbares Band f\u00fcr 0-24 Monate Neugeborene Jungen M\u00e4Dchen, TPEE\u2026","breadcrumb":{"@id":"https:\/\/marktxxl.de\/markt\/produkt\/coasion-sonnenbrille-maedchen-polarisierte-sonnenbrille-fuer-jungen-und-maedchen-weiche-niedliche-herzfoermige-sonnenbrille-polarisiert-100-uv400-schutz\/#breadcrumb"},"inLanguage":"de","potentialAction":[{"@type":"ReadAction","target":["https:\/\/marktxxl.de\/markt\/produkt\/coasion-sonnenbrille-maedchen-polarisierte-sonnenbrille-fuer-jungen-und-maedchen-weiche-niedliche-herzfoermige-sonnenbrille-polarisiert-100-uv400-schutz\/"]}]},{"@type":"ImageObject","inLanguage":"de","@id":"https:\/\/marktxxl.de\/markt\/produkt\/coasion-sonnenbrille-maedchen-polarisierte-sonnenbrille-fuer-jungen-und-maedchen-weiche-niedliche-herzfoermige-sonnenbrille-polarisiert-100-uv400-schutz\/#primaryimage","url":"https:\/\/m.media-amazon.com\/images\/I\/313Hf9t41FL._SL500_.jpg","contentUrl":"https:\/\/m.media-amazon.com\/images\/I\/313Hf9t41FL._SL500_.jpg","width":500,"height":500},{"@type":"BreadcrumbList","@id":"https:\/\/marktxxl.de\/markt\/produkt\/coasion-sonnenbrille-maedchen-polarisierte-sonnenbrille-fuer-jungen-und-maedchen-weiche-niedliche-herzfoermige-sonnenbrille-polarisiert-100-uv400-schutz\/#breadcrumb","itemListElement":[{"@type":"ListItem","position":1,"name":"Startseite","item":"https:\/\/marktxxl.de\/markt\/"},{"@type":"ListItem","position":2,"name":"Markt","item":"https:\/\/marktxxl.de\/markt\/"},{"@type":"ListItem","position":3,"name":"COASION Polarisierte Baby Sonnenbrille Herz mit Verstellbares Band f\u00fcr 0-24 Monate Neugeborene Jungen M\u00e4Dchen, TPEE\u2026"}]},{"@type":"WebSite","@id":"https:\/\/marktxxl.de\/markt\/#website","url":"https:\/\/marktxxl.de\/markt\/","name":"Markt-XXL","description":"Ihr Markt Online","publisher":{"@id":"https:\/\/marktxxl.de\/markt\/#organization"},"potentialAction":[{"@type":"SearchAction","target":{"@type":"EntryPoint","urlTemplate":"https:\/\/marktxxl.de\/markt\/?s={search_term_string}"},"query-input":{"@type":"PropertyValueSpecification","valueRequired":true,"valueName":"search_term_string"}}],"inLanguage":"de"},{"@type":"Organization","@id":"https:\/\/marktxxl.de\/markt\/#organization","name":"Markt-XXL","url":"https:\/\/marktxxl.de\/markt\/","logo":{"@type":"ImageObject","inLanguage":"de","@id":"https:\/\/marktxxl.de\/markt\/#\/schema\/logo\/image\/","url":"https:\/\/marktxxl.de\/markt\/wp-content\/uploads\/sites\/3\/2020\/12\/logo.png","contentUrl":"https:\/\/marktxxl.de\/markt\/wp-content\/uploads\/sites\/3\/2020\/12\/logo.png","width":200,"height":70,"caption":"Markt-XXL"},"image":{"@id":"https:\/\/marktxxl.de\/markt\/#\/schema\/logo\/image\/"}}]}},"_links":{"self":[{"href":"https:\/\/marktxxl.de\/markt\/wp-json\/wp\/v2\/product\/180666","targetHints":{"allow":["GET"]}}],"collection":[{"href":"https:\/\/marktxxl.de\/markt\/wp-json\/wp\/v2\/product"}],"about":[{"href":"https:\/\/marktxxl.de\/markt\/wp-json\/wp\/v2\/types\/product"}],"replies":[{"embeddable":true,"href":"https:\/\/marktxxl.de\/markt\/wp-json\/wp\/v2\/comments?post=180666"}],"wp:featuredmedia":[{"embeddable":true,"href":"https:\/\/marktxxl.de\/markt\/wp-json\/wp\/v2\/media\/180667"}],"wp:attachment":[{"href":"https:\/\/marktxxl.de\/markt\/wp-json\/wp\/v2\/media?parent=180666"}],"wp:term":[{"taxonomy":"product_brand","embeddable":true,"href":"https:\/\/marktxxl.de\/markt\/wp-json\/wp\/v2\/product_brand?post=180666"},{"taxonomy":"product_cat","embeddable":true,"href":"https:\/\/marktxxl.de\/markt\/wp-json\/wp\/v2\/product_cat?post=180666"},{"taxonomy":"product_tag","embeddable":true,"href":"https:\/\/marktxxl.de\/markt\/wp-json\/wp\/v2\/product_tag?post=180666"}],"curies":[{"name":"wp","href":"https:\/\/api.w.org\/{rel}","templated":true}]}}