{"id":180407,"date":"2023-01-10T04:16:45","date_gmt":"2023-01-10T03:16:45","guid":{"rendered":"https:\/\/marktxxl.de\/markt\/produkt\/lifesky-yoga-pants-with-pockets-for-women-high-waisted-tummy-control-leggings-4-way-stretch-workout-pants\/"},"modified":"2023-04-11T05:10:34","modified_gmt":"2023-04-11T03:10:34","slug":"lifesky-yoga-pants-with-pockets-for-women-high-waisted-tummy-control-leggings-4-way-stretch-workout-pants","status":"publish","type":"product","link":"https:\/\/marktxxl.de\/markt\/produkt\/lifesky-yoga-pants-with-pockets-for-women-high-waisted-tummy-control-leggings-4-way-stretch-workout-pants\/","title":{"rendered":"LifeSky Yoga Pants with Pockets for Women, High Waisted Tummy Control Leggings 4 Way Stretch Workout Pants"},"content":{"rendered":"<p>Bequemes Material: Fest: 77 % Polyester, 23 % Spandex, Raumf\u00e4rbung: 87 % Polyester, 13 % Elastan. Super weich und elastisch, LifeSky Leggings sind feuchtigkeitsableitend und atmen sehr gut, ohne durchsichtig zu sein.<br \/>\nTaschen-Design: 2 Seitentaschen auf der Yogahose k\u00f6nnen Ihre H\u00e4nde frei haben, wenn Sie trainieren. Die Taschen k\u00f6nnen 5,5 Zoll Handy passen. Eine versteckte Bundtasche ist f\u00fcr Ihre Schl\u00fcssel, Karte oder andere kleine Gegenst\u00e4nde.<br \/>\nStilvolles N\u00e4hte-Design: Entworfen mit hoher Taille, Bauchkontrolle, V-f\u00f6rmiger Bund, um eine glatte, sichere Passform zu bieten und Ihre Figur perfekt zu zeigen. Stilvolle Waden- und H\u00fcftlinien k\u00f6nnen sich perfekt an Ihren K\u00f6rper anpassen, was Ihnen ein besseres Aussehen verleiht.<br \/>\nZwickel im Schritt: Der Zwickel im Schritt schafft Bewegungsfreiheit und ein komfortableres Tragegef\u00fchl. Es verf\u00fcgt auch \u00fcber 4-Wege-Stretch-Technologie. Unsere Trainingshose ist perfekt f\u00fcr Yoga, Bewegung, Fitness, jede Art von Training oder den t\u00e4glichen Gebrauch.<br \/>\nLifeSky After-Sale-Tipps: Bei LifeSky ist es unsere Inspiration, unseren Kunden die Dinge leichter zu machen und mit den Qualit\u00e4tsprodukten sowie Zufriedenheit zu bieten. Wenn Sie jemals LifeSky Yogahosen mit einer falschen Gr\u00f6\u00dfe erhalten, rei\u00dfen Sie ab oder fransen Sie uns einfach einen Schrei und wir finden die L\u00f6sung f\u00fcr Sie.<br \/>\n<div class=\"main-cross-sell\" data-asin=\"B0B1DDPSXD\">\n\n\t<div class=\"WooZone-cross-sell-loader\">\n\t\t<div>\n\t\t\t<div id=\"floatingBarsG\">\n\t\t\t\t<div class=\"blockG\" id=\"rotateG_01\"><\/div>\n\t\t\t\t<div class=\"blockG\" id=\"rotateG_02\"><\/div>\n\t\t\t\t<div class=\"blockG\" id=\"rotateG_03\"><\/div>\n\t\t\t\t<div class=\"blockG\" id=\"rotateG_04\"><\/div>\n\t\t\t\t<div class=\"blockG\" id=\"rotateG_05\"><\/div>\n\t\t\t\t<div class=\"blockG\" id=\"rotateG_06\"><\/div>\n\t\t\t\t<div class=\"blockG\" id=\"rotateG_07\"><\/div>\n\t\t\t\t<div class=\"blockG\" id=\"rotateG_08\"><\/div>\n\t\t\t<\/div>\n\t\t\t<div class=\"WooZone-cross-sell-loader-text\"><\/div>\n\t\t<\/div>\n\t<\/div>\n\n\t\t\n<\/div>\n<div style=\"clear:both;\"><\/div><\/p>\n","protected":false},"excerpt":{"rendered":"<p>Bequemes Material: Fest: 77 % Polyester, 23 % Spandex, Raumf\u00e4rbung: 87 % Polyester, 13 % Elastan. Super weich und elastisch, LifeSky Leggings sind feuchtigkeitsableitend und atmen sehr gut, ohne durchsichtig zu sein.<br \/>\nTaschen-Design: 2 Seitentaschen auf der Yogahose k\u00f6nnen Ihre H\u00e4nde frei haben, wenn Sie trainieren. Die Taschen k\u00f6nnen 5,5 Zoll Handy passen. Eine versteckte Bundtasche ist f\u00fcr Ihre Schl\u00fcssel, Karte oder andere kleine Gegenst\u00e4nde.<br \/>\nStilvolles N\u00e4hte-Design: Entworfen mit hoher Taille, Bauchkontrolle, V-f\u00f6rmiger Bund, um eine glatte, sichere Passform zu bieten und Ihre Figur perfekt zu zeigen. Stilvolle Waden- und H\u00fcftlinien k\u00f6nnen sich perfekt an Ihren K\u00f6rper anpassen, was Ihnen ein besseres Aussehen verleiht.<\/p>\n","protected":false},"featured_media":180408,"comment_status":"open","ping_status":"closed","template":"","meta":[],"product_brand":[],"product_cat":[4143,1186],"product_tag":[],"class_list":{"0":"post-180407","1":"product","2":"type-product","3":"status-publish","4":"has-post-thumbnail","6":"product_cat-arbeitskleidung-uniformen","7":"product_cat-bekleidung","8":"pa_binding-textilien","9":"pa_brand-life-sky","10":"pa_color-capri-balck-beauty","11":"pa_manufacturer-life-sky","12":"pa_model-yp-9853c-wr-xxl","13":"pa_size-m","15":"first","16":"instock","17":"shipping-taxable","18":"purchasable","19":"product-type-simple","20":"customify-col","21":"product-has-gallery"},"yoast_head":"<!-- This site is optimized with the Yoast SEO plugin v27.4 - https:\/\/yoast.com\/product\/yoast-seo-wordpress\/ -->\n<title>LifeSky Yoga Pants with Pockets for Women, High Waisted Tummy Control Leggings 4 Way Stretch Workout Pants - Markt-XXL<\/title>\n<meta name=\"description\" content=\"Markt-XXL LifeSky Yoga Pants with Pockets for Women, High Waisted Tummy Control Leggings 4 Way Stretch Workout Pants\" \/>\n<meta name=\"robots\" content=\"index, follow, max-snippet:-1, max-image-preview:large, max-video-preview:-1\" \/>\n<link rel=\"canonical\" href=\"https:\/\/marktxxl.de\/markt\/produkt\/lifesky-yoga-pants-with-pockets-for-women-high-waisted-tummy-control-leggings-4-way-stretch-workout-pants\/\" \/>\n<meta property=\"og:locale\" content=\"de_DE\" \/>\n<meta property=\"og:type\" content=\"article\" \/>\n<meta property=\"og:title\" content=\"LifeSky Yoga Pants with Pockets for Women, High Waisted Tummy Control Leggings 4 Way Stretch Workout Pants - Markt-XXL\" \/>\n<meta property=\"og:description\" content=\"Markt-XXL LifeSky Yoga Pants with Pockets for Women, High Waisted Tummy Control Leggings 4 Way Stretch Workout Pants\" \/>\n<meta property=\"og:url\" content=\"https:\/\/marktxxl.de\/markt\/produkt\/lifesky-yoga-pants-with-pockets-for-women-high-waisted-tummy-control-leggings-4-way-stretch-workout-pants\/\" \/>\n<meta property=\"og:site_name\" content=\"Markt-XXL\" \/>\n<meta property=\"article:modified_time\" content=\"2023-04-11T03:10:34+00:00\" \/>\n<meta property=\"og:image\" content=\"https:\/\/m.media-amazon.com\/images\/I\/31BVJQ-c8DL._SL500_.jpg\" \/>\n\t<meta property=\"og:image:width\" content=\"203\" \/>\n\t<meta property=\"og:image:height\" content=\"500\" \/>\n\t<meta property=\"og:image:type\" content=\"image\/jpeg\" \/>\n<meta name=\"twitter:card\" content=\"summary_large_image\" \/>\n<meta name=\"twitter:label1\" content=\"Gesch\u00e4tzte Lesezeit\" \/>\n\t<meta name=\"twitter:data1\" content=\"1\u00a0Minute\" \/>\n<script type=\"application\/ld+json\" class=\"yoast-schema-graph\">{\"@context\":\"https:\\\/\\\/schema.org\",\"@graph\":[{\"@type\":\"WebPage\",\"@id\":\"https:\\\/\\\/marktxxl.de\\\/markt\\\/produkt\\\/lifesky-yoga-pants-with-pockets-for-women-high-waisted-tummy-control-leggings-4-way-stretch-workout-pants\\\/\",\"url\":\"https:\\\/\\\/marktxxl.de\\\/markt\\\/produkt\\\/lifesky-yoga-pants-with-pockets-for-women-high-waisted-tummy-control-leggings-4-way-stretch-workout-pants\\\/\",\"name\":\"LifeSky Yoga Pants with Pockets for Women, High Waisted Tummy Control Leggings 4 Way Stretch Workout Pants - Markt-XXL\",\"isPartOf\":{\"@id\":\"https:\\\/\\\/marktxxl.de\\\/markt\\\/#website\"},\"primaryImageOfPage\":{\"@id\":\"https:\\\/\\\/marktxxl.de\\\/markt\\\/produkt\\\/lifesky-yoga-pants-with-pockets-for-women-high-waisted-tummy-control-leggings-4-way-stretch-workout-pants\\\/#primaryimage\"},\"image\":{\"@id\":\"https:\\\/\\\/marktxxl.de\\\/markt\\\/produkt\\\/lifesky-yoga-pants-with-pockets-for-women-high-waisted-tummy-control-leggings-4-way-stretch-workout-pants\\\/#primaryimage\"},\"thumbnailUrl\":\"https:\\\/\\\/m.media-amazon.com\\\/images\\\/I\\\/31BVJQ-c8DL._SL500_.jpg\",\"datePublished\":\"2023-01-10T03:16:45+00:00\",\"dateModified\":\"2023-04-11T03:10:34+00:00\",\"description\":\"Markt-XXL LifeSky Yoga Pants with Pockets for Women, High Waisted Tummy Control Leggings 4 Way Stretch Workout Pants\",\"breadcrumb\":{\"@id\":\"https:\\\/\\\/marktxxl.de\\\/markt\\\/produkt\\\/lifesky-yoga-pants-with-pockets-for-women-high-waisted-tummy-control-leggings-4-way-stretch-workout-pants\\\/#breadcrumb\"},\"inLanguage\":\"de\",\"potentialAction\":[{\"@type\":\"ReadAction\",\"target\":[\"https:\\\/\\\/marktxxl.de\\\/markt\\\/produkt\\\/lifesky-yoga-pants-with-pockets-for-women-high-waisted-tummy-control-leggings-4-way-stretch-workout-pants\\\/\"]}]},{\"@type\":\"ImageObject\",\"inLanguage\":\"de\",\"@id\":\"https:\\\/\\\/marktxxl.de\\\/markt\\\/produkt\\\/lifesky-yoga-pants-with-pockets-for-women-high-waisted-tummy-control-leggings-4-way-stretch-workout-pants\\\/#primaryimage\",\"url\":\"https:\\\/\\\/m.media-amazon.com\\\/images\\\/I\\\/31BVJQ-c8DL._SL500_.jpg\",\"contentUrl\":\"https:\\\/\\\/m.media-amazon.com\\\/images\\\/I\\\/31BVJQ-c8DL._SL500_.jpg\",\"width\":203,\"height\":500},{\"@type\":\"BreadcrumbList\",\"@id\":\"https:\\\/\\\/marktxxl.de\\\/markt\\\/produkt\\\/lifesky-yoga-pants-with-pockets-for-women-high-waisted-tummy-control-leggings-4-way-stretch-workout-pants\\\/#breadcrumb\",\"itemListElement\":[{\"@type\":\"ListItem\",\"position\":1,\"name\":\"Startseite\",\"item\":\"https:\\\/\\\/marktxxl.de\\\/markt\\\/\"},{\"@type\":\"ListItem\",\"position\":2,\"name\":\"Markt\",\"item\":\"https:\\\/\\\/marktxxl.de\\\/markt\\\/\"},{\"@type\":\"ListItem\",\"position\":3,\"name\":\"LifeSky Yoga Pants with Pockets for Women, High Waisted Tummy Control Leggings 4 Way Stretch Workout Pants\"}]},{\"@type\":\"WebSite\",\"@id\":\"https:\\\/\\\/marktxxl.de\\\/markt\\\/#website\",\"url\":\"https:\\\/\\\/marktxxl.de\\\/markt\\\/\",\"name\":\"Markt-XXL\",\"description\":\"Ihr Markt Online\",\"publisher\":{\"@id\":\"https:\\\/\\\/marktxxl.de\\\/markt\\\/#organization\"},\"potentialAction\":[{\"@type\":\"SearchAction\",\"target\":{\"@type\":\"EntryPoint\",\"urlTemplate\":\"https:\\\/\\\/marktxxl.de\\\/markt\\\/?s={search_term_string}\"},\"query-input\":{\"@type\":\"PropertyValueSpecification\",\"valueRequired\":true,\"valueName\":\"search_term_string\"}}],\"inLanguage\":\"de\"},{\"@type\":\"Organization\",\"@id\":\"https:\\\/\\\/marktxxl.de\\\/markt\\\/#organization\",\"name\":\"Markt-XXL\",\"url\":\"https:\\\/\\\/marktxxl.de\\\/markt\\\/\",\"logo\":{\"@type\":\"ImageObject\",\"inLanguage\":\"de\",\"@id\":\"https:\\\/\\\/marktxxl.de\\\/markt\\\/#\\\/schema\\\/logo\\\/image\\\/\",\"url\":\"https:\\\/\\\/marktxxl.de\\\/markt\\\/wp-content\\\/uploads\\\/sites\\\/3\\\/2020\\\/12\\\/logo.png\",\"contentUrl\":\"https:\\\/\\\/marktxxl.de\\\/markt\\\/wp-content\\\/uploads\\\/sites\\\/3\\\/2020\\\/12\\\/logo.png\",\"width\":200,\"height\":70,\"caption\":\"Markt-XXL\"},\"image\":{\"@id\":\"https:\\\/\\\/marktxxl.de\\\/markt\\\/#\\\/schema\\\/logo\\\/image\\\/\"}}]}<\/script>\n<!-- \/ Yoast SEO plugin. -->","yoast_head_json":{"title":"LifeSky Yoga Pants with Pockets for Women, High Waisted Tummy Control Leggings 4 Way Stretch Workout Pants - Markt-XXL","description":"Markt-XXL LifeSky Yoga Pants with Pockets for Women, High Waisted Tummy Control Leggings 4 Way Stretch Workout Pants","robots":{"index":"index","follow":"follow","max-snippet":"max-snippet:-1","max-image-preview":"max-image-preview:large","max-video-preview":"max-video-preview:-1"},"canonical":"https:\/\/marktxxl.de\/markt\/produkt\/lifesky-yoga-pants-with-pockets-for-women-high-waisted-tummy-control-leggings-4-way-stretch-workout-pants\/","og_locale":"de_DE","og_type":"article","og_title":"LifeSky Yoga Pants with Pockets for Women, High Waisted Tummy Control Leggings 4 Way Stretch Workout Pants - Markt-XXL","og_description":"Markt-XXL LifeSky Yoga Pants with Pockets for Women, High Waisted Tummy Control Leggings 4 Way Stretch Workout Pants","og_url":"https:\/\/marktxxl.de\/markt\/produkt\/lifesky-yoga-pants-with-pockets-for-women-high-waisted-tummy-control-leggings-4-way-stretch-workout-pants\/","og_site_name":"Markt-XXL","article_modified_time":"2023-04-11T03:10:34+00:00","og_image":[{"width":203,"height":500,"url":"https:\/\/m.media-amazon.com\/images\/I\/31BVJQ-c8DL._SL500_.jpg","type":"image\/jpeg"}],"twitter_card":"summary_large_image","twitter_misc":{"Gesch\u00e4tzte Lesezeit":"1\u00a0Minute"},"schema":{"@context":"https:\/\/schema.org","@graph":[{"@type":"WebPage","@id":"https:\/\/marktxxl.de\/markt\/produkt\/lifesky-yoga-pants-with-pockets-for-women-high-waisted-tummy-control-leggings-4-way-stretch-workout-pants\/","url":"https:\/\/marktxxl.de\/markt\/produkt\/lifesky-yoga-pants-with-pockets-for-women-high-waisted-tummy-control-leggings-4-way-stretch-workout-pants\/","name":"LifeSky Yoga Pants with Pockets for Women, High Waisted Tummy Control Leggings 4 Way Stretch Workout Pants - Markt-XXL","isPartOf":{"@id":"https:\/\/marktxxl.de\/markt\/#website"},"primaryImageOfPage":{"@id":"https:\/\/marktxxl.de\/markt\/produkt\/lifesky-yoga-pants-with-pockets-for-women-high-waisted-tummy-control-leggings-4-way-stretch-workout-pants\/#primaryimage"},"image":{"@id":"https:\/\/marktxxl.de\/markt\/produkt\/lifesky-yoga-pants-with-pockets-for-women-high-waisted-tummy-control-leggings-4-way-stretch-workout-pants\/#primaryimage"},"thumbnailUrl":"https:\/\/m.media-amazon.com\/images\/I\/31BVJQ-c8DL._SL500_.jpg","datePublished":"2023-01-10T03:16:45+00:00","dateModified":"2023-04-11T03:10:34+00:00","description":"Markt-XXL LifeSky Yoga Pants with Pockets for Women, High Waisted Tummy Control Leggings 4 Way Stretch Workout Pants","breadcrumb":{"@id":"https:\/\/marktxxl.de\/markt\/produkt\/lifesky-yoga-pants-with-pockets-for-women-high-waisted-tummy-control-leggings-4-way-stretch-workout-pants\/#breadcrumb"},"inLanguage":"de","potentialAction":[{"@type":"ReadAction","target":["https:\/\/marktxxl.de\/markt\/produkt\/lifesky-yoga-pants-with-pockets-for-women-high-waisted-tummy-control-leggings-4-way-stretch-workout-pants\/"]}]},{"@type":"ImageObject","inLanguage":"de","@id":"https:\/\/marktxxl.de\/markt\/produkt\/lifesky-yoga-pants-with-pockets-for-women-high-waisted-tummy-control-leggings-4-way-stretch-workout-pants\/#primaryimage","url":"https:\/\/m.media-amazon.com\/images\/I\/31BVJQ-c8DL._SL500_.jpg","contentUrl":"https:\/\/m.media-amazon.com\/images\/I\/31BVJQ-c8DL._SL500_.jpg","width":203,"height":500},{"@type":"BreadcrumbList","@id":"https:\/\/marktxxl.de\/markt\/produkt\/lifesky-yoga-pants-with-pockets-for-women-high-waisted-tummy-control-leggings-4-way-stretch-workout-pants\/#breadcrumb","itemListElement":[{"@type":"ListItem","position":1,"name":"Startseite","item":"https:\/\/marktxxl.de\/markt\/"},{"@type":"ListItem","position":2,"name":"Markt","item":"https:\/\/marktxxl.de\/markt\/"},{"@type":"ListItem","position":3,"name":"LifeSky Yoga Pants with Pockets for Women, High Waisted Tummy Control Leggings 4 Way Stretch Workout Pants"}]},{"@type":"WebSite","@id":"https:\/\/marktxxl.de\/markt\/#website","url":"https:\/\/marktxxl.de\/markt\/","name":"Markt-XXL","description":"Ihr Markt Online","publisher":{"@id":"https:\/\/marktxxl.de\/markt\/#organization"},"potentialAction":[{"@type":"SearchAction","target":{"@type":"EntryPoint","urlTemplate":"https:\/\/marktxxl.de\/markt\/?s={search_term_string}"},"query-input":{"@type":"PropertyValueSpecification","valueRequired":true,"valueName":"search_term_string"}}],"inLanguage":"de"},{"@type":"Organization","@id":"https:\/\/marktxxl.de\/markt\/#organization","name":"Markt-XXL","url":"https:\/\/marktxxl.de\/markt\/","logo":{"@type":"ImageObject","inLanguage":"de","@id":"https:\/\/marktxxl.de\/markt\/#\/schema\/logo\/image\/","url":"https:\/\/marktxxl.de\/markt\/wp-content\/uploads\/sites\/3\/2020\/12\/logo.png","contentUrl":"https:\/\/marktxxl.de\/markt\/wp-content\/uploads\/sites\/3\/2020\/12\/logo.png","width":200,"height":70,"caption":"Markt-XXL"},"image":{"@id":"https:\/\/marktxxl.de\/markt\/#\/schema\/logo\/image\/"}}]}},"_links":{"self":[{"href":"https:\/\/marktxxl.de\/markt\/wp-json\/wp\/v2\/product\/180407","targetHints":{"allow":["GET"]}}],"collection":[{"href":"https:\/\/marktxxl.de\/markt\/wp-json\/wp\/v2\/product"}],"about":[{"href":"https:\/\/marktxxl.de\/markt\/wp-json\/wp\/v2\/types\/product"}],"replies":[{"embeddable":true,"href":"https:\/\/marktxxl.de\/markt\/wp-json\/wp\/v2\/comments?post=180407"}],"wp:featuredmedia":[{"embeddable":true,"href":"https:\/\/marktxxl.de\/markt\/wp-json\/wp\/v2\/media\/180408"}],"wp:attachment":[{"href":"https:\/\/marktxxl.de\/markt\/wp-json\/wp\/v2\/media?parent=180407"}],"wp:term":[{"taxonomy":"product_brand","embeddable":true,"href":"https:\/\/marktxxl.de\/markt\/wp-json\/wp\/v2\/product_brand?post=180407"},{"taxonomy":"product_cat","embeddable":true,"href":"https:\/\/marktxxl.de\/markt\/wp-json\/wp\/v2\/product_cat?post=180407"},{"taxonomy":"product_tag","embeddable":true,"href":"https:\/\/marktxxl.de\/markt\/wp-json\/wp\/v2\/product_tag?post=180407"}],"curies":[{"name":"wp","href":"https:\/\/api.w.org\/{rel}","templated":true}]}}