{"id":180356,"date":"2023-01-10T03:58:47","date_gmt":"2023-01-10T02:58:47","guid":{"rendered":"https:\/\/marktxxl.de\/markt\/produkt\/pandoo-4er-pack-plastikfreie-bambus-wattestaebchen-800-stueck-100-biologisch-abbaubar-vegan-nachhaltig-premium-wattestaebchen-alternative-fuer-plastik-und-papier-wattestaebchen\/"},"modified":"2023-04-11T05:10:33","modified_gmt":"2023-04-11T03:10:33","slug":"pandoo-4er-pack-plastikfreie-bambus-wattestaebchen-800-stueck-100-biologisch-abbaubar-vegan-nachhaltig-premium-wattestaebchen-alternative-fuer-plastik-und-papier-wattestaebchen","status":"publish","type":"product","link":"https:\/\/marktxxl.de\/markt\/produkt\/pandoo-4er-pack-plastikfreie-bambus-wattestaebchen-800-stueck-100-biologisch-abbaubar-vegan-nachhaltig-premium-wattestaebchen-alternative-fuer-plastik-und-papier-wattestaebchen\/","title":{"rendered":"pandoo 4er Pack plastikfreie Bambus Wattest\u00e4bchen | 800 St\u00fcck | 100% biologisch abbaubar, vegan &amp; nachhaltig | premium\u2026"},"content":{"rendered":"<p>\ud83d\udc9a UMWELTFREUNDLICH &amp; NACHHALTIG &#8211; Die pandoo Wattest\u00e4bchen aus Bambus und Baumwolle sind zu 100% biologisch abbaubar und werden nur aus organisch angebautem Bambus gefertigt. Bambus ist eine schnell nachwachsende Ressource und somit die nachhaltige L\u00f6sung zu herk\u00f6mmlichen Plastik Wattest\u00e4bchen.<br \/>\n\ud83d\udc9a PREIS &amp; LEISTUNG &#8211; Die Ohrst\u00e4bchen sind komplett geruchsneutral, au\u00dferdem kommen sie ohne Farbstoffe, Chemie oder Plastik aus. Sie sind aus nat\u00fcrlichen Rohstoffen und dazu noch sehr stabil. In der Verpackung sind 800 St\u00fcck enthalten. Diese reichen f\u00fcr die ganze Familie.<br \/>\n\ud83d\udc9a DESIGN &amp; QUALIT\u00c4T &#8211; Die pandoo Pflegest\u00e4bchen sind ein Naturprodukt daher haben sie ein sehr ansprechendes Design und reinigen durch die Baumwolle effektiv und gr\u00fcndlich das Ohr.<br \/>\n\ud83d\udc9a KOMPOSTIERBAR &amp; VIELSEITIG &#8211; absolut nat\u00fcrlich &amp; vegan, wir achten dabei auf einen nachhaltigen Lebenszyklus unserer Produkte. Nicht nur f\u00fcr die Ohren geeignet, sondern auch zum Reinigen von kleinen anderen Dingen.<br \/>\n\ud83d\udc9a MATERIAL &amp; ABMESSUNG &#8211; Die optimale Alternative zu Plastik oder Holz-st\u00e4bchen. Die Wattest\u00e4bchen sind 7,5 cm lang und haben auf beiden Enden einen Baumwollkopf und somit beidseitig verwendbar<br \/>\n<div class=\"main-cross-sell\" data-asin=\"B07QC27BB6\">\n\n\t<div class=\"WooZone-cross-sell-loader\">\n\t\t<div>\n\t\t\t<div id=\"floatingBarsG\">\n\t\t\t\t<div class=\"blockG\" id=\"rotateG_01\"><\/div>\n\t\t\t\t<div class=\"blockG\" id=\"rotateG_02\"><\/div>\n\t\t\t\t<div class=\"blockG\" id=\"rotateG_03\"><\/div>\n\t\t\t\t<div class=\"blockG\" id=\"rotateG_04\"><\/div>\n\t\t\t\t<div class=\"blockG\" id=\"rotateG_05\"><\/div>\n\t\t\t\t<div class=\"blockG\" id=\"rotateG_06\"><\/div>\n\t\t\t\t<div class=\"blockG\" id=\"rotateG_07\"><\/div>\n\t\t\t\t<div class=\"blockG\" id=\"rotateG_08\"><\/div>\n\t\t\t<\/div>\n\t\t\t<div class=\"WooZone-cross-sell-loader-text\"><\/div>\n\t\t<\/div>\n\t<\/div>\n\n\t\t\n<\/div>\n<div style=\"clear:both;\"><\/div><\/p>\n","protected":false},"excerpt":{"rendered":"<p>\ud83d\udc9a UMWELTFREUNDLICH &amp; NACHHALTIG &#8211; Die pandoo Wattest\u00e4bchen aus Bambus und Baumwolle sind zu 100% biologisch abbaubar und werden nur aus organisch angebautem Bambus gefertigt. Bambus ist eine schnell nachwachsende Ressource und somit die nachhaltige L\u00f6sung zu herk\u00f6mmlichen Plastik Wattest\u00e4bchen.<br \/>\n\ud83d\udc9a PREIS &amp; LEISTUNG &#8211; Die Ohrst\u00e4bchen sind komplett geruchsneutral, au\u00dferdem kommen sie ohne Farbstoffe, Chemie oder Plastik aus. Sie sind aus nat\u00fcrlichen Rohstoffen und dazu noch sehr stabil. In der Verpackung sind 800 St\u00fcck enthalten. Diese reichen f\u00fcr die ganze Familie.<br \/>\n\ud83d\udc9a DESIGN &amp; QUALIT\u00c4T &#8211; Die pandoo Pflegest\u00e4bchen sind ein Naturprodukt daher haben sie ein sehr ansprechendes Design und reinigen durch die Baumwolle effektiv und gr\u00fcndlich das Ohr.<\/p>\n","protected":false},"featured_media":180357,"comment_status":"open","ping_status":"closed","template":"","meta":[],"product_brand":[],"product_cat":[2858],"product_tag":[],"class_list":{"0":"post-180356","1":"product","2":"type-product","3":"status-publish","4":"has-post-thumbnail","6":"product_cat-beauty","7":"pa_binding-badartikel","8":"pa_brand-pandoo","9":"pa_height-3-543307083-zoll","10":"pa_length-7-086614166-zoll","11":"pa_manufacturer-pandoo","12":"pa_model-e-pandoo-wattestaeb-200-4-v","13":"pa_size-200-stueck-4er-pack","14":"pa_weight-0-7-gramm","15":"pa_width-4-724409444-zoll","17":"first","18":"instock","19":"shipping-taxable","20":"purchasable","21":"product-type-simple","22":"customify-col","23":"product-has-gallery"},"yoast_head":"<!-- This site is optimized with the Yoast SEO plugin v27.4 - https:\/\/yoast.com\/product\/yoast-seo-wordpress\/ -->\n<title>pandoo 4er Pack plastikfreie Bambus Wattest\u00e4bchen | 800 St\u00fcck | 100% biologisch abbaubar, vegan &amp; nachhaltig | premium\u2026 - Markt-XXL<\/title>\n<meta name=\"description\" content=\"Markt-XXL pandoo 4er Pack plastikfreie Bambus Wattest\u00e4bchen | 800 St\u00fcck | 100% biologisch abbaubar, vegan &amp; nachhaltig | premium\u2026\" \/>\n<meta name=\"robots\" content=\"index, follow, max-snippet:-1, max-image-preview:large, max-video-preview:-1\" \/>\n<link rel=\"canonical\" href=\"https:\/\/marktxxl.de\/markt\/produkt\/pandoo-4er-pack-plastikfreie-bambus-wattestaebchen-800-stueck-100-biologisch-abbaubar-vegan-nachhaltig-premium-wattestaebchen-alternative-fuer-plastik-und-papier-wattestaebchen\/\" \/>\n<meta property=\"og:locale\" content=\"de_DE\" \/>\n<meta property=\"og:type\" content=\"article\" \/>\n<meta property=\"og:title\" content=\"pandoo 4er Pack plastikfreie Bambus Wattest\u00e4bchen | 800 St\u00fcck | 100% biologisch abbaubar, vegan &amp; nachhaltig | premium\u2026 - Markt-XXL\" \/>\n<meta property=\"og:description\" content=\"Markt-XXL pandoo 4er Pack plastikfreie Bambus Wattest\u00e4bchen | 800 St\u00fcck | 100% biologisch abbaubar, vegan &amp; nachhaltig | premium\u2026\" \/>\n<meta property=\"og:url\" content=\"https:\/\/marktxxl.de\/markt\/produkt\/pandoo-4er-pack-plastikfreie-bambus-wattestaebchen-800-stueck-100-biologisch-abbaubar-vegan-nachhaltig-premium-wattestaebchen-alternative-fuer-plastik-und-papier-wattestaebchen\/\" \/>\n<meta property=\"og:site_name\" content=\"Markt-XXL\" \/>\n<meta property=\"article:modified_time\" content=\"2023-04-11T03:10:33+00:00\" \/>\n<meta property=\"og:image\" content=\"https:\/\/m.media-amazon.com\/images\/I\/41Mr3oKsNCL._SL500_.jpg\" \/>\n\t<meta property=\"og:image:width\" content=\"500\" \/>\n\t<meta property=\"og:image:height\" content=\"500\" \/>\n\t<meta property=\"og:image:type\" content=\"image\/jpeg\" \/>\n<meta name=\"twitter:card\" content=\"summary_large_image\" \/>\n<meta name=\"twitter:label1\" content=\"Gesch\u00e4tzte Lesezeit\" \/>\n\t<meta name=\"twitter:data1\" content=\"1\u00a0Minute\" \/>\n<script type=\"application\/ld+json\" class=\"yoast-schema-graph\">{\"@context\":\"https:\\\/\\\/schema.org\",\"@graph\":[{\"@type\":\"WebPage\",\"@id\":\"https:\\\/\\\/marktxxl.de\\\/markt\\\/produkt\\\/pandoo-4er-pack-plastikfreie-bambus-wattestaebchen-800-stueck-100-biologisch-abbaubar-vegan-nachhaltig-premium-wattestaebchen-alternative-fuer-plastik-und-papier-wattestaebchen\\\/\",\"url\":\"https:\\\/\\\/marktxxl.de\\\/markt\\\/produkt\\\/pandoo-4er-pack-plastikfreie-bambus-wattestaebchen-800-stueck-100-biologisch-abbaubar-vegan-nachhaltig-premium-wattestaebchen-alternative-fuer-plastik-und-papier-wattestaebchen\\\/\",\"name\":\"pandoo 4er Pack plastikfreie Bambus Wattest\u00e4bchen | 800 St\u00fcck | 100% biologisch abbaubar, vegan &amp; nachhaltig | premium\u2026 - Markt-XXL\",\"isPartOf\":{\"@id\":\"https:\\\/\\\/marktxxl.de\\\/markt\\\/#website\"},\"primaryImageOfPage\":{\"@id\":\"https:\\\/\\\/marktxxl.de\\\/markt\\\/produkt\\\/pandoo-4er-pack-plastikfreie-bambus-wattestaebchen-800-stueck-100-biologisch-abbaubar-vegan-nachhaltig-premium-wattestaebchen-alternative-fuer-plastik-und-papier-wattestaebchen\\\/#primaryimage\"},\"image\":{\"@id\":\"https:\\\/\\\/marktxxl.de\\\/markt\\\/produkt\\\/pandoo-4er-pack-plastikfreie-bambus-wattestaebchen-800-stueck-100-biologisch-abbaubar-vegan-nachhaltig-premium-wattestaebchen-alternative-fuer-plastik-und-papier-wattestaebchen\\\/#primaryimage\"},\"thumbnailUrl\":\"https:\\\/\\\/m.media-amazon.com\\\/images\\\/I\\\/41Mr3oKsNCL._SL500_.jpg\",\"datePublished\":\"2023-01-10T02:58:47+00:00\",\"dateModified\":\"2023-04-11T03:10:33+00:00\",\"description\":\"Markt-XXL pandoo 4er Pack plastikfreie Bambus Wattest\u00e4bchen | 800 St\u00fcck | 100% biologisch abbaubar, vegan &amp; nachhaltig | premium\u2026\",\"breadcrumb\":{\"@id\":\"https:\\\/\\\/marktxxl.de\\\/markt\\\/produkt\\\/pandoo-4er-pack-plastikfreie-bambus-wattestaebchen-800-stueck-100-biologisch-abbaubar-vegan-nachhaltig-premium-wattestaebchen-alternative-fuer-plastik-und-papier-wattestaebchen\\\/#breadcrumb\"},\"inLanguage\":\"de\",\"potentialAction\":[{\"@type\":\"ReadAction\",\"target\":[\"https:\\\/\\\/marktxxl.de\\\/markt\\\/produkt\\\/pandoo-4er-pack-plastikfreie-bambus-wattestaebchen-800-stueck-100-biologisch-abbaubar-vegan-nachhaltig-premium-wattestaebchen-alternative-fuer-plastik-und-papier-wattestaebchen\\\/\"]}]},{\"@type\":\"ImageObject\",\"inLanguage\":\"de\",\"@id\":\"https:\\\/\\\/marktxxl.de\\\/markt\\\/produkt\\\/pandoo-4er-pack-plastikfreie-bambus-wattestaebchen-800-stueck-100-biologisch-abbaubar-vegan-nachhaltig-premium-wattestaebchen-alternative-fuer-plastik-und-papier-wattestaebchen\\\/#primaryimage\",\"url\":\"https:\\\/\\\/m.media-amazon.com\\\/images\\\/I\\\/41Mr3oKsNCL._SL500_.jpg\",\"contentUrl\":\"https:\\\/\\\/m.media-amazon.com\\\/images\\\/I\\\/41Mr3oKsNCL._SL500_.jpg\",\"width\":500,\"height\":500},{\"@type\":\"BreadcrumbList\",\"@id\":\"https:\\\/\\\/marktxxl.de\\\/markt\\\/produkt\\\/pandoo-4er-pack-plastikfreie-bambus-wattestaebchen-800-stueck-100-biologisch-abbaubar-vegan-nachhaltig-premium-wattestaebchen-alternative-fuer-plastik-und-papier-wattestaebchen\\\/#breadcrumb\",\"itemListElement\":[{\"@type\":\"ListItem\",\"position\":1,\"name\":\"Startseite\",\"item\":\"https:\\\/\\\/marktxxl.de\\\/markt\\\/\"},{\"@type\":\"ListItem\",\"position\":2,\"name\":\"Markt\",\"item\":\"https:\\\/\\\/marktxxl.de\\\/markt\\\/\"},{\"@type\":\"ListItem\",\"position\":3,\"name\":\"pandoo 4er Pack plastikfreie Bambus Wattest\u00e4bchen | 800 St\u00fcck | 100% biologisch abbaubar, vegan &amp; nachhaltig | premium\u2026\"}]},{\"@type\":\"WebSite\",\"@id\":\"https:\\\/\\\/marktxxl.de\\\/markt\\\/#website\",\"url\":\"https:\\\/\\\/marktxxl.de\\\/markt\\\/\",\"name\":\"Markt-XXL\",\"description\":\"Ihr Markt Online\",\"publisher\":{\"@id\":\"https:\\\/\\\/marktxxl.de\\\/markt\\\/#organization\"},\"potentialAction\":[{\"@type\":\"SearchAction\",\"target\":{\"@type\":\"EntryPoint\",\"urlTemplate\":\"https:\\\/\\\/marktxxl.de\\\/markt\\\/?s={search_term_string}\"},\"query-input\":{\"@type\":\"PropertyValueSpecification\",\"valueRequired\":true,\"valueName\":\"search_term_string\"}}],\"inLanguage\":\"de\"},{\"@type\":\"Organization\",\"@id\":\"https:\\\/\\\/marktxxl.de\\\/markt\\\/#organization\",\"name\":\"Markt-XXL\",\"url\":\"https:\\\/\\\/marktxxl.de\\\/markt\\\/\",\"logo\":{\"@type\":\"ImageObject\",\"inLanguage\":\"de\",\"@id\":\"https:\\\/\\\/marktxxl.de\\\/markt\\\/#\\\/schema\\\/logo\\\/image\\\/\",\"url\":\"https:\\\/\\\/marktxxl.de\\\/markt\\\/wp-content\\\/uploads\\\/sites\\\/3\\\/2020\\\/12\\\/logo.png\",\"contentUrl\":\"https:\\\/\\\/marktxxl.de\\\/markt\\\/wp-content\\\/uploads\\\/sites\\\/3\\\/2020\\\/12\\\/logo.png\",\"width\":200,\"height\":70,\"caption\":\"Markt-XXL\"},\"image\":{\"@id\":\"https:\\\/\\\/marktxxl.de\\\/markt\\\/#\\\/schema\\\/logo\\\/image\\\/\"}}]}<\/script>\n<!-- \/ Yoast SEO plugin. -->","yoast_head_json":{"title":"pandoo 4er Pack plastikfreie Bambus Wattest\u00e4bchen | 800 St\u00fcck | 100% biologisch abbaubar, vegan &amp; nachhaltig | premium\u2026 - Markt-XXL","description":"Markt-XXL pandoo 4er Pack plastikfreie Bambus Wattest\u00e4bchen | 800 St\u00fcck | 100% biologisch abbaubar, vegan &amp; nachhaltig | premium\u2026","robots":{"index":"index","follow":"follow","max-snippet":"max-snippet:-1","max-image-preview":"max-image-preview:large","max-video-preview":"max-video-preview:-1"},"canonical":"https:\/\/marktxxl.de\/markt\/produkt\/pandoo-4er-pack-plastikfreie-bambus-wattestaebchen-800-stueck-100-biologisch-abbaubar-vegan-nachhaltig-premium-wattestaebchen-alternative-fuer-plastik-und-papier-wattestaebchen\/","og_locale":"de_DE","og_type":"article","og_title":"pandoo 4er Pack plastikfreie Bambus Wattest\u00e4bchen | 800 St\u00fcck | 100% biologisch abbaubar, vegan &amp; nachhaltig | premium\u2026 - Markt-XXL","og_description":"Markt-XXL pandoo 4er Pack plastikfreie Bambus Wattest\u00e4bchen | 800 St\u00fcck | 100% biologisch abbaubar, vegan &amp; nachhaltig | premium\u2026","og_url":"https:\/\/marktxxl.de\/markt\/produkt\/pandoo-4er-pack-plastikfreie-bambus-wattestaebchen-800-stueck-100-biologisch-abbaubar-vegan-nachhaltig-premium-wattestaebchen-alternative-fuer-plastik-und-papier-wattestaebchen\/","og_site_name":"Markt-XXL","article_modified_time":"2023-04-11T03:10:33+00:00","og_image":[{"width":500,"height":500,"url":"https:\/\/m.media-amazon.com\/images\/I\/41Mr3oKsNCL._SL500_.jpg","type":"image\/jpeg"}],"twitter_card":"summary_large_image","twitter_misc":{"Gesch\u00e4tzte Lesezeit":"1\u00a0Minute"},"schema":{"@context":"https:\/\/schema.org","@graph":[{"@type":"WebPage","@id":"https:\/\/marktxxl.de\/markt\/produkt\/pandoo-4er-pack-plastikfreie-bambus-wattestaebchen-800-stueck-100-biologisch-abbaubar-vegan-nachhaltig-premium-wattestaebchen-alternative-fuer-plastik-und-papier-wattestaebchen\/","url":"https:\/\/marktxxl.de\/markt\/produkt\/pandoo-4er-pack-plastikfreie-bambus-wattestaebchen-800-stueck-100-biologisch-abbaubar-vegan-nachhaltig-premium-wattestaebchen-alternative-fuer-plastik-und-papier-wattestaebchen\/","name":"pandoo 4er Pack plastikfreie Bambus Wattest\u00e4bchen | 800 St\u00fcck | 100% biologisch abbaubar, vegan &amp; nachhaltig | premium\u2026 - Markt-XXL","isPartOf":{"@id":"https:\/\/marktxxl.de\/markt\/#website"},"primaryImageOfPage":{"@id":"https:\/\/marktxxl.de\/markt\/produkt\/pandoo-4er-pack-plastikfreie-bambus-wattestaebchen-800-stueck-100-biologisch-abbaubar-vegan-nachhaltig-premium-wattestaebchen-alternative-fuer-plastik-und-papier-wattestaebchen\/#primaryimage"},"image":{"@id":"https:\/\/marktxxl.de\/markt\/produkt\/pandoo-4er-pack-plastikfreie-bambus-wattestaebchen-800-stueck-100-biologisch-abbaubar-vegan-nachhaltig-premium-wattestaebchen-alternative-fuer-plastik-und-papier-wattestaebchen\/#primaryimage"},"thumbnailUrl":"https:\/\/m.media-amazon.com\/images\/I\/41Mr3oKsNCL._SL500_.jpg","datePublished":"2023-01-10T02:58:47+00:00","dateModified":"2023-04-11T03:10:33+00:00","description":"Markt-XXL pandoo 4er Pack plastikfreie Bambus Wattest\u00e4bchen | 800 St\u00fcck | 100% biologisch abbaubar, vegan &amp; nachhaltig | premium\u2026","breadcrumb":{"@id":"https:\/\/marktxxl.de\/markt\/produkt\/pandoo-4er-pack-plastikfreie-bambus-wattestaebchen-800-stueck-100-biologisch-abbaubar-vegan-nachhaltig-premium-wattestaebchen-alternative-fuer-plastik-und-papier-wattestaebchen\/#breadcrumb"},"inLanguage":"de","potentialAction":[{"@type":"ReadAction","target":["https:\/\/marktxxl.de\/markt\/produkt\/pandoo-4er-pack-plastikfreie-bambus-wattestaebchen-800-stueck-100-biologisch-abbaubar-vegan-nachhaltig-premium-wattestaebchen-alternative-fuer-plastik-und-papier-wattestaebchen\/"]}]},{"@type":"ImageObject","inLanguage":"de","@id":"https:\/\/marktxxl.de\/markt\/produkt\/pandoo-4er-pack-plastikfreie-bambus-wattestaebchen-800-stueck-100-biologisch-abbaubar-vegan-nachhaltig-premium-wattestaebchen-alternative-fuer-plastik-und-papier-wattestaebchen\/#primaryimage","url":"https:\/\/m.media-amazon.com\/images\/I\/41Mr3oKsNCL._SL500_.jpg","contentUrl":"https:\/\/m.media-amazon.com\/images\/I\/41Mr3oKsNCL._SL500_.jpg","width":500,"height":500},{"@type":"BreadcrumbList","@id":"https:\/\/marktxxl.de\/markt\/produkt\/pandoo-4er-pack-plastikfreie-bambus-wattestaebchen-800-stueck-100-biologisch-abbaubar-vegan-nachhaltig-premium-wattestaebchen-alternative-fuer-plastik-und-papier-wattestaebchen\/#breadcrumb","itemListElement":[{"@type":"ListItem","position":1,"name":"Startseite","item":"https:\/\/marktxxl.de\/markt\/"},{"@type":"ListItem","position":2,"name":"Markt","item":"https:\/\/marktxxl.de\/markt\/"},{"@type":"ListItem","position":3,"name":"pandoo 4er Pack plastikfreie Bambus Wattest\u00e4bchen | 800 St\u00fcck | 100% biologisch abbaubar, vegan &amp; nachhaltig | premium\u2026"}]},{"@type":"WebSite","@id":"https:\/\/marktxxl.de\/markt\/#website","url":"https:\/\/marktxxl.de\/markt\/","name":"Markt-XXL","description":"Ihr Markt Online","publisher":{"@id":"https:\/\/marktxxl.de\/markt\/#organization"},"potentialAction":[{"@type":"SearchAction","target":{"@type":"EntryPoint","urlTemplate":"https:\/\/marktxxl.de\/markt\/?s={search_term_string}"},"query-input":{"@type":"PropertyValueSpecification","valueRequired":true,"valueName":"search_term_string"}}],"inLanguage":"de"},{"@type":"Organization","@id":"https:\/\/marktxxl.de\/markt\/#organization","name":"Markt-XXL","url":"https:\/\/marktxxl.de\/markt\/","logo":{"@type":"ImageObject","inLanguage":"de","@id":"https:\/\/marktxxl.de\/markt\/#\/schema\/logo\/image\/","url":"https:\/\/marktxxl.de\/markt\/wp-content\/uploads\/sites\/3\/2020\/12\/logo.png","contentUrl":"https:\/\/marktxxl.de\/markt\/wp-content\/uploads\/sites\/3\/2020\/12\/logo.png","width":200,"height":70,"caption":"Markt-XXL"},"image":{"@id":"https:\/\/marktxxl.de\/markt\/#\/schema\/logo\/image\/"}}]}},"_links":{"self":[{"href":"https:\/\/marktxxl.de\/markt\/wp-json\/wp\/v2\/product\/180356","targetHints":{"allow":["GET"]}}],"collection":[{"href":"https:\/\/marktxxl.de\/markt\/wp-json\/wp\/v2\/product"}],"about":[{"href":"https:\/\/marktxxl.de\/markt\/wp-json\/wp\/v2\/types\/product"}],"replies":[{"embeddable":true,"href":"https:\/\/marktxxl.de\/markt\/wp-json\/wp\/v2\/comments?post=180356"}],"wp:featuredmedia":[{"embeddable":true,"href":"https:\/\/marktxxl.de\/markt\/wp-json\/wp\/v2\/media\/180357"}],"wp:attachment":[{"href":"https:\/\/marktxxl.de\/markt\/wp-json\/wp\/v2\/media?parent=180356"}],"wp:term":[{"taxonomy":"product_brand","embeddable":true,"href":"https:\/\/marktxxl.de\/markt\/wp-json\/wp\/v2\/product_brand?post=180356"},{"taxonomy":"product_cat","embeddable":true,"href":"https:\/\/marktxxl.de\/markt\/wp-json\/wp\/v2\/product_cat?post=180356"},{"taxonomy":"product_tag","embeddable":true,"href":"https:\/\/marktxxl.de\/markt\/wp-json\/wp\/v2\/product_tag?post=180356"}],"curies":[{"name":"wp","href":"https:\/\/api.w.org\/{rel}","templated":true}]}}