{"id":180161,"date":"2023-01-10T03:40:19","date_gmt":"2023-01-10T02:40:19","guid":{"rendered":"https:\/\/marktxxl.de\/markt\/produkt\/jeminay-bustier-bh-ohne-buegel-schlafen-bh-wohlfuehl-bh-sport-bh-3er-pack\/"},"modified":"2023-04-11T05:10:30","modified_gmt":"2023-04-11T03:10:30","slug":"jeminay-bustier-bh-ohne-buegel-schlafen-bh-wohlfuehl-bh-sport-bh-3er-pack","status":"publish","type":"product","link":"https:\/\/marktxxl.de\/markt\/produkt\/jeminay-bustier-bh-ohne-buegel-schlafen-bh-wohlfuehl-bh-sport-bh-3er-pack\/","title":{"rendered":"JEMINAY Bustier BH ohne Buegel Schlafen BH Wohlf\u00fchl BH Sport BH 3er Pack"},"content":{"rendered":"<p>KOMFORTABEL: Besonders weiche und dehnbare Rippqualit\u00e4t in Kombination mit der nahtlosen Verarbeitung sorgen f\u00fcr einen perfekten Tragekomfort. Das Unterbrustband ist breit und sitzt richtig, rollt sich also nicht auf oder gr\u00e4bt sich nicht ein.<br \/>\nABNEHMBARE BH-POLSTER: Dieser Komfort BH verf\u00fcgt \u00fcber abnehmbare BH-Polster, die leicht zu entfernen und wieder einzusetzen sind. Die Bra Pads sind zum besseren und einfacheren Waschen abnehmbar und der BH kann in der Maschine gewaschen werden (besser in einem W\u00e4schesack).<br \/>\nPREMIUM MATERIAL: 92% Nylon 8% Spandex. Keine Dr\u00e4hte, Haken, Clips, Ohne N\u00e4hte und ohne st\u00f6rende Etiketten ist dieses bequeme Top komplett unsichtbar unter der Kleidung.<br \/>\nPflegehinweis: Maschinenw\u00e4sche 40\u00b0C extra schonend;Nicht chemisch reinigen;Nicht b\u00fcgeln;Nicht im W\u00e4schetrockner trocknen;Nicht bleichen<br \/>\nAnl\u00e4sse: Dieser drahtlose Komfort-BH passt f\u00fcr Schlaf, Yoga-Klasse, Sport, Alltag, Freizeit, Workout, etc. drahtloses Design gibt Ihnen eine sch\u00f6ne und Komfort fit.<br \/>\n<div class=\"main-cross-sell\" data-asin=\"B0BL6JH52Y\">\n\n\t<div class=\"WooZone-cross-sell-loader\">\n\t\t<div>\n\t\t\t<div id=\"floatingBarsG\">\n\t\t\t\t<div class=\"blockG\" id=\"rotateG_01\"><\/div>\n\t\t\t\t<div class=\"blockG\" id=\"rotateG_02\"><\/div>\n\t\t\t\t<div class=\"blockG\" id=\"rotateG_03\"><\/div>\n\t\t\t\t<div class=\"blockG\" id=\"rotateG_04\"><\/div>\n\t\t\t\t<div class=\"blockG\" id=\"rotateG_05\"><\/div>\n\t\t\t\t<div class=\"blockG\" id=\"rotateG_06\"><\/div>\n\t\t\t\t<div class=\"blockG\" id=\"rotateG_07\"><\/div>\n\t\t\t\t<div class=\"blockG\" id=\"rotateG_08\"><\/div>\n\t\t\t<\/div>\n\t\t\t<div class=\"WooZone-cross-sell-loader-text\"><\/div>\n\t\t<\/div>\n\t<\/div>\n\n\t\t\n<\/div>\n<div style=\"clear:both;\"><\/div><\/p>\n","protected":false},"excerpt":{"rendered":"<p>KOMFORTABEL: Besonders weiche und dehnbare Rippqualit\u00e4t in Kombination mit der nahtlosen Verarbeitung sorgen f\u00fcr einen perfekten Tragekomfort. Das Unterbrustband ist breit und sitzt richtig, rollt sich also nicht auf oder gr\u00e4bt sich nicht ein.<br \/>\nABNEHMBARE BH-POLSTER: Dieser Komfort BH verf\u00fcgt \u00fcber abnehmbare BH-Polster, die leicht zu entfernen und wieder einzusetzen sind. Die Bra Pads sind zum besseren und einfacheren Waschen abnehmbar und der BH kann in der Maschine gewaschen werden (besser in einem W\u00e4schesack).<br \/>\nPREMIUM MATERIAL: 92% Nylon 8% Spandex. Keine Dr\u00e4hte, Haken, Clips, Ohne N\u00e4hte und ohne st\u00f6rende Etiketten ist dieses bequeme Top komplett unsichtbar unter der Kleidung.<\/p>\n","protected":false},"featured_media":180162,"comment_status":"open","ping_status":"closed","template":"","meta":[],"product_brand":[],"product_cat":[1186,3920],"product_tag":[],"class_list":{"0":"post-180161","1":"product","2":"type-product","3":"status-publish","4":"has-post-thumbnail","6":"product_cat-bekleidung","7":"product_cat-damen","8":"pa_binding-textilien","9":"pa_brand-jeminay","11":"first","12":"instock","13":"shipping-taxable","14":"purchasable","15":"product-type-simple","16":"customify-col","17":"product-has-gallery"},"yoast_head":"<!-- This site is optimized with the Yoast SEO plugin v27.4 - https:\/\/yoast.com\/product\/yoast-seo-wordpress\/ -->\n<title>JEMINAY Bustier BH ohne Buegel Schlafen BH Wohlf\u00fchl BH Sport BH 3er Pack - Markt-XXL<\/title>\n<meta name=\"description\" content=\"Markt-XXL JEMINAY Bustier BH ohne Buegel Schlafen BH Wohlf\u00fchl BH Sport BH 3er Pack\" \/>\n<meta name=\"robots\" content=\"index, follow, max-snippet:-1, max-image-preview:large, max-video-preview:-1\" \/>\n<link rel=\"canonical\" href=\"https:\/\/marktxxl.de\/markt\/produkt\/jeminay-bustier-bh-ohne-buegel-schlafen-bh-wohlfuehl-bh-sport-bh-3er-pack\/\" \/>\n<meta property=\"og:locale\" content=\"de_DE\" \/>\n<meta property=\"og:type\" content=\"article\" \/>\n<meta property=\"og:title\" content=\"JEMINAY Bustier BH ohne Buegel Schlafen BH Wohlf\u00fchl BH Sport BH 3er Pack - Markt-XXL\" \/>\n<meta property=\"og:description\" content=\"Markt-XXL JEMINAY Bustier BH ohne Buegel Schlafen BH Wohlf\u00fchl BH Sport BH 3er Pack\" \/>\n<meta property=\"og:url\" content=\"https:\/\/marktxxl.de\/markt\/produkt\/jeminay-bustier-bh-ohne-buegel-schlafen-bh-wohlfuehl-bh-sport-bh-3er-pack\/\" \/>\n<meta property=\"og:site_name\" content=\"Markt-XXL\" \/>\n<meta property=\"article:modified_time\" content=\"2023-04-11T03:10:30+00:00\" \/>\n<meta property=\"og:image\" content=\"https:\/\/m.media-amazon.com\/images\/I\/41Y1oiJN8rL._SL500_.jpg\" \/>\n\t<meta property=\"og:image:width\" content=\"500\" \/>\n\t<meta property=\"og:image:height\" content=\"500\" \/>\n\t<meta property=\"og:image:type\" content=\"image\/jpeg\" \/>\n<meta name=\"twitter:card\" content=\"summary_large_image\" \/>\n<meta name=\"twitter:label1\" content=\"Gesch\u00e4tzte Lesezeit\" \/>\n\t<meta name=\"twitter:data1\" content=\"1\u00a0Minute\" \/>\n<script type=\"application\/ld+json\" class=\"yoast-schema-graph\">{\"@context\":\"https:\\\/\\\/schema.org\",\"@graph\":[{\"@type\":\"WebPage\",\"@id\":\"https:\\\/\\\/marktxxl.de\\\/markt\\\/produkt\\\/jeminay-bustier-bh-ohne-buegel-schlafen-bh-wohlfuehl-bh-sport-bh-3er-pack\\\/\",\"url\":\"https:\\\/\\\/marktxxl.de\\\/markt\\\/produkt\\\/jeminay-bustier-bh-ohne-buegel-schlafen-bh-wohlfuehl-bh-sport-bh-3er-pack\\\/\",\"name\":\"JEMINAY Bustier BH ohne Buegel Schlafen BH Wohlf\u00fchl BH Sport BH 3er Pack - Markt-XXL\",\"isPartOf\":{\"@id\":\"https:\\\/\\\/marktxxl.de\\\/markt\\\/#website\"},\"primaryImageOfPage\":{\"@id\":\"https:\\\/\\\/marktxxl.de\\\/markt\\\/produkt\\\/jeminay-bustier-bh-ohne-buegel-schlafen-bh-wohlfuehl-bh-sport-bh-3er-pack\\\/#primaryimage\"},\"image\":{\"@id\":\"https:\\\/\\\/marktxxl.de\\\/markt\\\/produkt\\\/jeminay-bustier-bh-ohne-buegel-schlafen-bh-wohlfuehl-bh-sport-bh-3er-pack\\\/#primaryimage\"},\"thumbnailUrl\":\"https:\\\/\\\/m.media-amazon.com\\\/images\\\/I\\\/41Y1oiJN8rL._SL500_.jpg\",\"datePublished\":\"2023-01-10T02:40:19+00:00\",\"dateModified\":\"2023-04-11T03:10:30+00:00\",\"description\":\"Markt-XXL JEMINAY Bustier BH ohne Buegel Schlafen BH Wohlf\u00fchl BH Sport BH 3er Pack\",\"breadcrumb\":{\"@id\":\"https:\\\/\\\/marktxxl.de\\\/markt\\\/produkt\\\/jeminay-bustier-bh-ohne-buegel-schlafen-bh-wohlfuehl-bh-sport-bh-3er-pack\\\/#breadcrumb\"},\"inLanguage\":\"de\",\"potentialAction\":[{\"@type\":\"ReadAction\",\"target\":[\"https:\\\/\\\/marktxxl.de\\\/markt\\\/produkt\\\/jeminay-bustier-bh-ohne-buegel-schlafen-bh-wohlfuehl-bh-sport-bh-3er-pack\\\/\"]}]},{\"@type\":\"ImageObject\",\"inLanguage\":\"de\",\"@id\":\"https:\\\/\\\/marktxxl.de\\\/markt\\\/produkt\\\/jeminay-bustier-bh-ohne-buegel-schlafen-bh-wohlfuehl-bh-sport-bh-3er-pack\\\/#primaryimage\",\"url\":\"https:\\\/\\\/m.media-amazon.com\\\/images\\\/I\\\/41Y1oiJN8rL._SL500_.jpg\",\"contentUrl\":\"https:\\\/\\\/m.media-amazon.com\\\/images\\\/I\\\/41Y1oiJN8rL._SL500_.jpg\",\"width\":500,\"height\":500},{\"@type\":\"BreadcrumbList\",\"@id\":\"https:\\\/\\\/marktxxl.de\\\/markt\\\/produkt\\\/jeminay-bustier-bh-ohne-buegel-schlafen-bh-wohlfuehl-bh-sport-bh-3er-pack\\\/#breadcrumb\",\"itemListElement\":[{\"@type\":\"ListItem\",\"position\":1,\"name\":\"Startseite\",\"item\":\"https:\\\/\\\/marktxxl.de\\\/markt\\\/\"},{\"@type\":\"ListItem\",\"position\":2,\"name\":\"Markt\",\"item\":\"https:\\\/\\\/marktxxl.de\\\/markt\\\/\"},{\"@type\":\"ListItem\",\"position\":3,\"name\":\"JEMINAY Bustier BH ohne Buegel Schlafen BH Wohlf\u00fchl BH Sport BH 3er Pack\"}]},{\"@type\":\"WebSite\",\"@id\":\"https:\\\/\\\/marktxxl.de\\\/markt\\\/#website\",\"url\":\"https:\\\/\\\/marktxxl.de\\\/markt\\\/\",\"name\":\"Markt-XXL\",\"description\":\"Ihr Markt Online\",\"publisher\":{\"@id\":\"https:\\\/\\\/marktxxl.de\\\/markt\\\/#organization\"},\"potentialAction\":[{\"@type\":\"SearchAction\",\"target\":{\"@type\":\"EntryPoint\",\"urlTemplate\":\"https:\\\/\\\/marktxxl.de\\\/markt\\\/?s={search_term_string}\"},\"query-input\":{\"@type\":\"PropertyValueSpecification\",\"valueRequired\":true,\"valueName\":\"search_term_string\"}}],\"inLanguage\":\"de\"},{\"@type\":\"Organization\",\"@id\":\"https:\\\/\\\/marktxxl.de\\\/markt\\\/#organization\",\"name\":\"Markt-XXL\",\"url\":\"https:\\\/\\\/marktxxl.de\\\/markt\\\/\",\"logo\":{\"@type\":\"ImageObject\",\"inLanguage\":\"de\",\"@id\":\"https:\\\/\\\/marktxxl.de\\\/markt\\\/#\\\/schema\\\/logo\\\/image\\\/\",\"url\":\"https:\\\/\\\/marktxxl.de\\\/markt\\\/wp-content\\\/uploads\\\/sites\\\/3\\\/2020\\\/12\\\/logo.png\",\"contentUrl\":\"https:\\\/\\\/marktxxl.de\\\/markt\\\/wp-content\\\/uploads\\\/sites\\\/3\\\/2020\\\/12\\\/logo.png\",\"width\":200,\"height\":70,\"caption\":\"Markt-XXL\"},\"image\":{\"@id\":\"https:\\\/\\\/marktxxl.de\\\/markt\\\/#\\\/schema\\\/logo\\\/image\\\/\"}}]}<\/script>\n<!-- \/ Yoast SEO plugin. -->","yoast_head_json":{"title":"JEMINAY Bustier BH ohne Buegel Schlafen BH Wohlf\u00fchl BH Sport BH 3er Pack - Markt-XXL","description":"Markt-XXL JEMINAY Bustier BH ohne Buegel Schlafen BH Wohlf\u00fchl BH Sport BH 3er Pack","robots":{"index":"index","follow":"follow","max-snippet":"max-snippet:-1","max-image-preview":"max-image-preview:large","max-video-preview":"max-video-preview:-1"},"canonical":"https:\/\/marktxxl.de\/markt\/produkt\/jeminay-bustier-bh-ohne-buegel-schlafen-bh-wohlfuehl-bh-sport-bh-3er-pack\/","og_locale":"de_DE","og_type":"article","og_title":"JEMINAY Bustier BH ohne Buegel Schlafen BH Wohlf\u00fchl BH Sport BH 3er Pack - Markt-XXL","og_description":"Markt-XXL JEMINAY Bustier BH ohne Buegel Schlafen BH Wohlf\u00fchl BH Sport BH 3er Pack","og_url":"https:\/\/marktxxl.de\/markt\/produkt\/jeminay-bustier-bh-ohne-buegel-schlafen-bh-wohlfuehl-bh-sport-bh-3er-pack\/","og_site_name":"Markt-XXL","article_modified_time":"2023-04-11T03:10:30+00:00","og_image":[{"width":500,"height":500,"url":"https:\/\/m.media-amazon.com\/images\/I\/41Y1oiJN8rL._SL500_.jpg","type":"image\/jpeg"}],"twitter_card":"summary_large_image","twitter_misc":{"Gesch\u00e4tzte Lesezeit":"1\u00a0Minute"},"schema":{"@context":"https:\/\/schema.org","@graph":[{"@type":"WebPage","@id":"https:\/\/marktxxl.de\/markt\/produkt\/jeminay-bustier-bh-ohne-buegel-schlafen-bh-wohlfuehl-bh-sport-bh-3er-pack\/","url":"https:\/\/marktxxl.de\/markt\/produkt\/jeminay-bustier-bh-ohne-buegel-schlafen-bh-wohlfuehl-bh-sport-bh-3er-pack\/","name":"JEMINAY Bustier BH ohne Buegel Schlafen BH Wohlf\u00fchl BH Sport BH 3er Pack - Markt-XXL","isPartOf":{"@id":"https:\/\/marktxxl.de\/markt\/#website"},"primaryImageOfPage":{"@id":"https:\/\/marktxxl.de\/markt\/produkt\/jeminay-bustier-bh-ohne-buegel-schlafen-bh-wohlfuehl-bh-sport-bh-3er-pack\/#primaryimage"},"image":{"@id":"https:\/\/marktxxl.de\/markt\/produkt\/jeminay-bustier-bh-ohne-buegel-schlafen-bh-wohlfuehl-bh-sport-bh-3er-pack\/#primaryimage"},"thumbnailUrl":"https:\/\/m.media-amazon.com\/images\/I\/41Y1oiJN8rL._SL500_.jpg","datePublished":"2023-01-10T02:40:19+00:00","dateModified":"2023-04-11T03:10:30+00:00","description":"Markt-XXL JEMINAY Bustier BH ohne Buegel Schlafen BH Wohlf\u00fchl BH Sport BH 3er Pack","breadcrumb":{"@id":"https:\/\/marktxxl.de\/markt\/produkt\/jeminay-bustier-bh-ohne-buegel-schlafen-bh-wohlfuehl-bh-sport-bh-3er-pack\/#breadcrumb"},"inLanguage":"de","potentialAction":[{"@type":"ReadAction","target":["https:\/\/marktxxl.de\/markt\/produkt\/jeminay-bustier-bh-ohne-buegel-schlafen-bh-wohlfuehl-bh-sport-bh-3er-pack\/"]}]},{"@type":"ImageObject","inLanguage":"de","@id":"https:\/\/marktxxl.de\/markt\/produkt\/jeminay-bustier-bh-ohne-buegel-schlafen-bh-wohlfuehl-bh-sport-bh-3er-pack\/#primaryimage","url":"https:\/\/m.media-amazon.com\/images\/I\/41Y1oiJN8rL._SL500_.jpg","contentUrl":"https:\/\/m.media-amazon.com\/images\/I\/41Y1oiJN8rL._SL500_.jpg","width":500,"height":500},{"@type":"BreadcrumbList","@id":"https:\/\/marktxxl.de\/markt\/produkt\/jeminay-bustier-bh-ohne-buegel-schlafen-bh-wohlfuehl-bh-sport-bh-3er-pack\/#breadcrumb","itemListElement":[{"@type":"ListItem","position":1,"name":"Startseite","item":"https:\/\/marktxxl.de\/markt\/"},{"@type":"ListItem","position":2,"name":"Markt","item":"https:\/\/marktxxl.de\/markt\/"},{"@type":"ListItem","position":3,"name":"JEMINAY Bustier BH ohne Buegel Schlafen BH Wohlf\u00fchl BH Sport BH 3er Pack"}]},{"@type":"WebSite","@id":"https:\/\/marktxxl.de\/markt\/#website","url":"https:\/\/marktxxl.de\/markt\/","name":"Markt-XXL","description":"Ihr Markt Online","publisher":{"@id":"https:\/\/marktxxl.de\/markt\/#organization"},"potentialAction":[{"@type":"SearchAction","target":{"@type":"EntryPoint","urlTemplate":"https:\/\/marktxxl.de\/markt\/?s={search_term_string}"},"query-input":{"@type":"PropertyValueSpecification","valueRequired":true,"valueName":"search_term_string"}}],"inLanguage":"de"},{"@type":"Organization","@id":"https:\/\/marktxxl.de\/markt\/#organization","name":"Markt-XXL","url":"https:\/\/marktxxl.de\/markt\/","logo":{"@type":"ImageObject","inLanguage":"de","@id":"https:\/\/marktxxl.de\/markt\/#\/schema\/logo\/image\/","url":"https:\/\/marktxxl.de\/markt\/wp-content\/uploads\/sites\/3\/2020\/12\/logo.png","contentUrl":"https:\/\/marktxxl.de\/markt\/wp-content\/uploads\/sites\/3\/2020\/12\/logo.png","width":200,"height":70,"caption":"Markt-XXL"},"image":{"@id":"https:\/\/marktxxl.de\/markt\/#\/schema\/logo\/image\/"}}]}},"_links":{"self":[{"href":"https:\/\/marktxxl.de\/markt\/wp-json\/wp\/v2\/product\/180161","targetHints":{"allow":["GET"]}}],"collection":[{"href":"https:\/\/marktxxl.de\/markt\/wp-json\/wp\/v2\/product"}],"about":[{"href":"https:\/\/marktxxl.de\/markt\/wp-json\/wp\/v2\/types\/product"}],"replies":[{"embeddable":true,"href":"https:\/\/marktxxl.de\/markt\/wp-json\/wp\/v2\/comments?post=180161"}],"wp:featuredmedia":[{"embeddable":true,"href":"https:\/\/marktxxl.de\/markt\/wp-json\/wp\/v2\/media\/180162"}],"wp:attachment":[{"href":"https:\/\/marktxxl.de\/markt\/wp-json\/wp\/v2\/media?parent=180161"}],"wp:term":[{"taxonomy":"product_brand","embeddable":true,"href":"https:\/\/marktxxl.de\/markt\/wp-json\/wp\/v2\/product_brand?post=180161"},{"taxonomy":"product_cat","embeddable":true,"href":"https:\/\/marktxxl.de\/markt\/wp-json\/wp\/v2\/product_cat?post=180161"},{"taxonomy":"product_tag","embeddable":true,"href":"https:\/\/marktxxl.de\/markt\/wp-json\/wp\/v2\/product_tag?post=180161"}],"curies":[{"name":"wp","href":"https:\/\/api.w.org\/{rel}","templated":true}]}}