{"id":180159,"date":"2023-01-10T03:40:08","date_gmt":"2023-01-10T02:40:08","guid":{"rendered":"https:\/\/marktxxl.de\/markt\/produkt\/pippi-halstuch-dreieckstuch-baby-laetzchen-halstuecher-1402\/"},"modified":"2023-04-11T05:10:30","modified_gmt":"2023-04-11T03:10:30","slug":"pippi-halstuch-dreieckstuch-baby-laetzchen-halstuecher-1402","status":"publish","type":"product","link":"https:\/\/marktxxl.de\/markt\/produkt\/pippi-halstuch-dreieckstuch-baby-laetzchen-halstuecher-1402\/","title":{"rendered":"Pippi Halstuch Dreieckstuch Baby L\u00e4tzchen Halst\u00fccher 1402"},"content":{"rendered":"<p>\u2764 Pippi Babywear Halstuch Set aus saugf\u00e4higem Baumwollmix, die s\u00fc\u00dfen Baby Dreieckst\u00fccher aus D\u00e4nemark sind lieferbar in knapp 40 Farbvarianten. Ideal f\u00fcr Babys in der Zahnungsphase und als modisches Accessoire .<br \/>\n\u2764 die praktischen Dreieckst\u00fccher sind ein modisches Accesoire, nicht nur sch\u00f6n anzusehen sondern auch praktisch als W\u00e4scheschutz<br \/>\n\u2764 Pippi Babyhalst\u00fccher werden hergestellt aus weicher schadstoffgepr\u00fcfter Organic Baumwolle, mit Druckknopf im Nacken verschlie\u00dfbar<br \/>\n\u2764 Material: 65% Baumwolle, 35% Polyester &#8211; mit innenliegender Membran, damit nichts duchweicht<br \/>\n\u2764 der spezielle Schnitt mit der raffinierten Faltenlegung gibt eine tolle Optik. Das L\u00e4tzchen liegt nicht nur einfach auf der Brust des Babys auf, sondern hat Volumen und wirkt wie ein im Nacken geknotetet Halstuch. Allerdings haben Pippi Halst\u00fccher zum Verschlie\u00dfen praktische Druckkn\u00f6pe. Dann dr\u00fcckt und zwickt weder ein st\u00f6render Knoten, noch ein Klettverschlu\u00df an Baby Haut.e<br \/>\n<div class=\"main-cross-sell\" data-asin=\"B00WKK6IOK\">\n\n\t<div class=\"WooZone-cross-sell-loader\">\n\t\t<div>\n\t\t\t<div id=\"floatingBarsG\">\n\t\t\t\t<div class=\"blockG\" id=\"rotateG_01\"><\/div>\n\t\t\t\t<div class=\"blockG\" id=\"rotateG_02\"><\/div>\n\t\t\t\t<div class=\"blockG\" id=\"rotateG_03\"><\/div>\n\t\t\t\t<div class=\"blockG\" id=\"rotateG_04\"><\/div>\n\t\t\t\t<div class=\"blockG\" id=\"rotateG_05\"><\/div>\n\t\t\t\t<div class=\"blockG\" id=\"rotateG_06\"><\/div>\n\t\t\t\t<div class=\"blockG\" id=\"rotateG_07\"><\/div>\n\t\t\t\t<div class=\"blockG\" id=\"rotateG_08\"><\/div>\n\t\t\t<\/div>\n\t\t\t<div class=\"WooZone-cross-sell-loader-text\"><\/div>\n\t\t<\/div>\n\t<\/div>\n\n\t\t\n<\/div>\n<div style=\"clear:both;\"><\/div><\/p>\n","protected":false},"excerpt":{"rendered":"<p>\u2764 Pippi Babywear Halstuch Set aus saugf\u00e4higem Baumwollmix, die s\u00fc\u00dfen Baby Dreieckst\u00fccher aus D\u00e4nemark sind lieferbar in knapp 40 Farbvarianten. Ideal f\u00fcr Babys in der Zahnungsphase und als modisches Accessoire .<br \/>\n\u2764 die praktischen Dreieckst\u00fccher sind ein modisches Accesoire, nicht nur sch\u00f6n anzusehen sondern auch praktisch als W\u00e4scheschutz<br \/>\n\u2764 Pippi Babyhalst\u00fccher werden hergestellt aus weicher schadstoffgepr\u00fcfter Organic Baumwolle, mit Druckknopf im Nacken verschlie\u00dfbar<\/p>\n","protected":false},"featured_media":180160,"comment_status":"open","ping_status":"closed","template":"","meta":[],"product_brand":[],"product_cat":[1186,3920],"product_tag":[],"class_list":{"0":"post-180159","1":"product","2":"type-product","3":"status-publish","4":"has-post-thumbnail","6":"product_cat-bekleidung","7":"product_cat-damen","8":"pa_brand-pippi","9":"pa_color-farbe","10":"pa_manufacturer-pippi","11":"pa_size-einheitsgroesse","13":"first","14":"instock","15":"shipping-taxable","16":"purchasable","17":"product-type-simple","18":"customify-col","19":"product-has-gallery"},"yoast_head":"<!-- This site is optimized with the Yoast SEO plugin v27.3 - https:\/\/yoast.com\/product\/yoast-seo-wordpress\/ -->\n<title>Pippi Halstuch Dreieckstuch Baby L\u00e4tzchen Halst\u00fccher 1402 - Markt-XXL<\/title>\n<meta name=\"description\" content=\"Markt-XXL Pippi Halstuch Dreieckstuch Baby L\u00e4tzchen Halst\u00fccher 1402\" \/>\n<meta name=\"robots\" content=\"index, follow, max-snippet:-1, max-image-preview:large, max-video-preview:-1\" \/>\n<link rel=\"canonical\" href=\"https:\/\/marktxxl.de\/markt\/produkt\/pippi-halstuch-dreieckstuch-baby-laetzchen-halstuecher-1402\/\" \/>\n<meta property=\"og:locale\" content=\"de_DE\" \/>\n<meta property=\"og:type\" content=\"article\" \/>\n<meta property=\"og:title\" content=\"Pippi Halstuch Dreieckstuch Baby L\u00e4tzchen Halst\u00fccher 1402 - Markt-XXL\" \/>\n<meta property=\"og:description\" content=\"Markt-XXL Pippi Halstuch Dreieckstuch Baby L\u00e4tzchen Halst\u00fccher 1402\" \/>\n<meta property=\"og:url\" content=\"https:\/\/marktxxl.de\/markt\/produkt\/pippi-halstuch-dreieckstuch-baby-laetzchen-halstuecher-1402\/\" \/>\n<meta property=\"og:site_name\" content=\"Markt-XXL\" \/>\n<meta property=\"article:modified_time\" content=\"2023-04-11T03:10:30+00:00\" \/>\n<meta property=\"og:image\" content=\"https:\/\/m.media-amazon.com\/images\/I\/41iGO97AfrL._SL500_.jpg\" \/>\n\t<meta property=\"og:image:width\" content=\"500\" \/>\n\t<meta property=\"og:image:height\" content=\"500\" \/>\n\t<meta property=\"og:image:type\" content=\"image\/jpeg\" \/>\n<meta name=\"twitter:card\" content=\"summary_large_image\" \/>\n<meta name=\"twitter:label1\" content=\"Gesch\u00e4tzte Lesezeit\" \/>\n\t<meta name=\"twitter:data1\" content=\"1\u00a0Minute\" \/>\n<script type=\"application\/ld+json\" class=\"yoast-schema-graph\">{\"@context\":\"https:\\\/\\\/schema.org\",\"@graph\":[{\"@type\":\"WebPage\",\"@id\":\"https:\\\/\\\/marktxxl.de\\\/markt\\\/produkt\\\/pippi-halstuch-dreieckstuch-baby-laetzchen-halstuecher-1402\\\/\",\"url\":\"https:\\\/\\\/marktxxl.de\\\/markt\\\/produkt\\\/pippi-halstuch-dreieckstuch-baby-laetzchen-halstuecher-1402\\\/\",\"name\":\"Pippi Halstuch Dreieckstuch Baby L\u00e4tzchen Halst\u00fccher 1402 - Markt-XXL\",\"isPartOf\":{\"@id\":\"https:\\\/\\\/marktxxl.de\\\/markt\\\/#website\"},\"primaryImageOfPage\":{\"@id\":\"https:\\\/\\\/marktxxl.de\\\/markt\\\/produkt\\\/pippi-halstuch-dreieckstuch-baby-laetzchen-halstuecher-1402\\\/#primaryimage\"},\"image\":{\"@id\":\"https:\\\/\\\/marktxxl.de\\\/markt\\\/produkt\\\/pippi-halstuch-dreieckstuch-baby-laetzchen-halstuecher-1402\\\/#primaryimage\"},\"thumbnailUrl\":\"https:\\\/\\\/m.media-amazon.com\\\/images\\\/I\\\/41iGO97AfrL._SL500_.jpg\",\"datePublished\":\"2023-01-10T02:40:08+00:00\",\"dateModified\":\"2023-04-11T03:10:30+00:00\",\"description\":\"Markt-XXL Pippi Halstuch Dreieckstuch Baby L\u00e4tzchen Halst\u00fccher 1402\",\"breadcrumb\":{\"@id\":\"https:\\\/\\\/marktxxl.de\\\/markt\\\/produkt\\\/pippi-halstuch-dreieckstuch-baby-laetzchen-halstuecher-1402\\\/#breadcrumb\"},\"inLanguage\":\"de\",\"potentialAction\":[{\"@type\":\"ReadAction\",\"target\":[\"https:\\\/\\\/marktxxl.de\\\/markt\\\/produkt\\\/pippi-halstuch-dreieckstuch-baby-laetzchen-halstuecher-1402\\\/\"]}]},{\"@type\":\"ImageObject\",\"inLanguage\":\"de\",\"@id\":\"https:\\\/\\\/marktxxl.de\\\/markt\\\/produkt\\\/pippi-halstuch-dreieckstuch-baby-laetzchen-halstuecher-1402\\\/#primaryimage\",\"url\":\"https:\\\/\\\/m.media-amazon.com\\\/images\\\/I\\\/41iGO97AfrL._SL500_.jpg\",\"contentUrl\":\"https:\\\/\\\/m.media-amazon.com\\\/images\\\/I\\\/41iGO97AfrL._SL500_.jpg\",\"width\":500,\"height\":500},{\"@type\":\"BreadcrumbList\",\"@id\":\"https:\\\/\\\/marktxxl.de\\\/markt\\\/produkt\\\/pippi-halstuch-dreieckstuch-baby-laetzchen-halstuecher-1402\\\/#breadcrumb\",\"itemListElement\":[{\"@type\":\"ListItem\",\"position\":1,\"name\":\"Startseite\",\"item\":\"https:\\\/\\\/marktxxl.de\\\/markt\\\/\"},{\"@type\":\"ListItem\",\"position\":2,\"name\":\"Markt\",\"item\":\"https:\\\/\\\/marktxxl.de\\\/markt\\\/\"},{\"@type\":\"ListItem\",\"position\":3,\"name\":\"Pippi Halstuch Dreieckstuch Baby L\u00e4tzchen Halst\u00fccher 1402\"}]},{\"@type\":\"WebSite\",\"@id\":\"https:\\\/\\\/marktxxl.de\\\/markt\\\/#website\",\"url\":\"https:\\\/\\\/marktxxl.de\\\/markt\\\/\",\"name\":\"Markt-XXL\",\"description\":\"Ihr Markt Online\",\"publisher\":{\"@id\":\"https:\\\/\\\/marktxxl.de\\\/markt\\\/#organization\"},\"potentialAction\":[{\"@type\":\"SearchAction\",\"target\":{\"@type\":\"EntryPoint\",\"urlTemplate\":\"https:\\\/\\\/marktxxl.de\\\/markt\\\/?s={search_term_string}\"},\"query-input\":{\"@type\":\"PropertyValueSpecification\",\"valueRequired\":true,\"valueName\":\"search_term_string\"}}],\"inLanguage\":\"de\"},{\"@type\":\"Organization\",\"@id\":\"https:\\\/\\\/marktxxl.de\\\/markt\\\/#organization\",\"name\":\"Markt-XXL\",\"url\":\"https:\\\/\\\/marktxxl.de\\\/markt\\\/\",\"logo\":{\"@type\":\"ImageObject\",\"inLanguage\":\"de\",\"@id\":\"https:\\\/\\\/marktxxl.de\\\/markt\\\/#\\\/schema\\\/logo\\\/image\\\/\",\"url\":\"https:\\\/\\\/marktxxl.de\\\/markt\\\/wp-content\\\/uploads\\\/sites\\\/3\\\/2020\\\/12\\\/logo.png\",\"contentUrl\":\"https:\\\/\\\/marktxxl.de\\\/markt\\\/wp-content\\\/uploads\\\/sites\\\/3\\\/2020\\\/12\\\/logo.png\",\"width\":200,\"height\":70,\"caption\":\"Markt-XXL\"},\"image\":{\"@id\":\"https:\\\/\\\/marktxxl.de\\\/markt\\\/#\\\/schema\\\/logo\\\/image\\\/\"}}]}<\/script>\n<!-- \/ Yoast SEO plugin. -->","yoast_head_json":{"title":"Pippi Halstuch Dreieckstuch Baby L\u00e4tzchen Halst\u00fccher 1402 - Markt-XXL","description":"Markt-XXL Pippi Halstuch Dreieckstuch Baby L\u00e4tzchen Halst\u00fccher 1402","robots":{"index":"index","follow":"follow","max-snippet":"max-snippet:-1","max-image-preview":"max-image-preview:large","max-video-preview":"max-video-preview:-1"},"canonical":"https:\/\/marktxxl.de\/markt\/produkt\/pippi-halstuch-dreieckstuch-baby-laetzchen-halstuecher-1402\/","og_locale":"de_DE","og_type":"article","og_title":"Pippi Halstuch Dreieckstuch Baby L\u00e4tzchen Halst\u00fccher 1402 - Markt-XXL","og_description":"Markt-XXL Pippi Halstuch Dreieckstuch Baby L\u00e4tzchen Halst\u00fccher 1402","og_url":"https:\/\/marktxxl.de\/markt\/produkt\/pippi-halstuch-dreieckstuch-baby-laetzchen-halstuecher-1402\/","og_site_name":"Markt-XXL","article_modified_time":"2023-04-11T03:10:30+00:00","og_image":[{"width":500,"height":500,"url":"https:\/\/m.media-amazon.com\/images\/I\/41iGO97AfrL._SL500_.jpg","type":"image\/jpeg"}],"twitter_card":"summary_large_image","twitter_misc":{"Gesch\u00e4tzte Lesezeit":"1\u00a0Minute"},"schema":{"@context":"https:\/\/schema.org","@graph":[{"@type":"WebPage","@id":"https:\/\/marktxxl.de\/markt\/produkt\/pippi-halstuch-dreieckstuch-baby-laetzchen-halstuecher-1402\/","url":"https:\/\/marktxxl.de\/markt\/produkt\/pippi-halstuch-dreieckstuch-baby-laetzchen-halstuecher-1402\/","name":"Pippi Halstuch Dreieckstuch Baby L\u00e4tzchen Halst\u00fccher 1402 - Markt-XXL","isPartOf":{"@id":"https:\/\/marktxxl.de\/markt\/#website"},"primaryImageOfPage":{"@id":"https:\/\/marktxxl.de\/markt\/produkt\/pippi-halstuch-dreieckstuch-baby-laetzchen-halstuecher-1402\/#primaryimage"},"image":{"@id":"https:\/\/marktxxl.de\/markt\/produkt\/pippi-halstuch-dreieckstuch-baby-laetzchen-halstuecher-1402\/#primaryimage"},"thumbnailUrl":"https:\/\/m.media-amazon.com\/images\/I\/41iGO97AfrL._SL500_.jpg","datePublished":"2023-01-10T02:40:08+00:00","dateModified":"2023-04-11T03:10:30+00:00","description":"Markt-XXL Pippi Halstuch Dreieckstuch Baby L\u00e4tzchen Halst\u00fccher 1402","breadcrumb":{"@id":"https:\/\/marktxxl.de\/markt\/produkt\/pippi-halstuch-dreieckstuch-baby-laetzchen-halstuecher-1402\/#breadcrumb"},"inLanguage":"de","potentialAction":[{"@type":"ReadAction","target":["https:\/\/marktxxl.de\/markt\/produkt\/pippi-halstuch-dreieckstuch-baby-laetzchen-halstuecher-1402\/"]}]},{"@type":"ImageObject","inLanguage":"de","@id":"https:\/\/marktxxl.de\/markt\/produkt\/pippi-halstuch-dreieckstuch-baby-laetzchen-halstuecher-1402\/#primaryimage","url":"https:\/\/m.media-amazon.com\/images\/I\/41iGO97AfrL._SL500_.jpg","contentUrl":"https:\/\/m.media-amazon.com\/images\/I\/41iGO97AfrL._SL500_.jpg","width":500,"height":500},{"@type":"BreadcrumbList","@id":"https:\/\/marktxxl.de\/markt\/produkt\/pippi-halstuch-dreieckstuch-baby-laetzchen-halstuecher-1402\/#breadcrumb","itemListElement":[{"@type":"ListItem","position":1,"name":"Startseite","item":"https:\/\/marktxxl.de\/markt\/"},{"@type":"ListItem","position":2,"name":"Markt","item":"https:\/\/marktxxl.de\/markt\/"},{"@type":"ListItem","position":3,"name":"Pippi Halstuch Dreieckstuch Baby L\u00e4tzchen Halst\u00fccher 1402"}]},{"@type":"WebSite","@id":"https:\/\/marktxxl.de\/markt\/#website","url":"https:\/\/marktxxl.de\/markt\/","name":"Markt-XXL","description":"Ihr Markt Online","publisher":{"@id":"https:\/\/marktxxl.de\/markt\/#organization"},"potentialAction":[{"@type":"SearchAction","target":{"@type":"EntryPoint","urlTemplate":"https:\/\/marktxxl.de\/markt\/?s={search_term_string}"},"query-input":{"@type":"PropertyValueSpecification","valueRequired":true,"valueName":"search_term_string"}}],"inLanguage":"de"},{"@type":"Organization","@id":"https:\/\/marktxxl.de\/markt\/#organization","name":"Markt-XXL","url":"https:\/\/marktxxl.de\/markt\/","logo":{"@type":"ImageObject","inLanguage":"de","@id":"https:\/\/marktxxl.de\/markt\/#\/schema\/logo\/image\/","url":"https:\/\/marktxxl.de\/markt\/wp-content\/uploads\/sites\/3\/2020\/12\/logo.png","contentUrl":"https:\/\/marktxxl.de\/markt\/wp-content\/uploads\/sites\/3\/2020\/12\/logo.png","width":200,"height":70,"caption":"Markt-XXL"},"image":{"@id":"https:\/\/marktxxl.de\/markt\/#\/schema\/logo\/image\/"}}]}},"_links":{"self":[{"href":"https:\/\/marktxxl.de\/markt\/wp-json\/wp\/v2\/product\/180159","targetHints":{"allow":["GET"]}}],"collection":[{"href":"https:\/\/marktxxl.de\/markt\/wp-json\/wp\/v2\/product"}],"about":[{"href":"https:\/\/marktxxl.de\/markt\/wp-json\/wp\/v2\/types\/product"}],"replies":[{"embeddable":true,"href":"https:\/\/marktxxl.de\/markt\/wp-json\/wp\/v2\/comments?post=180159"}],"wp:featuredmedia":[{"embeddable":true,"href":"https:\/\/marktxxl.de\/markt\/wp-json\/wp\/v2\/media\/180160"}],"wp:attachment":[{"href":"https:\/\/marktxxl.de\/markt\/wp-json\/wp\/v2\/media?parent=180159"}],"wp:term":[{"taxonomy":"product_brand","embeddable":true,"href":"https:\/\/marktxxl.de\/markt\/wp-json\/wp\/v2\/product_brand?post=180159"},{"taxonomy":"product_cat","embeddable":true,"href":"https:\/\/marktxxl.de\/markt\/wp-json\/wp\/v2\/product_cat?post=180159"},{"taxonomy":"product_tag","embeddable":true,"href":"https:\/\/marktxxl.de\/markt\/wp-json\/wp\/v2\/product_tag?post=180159"}],"curies":[{"name":"wp","href":"https:\/\/api.w.org\/{rel}","templated":true}]}}