{"id":180061,"date":"2023-01-10T03:02:11","date_gmt":"2023-01-10T02:02:11","guid":{"rendered":"https:\/\/marktxxl.de\/markt\/produkt\/ekouaer-womens-short-sleeve-robes-zip-front-nightgowns-loose-housecoat-loungewear-dress-duster-with-pockets-s-xxl\/"},"modified":"2023-04-11T05:10:28","modified_gmt":"2023-04-11T03:10:28","slug":"ekouaer-womens-short-sleeve-robes-zip-front-nightgowns-loose-housecoat-loungewear-dress-duster-with-pockets-s-xxl","status":"publish","type":"product","link":"https:\/\/marktxxl.de\/markt\/produkt\/ekouaer-womens-short-sleeve-robes-zip-front-nightgowns-loose-housecoat-loungewear-dress-duster-with-pockets-s-xxl\/","title":{"rendered":"Ekouaer Women&#8217;s Short Sleeve Robes Zip Front Nightgowns Loose Housecoat Loungewear Dress Duster with Pockets S-XXL"},"content":{"rendered":"<p>WEICHER STOFF: Ekouaer Nachthemd aus 95% Rayon + 5% Spandex. Einfach anzubringen und leicht<br \/>\nL\u00e4ssiges Design: Diese langen Damen-Nachthemden verf\u00fcgen \u00fcber einen V-Ausschnitt-Design, mit drei Kn\u00f6pfen am vorderen Kragen und diesem Schlafshirt, das bis zu den Waden lang ist. Wann immer Sie es tragen, f\u00fchlen Sie sich entspannt und bequem, sodass Sie s\u00fc\u00df und bequem aussehen<br \/>\nMehrzweck-Nachthemden: weiche Loungewear, l\u00e4ssige Nachtw\u00e4sche, \u00dcbergr\u00f6\u00dfe, Schlafkleid, Nachthemd in voller L\u00e4nge und Still-Nachthemden. L\u00e4ssige Liege, perfekt zum Faulenzen und Einkaufen, um Kaffee in der Freizeit zu trinken, entspannen Sie sich und genie\u00dfen Sie einen gem\u00fctlichen Tag mit Ihrer Familie<br \/>\nPerfektes Geschenk: Locker und gem\u00fctliches Nachthemd f\u00fcr Damen ist ein perfektes Geschenk f\u00fcr Ihre Mutter, Frau, Schwester, Freunde und sogar f\u00fcr Sie selbst. Langes, weiches Schlafshirt, ideal als Geschenk zum Geburtstag, Erntedankfest, Muttertag und zu Weihnachten<br \/>\nHinweis: Dieser hochwertige, weiche Schlafanzug h\u00e4lt der Waschmaschine stand und kann mehrere Jahre halten. Die Farbe der Kleidung wird durch Waschen nicht fleckig. Bitte verwenden Sie es einfach. Bitte w\u00e4hlen Sie die richtige Gr\u00f6\u00dfe und Farbe f\u00fcr Sie<br \/>\n<div class=\"main-cross-sell\" data-asin=\"B07R4N2FLQ\">\n\n\t<div class=\"WooZone-cross-sell-loader\">\n\t\t<div>\n\t\t\t<div id=\"floatingBarsG\">\n\t\t\t\t<div class=\"blockG\" id=\"rotateG_01\"><\/div>\n\t\t\t\t<div class=\"blockG\" id=\"rotateG_02\"><\/div>\n\t\t\t\t<div class=\"blockG\" id=\"rotateG_03\"><\/div>\n\t\t\t\t<div class=\"blockG\" id=\"rotateG_04\"><\/div>\n\t\t\t\t<div class=\"blockG\" id=\"rotateG_05\"><\/div>\n\t\t\t\t<div class=\"blockG\" id=\"rotateG_06\"><\/div>\n\t\t\t\t<div class=\"blockG\" id=\"rotateG_07\"><\/div>\n\t\t\t\t<div class=\"blockG\" id=\"rotateG_08\"><\/div>\n\t\t\t<\/div>\n\t\t\t<div class=\"WooZone-cross-sell-loader-text\"><\/div>\n\t\t<\/div>\n\t<\/div>\n\n\t\t\n<\/div>\n<div style=\"clear:both;\"><\/div><\/p>\n","protected":false},"excerpt":{"rendered":"<p>WEICHER STOFF: Ekouaer Nachthemd aus 95% Rayon + 5% Spandex. Einfach anzubringen und leicht<br \/>\nL\u00e4ssiges Design: Diese langen Damen-Nachthemden verf\u00fcgen \u00fcber einen V-Ausschnitt-Design, mit drei Kn\u00f6pfen am vorderen Kragen und diesem Schlafshirt, das bis zu den Waden lang ist. Wann immer Sie es tragen, f\u00fchlen Sie sich entspannt und bequem, sodass Sie s\u00fc\u00df und bequem aussehen<br \/>\nMehrzweck-Nachthemden: weiche Loungewear, l\u00e4ssige Nachtw\u00e4sche, \u00dcbergr\u00f6\u00dfe, Schlafkleid, Nachthemd in voller L\u00e4nge und Still-Nachthemden. L\u00e4ssige Liege, perfekt zum Faulenzen und Einkaufen, um Kaffee in der Freizeit zu trinken, entspannen Sie sich und genie\u00dfen Sie einen gem\u00fctlichen Tag mit Ihrer Familie<\/p>\n","protected":false},"featured_media":180062,"comment_status":"open","ping_status":"closed","template":"","meta":[],"product_brand":[],"product_cat":[21,9478],"product_tag":[],"class_list":{"0":"post-180061","1":"product","2":"type-product","3":"status-publish","4":"has-post-thumbnail","6":"product_cat-baby","7":"product_cat-umstandskleidung-baby","8":"pa_binding-unbekannter-einband","9":"pa_brand-ekouaer","10":"pa_manufacturer-ekouaer","11":"pa_model-ekk009726","12":"pa_size-l","14":"first","15":"instock","16":"shipping-taxable","17":"purchasable","18":"product-type-simple","19":"customify-col","20":"product-has-gallery"},"yoast_head":"<!-- This site is optimized with the Yoast SEO plugin v27.4 - https:\/\/yoast.com\/product\/yoast-seo-wordpress\/ -->\n<title>Ekouaer Women&#039;s Short Sleeve Robes Zip Front Nightgowns Loose Housecoat Loungewear Dress Duster with Pockets S-XXL - Markt-XXL<\/title>\n<meta name=\"description\" content=\"Markt-XXL Ekouaer Women&#039;s Short Sleeve Robes Zip Front Nightgowns Loose Housecoat Loungewear Dress Duster with Pockets S-XXL\" \/>\n<meta name=\"robots\" content=\"index, follow, max-snippet:-1, max-image-preview:large, max-video-preview:-1\" \/>\n<link rel=\"canonical\" href=\"https:\/\/marktxxl.de\/markt\/produkt\/ekouaer-womens-short-sleeve-robes-zip-front-nightgowns-loose-housecoat-loungewear-dress-duster-with-pockets-s-xxl\/\" \/>\n<meta property=\"og:locale\" content=\"de_DE\" \/>\n<meta property=\"og:type\" content=\"article\" \/>\n<meta property=\"og:title\" content=\"Ekouaer Women&#039;s Short Sleeve Robes Zip Front Nightgowns Loose Housecoat Loungewear Dress Duster with Pockets S-XXL - Markt-XXL\" \/>\n<meta property=\"og:description\" content=\"Markt-XXL Ekouaer Women&#039;s Short Sleeve Robes Zip Front Nightgowns Loose Housecoat Loungewear Dress Duster with Pockets S-XXL\" \/>\n<meta property=\"og:url\" content=\"https:\/\/marktxxl.de\/markt\/produkt\/ekouaer-womens-short-sleeve-robes-zip-front-nightgowns-loose-housecoat-loungewear-dress-duster-with-pockets-s-xxl\/\" \/>\n<meta property=\"og:site_name\" content=\"Markt-XXL\" \/>\n<meta property=\"article:modified_time\" content=\"2023-04-11T03:10:28+00:00\" \/>\n<meta property=\"og:image\" content=\"https:\/\/m.media-amazon.com\/images\/I\/418BGkLOLyL._SL500_.jpg\" \/>\n\t<meta property=\"og:image:width\" content=\"386\" \/>\n\t<meta property=\"og:image:height\" content=\"500\" \/>\n\t<meta property=\"og:image:type\" content=\"image\/jpeg\" \/>\n<meta name=\"twitter:card\" content=\"summary_large_image\" \/>\n<meta name=\"twitter:label1\" content=\"Gesch\u00e4tzte Lesezeit\" \/>\n\t<meta name=\"twitter:data1\" content=\"1\u00a0Minute\" \/>\n<script type=\"application\/ld+json\" class=\"yoast-schema-graph\">{\"@context\":\"https:\\\/\\\/schema.org\",\"@graph\":[{\"@type\":\"WebPage\",\"@id\":\"https:\\\/\\\/marktxxl.de\\\/markt\\\/produkt\\\/ekouaer-womens-short-sleeve-robes-zip-front-nightgowns-loose-housecoat-loungewear-dress-duster-with-pockets-s-xxl\\\/\",\"url\":\"https:\\\/\\\/marktxxl.de\\\/markt\\\/produkt\\\/ekouaer-womens-short-sleeve-robes-zip-front-nightgowns-loose-housecoat-loungewear-dress-duster-with-pockets-s-xxl\\\/\",\"name\":\"Ekouaer Women's Short Sleeve Robes Zip Front Nightgowns Loose Housecoat Loungewear Dress Duster with Pockets S-XXL - Markt-XXL\",\"isPartOf\":{\"@id\":\"https:\\\/\\\/marktxxl.de\\\/markt\\\/#website\"},\"primaryImageOfPage\":{\"@id\":\"https:\\\/\\\/marktxxl.de\\\/markt\\\/produkt\\\/ekouaer-womens-short-sleeve-robes-zip-front-nightgowns-loose-housecoat-loungewear-dress-duster-with-pockets-s-xxl\\\/#primaryimage\"},\"image\":{\"@id\":\"https:\\\/\\\/marktxxl.de\\\/markt\\\/produkt\\\/ekouaer-womens-short-sleeve-robes-zip-front-nightgowns-loose-housecoat-loungewear-dress-duster-with-pockets-s-xxl\\\/#primaryimage\"},\"thumbnailUrl\":\"https:\\\/\\\/m.media-amazon.com\\\/images\\\/I\\\/418BGkLOLyL._SL500_.jpg\",\"datePublished\":\"2023-01-10T02:02:11+00:00\",\"dateModified\":\"2023-04-11T03:10:28+00:00\",\"description\":\"Markt-XXL Ekouaer Women's Short Sleeve Robes Zip Front Nightgowns Loose Housecoat Loungewear Dress Duster with Pockets S-XXL\",\"breadcrumb\":{\"@id\":\"https:\\\/\\\/marktxxl.de\\\/markt\\\/produkt\\\/ekouaer-womens-short-sleeve-robes-zip-front-nightgowns-loose-housecoat-loungewear-dress-duster-with-pockets-s-xxl\\\/#breadcrumb\"},\"inLanguage\":\"de\",\"potentialAction\":[{\"@type\":\"ReadAction\",\"target\":[\"https:\\\/\\\/marktxxl.de\\\/markt\\\/produkt\\\/ekouaer-womens-short-sleeve-robes-zip-front-nightgowns-loose-housecoat-loungewear-dress-duster-with-pockets-s-xxl\\\/\"]}]},{\"@type\":\"ImageObject\",\"inLanguage\":\"de\",\"@id\":\"https:\\\/\\\/marktxxl.de\\\/markt\\\/produkt\\\/ekouaer-womens-short-sleeve-robes-zip-front-nightgowns-loose-housecoat-loungewear-dress-duster-with-pockets-s-xxl\\\/#primaryimage\",\"url\":\"https:\\\/\\\/m.media-amazon.com\\\/images\\\/I\\\/418BGkLOLyL._SL500_.jpg\",\"contentUrl\":\"https:\\\/\\\/m.media-amazon.com\\\/images\\\/I\\\/418BGkLOLyL._SL500_.jpg\",\"width\":386,\"height\":500},{\"@type\":\"BreadcrumbList\",\"@id\":\"https:\\\/\\\/marktxxl.de\\\/markt\\\/produkt\\\/ekouaer-womens-short-sleeve-robes-zip-front-nightgowns-loose-housecoat-loungewear-dress-duster-with-pockets-s-xxl\\\/#breadcrumb\",\"itemListElement\":[{\"@type\":\"ListItem\",\"position\":1,\"name\":\"Startseite\",\"item\":\"https:\\\/\\\/marktxxl.de\\\/markt\\\/\"},{\"@type\":\"ListItem\",\"position\":2,\"name\":\"Markt\",\"item\":\"https:\\\/\\\/marktxxl.de\\\/markt\\\/\"},{\"@type\":\"ListItem\",\"position\":3,\"name\":\"Ekouaer Women&#8217;s Short Sleeve Robes Zip Front Nightgowns Loose Housecoat Loungewear Dress Duster with Pockets S-XXL\"}]},{\"@type\":\"WebSite\",\"@id\":\"https:\\\/\\\/marktxxl.de\\\/markt\\\/#website\",\"url\":\"https:\\\/\\\/marktxxl.de\\\/markt\\\/\",\"name\":\"Markt-XXL\",\"description\":\"Ihr Markt Online\",\"publisher\":{\"@id\":\"https:\\\/\\\/marktxxl.de\\\/markt\\\/#organization\"},\"potentialAction\":[{\"@type\":\"SearchAction\",\"target\":{\"@type\":\"EntryPoint\",\"urlTemplate\":\"https:\\\/\\\/marktxxl.de\\\/markt\\\/?s={search_term_string}\"},\"query-input\":{\"@type\":\"PropertyValueSpecification\",\"valueRequired\":true,\"valueName\":\"search_term_string\"}}],\"inLanguage\":\"de\"},{\"@type\":\"Organization\",\"@id\":\"https:\\\/\\\/marktxxl.de\\\/markt\\\/#organization\",\"name\":\"Markt-XXL\",\"url\":\"https:\\\/\\\/marktxxl.de\\\/markt\\\/\",\"logo\":{\"@type\":\"ImageObject\",\"inLanguage\":\"de\",\"@id\":\"https:\\\/\\\/marktxxl.de\\\/markt\\\/#\\\/schema\\\/logo\\\/image\\\/\",\"url\":\"https:\\\/\\\/marktxxl.de\\\/markt\\\/wp-content\\\/uploads\\\/sites\\\/3\\\/2020\\\/12\\\/logo.png\",\"contentUrl\":\"https:\\\/\\\/marktxxl.de\\\/markt\\\/wp-content\\\/uploads\\\/sites\\\/3\\\/2020\\\/12\\\/logo.png\",\"width\":200,\"height\":70,\"caption\":\"Markt-XXL\"},\"image\":{\"@id\":\"https:\\\/\\\/marktxxl.de\\\/markt\\\/#\\\/schema\\\/logo\\\/image\\\/\"}}]}<\/script>\n<!-- \/ Yoast SEO plugin. -->","yoast_head_json":{"title":"Ekouaer Women's Short Sleeve Robes Zip Front Nightgowns Loose Housecoat Loungewear Dress Duster with Pockets S-XXL - Markt-XXL","description":"Markt-XXL Ekouaer Women's Short Sleeve Robes Zip Front Nightgowns Loose Housecoat Loungewear Dress Duster with Pockets S-XXL","robots":{"index":"index","follow":"follow","max-snippet":"max-snippet:-1","max-image-preview":"max-image-preview:large","max-video-preview":"max-video-preview:-1"},"canonical":"https:\/\/marktxxl.de\/markt\/produkt\/ekouaer-womens-short-sleeve-robes-zip-front-nightgowns-loose-housecoat-loungewear-dress-duster-with-pockets-s-xxl\/","og_locale":"de_DE","og_type":"article","og_title":"Ekouaer Women's Short Sleeve Robes Zip Front Nightgowns Loose Housecoat Loungewear Dress Duster with Pockets S-XXL - Markt-XXL","og_description":"Markt-XXL Ekouaer Women's Short Sleeve Robes Zip Front Nightgowns Loose Housecoat Loungewear Dress Duster with Pockets S-XXL","og_url":"https:\/\/marktxxl.de\/markt\/produkt\/ekouaer-womens-short-sleeve-robes-zip-front-nightgowns-loose-housecoat-loungewear-dress-duster-with-pockets-s-xxl\/","og_site_name":"Markt-XXL","article_modified_time":"2023-04-11T03:10:28+00:00","og_image":[{"width":386,"height":500,"url":"https:\/\/m.media-amazon.com\/images\/I\/418BGkLOLyL._SL500_.jpg","type":"image\/jpeg"}],"twitter_card":"summary_large_image","twitter_misc":{"Gesch\u00e4tzte Lesezeit":"1\u00a0Minute"},"schema":{"@context":"https:\/\/schema.org","@graph":[{"@type":"WebPage","@id":"https:\/\/marktxxl.de\/markt\/produkt\/ekouaer-womens-short-sleeve-robes-zip-front-nightgowns-loose-housecoat-loungewear-dress-duster-with-pockets-s-xxl\/","url":"https:\/\/marktxxl.de\/markt\/produkt\/ekouaer-womens-short-sleeve-robes-zip-front-nightgowns-loose-housecoat-loungewear-dress-duster-with-pockets-s-xxl\/","name":"Ekouaer Women's Short Sleeve Robes Zip Front Nightgowns Loose Housecoat Loungewear Dress Duster with Pockets S-XXL - Markt-XXL","isPartOf":{"@id":"https:\/\/marktxxl.de\/markt\/#website"},"primaryImageOfPage":{"@id":"https:\/\/marktxxl.de\/markt\/produkt\/ekouaer-womens-short-sleeve-robes-zip-front-nightgowns-loose-housecoat-loungewear-dress-duster-with-pockets-s-xxl\/#primaryimage"},"image":{"@id":"https:\/\/marktxxl.de\/markt\/produkt\/ekouaer-womens-short-sleeve-robes-zip-front-nightgowns-loose-housecoat-loungewear-dress-duster-with-pockets-s-xxl\/#primaryimage"},"thumbnailUrl":"https:\/\/m.media-amazon.com\/images\/I\/418BGkLOLyL._SL500_.jpg","datePublished":"2023-01-10T02:02:11+00:00","dateModified":"2023-04-11T03:10:28+00:00","description":"Markt-XXL Ekouaer Women's Short Sleeve Robes Zip Front Nightgowns Loose Housecoat Loungewear Dress Duster with Pockets S-XXL","breadcrumb":{"@id":"https:\/\/marktxxl.de\/markt\/produkt\/ekouaer-womens-short-sleeve-robes-zip-front-nightgowns-loose-housecoat-loungewear-dress-duster-with-pockets-s-xxl\/#breadcrumb"},"inLanguage":"de","potentialAction":[{"@type":"ReadAction","target":["https:\/\/marktxxl.de\/markt\/produkt\/ekouaer-womens-short-sleeve-robes-zip-front-nightgowns-loose-housecoat-loungewear-dress-duster-with-pockets-s-xxl\/"]}]},{"@type":"ImageObject","inLanguage":"de","@id":"https:\/\/marktxxl.de\/markt\/produkt\/ekouaer-womens-short-sleeve-robes-zip-front-nightgowns-loose-housecoat-loungewear-dress-duster-with-pockets-s-xxl\/#primaryimage","url":"https:\/\/m.media-amazon.com\/images\/I\/418BGkLOLyL._SL500_.jpg","contentUrl":"https:\/\/m.media-amazon.com\/images\/I\/418BGkLOLyL._SL500_.jpg","width":386,"height":500},{"@type":"BreadcrumbList","@id":"https:\/\/marktxxl.de\/markt\/produkt\/ekouaer-womens-short-sleeve-robes-zip-front-nightgowns-loose-housecoat-loungewear-dress-duster-with-pockets-s-xxl\/#breadcrumb","itemListElement":[{"@type":"ListItem","position":1,"name":"Startseite","item":"https:\/\/marktxxl.de\/markt\/"},{"@type":"ListItem","position":2,"name":"Markt","item":"https:\/\/marktxxl.de\/markt\/"},{"@type":"ListItem","position":3,"name":"Ekouaer Women&#8217;s Short Sleeve Robes Zip Front Nightgowns Loose Housecoat Loungewear Dress Duster with Pockets S-XXL"}]},{"@type":"WebSite","@id":"https:\/\/marktxxl.de\/markt\/#website","url":"https:\/\/marktxxl.de\/markt\/","name":"Markt-XXL","description":"Ihr Markt Online","publisher":{"@id":"https:\/\/marktxxl.de\/markt\/#organization"},"potentialAction":[{"@type":"SearchAction","target":{"@type":"EntryPoint","urlTemplate":"https:\/\/marktxxl.de\/markt\/?s={search_term_string}"},"query-input":{"@type":"PropertyValueSpecification","valueRequired":true,"valueName":"search_term_string"}}],"inLanguage":"de"},{"@type":"Organization","@id":"https:\/\/marktxxl.de\/markt\/#organization","name":"Markt-XXL","url":"https:\/\/marktxxl.de\/markt\/","logo":{"@type":"ImageObject","inLanguage":"de","@id":"https:\/\/marktxxl.de\/markt\/#\/schema\/logo\/image\/","url":"https:\/\/marktxxl.de\/markt\/wp-content\/uploads\/sites\/3\/2020\/12\/logo.png","contentUrl":"https:\/\/marktxxl.de\/markt\/wp-content\/uploads\/sites\/3\/2020\/12\/logo.png","width":200,"height":70,"caption":"Markt-XXL"},"image":{"@id":"https:\/\/marktxxl.de\/markt\/#\/schema\/logo\/image\/"}}]}},"_links":{"self":[{"href":"https:\/\/marktxxl.de\/markt\/wp-json\/wp\/v2\/product\/180061","targetHints":{"allow":["GET"]}}],"collection":[{"href":"https:\/\/marktxxl.de\/markt\/wp-json\/wp\/v2\/product"}],"about":[{"href":"https:\/\/marktxxl.de\/markt\/wp-json\/wp\/v2\/types\/product"}],"replies":[{"embeddable":true,"href":"https:\/\/marktxxl.de\/markt\/wp-json\/wp\/v2\/comments?post=180061"}],"wp:featuredmedia":[{"embeddable":true,"href":"https:\/\/marktxxl.de\/markt\/wp-json\/wp\/v2\/media\/180062"}],"wp:attachment":[{"href":"https:\/\/marktxxl.de\/markt\/wp-json\/wp\/v2\/media?parent=180061"}],"wp:term":[{"taxonomy":"product_brand","embeddable":true,"href":"https:\/\/marktxxl.de\/markt\/wp-json\/wp\/v2\/product_brand?post=180061"},{"taxonomy":"product_cat","embeddable":true,"href":"https:\/\/marktxxl.de\/markt\/wp-json\/wp\/v2\/product_cat?post=180061"},{"taxonomy":"product_tag","embeddable":true,"href":"https:\/\/marktxxl.de\/markt\/wp-json\/wp\/v2\/product_tag?post=180061"}],"curies":[{"name":"wp","href":"https:\/\/api.w.org\/{rel}","templated":true}]}}