{"id":179908,"date":"2023-01-10T02:46:10","date_gmt":"2023-01-10T01:46:10","guid":{"rendered":"https:\/\/marktxxl.de\/markt\/produkt\/falke-unisex-kinder-sk2-skisocken-wolle-schwarz-blau-viele-weitere-farben-dicke-verstaerkte-skistruempfe-ohne-muster-mit-mittelstarker-polsterung-kniehoch-bunt-warm-zum-skifahren-1-paar\/"},"modified":"2023-04-11T05:10:25","modified_gmt":"2023-04-11T03:10:25","slug":"falke-unisex-kinder-sk2-skisocken-wolle-schwarz-blau-viele-weitere-farben-dicke-verstaerkte-skistruempfe-ohne-muster-mit-mittelstarker-polsterung-kniehoch-bunt-warm-zum-skifahren-1-paar","status":"publish","type":"product","link":"https:\/\/marktxxl.de\/markt\/produkt\/falke-unisex-kinder-sk2-skisocken-wolle-schwarz-blau-viele-weitere-farben-dicke-verstaerkte-skistruempfe-ohne-muster-mit-mittelstarker-polsterung-kniehoch-bunt-warm-zum-skifahren-1-paar\/","title":{"rendered":"FALKE Unisex Kinder SK2 Skisocken Wolle Schwarz Blau viele weitere Farben Dicke verst\u00e4rkte Skistr\u00fcmpfe ohne Muster mit\u2026"},"content":{"rendered":"<p>Warme Thermosocken aus angenehm weicher Wolle f\u00fcr kalte Wintertage zum Skifahren oder Schlittenfahren. Die Thermostr\u00fcmpfe mit mittlerer Polsterung haben eine dreilagige Konstruktion, was den Fu\u00df warm und trocken h\u00e4lt. Die Merinowolle ist hochwertig und w\u00e4rmend und f\u00fcr jeden Skischuh und Schneeschuh geeignet. Der Skistrumpf ist verst\u00e4rkt, atmungsaktiv und hat einen Bund aus Gummi.<br \/>\nThermo Socken f\u00fcr den Skifahrer, f\u00fcr Outdoor Sport, zum Schlittenfahren, in Gummistiefeln oder f\u00fcr die Schule. Besonders warm an kalten Tagen sorgt der Merinowoll Mix beim Skisport durchweg f\u00fcr warme F\u00fc\u00dfe. Gepolsterte Kniestr\u00fcmpfe mit Frottee und flacher Naht an den Zehen sorgen f\u00fcr einen ausgewogenen Schuhkontakt ohne nasse F\u00fc\u00dfe. Skistrumpf f\u00fcr Kleinkinder, Jungen und M\u00e4dchen mit Gummibund f\u00fcr warme F\u00fc\u00dfe im Winter.<br \/>\nFalke Skisocken mit optimaler Passform, schnellem W\u00e4rme- und Feuchtigkeitstransport sorgen f\u00fcr einen hohen Komfort. Die Bergsocken mit einer besonderen, dreilagigen Konstruktion sind hoch, lang und fusselfrei; die Passform und Farbe der Kindersocken bleiben erhalten auch nach mehrmaligem Waschen; Socken bei 30\u00b0C im Wollwaschgang waschen.<br \/>\nPerfekte Proportionen und Passform durch spezielle Strickverfahren und Zylinder; Fu\u00dfspitze und Fu\u00dfbett sind an die anatomischen Unterschiede von L\/R Fu\u00df angepasst. Diese Innovation garantiert einen optimalen, faltenfreien Sitz mit hohem Tragekomfort, sch\u00fctzt vor Druckstellen und erh\u00f6ht die Haltbarkeit der Str\u00fcmpfe<br \/>\nModellnummer FALKE Kinder SK2 Skisocken: 11432; Gr\u00f6\u00dfen: 23-26 (2-3 Jahre), 27-30 (3-6 Jahre), 31-34 (7-9 Jahre), 35-38 (9-12 Jahre)<br \/>\nEinzigartige FALKE-Qualit\u00e4t und umweltfreundliche Verpackung ohne Plastikhaken: Wir haben h\u00f6chste Anspr\u00fcche an das, was Ihren K\u00f6rper sch\u00fctzt und w\u00e4rmt; FALKE: Traditionsunternehmen und h\u00f6chste Qualit\u00e4t seit 1895<br \/>\n<div class=\"main-cross-sell\" data-asin=\"B08TBKJW1F\">\n\n\t<div class=\"WooZone-cross-sell-loader\">\n\t\t<div>\n\t\t\t<div id=\"floatingBarsG\">\n\t\t\t\t<div class=\"blockG\" id=\"rotateG_01\"><\/div>\n\t\t\t\t<div class=\"blockG\" id=\"rotateG_02\"><\/div>\n\t\t\t\t<div class=\"blockG\" id=\"rotateG_03\"><\/div>\n\t\t\t\t<div class=\"blockG\" id=\"rotateG_04\"><\/div>\n\t\t\t\t<div class=\"blockG\" id=\"rotateG_05\"><\/div>\n\t\t\t\t<div class=\"blockG\" id=\"rotateG_06\"><\/div>\n\t\t\t\t<div class=\"blockG\" id=\"rotateG_07\"><\/div>\n\t\t\t\t<div class=\"blockG\" id=\"rotateG_08\"><\/div>\n\t\t\t<\/div>\n\t\t\t<div class=\"WooZone-cross-sell-loader-text\"><\/div>\n\t\t<\/div>\n\t<\/div>\n\n\t\t\n<\/div>\n<div style=\"clear:both;\"><\/div><\/p>\n","protected":false},"excerpt":{"rendered":"<p>Warme Thermosocken aus angenehm weicher Wolle f\u00fcr kalte Wintertage zum Skifahren oder Schlittenfahren. Die Thermostr\u00fcmpfe mit mittlerer Polsterung haben eine dreilagige Konstruktion, was den Fu\u00df warm und trocken h\u00e4lt. Die Merinowolle ist hochwertig und w\u00e4rmend und f\u00fcr jeden Skischuh und Schneeschuh geeignet. Der Skistrumpf ist verst\u00e4rkt, atmungsaktiv und hat einen Bund aus Gummi.<br \/>\nThermo Socken f\u00fcr den Skifahrer, f\u00fcr Outdoor Sport, zum Schlittenfahren, in Gummistiefeln oder f\u00fcr die Schule. Besonders warm an kalten Tagen sorgt der Merinowoll Mix beim Skisport durchweg f\u00fcr warme F\u00fc\u00dfe. Gepolsterte Kniestr\u00fcmpfe mit Frottee und flacher Naht an den Zehen sorgen f\u00fcr einen ausgewogenen Schuhkontakt ohne nasse F\u00fc\u00dfe. Skistrumpf f\u00fcr Kleinkinder, Jungen und M\u00e4dchen mit Gummibund f\u00fcr warme F\u00fc\u00dfe im Winter.<br \/>\nFalke Skisocken mit optimaler Passform, schnellem W\u00e4rme- und Feuchtigkeitstransport sorgen f\u00fcr einen hohen Komfort. Die Bergsocken mit einer besonderen, dreilagigen Konstruktion sind hoch, lang und fusselfrei; die Passform und Farbe der Kindersocken bleiben erhalten auch nach mehrmaligem Waschen; Socken bei 30\u00b0C im Wollwaschgang waschen.<\/p>\n","protected":false},"featured_media":179909,"comment_status":"open","ping_status":"closed","template":"","meta":[],"product_brand":[],"product_cat":[1186],"product_tag":[],"class_list":{"0":"post-179908","1":"product","2":"type-product","3":"status-publish","4":"has-post-thumbnail","6":"product_cat-bekleidung","7":"pa_binding-ausruestung","8":"pa_brand-falke","9":"pa_manufacturer-falke-kgaa","10":"pa_model-47193","12":"first","13":"instock","14":"shipping-taxable","15":"purchasable","16":"product-type-simple","17":"customify-col","18":"product-has-gallery"},"yoast_head":"<!-- This site is optimized with the Yoast SEO plugin v27.3 - https:\/\/yoast.com\/product\/yoast-seo-wordpress\/ -->\n<title>FALKE Unisex Kinder SK2 Skisocken Wolle Schwarz Blau viele weitere Farben Dicke verst\u00e4rkte Skistr\u00fcmpfe ohne Muster mit\u2026 - Markt-XXL<\/title>\n<meta name=\"description\" content=\"Markt-XXL FALKE Unisex Kinder SK2 Skisocken Wolle Schwarz Blau viele weitere Farben Dicke verst\u00e4rkte Skistr\u00fcmpfe ohne Muster mit\u2026\" \/>\n<meta name=\"robots\" content=\"index, follow, max-snippet:-1, max-image-preview:large, max-video-preview:-1\" \/>\n<link rel=\"canonical\" href=\"https:\/\/marktxxl.de\/markt\/produkt\/falke-unisex-kinder-sk2-skisocken-wolle-schwarz-blau-viele-weitere-farben-dicke-verstaerkte-skistruempfe-ohne-muster-mit-mittelstarker-polsterung-kniehoch-bunt-warm-zum-skifahren-1-paar\/\" \/>\n<meta property=\"og:locale\" content=\"de_DE\" \/>\n<meta property=\"og:type\" content=\"article\" \/>\n<meta property=\"og:title\" content=\"FALKE Unisex Kinder SK2 Skisocken Wolle Schwarz Blau viele weitere Farben Dicke verst\u00e4rkte Skistr\u00fcmpfe ohne Muster mit\u2026 - Markt-XXL\" \/>\n<meta property=\"og:description\" content=\"Markt-XXL FALKE Unisex Kinder SK2 Skisocken Wolle Schwarz Blau viele weitere Farben Dicke verst\u00e4rkte Skistr\u00fcmpfe ohne Muster mit\u2026\" \/>\n<meta property=\"og:url\" content=\"https:\/\/marktxxl.de\/markt\/produkt\/falke-unisex-kinder-sk2-skisocken-wolle-schwarz-blau-viele-weitere-farben-dicke-verstaerkte-skistruempfe-ohne-muster-mit-mittelstarker-polsterung-kniehoch-bunt-warm-zum-skifahren-1-paar\/\" \/>\n<meta property=\"og:site_name\" content=\"Markt-XXL\" \/>\n<meta property=\"article:modified_time\" content=\"2023-04-11T03:10:25+00:00\" \/>\n<meta property=\"og:image\" content=\"https:\/\/m.media-amazon.com\/images\/I\/41g3DQAdhdL._SL500_.jpg\" \/>\n\t<meta property=\"og:image:width\" content=\"417\" \/>\n\t<meta property=\"og:image:height\" content=\"500\" \/>\n\t<meta property=\"og:image:type\" content=\"image\/jpeg\" \/>\n<meta name=\"twitter:card\" content=\"summary_large_image\" \/>\n<meta name=\"twitter:label1\" content=\"Gesch\u00e4tzte Lesezeit\" \/>\n\t<meta name=\"twitter:data1\" content=\"1\u00a0Minute\" \/>\n<script type=\"application\/ld+json\" class=\"yoast-schema-graph\">{\"@context\":\"https:\\\/\\\/schema.org\",\"@graph\":[{\"@type\":\"WebPage\",\"@id\":\"https:\\\/\\\/marktxxl.de\\\/markt\\\/produkt\\\/falke-unisex-kinder-sk2-skisocken-wolle-schwarz-blau-viele-weitere-farben-dicke-verstaerkte-skistruempfe-ohne-muster-mit-mittelstarker-polsterung-kniehoch-bunt-warm-zum-skifahren-1-paar\\\/\",\"url\":\"https:\\\/\\\/marktxxl.de\\\/markt\\\/produkt\\\/falke-unisex-kinder-sk2-skisocken-wolle-schwarz-blau-viele-weitere-farben-dicke-verstaerkte-skistruempfe-ohne-muster-mit-mittelstarker-polsterung-kniehoch-bunt-warm-zum-skifahren-1-paar\\\/\",\"name\":\"FALKE Unisex Kinder SK2 Skisocken Wolle Schwarz Blau viele weitere Farben Dicke verst\u00e4rkte Skistr\u00fcmpfe ohne Muster mit\u2026 - Markt-XXL\",\"isPartOf\":{\"@id\":\"https:\\\/\\\/marktxxl.de\\\/markt\\\/#website\"},\"primaryImageOfPage\":{\"@id\":\"https:\\\/\\\/marktxxl.de\\\/markt\\\/produkt\\\/falke-unisex-kinder-sk2-skisocken-wolle-schwarz-blau-viele-weitere-farben-dicke-verstaerkte-skistruempfe-ohne-muster-mit-mittelstarker-polsterung-kniehoch-bunt-warm-zum-skifahren-1-paar\\\/#primaryimage\"},\"image\":{\"@id\":\"https:\\\/\\\/marktxxl.de\\\/markt\\\/produkt\\\/falke-unisex-kinder-sk2-skisocken-wolle-schwarz-blau-viele-weitere-farben-dicke-verstaerkte-skistruempfe-ohne-muster-mit-mittelstarker-polsterung-kniehoch-bunt-warm-zum-skifahren-1-paar\\\/#primaryimage\"},\"thumbnailUrl\":\"https:\\\/\\\/m.media-amazon.com\\\/images\\\/I\\\/41g3DQAdhdL._SL500_.jpg\",\"datePublished\":\"2023-01-10T01:46:10+00:00\",\"dateModified\":\"2023-04-11T03:10:25+00:00\",\"description\":\"Markt-XXL FALKE Unisex Kinder SK2 Skisocken Wolle Schwarz Blau viele weitere Farben Dicke verst\u00e4rkte Skistr\u00fcmpfe ohne Muster mit\u2026\",\"breadcrumb\":{\"@id\":\"https:\\\/\\\/marktxxl.de\\\/markt\\\/produkt\\\/falke-unisex-kinder-sk2-skisocken-wolle-schwarz-blau-viele-weitere-farben-dicke-verstaerkte-skistruempfe-ohne-muster-mit-mittelstarker-polsterung-kniehoch-bunt-warm-zum-skifahren-1-paar\\\/#breadcrumb\"},\"inLanguage\":\"de\",\"potentialAction\":[{\"@type\":\"ReadAction\",\"target\":[\"https:\\\/\\\/marktxxl.de\\\/markt\\\/produkt\\\/falke-unisex-kinder-sk2-skisocken-wolle-schwarz-blau-viele-weitere-farben-dicke-verstaerkte-skistruempfe-ohne-muster-mit-mittelstarker-polsterung-kniehoch-bunt-warm-zum-skifahren-1-paar\\\/\"]}]},{\"@type\":\"ImageObject\",\"inLanguage\":\"de\",\"@id\":\"https:\\\/\\\/marktxxl.de\\\/markt\\\/produkt\\\/falke-unisex-kinder-sk2-skisocken-wolle-schwarz-blau-viele-weitere-farben-dicke-verstaerkte-skistruempfe-ohne-muster-mit-mittelstarker-polsterung-kniehoch-bunt-warm-zum-skifahren-1-paar\\\/#primaryimage\",\"url\":\"https:\\\/\\\/m.media-amazon.com\\\/images\\\/I\\\/41g3DQAdhdL._SL500_.jpg\",\"contentUrl\":\"https:\\\/\\\/m.media-amazon.com\\\/images\\\/I\\\/41g3DQAdhdL._SL500_.jpg\",\"width\":417,\"height\":500},{\"@type\":\"BreadcrumbList\",\"@id\":\"https:\\\/\\\/marktxxl.de\\\/markt\\\/produkt\\\/falke-unisex-kinder-sk2-skisocken-wolle-schwarz-blau-viele-weitere-farben-dicke-verstaerkte-skistruempfe-ohne-muster-mit-mittelstarker-polsterung-kniehoch-bunt-warm-zum-skifahren-1-paar\\\/#breadcrumb\",\"itemListElement\":[{\"@type\":\"ListItem\",\"position\":1,\"name\":\"Startseite\",\"item\":\"https:\\\/\\\/marktxxl.de\\\/markt\\\/\"},{\"@type\":\"ListItem\",\"position\":2,\"name\":\"Markt\",\"item\":\"https:\\\/\\\/marktxxl.de\\\/markt\\\/\"},{\"@type\":\"ListItem\",\"position\":3,\"name\":\"FALKE Unisex Kinder SK2 Skisocken Wolle Schwarz Blau viele weitere Farben Dicke verst\u00e4rkte Skistr\u00fcmpfe ohne Muster mit\u2026\"}]},{\"@type\":\"WebSite\",\"@id\":\"https:\\\/\\\/marktxxl.de\\\/markt\\\/#website\",\"url\":\"https:\\\/\\\/marktxxl.de\\\/markt\\\/\",\"name\":\"Markt-XXL\",\"description\":\"Ihr Markt Online\",\"publisher\":{\"@id\":\"https:\\\/\\\/marktxxl.de\\\/markt\\\/#organization\"},\"potentialAction\":[{\"@type\":\"SearchAction\",\"target\":{\"@type\":\"EntryPoint\",\"urlTemplate\":\"https:\\\/\\\/marktxxl.de\\\/markt\\\/?s={search_term_string}\"},\"query-input\":{\"@type\":\"PropertyValueSpecification\",\"valueRequired\":true,\"valueName\":\"search_term_string\"}}],\"inLanguage\":\"de\"},{\"@type\":\"Organization\",\"@id\":\"https:\\\/\\\/marktxxl.de\\\/markt\\\/#organization\",\"name\":\"Markt-XXL\",\"url\":\"https:\\\/\\\/marktxxl.de\\\/markt\\\/\",\"logo\":{\"@type\":\"ImageObject\",\"inLanguage\":\"de\",\"@id\":\"https:\\\/\\\/marktxxl.de\\\/markt\\\/#\\\/schema\\\/logo\\\/image\\\/\",\"url\":\"https:\\\/\\\/marktxxl.de\\\/markt\\\/wp-content\\\/uploads\\\/sites\\\/3\\\/2020\\\/12\\\/logo.png\",\"contentUrl\":\"https:\\\/\\\/marktxxl.de\\\/markt\\\/wp-content\\\/uploads\\\/sites\\\/3\\\/2020\\\/12\\\/logo.png\",\"width\":200,\"height\":70,\"caption\":\"Markt-XXL\"},\"image\":{\"@id\":\"https:\\\/\\\/marktxxl.de\\\/markt\\\/#\\\/schema\\\/logo\\\/image\\\/\"}}]}<\/script>\n<!-- \/ Yoast SEO plugin. -->","yoast_head_json":{"title":"FALKE Unisex Kinder SK2 Skisocken Wolle Schwarz Blau viele weitere Farben Dicke verst\u00e4rkte Skistr\u00fcmpfe ohne Muster mit\u2026 - Markt-XXL","description":"Markt-XXL FALKE Unisex Kinder SK2 Skisocken Wolle Schwarz Blau viele weitere Farben Dicke verst\u00e4rkte Skistr\u00fcmpfe ohne Muster mit\u2026","robots":{"index":"index","follow":"follow","max-snippet":"max-snippet:-1","max-image-preview":"max-image-preview:large","max-video-preview":"max-video-preview:-1"},"canonical":"https:\/\/marktxxl.de\/markt\/produkt\/falke-unisex-kinder-sk2-skisocken-wolle-schwarz-blau-viele-weitere-farben-dicke-verstaerkte-skistruempfe-ohne-muster-mit-mittelstarker-polsterung-kniehoch-bunt-warm-zum-skifahren-1-paar\/","og_locale":"de_DE","og_type":"article","og_title":"FALKE Unisex Kinder SK2 Skisocken Wolle Schwarz Blau viele weitere Farben Dicke verst\u00e4rkte Skistr\u00fcmpfe ohne Muster mit\u2026 - Markt-XXL","og_description":"Markt-XXL FALKE Unisex Kinder SK2 Skisocken Wolle Schwarz Blau viele weitere Farben Dicke verst\u00e4rkte Skistr\u00fcmpfe ohne Muster mit\u2026","og_url":"https:\/\/marktxxl.de\/markt\/produkt\/falke-unisex-kinder-sk2-skisocken-wolle-schwarz-blau-viele-weitere-farben-dicke-verstaerkte-skistruempfe-ohne-muster-mit-mittelstarker-polsterung-kniehoch-bunt-warm-zum-skifahren-1-paar\/","og_site_name":"Markt-XXL","article_modified_time":"2023-04-11T03:10:25+00:00","og_image":[{"width":417,"height":500,"url":"https:\/\/m.media-amazon.com\/images\/I\/41g3DQAdhdL._SL500_.jpg","type":"image\/jpeg"}],"twitter_card":"summary_large_image","twitter_misc":{"Gesch\u00e4tzte Lesezeit":"1\u00a0Minute"},"schema":{"@context":"https:\/\/schema.org","@graph":[{"@type":"WebPage","@id":"https:\/\/marktxxl.de\/markt\/produkt\/falke-unisex-kinder-sk2-skisocken-wolle-schwarz-blau-viele-weitere-farben-dicke-verstaerkte-skistruempfe-ohne-muster-mit-mittelstarker-polsterung-kniehoch-bunt-warm-zum-skifahren-1-paar\/","url":"https:\/\/marktxxl.de\/markt\/produkt\/falke-unisex-kinder-sk2-skisocken-wolle-schwarz-blau-viele-weitere-farben-dicke-verstaerkte-skistruempfe-ohne-muster-mit-mittelstarker-polsterung-kniehoch-bunt-warm-zum-skifahren-1-paar\/","name":"FALKE Unisex Kinder SK2 Skisocken Wolle Schwarz Blau viele weitere Farben Dicke verst\u00e4rkte Skistr\u00fcmpfe ohne Muster mit\u2026 - Markt-XXL","isPartOf":{"@id":"https:\/\/marktxxl.de\/markt\/#website"},"primaryImageOfPage":{"@id":"https:\/\/marktxxl.de\/markt\/produkt\/falke-unisex-kinder-sk2-skisocken-wolle-schwarz-blau-viele-weitere-farben-dicke-verstaerkte-skistruempfe-ohne-muster-mit-mittelstarker-polsterung-kniehoch-bunt-warm-zum-skifahren-1-paar\/#primaryimage"},"image":{"@id":"https:\/\/marktxxl.de\/markt\/produkt\/falke-unisex-kinder-sk2-skisocken-wolle-schwarz-blau-viele-weitere-farben-dicke-verstaerkte-skistruempfe-ohne-muster-mit-mittelstarker-polsterung-kniehoch-bunt-warm-zum-skifahren-1-paar\/#primaryimage"},"thumbnailUrl":"https:\/\/m.media-amazon.com\/images\/I\/41g3DQAdhdL._SL500_.jpg","datePublished":"2023-01-10T01:46:10+00:00","dateModified":"2023-04-11T03:10:25+00:00","description":"Markt-XXL FALKE Unisex Kinder SK2 Skisocken Wolle Schwarz Blau viele weitere Farben Dicke verst\u00e4rkte Skistr\u00fcmpfe ohne Muster mit\u2026","breadcrumb":{"@id":"https:\/\/marktxxl.de\/markt\/produkt\/falke-unisex-kinder-sk2-skisocken-wolle-schwarz-blau-viele-weitere-farben-dicke-verstaerkte-skistruempfe-ohne-muster-mit-mittelstarker-polsterung-kniehoch-bunt-warm-zum-skifahren-1-paar\/#breadcrumb"},"inLanguage":"de","potentialAction":[{"@type":"ReadAction","target":["https:\/\/marktxxl.de\/markt\/produkt\/falke-unisex-kinder-sk2-skisocken-wolle-schwarz-blau-viele-weitere-farben-dicke-verstaerkte-skistruempfe-ohne-muster-mit-mittelstarker-polsterung-kniehoch-bunt-warm-zum-skifahren-1-paar\/"]}]},{"@type":"ImageObject","inLanguage":"de","@id":"https:\/\/marktxxl.de\/markt\/produkt\/falke-unisex-kinder-sk2-skisocken-wolle-schwarz-blau-viele-weitere-farben-dicke-verstaerkte-skistruempfe-ohne-muster-mit-mittelstarker-polsterung-kniehoch-bunt-warm-zum-skifahren-1-paar\/#primaryimage","url":"https:\/\/m.media-amazon.com\/images\/I\/41g3DQAdhdL._SL500_.jpg","contentUrl":"https:\/\/m.media-amazon.com\/images\/I\/41g3DQAdhdL._SL500_.jpg","width":417,"height":500},{"@type":"BreadcrumbList","@id":"https:\/\/marktxxl.de\/markt\/produkt\/falke-unisex-kinder-sk2-skisocken-wolle-schwarz-blau-viele-weitere-farben-dicke-verstaerkte-skistruempfe-ohne-muster-mit-mittelstarker-polsterung-kniehoch-bunt-warm-zum-skifahren-1-paar\/#breadcrumb","itemListElement":[{"@type":"ListItem","position":1,"name":"Startseite","item":"https:\/\/marktxxl.de\/markt\/"},{"@type":"ListItem","position":2,"name":"Markt","item":"https:\/\/marktxxl.de\/markt\/"},{"@type":"ListItem","position":3,"name":"FALKE Unisex Kinder SK2 Skisocken Wolle Schwarz Blau viele weitere Farben Dicke verst\u00e4rkte Skistr\u00fcmpfe ohne Muster mit\u2026"}]},{"@type":"WebSite","@id":"https:\/\/marktxxl.de\/markt\/#website","url":"https:\/\/marktxxl.de\/markt\/","name":"Markt-XXL","description":"Ihr Markt Online","publisher":{"@id":"https:\/\/marktxxl.de\/markt\/#organization"},"potentialAction":[{"@type":"SearchAction","target":{"@type":"EntryPoint","urlTemplate":"https:\/\/marktxxl.de\/markt\/?s={search_term_string}"},"query-input":{"@type":"PropertyValueSpecification","valueRequired":true,"valueName":"search_term_string"}}],"inLanguage":"de"},{"@type":"Organization","@id":"https:\/\/marktxxl.de\/markt\/#organization","name":"Markt-XXL","url":"https:\/\/marktxxl.de\/markt\/","logo":{"@type":"ImageObject","inLanguage":"de","@id":"https:\/\/marktxxl.de\/markt\/#\/schema\/logo\/image\/","url":"https:\/\/marktxxl.de\/markt\/wp-content\/uploads\/sites\/3\/2020\/12\/logo.png","contentUrl":"https:\/\/marktxxl.de\/markt\/wp-content\/uploads\/sites\/3\/2020\/12\/logo.png","width":200,"height":70,"caption":"Markt-XXL"},"image":{"@id":"https:\/\/marktxxl.de\/markt\/#\/schema\/logo\/image\/"}}]}},"_links":{"self":[{"href":"https:\/\/marktxxl.de\/markt\/wp-json\/wp\/v2\/product\/179908","targetHints":{"allow":["GET"]}}],"collection":[{"href":"https:\/\/marktxxl.de\/markt\/wp-json\/wp\/v2\/product"}],"about":[{"href":"https:\/\/marktxxl.de\/markt\/wp-json\/wp\/v2\/types\/product"}],"replies":[{"embeddable":true,"href":"https:\/\/marktxxl.de\/markt\/wp-json\/wp\/v2\/comments?post=179908"}],"wp:featuredmedia":[{"embeddable":true,"href":"https:\/\/marktxxl.de\/markt\/wp-json\/wp\/v2\/media\/179909"}],"wp:attachment":[{"href":"https:\/\/marktxxl.de\/markt\/wp-json\/wp\/v2\/media?parent=179908"}],"wp:term":[{"taxonomy":"product_brand","embeddable":true,"href":"https:\/\/marktxxl.de\/markt\/wp-json\/wp\/v2\/product_brand?post=179908"},{"taxonomy":"product_cat","embeddable":true,"href":"https:\/\/marktxxl.de\/markt\/wp-json\/wp\/v2\/product_cat?post=179908"},{"taxonomy":"product_tag","embeddable":true,"href":"https:\/\/marktxxl.de\/markt\/wp-json\/wp\/v2\/product_tag?post=179908"}],"curies":[{"name":"wp","href":"https:\/\/api.w.org\/{rel}","templated":true}]}}