{"id":179820,"date":"2023-01-10T02:23:10","date_gmt":"2023-01-10T01:23:10","guid":{"rendered":"https:\/\/marktxxl.de\/markt\/produkt\/naissance-natuerliches-suesses-mandeloel-nr-215-500ml-vegan-gentechnikfrei-ideal-zur-haar-und-koerperpflege-fuer-aromatherapie-und-als-basisoel-fuer-massageoele\/"},"modified":"2023-04-11T05:10:24","modified_gmt":"2023-04-11T03:10:24","slug":"naissance-natuerliches-suesses-mandeloel-nr-215-500ml-vegan-gentechnikfrei-ideal-zur-haar-und-koerperpflege-fuer-aromatherapie-und-als-basisoel-fuer-massageoele","status":"publish","type":"product","link":"https:\/\/marktxxl.de\/markt\/produkt\/naissance-natuerliches-suesses-mandeloel-nr-215-500ml-vegan-gentechnikfrei-ideal-zur-haar-und-koerperpflege-fuer-aromatherapie-und-als-basisoel-fuer-massageoele\/","title":{"rendered":"Naissance Nat\u00fcrliches S\u00fc\u00dfes Mandel\u00f6l (Nr. 215) 500ml \u2013 Vegan, Gentechnikfrei \u2013 Ideal zur Haar\u2013 und K\u00f6rperpflege, f\u00fcr\u2026"},"content":{"rendered":"<p>\ud83c\udf31 NAT\u00dcRLICHES S\u00dcSSES MANDEL\u00d6L; Ohne k\u00fcnstliche Konservierungs-, Farb- oder Duftstoffe; frei von Chemikalien, Zusatzstoffen und Alkohol<br \/>\n\ud83c\udf31 NACHHALTIGE GEWINNUNG MIT ABF\u00dcLLUNG IN GRO\u00dfBRITANNIEN; Das n\u00e4hrende parf\u00fcmfreie Tr\u00e4ger\u00f6l stammt aus den USA; das \u00d6l wird aus den reifen Samen des Mandelbaums gepresst und raffiniert<br \/>\n\ud83c\udf31 REICH AN VITAMINEN &amp; ESSENTIELLEN FETTS\u00c4UREN; leicht, schnell einziehend und hautberuhigend; unser S\u00fc\u00dfmandel\u00f6l ist reich an Omega-9-Oleins\u00e4ure, die f\u00fcr eine geschmeidige und gesunde Haut sorgt<br \/>\n\ud83d\udc07 TIERVERSUCHSFREI &amp; \ud83c\udf3b VEGAN; unsere nat\u00fcrlichen Inhaltsstoffe werden niemals an Tieren getestet, und alle Produkte werden strengen Qualit\u00e4tstests unterzogen<br \/>\n\ud83c\udf31 VIELSEITIGER NAT\u00dcRLICHER INHALTSSTOFF IN LEBENSMITTELQUALIT\u00c4T; Mandel\u00f6l eignet sich f\u00fcr Haut, Haare, N\u00e4gel, Gesicht, Massage, Aromatherapie, Kochen und f\u00fcr selbstgemachte Sch\u00f6nheitsprodukte<br \/>\n<div class=\"main-cross-sell\" data-asin=\"B004RGOCZM\">\n\n\t<div class=\"WooZone-cross-sell-loader\">\n\t\t<div>\n\t\t\t<div id=\"floatingBarsG\">\n\t\t\t\t<div class=\"blockG\" id=\"rotateG_01\"><\/div>\n\t\t\t\t<div class=\"blockG\" id=\"rotateG_02\"><\/div>\n\t\t\t\t<div class=\"blockG\" id=\"rotateG_03\"><\/div>\n\t\t\t\t<div class=\"blockG\" id=\"rotateG_04\"><\/div>\n\t\t\t\t<div class=\"blockG\" id=\"rotateG_05\"><\/div>\n\t\t\t\t<div class=\"blockG\" id=\"rotateG_06\"><\/div>\n\t\t\t\t<div class=\"blockG\" id=\"rotateG_07\"><\/div>\n\t\t\t\t<div class=\"blockG\" id=\"rotateG_08\"><\/div>\n\t\t\t<\/div>\n\t\t\t<div class=\"WooZone-cross-sell-loader-text\"><\/div>\n\t\t<\/div>\n\t<\/div>\n\n\t\t\n<\/div>\n<div style=\"clear:both;\"><\/div><\/p>\n","protected":false},"excerpt":{"rendered":"<p>\ud83c\udf31 NAT\u00dcRLICHES S\u00dcSSES MANDEL\u00d6L; Ohne k\u00fcnstliche Konservierungs-, Farb- oder Duftstoffe; frei von Chemikalien, Zusatzstoffen und Alkohol<br \/>\n\ud83c\udf31 NACHHALTIGE GEWINNUNG MIT ABF\u00dcLLUNG IN GRO\u00dfBRITANNIEN; Das n\u00e4hrende parf\u00fcmfreie Tr\u00e4ger\u00f6l stammt aus den USA; das \u00d6l wird aus den reifen Samen des Mandelbaums gepresst und raffiniert<br \/>\n\ud83c\udf31 REICH AN VITAMINEN &amp; ESSENTIELLEN FETTS\u00c4UREN; leicht, schnell einziehend und hautberuhigend; unser S\u00fc\u00dfmandel\u00f6l ist reich an Omega-9-Oleins\u00e4ure, die f\u00fcr eine geschmeidige und gesunde Haut sorgt<\/p>\n","protected":false},"featured_media":179821,"comment_status":"open","ping_status":"closed","template":"","meta":[],"product_brand":[],"product_cat":[2858,7067],"product_tag":[],"class_list":{"0":"post-179820","1":"product","2":"type-product","3":"status-publish","4":"has-post-thumbnail","6":"product_cat-beauty","7":"product_cat-hautpflege","8":"pa_binding-badartikel","9":"pa_brand-naissance","10":"pa_color-farblos-bis-blassgelb","11":"pa_height-7-8346456613-zoll","12":"pa_languages-unbekannt-englisch-unbekannt-deutsch-unbekannt-franzoesisch-unbekannt-italienisch-unbekannt-spanisch","13":"pa_length-2-9133858238-zoll","14":"pa_manufacturer-naissance","15":"pa_model-30277","16":"pa_size-500-ml-1er-pack","17":"pa_width-2-9133858238-zoll","19":"first","20":"instock","21":"shipping-taxable","22":"purchasable","23":"product-type-simple","24":"customify-col","25":"product-has-gallery"},"yoast_head":"<!-- This site is optimized with the Yoast SEO plugin v27.3 - https:\/\/yoast.com\/product\/yoast-seo-wordpress\/ -->\n<title>Naissance Nat\u00fcrliches S\u00fc\u00dfes Mandel\u00f6l (Nr. 215) 500ml \u2013 Vegan, Gentechnikfrei \u2013 Ideal zur Haar\u2013 und K\u00f6rperpflege, f\u00fcr\u2026 - Markt-XXL<\/title>\n<meta name=\"description\" content=\"Markt-XXL Naissance Nat\u00fcrliches S\u00fc\u00dfes Mandel\u00f6l (Nr. 215) 500ml \u2013 Vegan, Gentechnikfrei \u2013 Ideal zur Haar\u2013 und K\u00f6rperpflege, f\u00fcr\u2026\" \/>\n<meta name=\"robots\" content=\"index, follow, max-snippet:-1, max-image-preview:large, max-video-preview:-1\" \/>\n<link rel=\"canonical\" href=\"https:\/\/marktxxl.de\/markt\/produkt\/naissance-natuerliches-suesses-mandeloel-nr-215-500ml-vegan-gentechnikfrei-ideal-zur-haar-und-koerperpflege-fuer-aromatherapie-und-als-basisoel-fuer-massageoele\/\" \/>\n<meta property=\"og:locale\" content=\"de_DE\" \/>\n<meta property=\"og:type\" content=\"article\" \/>\n<meta property=\"og:title\" content=\"Naissance Nat\u00fcrliches S\u00fc\u00dfes Mandel\u00f6l (Nr. 215) 500ml \u2013 Vegan, Gentechnikfrei \u2013 Ideal zur Haar\u2013 und K\u00f6rperpflege, f\u00fcr\u2026 - Markt-XXL\" \/>\n<meta property=\"og:description\" content=\"Markt-XXL Naissance Nat\u00fcrliches S\u00fc\u00dfes Mandel\u00f6l (Nr. 215) 500ml \u2013 Vegan, Gentechnikfrei \u2013 Ideal zur Haar\u2013 und K\u00f6rperpflege, f\u00fcr\u2026\" \/>\n<meta property=\"og:url\" content=\"https:\/\/marktxxl.de\/markt\/produkt\/naissance-natuerliches-suesses-mandeloel-nr-215-500ml-vegan-gentechnikfrei-ideal-zur-haar-und-koerperpflege-fuer-aromatherapie-und-als-basisoel-fuer-massageoele\/\" \/>\n<meta property=\"og:site_name\" content=\"Markt-XXL\" \/>\n<meta property=\"article:modified_time\" content=\"2023-04-11T03:10:24+00:00\" \/>\n<meta property=\"og:image\" content=\"https:\/\/m.media-amazon.com\/images\/I\/41ZBxDGf1bL._SL500_.jpg\" \/>\n\t<meta property=\"og:image:width\" content=\"500\" \/>\n\t<meta property=\"og:image:height\" content=\"500\" \/>\n\t<meta property=\"og:image:type\" content=\"image\/jpeg\" \/>\n<meta name=\"twitter:card\" content=\"summary_large_image\" \/>\n<meta name=\"twitter:label1\" content=\"Gesch\u00e4tzte Lesezeit\" \/>\n\t<meta name=\"twitter:data1\" content=\"1\u00a0Minute\" \/>\n<script type=\"application\/ld+json\" class=\"yoast-schema-graph\">{\"@context\":\"https:\\\/\\\/schema.org\",\"@graph\":[{\"@type\":\"WebPage\",\"@id\":\"https:\\\/\\\/marktxxl.de\\\/markt\\\/produkt\\\/naissance-natuerliches-suesses-mandeloel-nr-215-500ml-vegan-gentechnikfrei-ideal-zur-haar-und-koerperpflege-fuer-aromatherapie-und-als-basisoel-fuer-massageoele\\\/\",\"url\":\"https:\\\/\\\/marktxxl.de\\\/markt\\\/produkt\\\/naissance-natuerliches-suesses-mandeloel-nr-215-500ml-vegan-gentechnikfrei-ideal-zur-haar-und-koerperpflege-fuer-aromatherapie-und-als-basisoel-fuer-massageoele\\\/\",\"name\":\"Naissance Nat\u00fcrliches S\u00fc\u00dfes Mandel\u00f6l (Nr. 215) 500ml \u2013 Vegan, Gentechnikfrei \u2013 Ideal zur Haar\u2013 und K\u00f6rperpflege, f\u00fcr\u2026 - Markt-XXL\",\"isPartOf\":{\"@id\":\"https:\\\/\\\/marktxxl.de\\\/markt\\\/#website\"},\"primaryImageOfPage\":{\"@id\":\"https:\\\/\\\/marktxxl.de\\\/markt\\\/produkt\\\/naissance-natuerliches-suesses-mandeloel-nr-215-500ml-vegan-gentechnikfrei-ideal-zur-haar-und-koerperpflege-fuer-aromatherapie-und-als-basisoel-fuer-massageoele\\\/#primaryimage\"},\"image\":{\"@id\":\"https:\\\/\\\/marktxxl.de\\\/markt\\\/produkt\\\/naissance-natuerliches-suesses-mandeloel-nr-215-500ml-vegan-gentechnikfrei-ideal-zur-haar-und-koerperpflege-fuer-aromatherapie-und-als-basisoel-fuer-massageoele\\\/#primaryimage\"},\"thumbnailUrl\":\"https:\\\/\\\/m.media-amazon.com\\\/images\\\/I\\\/41ZBxDGf1bL._SL500_.jpg\",\"datePublished\":\"2023-01-10T01:23:10+00:00\",\"dateModified\":\"2023-04-11T03:10:24+00:00\",\"description\":\"Markt-XXL Naissance Nat\u00fcrliches S\u00fc\u00dfes Mandel\u00f6l (Nr. 215) 500ml \u2013 Vegan, Gentechnikfrei \u2013 Ideal zur Haar\u2013 und K\u00f6rperpflege, f\u00fcr\u2026\",\"breadcrumb\":{\"@id\":\"https:\\\/\\\/marktxxl.de\\\/markt\\\/produkt\\\/naissance-natuerliches-suesses-mandeloel-nr-215-500ml-vegan-gentechnikfrei-ideal-zur-haar-und-koerperpflege-fuer-aromatherapie-und-als-basisoel-fuer-massageoele\\\/#breadcrumb\"},\"inLanguage\":\"de\",\"potentialAction\":[{\"@type\":\"ReadAction\",\"target\":[\"https:\\\/\\\/marktxxl.de\\\/markt\\\/produkt\\\/naissance-natuerliches-suesses-mandeloel-nr-215-500ml-vegan-gentechnikfrei-ideal-zur-haar-und-koerperpflege-fuer-aromatherapie-und-als-basisoel-fuer-massageoele\\\/\"]}]},{\"@type\":\"ImageObject\",\"inLanguage\":\"de\",\"@id\":\"https:\\\/\\\/marktxxl.de\\\/markt\\\/produkt\\\/naissance-natuerliches-suesses-mandeloel-nr-215-500ml-vegan-gentechnikfrei-ideal-zur-haar-und-koerperpflege-fuer-aromatherapie-und-als-basisoel-fuer-massageoele\\\/#primaryimage\",\"url\":\"https:\\\/\\\/m.media-amazon.com\\\/images\\\/I\\\/41ZBxDGf1bL._SL500_.jpg\",\"contentUrl\":\"https:\\\/\\\/m.media-amazon.com\\\/images\\\/I\\\/41ZBxDGf1bL._SL500_.jpg\",\"width\":500,\"height\":500},{\"@type\":\"BreadcrumbList\",\"@id\":\"https:\\\/\\\/marktxxl.de\\\/markt\\\/produkt\\\/naissance-natuerliches-suesses-mandeloel-nr-215-500ml-vegan-gentechnikfrei-ideal-zur-haar-und-koerperpflege-fuer-aromatherapie-und-als-basisoel-fuer-massageoele\\\/#breadcrumb\",\"itemListElement\":[{\"@type\":\"ListItem\",\"position\":1,\"name\":\"Startseite\",\"item\":\"https:\\\/\\\/marktxxl.de\\\/markt\\\/\"},{\"@type\":\"ListItem\",\"position\":2,\"name\":\"Markt\",\"item\":\"https:\\\/\\\/marktxxl.de\\\/markt\\\/\"},{\"@type\":\"ListItem\",\"position\":3,\"name\":\"Naissance Nat\u00fcrliches S\u00fc\u00dfes Mandel\u00f6l (Nr. 215) 500ml \u2013 Vegan, Gentechnikfrei \u2013 Ideal zur Haar\u2013 und K\u00f6rperpflege, f\u00fcr\u2026\"}]},{\"@type\":\"WebSite\",\"@id\":\"https:\\\/\\\/marktxxl.de\\\/markt\\\/#website\",\"url\":\"https:\\\/\\\/marktxxl.de\\\/markt\\\/\",\"name\":\"Markt-XXL\",\"description\":\"Ihr Markt Online\",\"publisher\":{\"@id\":\"https:\\\/\\\/marktxxl.de\\\/markt\\\/#organization\"},\"potentialAction\":[{\"@type\":\"SearchAction\",\"target\":{\"@type\":\"EntryPoint\",\"urlTemplate\":\"https:\\\/\\\/marktxxl.de\\\/markt\\\/?s={search_term_string}\"},\"query-input\":{\"@type\":\"PropertyValueSpecification\",\"valueRequired\":true,\"valueName\":\"search_term_string\"}}],\"inLanguage\":\"de\"},{\"@type\":\"Organization\",\"@id\":\"https:\\\/\\\/marktxxl.de\\\/markt\\\/#organization\",\"name\":\"Markt-XXL\",\"url\":\"https:\\\/\\\/marktxxl.de\\\/markt\\\/\",\"logo\":{\"@type\":\"ImageObject\",\"inLanguage\":\"de\",\"@id\":\"https:\\\/\\\/marktxxl.de\\\/markt\\\/#\\\/schema\\\/logo\\\/image\\\/\",\"url\":\"https:\\\/\\\/marktxxl.de\\\/markt\\\/wp-content\\\/uploads\\\/sites\\\/3\\\/2020\\\/12\\\/logo.png\",\"contentUrl\":\"https:\\\/\\\/marktxxl.de\\\/markt\\\/wp-content\\\/uploads\\\/sites\\\/3\\\/2020\\\/12\\\/logo.png\",\"width\":200,\"height\":70,\"caption\":\"Markt-XXL\"},\"image\":{\"@id\":\"https:\\\/\\\/marktxxl.de\\\/markt\\\/#\\\/schema\\\/logo\\\/image\\\/\"}}]}<\/script>\n<!-- \/ Yoast SEO plugin. -->","yoast_head_json":{"title":"Naissance Nat\u00fcrliches S\u00fc\u00dfes Mandel\u00f6l (Nr. 215) 500ml \u2013 Vegan, Gentechnikfrei \u2013 Ideal zur Haar\u2013 und K\u00f6rperpflege, f\u00fcr\u2026 - Markt-XXL","description":"Markt-XXL Naissance Nat\u00fcrliches S\u00fc\u00dfes Mandel\u00f6l (Nr. 215) 500ml \u2013 Vegan, Gentechnikfrei \u2013 Ideal zur Haar\u2013 und K\u00f6rperpflege, f\u00fcr\u2026","robots":{"index":"index","follow":"follow","max-snippet":"max-snippet:-1","max-image-preview":"max-image-preview:large","max-video-preview":"max-video-preview:-1"},"canonical":"https:\/\/marktxxl.de\/markt\/produkt\/naissance-natuerliches-suesses-mandeloel-nr-215-500ml-vegan-gentechnikfrei-ideal-zur-haar-und-koerperpflege-fuer-aromatherapie-und-als-basisoel-fuer-massageoele\/","og_locale":"de_DE","og_type":"article","og_title":"Naissance Nat\u00fcrliches S\u00fc\u00dfes Mandel\u00f6l (Nr. 215) 500ml \u2013 Vegan, Gentechnikfrei \u2013 Ideal zur Haar\u2013 und K\u00f6rperpflege, f\u00fcr\u2026 - Markt-XXL","og_description":"Markt-XXL Naissance Nat\u00fcrliches S\u00fc\u00dfes Mandel\u00f6l (Nr. 215) 500ml \u2013 Vegan, Gentechnikfrei \u2013 Ideal zur Haar\u2013 und K\u00f6rperpflege, f\u00fcr\u2026","og_url":"https:\/\/marktxxl.de\/markt\/produkt\/naissance-natuerliches-suesses-mandeloel-nr-215-500ml-vegan-gentechnikfrei-ideal-zur-haar-und-koerperpflege-fuer-aromatherapie-und-als-basisoel-fuer-massageoele\/","og_site_name":"Markt-XXL","article_modified_time":"2023-04-11T03:10:24+00:00","og_image":[{"width":500,"height":500,"url":"https:\/\/m.media-amazon.com\/images\/I\/41ZBxDGf1bL._SL500_.jpg","type":"image\/jpeg"}],"twitter_card":"summary_large_image","twitter_misc":{"Gesch\u00e4tzte Lesezeit":"1\u00a0Minute"},"schema":{"@context":"https:\/\/schema.org","@graph":[{"@type":"WebPage","@id":"https:\/\/marktxxl.de\/markt\/produkt\/naissance-natuerliches-suesses-mandeloel-nr-215-500ml-vegan-gentechnikfrei-ideal-zur-haar-und-koerperpflege-fuer-aromatherapie-und-als-basisoel-fuer-massageoele\/","url":"https:\/\/marktxxl.de\/markt\/produkt\/naissance-natuerliches-suesses-mandeloel-nr-215-500ml-vegan-gentechnikfrei-ideal-zur-haar-und-koerperpflege-fuer-aromatherapie-und-als-basisoel-fuer-massageoele\/","name":"Naissance Nat\u00fcrliches S\u00fc\u00dfes Mandel\u00f6l (Nr. 215) 500ml \u2013 Vegan, Gentechnikfrei \u2013 Ideal zur Haar\u2013 und K\u00f6rperpflege, f\u00fcr\u2026 - Markt-XXL","isPartOf":{"@id":"https:\/\/marktxxl.de\/markt\/#website"},"primaryImageOfPage":{"@id":"https:\/\/marktxxl.de\/markt\/produkt\/naissance-natuerliches-suesses-mandeloel-nr-215-500ml-vegan-gentechnikfrei-ideal-zur-haar-und-koerperpflege-fuer-aromatherapie-und-als-basisoel-fuer-massageoele\/#primaryimage"},"image":{"@id":"https:\/\/marktxxl.de\/markt\/produkt\/naissance-natuerliches-suesses-mandeloel-nr-215-500ml-vegan-gentechnikfrei-ideal-zur-haar-und-koerperpflege-fuer-aromatherapie-und-als-basisoel-fuer-massageoele\/#primaryimage"},"thumbnailUrl":"https:\/\/m.media-amazon.com\/images\/I\/41ZBxDGf1bL._SL500_.jpg","datePublished":"2023-01-10T01:23:10+00:00","dateModified":"2023-04-11T03:10:24+00:00","description":"Markt-XXL Naissance Nat\u00fcrliches S\u00fc\u00dfes Mandel\u00f6l (Nr. 215) 500ml \u2013 Vegan, Gentechnikfrei \u2013 Ideal zur Haar\u2013 und K\u00f6rperpflege, f\u00fcr\u2026","breadcrumb":{"@id":"https:\/\/marktxxl.de\/markt\/produkt\/naissance-natuerliches-suesses-mandeloel-nr-215-500ml-vegan-gentechnikfrei-ideal-zur-haar-und-koerperpflege-fuer-aromatherapie-und-als-basisoel-fuer-massageoele\/#breadcrumb"},"inLanguage":"de","potentialAction":[{"@type":"ReadAction","target":["https:\/\/marktxxl.de\/markt\/produkt\/naissance-natuerliches-suesses-mandeloel-nr-215-500ml-vegan-gentechnikfrei-ideal-zur-haar-und-koerperpflege-fuer-aromatherapie-und-als-basisoel-fuer-massageoele\/"]}]},{"@type":"ImageObject","inLanguage":"de","@id":"https:\/\/marktxxl.de\/markt\/produkt\/naissance-natuerliches-suesses-mandeloel-nr-215-500ml-vegan-gentechnikfrei-ideal-zur-haar-und-koerperpflege-fuer-aromatherapie-und-als-basisoel-fuer-massageoele\/#primaryimage","url":"https:\/\/m.media-amazon.com\/images\/I\/41ZBxDGf1bL._SL500_.jpg","contentUrl":"https:\/\/m.media-amazon.com\/images\/I\/41ZBxDGf1bL._SL500_.jpg","width":500,"height":500},{"@type":"BreadcrumbList","@id":"https:\/\/marktxxl.de\/markt\/produkt\/naissance-natuerliches-suesses-mandeloel-nr-215-500ml-vegan-gentechnikfrei-ideal-zur-haar-und-koerperpflege-fuer-aromatherapie-und-als-basisoel-fuer-massageoele\/#breadcrumb","itemListElement":[{"@type":"ListItem","position":1,"name":"Startseite","item":"https:\/\/marktxxl.de\/markt\/"},{"@type":"ListItem","position":2,"name":"Markt","item":"https:\/\/marktxxl.de\/markt\/"},{"@type":"ListItem","position":3,"name":"Naissance Nat\u00fcrliches S\u00fc\u00dfes Mandel\u00f6l (Nr. 215) 500ml \u2013 Vegan, Gentechnikfrei \u2013 Ideal zur Haar\u2013 und K\u00f6rperpflege, f\u00fcr\u2026"}]},{"@type":"WebSite","@id":"https:\/\/marktxxl.de\/markt\/#website","url":"https:\/\/marktxxl.de\/markt\/","name":"Markt-XXL","description":"Ihr Markt Online","publisher":{"@id":"https:\/\/marktxxl.de\/markt\/#organization"},"potentialAction":[{"@type":"SearchAction","target":{"@type":"EntryPoint","urlTemplate":"https:\/\/marktxxl.de\/markt\/?s={search_term_string}"},"query-input":{"@type":"PropertyValueSpecification","valueRequired":true,"valueName":"search_term_string"}}],"inLanguage":"de"},{"@type":"Organization","@id":"https:\/\/marktxxl.de\/markt\/#organization","name":"Markt-XXL","url":"https:\/\/marktxxl.de\/markt\/","logo":{"@type":"ImageObject","inLanguage":"de","@id":"https:\/\/marktxxl.de\/markt\/#\/schema\/logo\/image\/","url":"https:\/\/marktxxl.de\/markt\/wp-content\/uploads\/sites\/3\/2020\/12\/logo.png","contentUrl":"https:\/\/marktxxl.de\/markt\/wp-content\/uploads\/sites\/3\/2020\/12\/logo.png","width":200,"height":70,"caption":"Markt-XXL"},"image":{"@id":"https:\/\/marktxxl.de\/markt\/#\/schema\/logo\/image\/"}}]}},"_links":{"self":[{"href":"https:\/\/marktxxl.de\/markt\/wp-json\/wp\/v2\/product\/179820","targetHints":{"allow":["GET"]}}],"collection":[{"href":"https:\/\/marktxxl.de\/markt\/wp-json\/wp\/v2\/product"}],"about":[{"href":"https:\/\/marktxxl.de\/markt\/wp-json\/wp\/v2\/types\/product"}],"replies":[{"embeddable":true,"href":"https:\/\/marktxxl.de\/markt\/wp-json\/wp\/v2\/comments?post=179820"}],"wp:featuredmedia":[{"embeddable":true,"href":"https:\/\/marktxxl.de\/markt\/wp-json\/wp\/v2\/media\/179821"}],"wp:attachment":[{"href":"https:\/\/marktxxl.de\/markt\/wp-json\/wp\/v2\/media?parent=179820"}],"wp:term":[{"taxonomy":"product_brand","embeddable":true,"href":"https:\/\/marktxxl.de\/markt\/wp-json\/wp\/v2\/product_brand?post=179820"},{"taxonomy":"product_cat","embeddable":true,"href":"https:\/\/marktxxl.de\/markt\/wp-json\/wp\/v2\/product_cat?post=179820"},{"taxonomy":"product_tag","embeddable":true,"href":"https:\/\/marktxxl.de\/markt\/wp-json\/wp\/v2\/product_tag?post=179820"}],"curies":[{"name":"wp","href":"https:\/\/api.w.org\/{rel}","templated":true}]}}