{"id":179788,"date":"2023-01-10T02:22:49","date_gmt":"2023-01-10T01:22:49","guid":{"rendered":"https:\/\/marktxxl.de\/markt\/produkt\/augenpads-eye-mask-hyaluronsaeure-collagen-eye-pads-gegen-augenringe-traenensaecke-falten-dunkle-kreise-puffiness-eye-patch-hydrogel-augenpads-anti-aging-augen-pads-mit-kuehlend-feuchtigkeit\/"},"modified":"2023-04-10T05:20:20","modified_gmt":"2023-04-10T03:20:20","slug":"augenpads-eye-mask-hyaluronsaeure-collagen-eye-pads-gegen-augenringe-traenensaecke-falten-dunkle-kreise-puffiness-eye-patch-hydrogel-augenpads-anti-aging-augen-pads-mit-kuehlend-feuchtigkeit","status":"publish","type":"product","link":"https:\/\/marktxxl.de\/markt\/produkt\/augenpads-eye-mask-hyaluronsaeure-collagen-eye-pads-gegen-augenringe-traenensaecke-falten-dunkle-kreise-puffiness-eye-patch-hydrogel-augenpads-anti-aging-augen-pads-mit-kuehlend-feuchtigkeit\/","title":{"rendered":"Augenpads Eye Mask Hyalurons\u00e4ure Collagen &#8211; Eye Pads gegen Augenringe Tr\u00e4nens\u00e4cke Falten Dunkle Kreise &amp; Puffiness, Eye\u2026"},"content":{"rendered":"<p>\ud83c\udf0a[ Aus 100% Sicheren und Wirksamen Inhaltsstoffen ]: Unsere Augenpads sind reich an Hyalurons\u00e4ure und Kollagen mit Pearly-Puder und Blaubeerextrakten, wurden in einer sterilen Umgebung hergestellt. Hohe Qualit\u00e4tssicherung zur L\u00f6sung aller Arten von Ihren Auge Problemen. Die feine Verarbeitung garantiert gute Abdichtung ohne Auslaufen, h\u00e4lt die Augenpads frisch und guten Geruch.<br \/>\n\ud83c\udf0a[ Anti Alterung und Antioxidantien Tiefenhydratation ]: Eye Masks sind reich an Hyaluronic &amp; Collagen mit Pearly-Puder, Blaubeerextrakten und Aloe, k\u00f6nnen die Fl\u00fcssigkeitszufuhr und die Feuchtigkeitsversorgung Ihrer Augenpartie unterst\u00fctzen, und gegen Oxidation und Melanin. Hydro Boost Starke Feuchtigkeitsspendend f\u00fcr die Augenpartie, F\u00f6rdert die Verj\u00fcngung der Hautzellen &amp; Vertreibt sch\u00e4dliche Giftstoffe, Erh\u00f6ht die Hautfestigkeit und Elastizit\u00e4t.<br \/>\n\ud83c\udf0a\u00a0[ Anti-Falten, Gegen Augenringe Tr\u00e4nens\u00e4cke Falten Dunkle Kreise &amp; Puffiness ]: Mit der verbesserten Formel wurde nachgewiesen, dass die Eye Pads Ihre Augen Probleme l\u00f6sen k\u00f6nnen &#8211; Gl\u00e4ttet Ihre feine Linien und Augenfalten, verbessert Ihre Tr\u00e4nens\u00e4cke, reduziert Augenringe, Schwellungen und Taschen unter den Augen, vertreibt sch\u00e4dliche Giftstoffe, verbessert der Melaninpigmentierung, h\u00e4lt die Augen strahlender und j\u00fcnger nat\u00fcrlich auf.<br \/>\n\ud83c\udf0a[ Geeignet f\u00fcr Alle Hauttypen, alle Personen ]: Wir verwenden Pads mit der richtigen Dicke, verwenden die genau zu Augenform passende Padform. Unsere Hyalurons\u00e4ure Collagen Augenpads Eye Mask eignen sich nicht nur f\u00fcr die periokulare Haut, sondern auch f\u00fcr Dekret, Nackenfalten, Wangen, Kinn und Stirn. Sie eignet sich f\u00fcr alle Hauttypen, auch f\u00fcr empfindliche Haut , f\u00fcr Mann und Frau.<br \/>\n\ud83c\udf0a\u00a0[ 100% zufriedenstellende Qualit\u00e4tssicherung ]: Es gibt genug Essenz im Box, um sicherzustellen, dass jede Eye Pad sehr feucht ist. Wir bieten 100% Erstattung oder erneute Auslieferung eines brandneuen Produkts an, wenn das Produkt ein Problem hat. Kaufen Sie es ohne Sorgen! Jede Frage haben, z\u00f6gern Sie sich nicht uns zu kontaktieren!<br \/>\n<div class=\"main-cross-sell\" data-asin=\"B09BTHGNNF\">\n\n\t<div class=\"WooZone-cross-sell-loader\">\n\t\t<div>\n\t\t\t<div id=\"floatingBarsG\">\n\t\t\t\t<div class=\"blockG\" id=\"rotateG_01\"><\/div>\n\t\t\t\t<div class=\"blockG\" id=\"rotateG_02\"><\/div>\n\t\t\t\t<div class=\"blockG\" id=\"rotateG_03\"><\/div>\n\t\t\t\t<div class=\"blockG\" id=\"rotateG_04\"><\/div>\n\t\t\t\t<div class=\"blockG\" id=\"rotateG_05\"><\/div>\n\t\t\t\t<div class=\"blockG\" id=\"rotateG_06\"><\/div>\n\t\t\t\t<div class=\"blockG\" id=\"rotateG_07\"><\/div>\n\t\t\t\t<div class=\"blockG\" id=\"rotateG_08\"><\/div>\n\t\t\t<\/div>\n\t\t\t<div class=\"WooZone-cross-sell-loader-text\"><\/div>\n\t\t<\/div>\n\t<\/div>\n\n\t\t\n<\/div>\n<div style=\"clear:both;\"><\/div><\/p>\n","protected":false},"excerpt":{"rendered":"<p>\ud83c\udf0a[ Aus 100% Sicheren und Wirksamen Inhaltsstoffen ]: Unsere Augenpads sind reich an Hyalurons\u00e4ure und Kollagen mit Pearly-Puder und Blaubeerextrakten, wurden in einer sterilen Umgebung hergestellt. Hohe Qualit\u00e4tssicherung zur L\u00f6sung aller Arten von Ihren Auge Problemen. Die feine Verarbeitung garantiert gute Abdichtung ohne Auslaufen, h\u00e4lt die Augenpads frisch und guten Geruch.<br \/>\n\ud83c\udf0a[ Anti Alterung und Antioxidantien Tiefenhydratation ]: Eye Masks sind reich an Hyaluronic &amp; Collagen mit Pearly-Puder, Blaubeerextrakten und Aloe, k\u00f6nnen die Fl\u00fcssigkeitszufuhr und die Feuchtigkeitsversorgung Ihrer Augenpartie unterst\u00fctzen, und gegen Oxidation und Melanin. Hydro Boost Starke Feuchtigkeitsspendend f\u00fcr die Augenpartie, F\u00f6rdert die Verj\u00fcngung der Hautzellen &amp; Vertreibt sch\u00e4dliche Giftstoffe, Erh\u00f6ht die Hautfestigkeit und Elastizit\u00e4t.<br \/>\n\ud83c\udf0a\u00a0[ Anti-Falten, Gegen Augenringe Tr\u00e4nens\u00e4cke Falten Dunkle Kreise &amp; Puffiness ]: Mit der verbesserten Formel wurde nachgewiesen, dass die Eye Pads Ihre Augen Probleme l\u00f6sen k\u00f6nnen &#8211; Gl\u00e4ttet Ihre feine Linien und Augenfalten, verbessert Ihre Tr\u00e4nens\u00e4cke, reduziert Augenringe, Schwellungen und Taschen unter den Augen, vertreibt sch\u00e4dliche Giftstoffe, verbessert der Melaninpigmentierung, h\u00e4lt die Augen strahlender und j\u00fcnger nat\u00fcrlich auf.<\/p>\n","protected":false},"featured_media":179789,"comment_status":"open","ping_status":"closed","template":"","meta":[],"product_brand":[],"product_cat":[2858,7067],"product_tag":[],"class_list":{"0":"post-179788","1":"product","2":"type-product","3":"status-publish","4":"has-post-thumbnail","6":"product_cat-beauty","7":"product_cat-hautpflege","8":"pa_brand-cusmay","9":"pa_color-augenpads","10":"pa_manufacturer-cusmay","11":"pa_size-60-stueck-1er-pack","13":"first","14":"instock","15":"shipping-taxable","16":"purchasable","17":"product-type-simple","18":"customify-col","19":"product-has-gallery"},"yoast_head":"<!-- This site is optimized with the Yoast SEO plugin v27.4 - https:\/\/yoast.com\/product\/yoast-seo-wordpress\/ -->\n<title>Augenpads Eye Mask Hyalurons\u00e4ure Collagen - Eye Pads gegen Augenringe Tr\u00e4nens\u00e4cke Falten Dunkle Kreise &amp; Puffiness, Eye\u2026 - Markt-XXL<\/title>\n<meta name=\"description\" content=\"Markt-XXL Augenpads Eye Mask Hyalurons\u00e4ure Collagen - Eye Pads gegen Augenringe Tr\u00e4nens\u00e4cke Falten Dunkle Kreise &amp; Puffiness, Eye\u2026\" \/>\n<meta name=\"robots\" content=\"index, follow, max-snippet:-1, max-image-preview:large, max-video-preview:-1\" \/>\n<link rel=\"canonical\" href=\"https:\/\/marktxxl.de\/markt\/produkt\/augenpads-eye-mask-hyaluronsaeure-collagen-eye-pads-gegen-augenringe-traenensaecke-falten-dunkle-kreise-puffiness-eye-patch-hydrogel-augenpads-anti-aging-augen-pads-mit-kuehlend-feuchtigkeit\/\" \/>\n<meta property=\"og:locale\" content=\"de_DE\" \/>\n<meta property=\"og:type\" content=\"article\" \/>\n<meta property=\"og:title\" content=\"Augenpads Eye Mask Hyalurons\u00e4ure Collagen - Eye Pads gegen Augenringe Tr\u00e4nens\u00e4cke Falten Dunkle Kreise &amp; Puffiness, Eye\u2026 - Markt-XXL\" \/>\n<meta property=\"og:description\" content=\"Markt-XXL Augenpads Eye Mask Hyalurons\u00e4ure Collagen - Eye Pads gegen Augenringe Tr\u00e4nens\u00e4cke Falten Dunkle Kreise &amp; Puffiness, Eye\u2026\" \/>\n<meta property=\"og:url\" content=\"https:\/\/marktxxl.de\/markt\/produkt\/augenpads-eye-mask-hyaluronsaeure-collagen-eye-pads-gegen-augenringe-traenensaecke-falten-dunkle-kreise-puffiness-eye-patch-hydrogel-augenpads-anti-aging-augen-pads-mit-kuehlend-feuchtigkeit\/\" \/>\n<meta property=\"og:site_name\" content=\"Markt-XXL\" \/>\n<meta property=\"article:modified_time\" content=\"2023-04-10T03:20:20+00:00\" \/>\n<meta property=\"og:image\" content=\"https:\/\/m.media-amazon.com\/images\/I\/51UMjMTwriL._SL500_.jpg\" \/>\n\t<meta property=\"og:image:width\" content=\"500\" \/>\n\t<meta property=\"og:image:height\" content=\"500\" \/>\n\t<meta property=\"og:image:type\" content=\"image\/jpeg\" \/>\n<meta name=\"twitter:card\" content=\"summary_large_image\" \/>\n<meta name=\"twitter:label1\" content=\"Gesch\u00e4tzte Lesezeit\" \/>\n\t<meta name=\"twitter:data1\" content=\"2\u00a0Minuten\" \/>\n<script type=\"application\/ld+json\" class=\"yoast-schema-graph\">{\"@context\":\"https:\\\/\\\/schema.org\",\"@graph\":[{\"@type\":\"WebPage\",\"@id\":\"https:\\\/\\\/marktxxl.de\\\/markt\\\/produkt\\\/augenpads-eye-mask-hyaluronsaeure-collagen-eye-pads-gegen-augenringe-traenensaecke-falten-dunkle-kreise-puffiness-eye-patch-hydrogel-augenpads-anti-aging-augen-pads-mit-kuehlend-feuchtigkeit\\\/\",\"url\":\"https:\\\/\\\/marktxxl.de\\\/markt\\\/produkt\\\/augenpads-eye-mask-hyaluronsaeure-collagen-eye-pads-gegen-augenringe-traenensaecke-falten-dunkle-kreise-puffiness-eye-patch-hydrogel-augenpads-anti-aging-augen-pads-mit-kuehlend-feuchtigkeit\\\/\",\"name\":\"Augenpads Eye Mask Hyalurons\u00e4ure Collagen - Eye Pads gegen Augenringe Tr\u00e4nens\u00e4cke Falten Dunkle Kreise &amp; Puffiness, Eye\u2026 - Markt-XXL\",\"isPartOf\":{\"@id\":\"https:\\\/\\\/marktxxl.de\\\/markt\\\/#website\"},\"primaryImageOfPage\":{\"@id\":\"https:\\\/\\\/marktxxl.de\\\/markt\\\/produkt\\\/augenpads-eye-mask-hyaluronsaeure-collagen-eye-pads-gegen-augenringe-traenensaecke-falten-dunkle-kreise-puffiness-eye-patch-hydrogel-augenpads-anti-aging-augen-pads-mit-kuehlend-feuchtigkeit\\\/#primaryimage\"},\"image\":{\"@id\":\"https:\\\/\\\/marktxxl.de\\\/markt\\\/produkt\\\/augenpads-eye-mask-hyaluronsaeure-collagen-eye-pads-gegen-augenringe-traenensaecke-falten-dunkle-kreise-puffiness-eye-patch-hydrogel-augenpads-anti-aging-augen-pads-mit-kuehlend-feuchtigkeit\\\/#primaryimage\"},\"thumbnailUrl\":\"https:\\\/\\\/m.media-amazon.com\\\/images\\\/I\\\/51UMjMTwriL._SL500_.jpg\",\"datePublished\":\"2023-01-10T01:22:49+00:00\",\"dateModified\":\"2023-04-10T03:20:20+00:00\",\"description\":\"Markt-XXL Augenpads Eye Mask Hyalurons\u00e4ure Collagen - Eye Pads gegen Augenringe Tr\u00e4nens\u00e4cke Falten Dunkle Kreise &amp; Puffiness, Eye\u2026\",\"breadcrumb\":{\"@id\":\"https:\\\/\\\/marktxxl.de\\\/markt\\\/produkt\\\/augenpads-eye-mask-hyaluronsaeure-collagen-eye-pads-gegen-augenringe-traenensaecke-falten-dunkle-kreise-puffiness-eye-patch-hydrogel-augenpads-anti-aging-augen-pads-mit-kuehlend-feuchtigkeit\\\/#breadcrumb\"},\"inLanguage\":\"de\",\"potentialAction\":[{\"@type\":\"ReadAction\",\"target\":[\"https:\\\/\\\/marktxxl.de\\\/markt\\\/produkt\\\/augenpads-eye-mask-hyaluronsaeure-collagen-eye-pads-gegen-augenringe-traenensaecke-falten-dunkle-kreise-puffiness-eye-patch-hydrogel-augenpads-anti-aging-augen-pads-mit-kuehlend-feuchtigkeit\\\/\"]}]},{\"@type\":\"ImageObject\",\"inLanguage\":\"de\",\"@id\":\"https:\\\/\\\/marktxxl.de\\\/markt\\\/produkt\\\/augenpads-eye-mask-hyaluronsaeure-collagen-eye-pads-gegen-augenringe-traenensaecke-falten-dunkle-kreise-puffiness-eye-patch-hydrogel-augenpads-anti-aging-augen-pads-mit-kuehlend-feuchtigkeit\\\/#primaryimage\",\"url\":\"https:\\\/\\\/m.media-amazon.com\\\/images\\\/I\\\/51UMjMTwriL._SL500_.jpg\",\"contentUrl\":\"https:\\\/\\\/m.media-amazon.com\\\/images\\\/I\\\/51UMjMTwriL._SL500_.jpg\",\"width\":500,\"height\":500},{\"@type\":\"BreadcrumbList\",\"@id\":\"https:\\\/\\\/marktxxl.de\\\/markt\\\/produkt\\\/augenpads-eye-mask-hyaluronsaeure-collagen-eye-pads-gegen-augenringe-traenensaecke-falten-dunkle-kreise-puffiness-eye-patch-hydrogel-augenpads-anti-aging-augen-pads-mit-kuehlend-feuchtigkeit\\\/#breadcrumb\",\"itemListElement\":[{\"@type\":\"ListItem\",\"position\":1,\"name\":\"Startseite\",\"item\":\"https:\\\/\\\/marktxxl.de\\\/markt\\\/\"},{\"@type\":\"ListItem\",\"position\":2,\"name\":\"Markt\",\"item\":\"https:\\\/\\\/marktxxl.de\\\/markt\\\/\"},{\"@type\":\"ListItem\",\"position\":3,\"name\":\"Augenpads Eye Mask Hyalurons\u00e4ure Collagen &#8211; Eye Pads gegen Augenringe Tr\u00e4nens\u00e4cke Falten Dunkle Kreise &amp; Puffiness, Eye\u2026\"}]},{\"@type\":\"WebSite\",\"@id\":\"https:\\\/\\\/marktxxl.de\\\/markt\\\/#website\",\"url\":\"https:\\\/\\\/marktxxl.de\\\/markt\\\/\",\"name\":\"Markt-XXL\",\"description\":\"Ihr Markt Online\",\"publisher\":{\"@id\":\"https:\\\/\\\/marktxxl.de\\\/markt\\\/#organization\"},\"potentialAction\":[{\"@type\":\"SearchAction\",\"target\":{\"@type\":\"EntryPoint\",\"urlTemplate\":\"https:\\\/\\\/marktxxl.de\\\/markt\\\/?s={search_term_string}\"},\"query-input\":{\"@type\":\"PropertyValueSpecification\",\"valueRequired\":true,\"valueName\":\"search_term_string\"}}],\"inLanguage\":\"de\"},{\"@type\":\"Organization\",\"@id\":\"https:\\\/\\\/marktxxl.de\\\/markt\\\/#organization\",\"name\":\"Markt-XXL\",\"url\":\"https:\\\/\\\/marktxxl.de\\\/markt\\\/\",\"logo\":{\"@type\":\"ImageObject\",\"inLanguage\":\"de\",\"@id\":\"https:\\\/\\\/marktxxl.de\\\/markt\\\/#\\\/schema\\\/logo\\\/image\\\/\",\"url\":\"https:\\\/\\\/marktxxl.de\\\/markt\\\/wp-content\\\/uploads\\\/sites\\\/3\\\/2020\\\/12\\\/logo.png\",\"contentUrl\":\"https:\\\/\\\/marktxxl.de\\\/markt\\\/wp-content\\\/uploads\\\/sites\\\/3\\\/2020\\\/12\\\/logo.png\",\"width\":200,\"height\":70,\"caption\":\"Markt-XXL\"},\"image\":{\"@id\":\"https:\\\/\\\/marktxxl.de\\\/markt\\\/#\\\/schema\\\/logo\\\/image\\\/\"}}]}<\/script>\n<!-- \/ Yoast SEO plugin. -->","yoast_head_json":{"title":"Augenpads Eye Mask Hyalurons\u00e4ure Collagen - Eye Pads gegen Augenringe Tr\u00e4nens\u00e4cke Falten Dunkle Kreise &amp; Puffiness, Eye\u2026 - Markt-XXL","description":"Markt-XXL Augenpads Eye Mask Hyalurons\u00e4ure Collagen - Eye Pads gegen Augenringe Tr\u00e4nens\u00e4cke Falten Dunkle Kreise &amp; Puffiness, Eye\u2026","robots":{"index":"index","follow":"follow","max-snippet":"max-snippet:-1","max-image-preview":"max-image-preview:large","max-video-preview":"max-video-preview:-1"},"canonical":"https:\/\/marktxxl.de\/markt\/produkt\/augenpads-eye-mask-hyaluronsaeure-collagen-eye-pads-gegen-augenringe-traenensaecke-falten-dunkle-kreise-puffiness-eye-patch-hydrogel-augenpads-anti-aging-augen-pads-mit-kuehlend-feuchtigkeit\/","og_locale":"de_DE","og_type":"article","og_title":"Augenpads Eye Mask Hyalurons\u00e4ure Collagen - Eye Pads gegen Augenringe Tr\u00e4nens\u00e4cke Falten Dunkle Kreise &amp; Puffiness, Eye\u2026 - Markt-XXL","og_description":"Markt-XXL Augenpads Eye Mask Hyalurons\u00e4ure Collagen - Eye Pads gegen Augenringe Tr\u00e4nens\u00e4cke Falten Dunkle Kreise &amp; Puffiness, Eye\u2026","og_url":"https:\/\/marktxxl.de\/markt\/produkt\/augenpads-eye-mask-hyaluronsaeure-collagen-eye-pads-gegen-augenringe-traenensaecke-falten-dunkle-kreise-puffiness-eye-patch-hydrogel-augenpads-anti-aging-augen-pads-mit-kuehlend-feuchtigkeit\/","og_site_name":"Markt-XXL","article_modified_time":"2023-04-10T03:20:20+00:00","og_image":[{"width":500,"height":500,"url":"https:\/\/m.media-amazon.com\/images\/I\/51UMjMTwriL._SL500_.jpg","type":"image\/jpeg"}],"twitter_card":"summary_large_image","twitter_misc":{"Gesch\u00e4tzte Lesezeit":"2\u00a0Minuten"},"schema":{"@context":"https:\/\/schema.org","@graph":[{"@type":"WebPage","@id":"https:\/\/marktxxl.de\/markt\/produkt\/augenpads-eye-mask-hyaluronsaeure-collagen-eye-pads-gegen-augenringe-traenensaecke-falten-dunkle-kreise-puffiness-eye-patch-hydrogel-augenpads-anti-aging-augen-pads-mit-kuehlend-feuchtigkeit\/","url":"https:\/\/marktxxl.de\/markt\/produkt\/augenpads-eye-mask-hyaluronsaeure-collagen-eye-pads-gegen-augenringe-traenensaecke-falten-dunkle-kreise-puffiness-eye-patch-hydrogel-augenpads-anti-aging-augen-pads-mit-kuehlend-feuchtigkeit\/","name":"Augenpads Eye Mask Hyalurons\u00e4ure Collagen - Eye Pads gegen Augenringe Tr\u00e4nens\u00e4cke Falten Dunkle Kreise &amp; Puffiness, Eye\u2026 - Markt-XXL","isPartOf":{"@id":"https:\/\/marktxxl.de\/markt\/#website"},"primaryImageOfPage":{"@id":"https:\/\/marktxxl.de\/markt\/produkt\/augenpads-eye-mask-hyaluronsaeure-collagen-eye-pads-gegen-augenringe-traenensaecke-falten-dunkle-kreise-puffiness-eye-patch-hydrogel-augenpads-anti-aging-augen-pads-mit-kuehlend-feuchtigkeit\/#primaryimage"},"image":{"@id":"https:\/\/marktxxl.de\/markt\/produkt\/augenpads-eye-mask-hyaluronsaeure-collagen-eye-pads-gegen-augenringe-traenensaecke-falten-dunkle-kreise-puffiness-eye-patch-hydrogel-augenpads-anti-aging-augen-pads-mit-kuehlend-feuchtigkeit\/#primaryimage"},"thumbnailUrl":"https:\/\/m.media-amazon.com\/images\/I\/51UMjMTwriL._SL500_.jpg","datePublished":"2023-01-10T01:22:49+00:00","dateModified":"2023-04-10T03:20:20+00:00","description":"Markt-XXL Augenpads Eye Mask Hyalurons\u00e4ure Collagen - Eye Pads gegen Augenringe Tr\u00e4nens\u00e4cke Falten Dunkle Kreise &amp; Puffiness, Eye\u2026","breadcrumb":{"@id":"https:\/\/marktxxl.de\/markt\/produkt\/augenpads-eye-mask-hyaluronsaeure-collagen-eye-pads-gegen-augenringe-traenensaecke-falten-dunkle-kreise-puffiness-eye-patch-hydrogel-augenpads-anti-aging-augen-pads-mit-kuehlend-feuchtigkeit\/#breadcrumb"},"inLanguage":"de","potentialAction":[{"@type":"ReadAction","target":["https:\/\/marktxxl.de\/markt\/produkt\/augenpads-eye-mask-hyaluronsaeure-collagen-eye-pads-gegen-augenringe-traenensaecke-falten-dunkle-kreise-puffiness-eye-patch-hydrogel-augenpads-anti-aging-augen-pads-mit-kuehlend-feuchtigkeit\/"]}]},{"@type":"ImageObject","inLanguage":"de","@id":"https:\/\/marktxxl.de\/markt\/produkt\/augenpads-eye-mask-hyaluronsaeure-collagen-eye-pads-gegen-augenringe-traenensaecke-falten-dunkle-kreise-puffiness-eye-patch-hydrogel-augenpads-anti-aging-augen-pads-mit-kuehlend-feuchtigkeit\/#primaryimage","url":"https:\/\/m.media-amazon.com\/images\/I\/51UMjMTwriL._SL500_.jpg","contentUrl":"https:\/\/m.media-amazon.com\/images\/I\/51UMjMTwriL._SL500_.jpg","width":500,"height":500},{"@type":"BreadcrumbList","@id":"https:\/\/marktxxl.de\/markt\/produkt\/augenpads-eye-mask-hyaluronsaeure-collagen-eye-pads-gegen-augenringe-traenensaecke-falten-dunkle-kreise-puffiness-eye-patch-hydrogel-augenpads-anti-aging-augen-pads-mit-kuehlend-feuchtigkeit\/#breadcrumb","itemListElement":[{"@type":"ListItem","position":1,"name":"Startseite","item":"https:\/\/marktxxl.de\/markt\/"},{"@type":"ListItem","position":2,"name":"Markt","item":"https:\/\/marktxxl.de\/markt\/"},{"@type":"ListItem","position":3,"name":"Augenpads Eye Mask Hyalurons\u00e4ure Collagen &#8211; Eye Pads gegen Augenringe Tr\u00e4nens\u00e4cke Falten Dunkle Kreise &amp; Puffiness, Eye\u2026"}]},{"@type":"WebSite","@id":"https:\/\/marktxxl.de\/markt\/#website","url":"https:\/\/marktxxl.de\/markt\/","name":"Markt-XXL","description":"Ihr Markt Online","publisher":{"@id":"https:\/\/marktxxl.de\/markt\/#organization"},"potentialAction":[{"@type":"SearchAction","target":{"@type":"EntryPoint","urlTemplate":"https:\/\/marktxxl.de\/markt\/?s={search_term_string}"},"query-input":{"@type":"PropertyValueSpecification","valueRequired":true,"valueName":"search_term_string"}}],"inLanguage":"de"},{"@type":"Organization","@id":"https:\/\/marktxxl.de\/markt\/#organization","name":"Markt-XXL","url":"https:\/\/marktxxl.de\/markt\/","logo":{"@type":"ImageObject","inLanguage":"de","@id":"https:\/\/marktxxl.de\/markt\/#\/schema\/logo\/image\/","url":"https:\/\/marktxxl.de\/markt\/wp-content\/uploads\/sites\/3\/2020\/12\/logo.png","contentUrl":"https:\/\/marktxxl.de\/markt\/wp-content\/uploads\/sites\/3\/2020\/12\/logo.png","width":200,"height":70,"caption":"Markt-XXL"},"image":{"@id":"https:\/\/marktxxl.de\/markt\/#\/schema\/logo\/image\/"}}]}},"_links":{"self":[{"href":"https:\/\/marktxxl.de\/markt\/wp-json\/wp\/v2\/product\/179788","targetHints":{"allow":["GET"]}}],"collection":[{"href":"https:\/\/marktxxl.de\/markt\/wp-json\/wp\/v2\/product"}],"about":[{"href":"https:\/\/marktxxl.de\/markt\/wp-json\/wp\/v2\/types\/product"}],"replies":[{"embeddable":true,"href":"https:\/\/marktxxl.de\/markt\/wp-json\/wp\/v2\/comments?post=179788"}],"wp:featuredmedia":[{"embeddable":true,"href":"https:\/\/marktxxl.de\/markt\/wp-json\/wp\/v2\/media\/179789"}],"wp:attachment":[{"href":"https:\/\/marktxxl.de\/markt\/wp-json\/wp\/v2\/media?parent=179788"}],"wp:term":[{"taxonomy":"product_brand","embeddable":true,"href":"https:\/\/marktxxl.de\/markt\/wp-json\/wp\/v2\/product_brand?post=179788"},{"taxonomy":"product_cat","embeddable":true,"href":"https:\/\/marktxxl.de\/markt\/wp-json\/wp\/v2\/product_cat?post=179788"},{"taxonomy":"product_tag","embeddable":true,"href":"https:\/\/marktxxl.de\/markt\/wp-json\/wp\/v2\/product_tag?post=179788"}],"curies":[{"name":"wp","href":"https:\/\/api.w.org\/{rel}","templated":true}]}}