{"id":179715,"date":"2023-01-10T02:20:18","date_gmt":"2023-01-10T01:20:18","guid":{"rendered":"https:\/\/marktxxl.de\/markt\/produkt\/reisenthel-bottlebag-flaschentasche\/"},"modified":"2023-04-10T05:19:24","modified_gmt":"2023-04-10T03:19:24","slug":"reisenthel-bottlebag-flaschentasche","status":"publish","type":"product","link":"https:\/\/marktxxl.de\/markt\/produkt\/reisenthel-bottlebag-flaschentasche\/","title":{"rendered":"reisenthel bottlebag Flaschentasche"},"content":{"rendered":"<p>Ob f\u00fcr die Party, den Einkauf oder den Weg zum Glascontainer &#8211; mit der Flaschentasche wird der Transport von Flaschen zum Kinderspiel \/ Die Tasche bietet Platz f\u00fcr 9 Flaschen \u00e0 0,75l<br \/>\nPlatzsparend und praktisch: Der Flaschentr\u00e4ger passt ideal in handels\u00fcbliche Fahrradk\u00f6rbe und kann bei Bedarf flach zusammengelegt werden<br \/>\nDie reisenthel Flaschenaufbewahrung ist mit zwei rei\u00dffesten Trageriemen mit Klettband-Kopplung ausgestattet, die f\u00fcr bequemes und sicheres Tragen sorgen<br \/>\nHoher Qualit\u00e4tsstandard: Durch das hochwertige Polyestergewebe ist die Tasche robust und wasserabweisend \/ Die neun separaten F\u00e4cher erm\u00f6glichen einen sto\u00dfgesch\u00fctzten Transport<br \/>\nLieferumfang: 1 x reisenthel bottlebag ZJ7051 mixed dots \/ 9 F\u00e4cher f\u00fcr Flaschen \u00e0 0,75l \/ B 24 x H 28 x T 24 cm \/ Das Bodenma\u00df ist auf handels\u00fcbliche Fahrradk\u00f6rbe zugeschnitten<br \/>\n<div class=\"main-cross-sell\" data-asin=\"B07Q612XFJ\">\n\n\t<div class=\"WooZone-cross-sell-loader\">\n\t\t<div>\n\t\t\t<div id=\"floatingBarsG\">\n\t\t\t\t<div class=\"blockG\" id=\"rotateG_01\"><\/div>\n\t\t\t\t<div class=\"blockG\" id=\"rotateG_02\"><\/div>\n\t\t\t\t<div class=\"blockG\" id=\"rotateG_03\"><\/div>\n\t\t\t\t<div class=\"blockG\" id=\"rotateG_04\"><\/div>\n\t\t\t\t<div class=\"blockG\" id=\"rotateG_05\"><\/div>\n\t\t\t\t<div class=\"blockG\" id=\"rotateG_06\"><\/div>\n\t\t\t\t<div class=\"blockG\" id=\"rotateG_07\"><\/div>\n\t\t\t\t<div class=\"blockG\" id=\"rotateG_08\"><\/div>\n\t\t\t<\/div>\n\t\t\t<div class=\"WooZone-cross-sell-loader-text\"><\/div>\n\t\t<\/div>\n\t<\/div>\n\n\t\t\n<\/div>\n<div style=\"clear:both;\"><\/div><\/p>\n","protected":false},"excerpt":{"rendered":"<p>Ob f\u00fcr die Party, den Einkauf oder den Weg zum Glascontainer &#8211; mit der Flaschentasche wird der Transport von Flaschen zum Kinderspiel \/ Die Tasche bietet Platz f\u00fcr 9 Flaschen \u00e0 0,75l<br \/>\nPlatzsparend und praktisch: Der Flaschentr\u00e4ger passt ideal in handels\u00fcbliche Fahrradk\u00f6rbe und kann bei Bedarf flach zusammengelegt werden<br \/>\nDie reisenthel Flaschenaufbewahrung ist mit zwei rei\u00dffesten Trageriemen mit Klettband-Kopplung ausgestattet, die f\u00fcr bequemes und sicheres Tragen sorgen<\/p>\n","protected":false},"featured_media":179716,"comment_status":"open","ping_status":"closed","template":"","meta":[],"product_brand":[],"product_cat":[1186],"product_tag":[],"class_list":{"0":"post-179715","1":"product","2":"type-product","3":"status-publish","4":"has-post-thumbnail","6":"product_cat-bekleidung","7":"pa_binding-haushaltswaren","8":"pa_brand-reisenthel","9":"pa_color-blau","10":"pa_height-11-02-zoll","11":"pa_length-9-45-zoll","12":"pa_manufacturer-reisenthel","13":"pa_model-zj6038","14":"pa_size-one-size","15":"pa_weight-0-pfund","16":"pa_width-9-45-zoll","18":"first","19":"instock","20":"shipping-taxable","21":"purchasable","22":"product-type-simple","23":"customify-col","24":"product-has-gallery"},"yoast_head":"<!-- This site is optimized with the Yoast SEO plugin v27.3 - https:\/\/yoast.com\/product\/yoast-seo-wordpress\/ -->\n<title>reisenthel bottlebag Flaschentasche - Markt-XXL<\/title>\n<meta name=\"description\" content=\"Markt-XXL reisenthel bottlebag Flaschentasche\" \/>\n<meta name=\"robots\" content=\"index, follow, max-snippet:-1, max-image-preview:large, max-video-preview:-1\" \/>\n<link rel=\"canonical\" href=\"https:\/\/marktxxl.de\/markt\/produkt\/reisenthel-bottlebag-flaschentasche\/\" \/>\n<meta property=\"og:locale\" content=\"de_DE\" \/>\n<meta property=\"og:type\" content=\"article\" \/>\n<meta property=\"og:title\" content=\"reisenthel bottlebag Flaschentasche - Markt-XXL\" \/>\n<meta property=\"og:description\" content=\"Markt-XXL reisenthel bottlebag Flaschentasche\" \/>\n<meta property=\"og:url\" content=\"https:\/\/marktxxl.de\/markt\/produkt\/reisenthel-bottlebag-flaschentasche\/\" \/>\n<meta property=\"og:site_name\" content=\"Markt-XXL\" \/>\n<meta property=\"article:modified_time\" content=\"2023-04-10T03:19:24+00:00\" \/>\n<meta property=\"og:image\" content=\"https:\/\/m.media-amazon.com\/images\/I\/41p1CKeJviL._SL500_.jpg\" \/>\n\t<meta property=\"og:image:width\" content=\"500\" \/>\n\t<meta property=\"og:image:height\" content=\"500\" \/>\n\t<meta property=\"og:image:type\" content=\"image\/jpeg\" \/>\n<meta name=\"twitter:card\" content=\"summary_large_image\" \/>\n<meta name=\"twitter:label1\" content=\"Gesch\u00e4tzte Lesezeit\" \/>\n\t<meta name=\"twitter:data1\" content=\"1\u00a0Minute\" \/>\n<script type=\"application\/ld+json\" class=\"yoast-schema-graph\">{\"@context\":\"https:\\\/\\\/schema.org\",\"@graph\":[{\"@type\":\"WebPage\",\"@id\":\"https:\\\/\\\/marktxxl.de\\\/markt\\\/produkt\\\/reisenthel-bottlebag-flaschentasche\\\/\",\"url\":\"https:\\\/\\\/marktxxl.de\\\/markt\\\/produkt\\\/reisenthel-bottlebag-flaschentasche\\\/\",\"name\":\"reisenthel bottlebag Flaschentasche - Markt-XXL\",\"isPartOf\":{\"@id\":\"https:\\\/\\\/marktxxl.de\\\/markt\\\/#website\"},\"primaryImageOfPage\":{\"@id\":\"https:\\\/\\\/marktxxl.de\\\/markt\\\/produkt\\\/reisenthel-bottlebag-flaschentasche\\\/#primaryimage\"},\"image\":{\"@id\":\"https:\\\/\\\/marktxxl.de\\\/markt\\\/produkt\\\/reisenthel-bottlebag-flaschentasche\\\/#primaryimage\"},\"thumbnailUrl\":\"https:\\\/\\\/m.media-amazon.com\\\/images\\\/I\\\/41p1CKeJviL._SL500_.jpg\",\"datePublished\":\"2023-01-10T01:20:18+00:00\",\"dateModified\":\"2023-04-10T03:19:24+00:00\",\"description\":\"Markt-XXL reisenthel bottlebag Flaschentasche\",\"breadcrumb\":{\"@id\":\"https:\\\/\\\/marktxxl.de\\\/markt\\\/produkt\\\/reisenthel-bottlebag-flaschentasche\\\/#breadcrumb\"},\"inLanguage\":\"de\",\"potentialAction\":[{\"@type\":\"ReadAction\",\"target\":[\"https:\\\/\\\/marktxxl.de\\\/markt\\\/produkt\\\/reisenthel-bottlebag-flaschentasche\\\/\"]}]},{\"@type\":\"ImageObject\",\"inLanguage\":\"de\",\"@id\":\"https:\\\/\\\/marktxxl.de\\\/markt\\\/produkt\\\/reisenthel-bottlebag-flaschentasche\\\/#primaryimage\",\"url\":\"https:\\\/\\\/m.media-amazon.com\\\/images\\\/I\\\/41p1CKeJviL._SL500_.jpg\",\"contentUrl\":\"https:\\\/\\\/m.media-amazon.com\\\/images\\\/I\\\/41p1CKeJviL._SL500_.jpg\",\"width\":500,\"height\":500},{\"@type\":\"BreadcrumbList\",\"@id\":\"https:\\\/\\\/marktxxl.de\\\/markt\\\/produkt\\\/reisenthel-bottlebag-flaschentasche\\\/#breadcrumb\",\"itemListElement\":[{\"@type\":\"ListItem\",\"position\":1,\"name\":\"Startseite\",\"item\":\"https:\\\/\\\/marktxxl.de\\\/markt\\\/\"},{\"@type\":\"ListItem\",\"position\":2,\"name\":\"Markt\",\"item\":\"https:\\\/\\\/marktxxl.de\\\/markt\\\/\"},{\"@type\":\"ListItem\",\"position\":3,\"name\":\"reisenthel bottlebag Flaschentasche\"}]},{\"@type\":\"WebSite\",\"@id\":\"https:\\\/\\\/marktxxl.de\\\/markt\\\/#website\",\"url\":\"https:\\\/\\\/marktxxl.de\\\/markt\\\/\",\"name\":\"Markt-XXL\",\"description\":\"Ihr Markt Online\",\"publisher\":{\"@id\":\"https:\\\/\\\/marktxxl.de\\\/markt\\\/#organization\"},\"potentialAction\":[{\"@type\":\"SearchAction\",\"target\":{\"@type\":\"EntryPoint\",\"urlTemplate\":\"https:\\\/\\\/marktxxl.de\\\/markt\\\/?s={search_term_string}\"},\"query-input\":{\"@type\":\"PropertyValueSpecification\",\"valueRequired\":true,\"valueName\":\"search_term_string\"}}],\"inLanguage\":\"de\"},{\"@type\":\"Organization\",\"@id\":\"https:\\\/\\\/marktxxl.de\\\/markt\\\/#organization\",\"name\":\"Markt-XXL\",\"url\":\"https:\\\/\\\/marktxxl.de\\\/markt\\\/\",\"logo\":{\"@type\":\"ImageObject\",\"inLanguage\":\"de\",\"@id\":\"https:\\\/\\\/marktxxl.de\\\/markt\\\/#\\\/schema\\\/logo\\\/image\\\/\",\"url\":\"https:\\\/\\\/marktxxl.de\\\/markt\\\/wp-content\\\/uploads\\\/sites\\\/3\\\/2020\\\/12\\\/logo.png\",\"contentUrl\":\"https:\\\/\\\/marktxxl.de\\\/markt\\\/wp-content\\\/uploads\\\/sites\\\/3\\\/2020\\\/12\\\/logo.png\",\"width\":200,\"height\":70,\"caption\":\"Markt-XXL\"},\"image\":{\"@id\":\"https:\\\/\\\/marktxxl.de\\\/markt\\\/#\\\/schema\\\/logo\\\/image\\\/\"}}]}<\/script>\n<!-- \/ Yoast SEO plugin. -->","yoast_head_json":{"title":"reisenthel bottlebag Flaschentasche - Markt-XXL","description":"Markt-XXL reisenthel bottlebag Flaschentasche","robots":{"index":"index","follow":"follow","max-snippet":"max-snippet:-1","max-image-preview":"max-image-preview:large","max-video-preview":"max-video-preview:-1"},"canonical":"https:\/\/marktxxl.de\/markt\/produkt\/reisenthel-bottlebag-flaschentasche\/","og_locale":"de_DE","og_type":"article","og_title":"reisenthel bottlebag Flaschentasche - Markt-XXL","og_description":"Markt-XXL reisenthel bottlebag Flaschentasche","og_url":"https:\/\/marktxxl.de\/markt\/produkt\/reisenthel-bottlebag-flaschentasche\/","og_site_name":"Markt-XXL","article_modified_time":"2023-04-10T03:19:24+00:00","og_image":[{"width":500,"height":500,"url":"https:\/\/m.media-amazon.com\/images\/I\/41p1CKeJviL._SL500_.jpg","type":"image\/jpeg"}],"twitter_card":"summary_large_image","twitter_misc":{"Gesch\u00e4tzte Lesezeit":"1\u00a0Minute"},"schema":{"@context":"https:\/\/schema.org","@graph":[{"@type":"WebPage","@id":"https:\/\/marktxxl.de\/markt\/produkt\/reisenthel-bottlebag-flaschentasche\/","url":"https:\/\/marktxxl.de\/markt\/produkt\/reisenthel-bottlebag-flaschentasche\/","name":"reisenthel bottlebag Flaschentasche - Markt-XXL","isPartOf":{"@id":"https:\/\/marktxxl.de\/markt\/#website"},"primaryImageOfPage":{"@id":"https:\/\/marktxxl.de\/markt\/produkt\/reisenthel-bottlebag-flaschentasche\/#primaryimage"},"image":{"@id":"https:\/\/marktxxl.de\/markt\/produkt\/reisenthel-bottlebag-flaschentasche\/#primaryimage"},"thumbnailUrl":"https:\/\/m.media-amazon.com\/images\/I\/41p1CKeJviL._SL500_.jpg","datePublished":"2023-01-10T01:20:18+00:00","dateModified":"2023-04-10T03:19:24+00:00","description":"Markt-XXL reisenthel bottlebag Flaschentasche","breadcrumb":{"@id":"https:\/\/marktxxl.de\/markt\/produkt\/reisenthel-bottlebag-flaschentasche\/#breadcrumb"},"inLanguage":"de","potentialAction":[{"@type":"ReadAction","target":["https:\/\/marktxxl.de\/markt\/produkt\/reisenthel-bottlebag-flaschentasche\/"]}]},{"@type":"ImageObject","inLanguage":"de","@id":"https:\/\/marktxxl.de\/markt\/produkt\/reisenthel-bottlebag-flaschentasche\/#primaryimage","url":"https:\/\/m.media-amazon.com\/images\/I\/41p1CKeJviL._SL500_.jpg","contentUrl":"https:\/\/m.media-amazon.com\/images\/I\/41p1CKeJviL._SL500_.jpg","width":500,"height":500},{"@type":"BreadcrumbList","@id":"https:\/\/marktxxl.de\/markt\/produkt\/reisenthel-bottlebag-flaschentasche\/#breadcrumb","itemListElement":[{"@type":"ListItem","position":1,"name":"Startseite","item":"https:\/\/marktxxl.de\/markt\/"},{"@type":"ListItem","position":2,"name":"Markt","item":"https:\/\/marktxxl.de\/markt\/"},{"@type":"ListItem","position":3,"name":"reisenthel bottlebag Flaschentasche"}]},{"@type":"WebSite","@id":"https:\/\/marktxxl.de\/markt\/#website","url":"https:\/\/marktxxl.de\/markt\/","name":"Markt-XXL","description":"Ihr Markt Online","publisher":{"@id":"https:\/\/marktxxl.de\/markt\/#organization"},"potentialAction":[{"@type":"SearchAction","target":{"@type":"EntryPoint","urlTemplate":"https:\/\/marktxxl.de\/markt\/?s={search_term_string}"},"query-input":{"@type":"PropertyValueSpecification","valueRequired":true,"valueName":"search_term_string"}}],"inLanguage":"de"},{"@type":"Organization","@id":"https:\/\/marktxxl.de\/markt\/#organization","name":"Markt-XXL","url":"https:\/\/marktxxl.de\/markt\/","logo":{"@type":"ImageObject","inLanguage":"de","@id":"https:\/\/marktxxl.de\/markt\/#\/schema\/logo\/image\/","url":"https:\/\/marktxxl.de\/markt\/wp-content\/uploads\/sites\/3\/2020\/12\/logo.png","contentUrl":"https:\/\/marktxxl.de\/markt\/wp-content\/uploads\/sites\/3\/2020\/12\/logo.png","width":200,"height":70,"caption":"Markt-XXL"},"image":{"@id":"https:\/\/marktxxl.de\/markt\/#\/schema\/logo\/image\/"}}]}},"_links":{"self":[{"href":"https:\/\/marktxxl.de\/markt\/wp-json\/wp\/v2\/product\/179715","targetHints":{"allow":["GET"]}}],"collection":[{"href":"https:\/\/marktxxl.de\/markt\/wp-json\/wp\/v2\/product"}],"about":[{"href":"https:\/\/marktxxl.de\/markt\/wp-json\/wp\/v2\/types\/product"}],"replies":[{"embeddable":true,"href":"https:\/\/marktxxl.de\/markt\/wp-json\/wp\/v2\/comments?post=179715"}],"wp:featuredmedia":[{"embeddable":true,"href":"https:\/\/marktxxl.de\/markt\/wp-json\/wp\/v2\/media\/179716"}],"wp:attachment":[{"href":"https:\/\/marktxxl.de\/markt\/wp-json\/wp\/v2\/media?parent=179715"}],"wp:term":[{"taxonomy":"product_brand","embeddable":true,"href":"https:\/\/marktxxl.de\/markt\/wp-json\/wp\/v2\/product_brand?post=179715"},{"taxonomy":"product_cat","embeddable":true,"href":"https:\/\/marktxxl.de\/markt\/wp-json\/wp\/v2\/product_cat?post=179715"},{"taxonomy":"product_tag","embeddable":true,"href":"https:\/\/marktxxl.de\/markt\/wp-json\/wp\/v2\/product_tag?post=179715"}],"curies":[{"name":"wp","href":"https:\/\/api.w.org\/{rel}","templated":true}]}}