{"id":178938,"date":"2023-01-10T00:01:13","date_gmt":"2023-01-09T23:01:13","guid":{"rendered":"https:\/\/marktxxl.de\/markt\/produkt\/garagenhaken-robust-12-stueck-aus-stahl-fuer-garage-aufbewahrungshaken-wandhalterung-garagenaufhaenger-organizer-fuer-die-organisation-von-elektrowerkzeugen-leitern-fahrraedern-seilen-e\/"},"modified":"2023-04-11T05:08:18","modified_gmt":"2023-04-11T03:08:18","slug":"garagenhaken-robust-12-stueck-aus-stahl-fuer-garage-aufbewahrungshaken-wandhalterung-garagenaufhaenger-organizer-fuer-die-organisation-von-elektrowerkzeugen-leitern-fahrraedern-seilen-e","status":"publish","type":"product","link":"https:\/\/marktxxl.de\/markt\/produkt\/garagenhaken-robust-12-stueck-aus-stahl-fuer-garage-aufbewahrungshaken-wandhalterung-garagenaufhaenger-organizer-fuer-die-organisation-von-elektrowerkzeugen-leitern-fahrraedern-seilen-e\/","title":{"rendered":"Garagenhaken, robust, 12 St\u00fcck, aus Stahl f\u00fcr Garage, Aufbewahrungshaken, Wandhalterung, Garagenaufh\u00e4nger &amp; Organizer\u2026"},"content":{"rendered":"<p>Unser Garagenhaken besteht aus hochwertigen Materialien und robustem Vollstahl, der eine langfristige Nutzung gew\u00e4hrleisten kann und eine gute Belastbarkeit aufweist. Verwenden Sie langlebige PVC-Anti-Rutsch-Beschichtung, um ein Verrutschen der Werkzeuge zu verhindern.<br \/>\nVerschiedene Gr\u00f6\u00dfen: Wir bieten 5 Arten von 12 Garagenhaken, verschiedene Gr\u00f6\u00dfen haben verschiedene Anwendungen, mit diesen Haken k\u00f6nnen Sie effizienten Stauraum schaffen. Diese Haken enthalten 4 kleine quadratische Haken, 2 mittelgro\u00dfe quadratische Haken, 2 gro\u00dfe quadratische Haken, 2 kleine J-Haken und 2 mittelgro\u00dfe J-Haken<br \/>\nBietet eine L\u00f6sung f\u00fcr Ihr Garagen-Aufbewahrungssystem. Mit diesem Werkzeugset k\u00f6nnen Sie effektiv den Stauraum in der Garage sparen, der eine Vielzahl von Werkzeugen unterbringen kann und fest fixiert ist. Wie Leitern, Fahrr\u00e4der, Kettens\u00e4gen, Schaufeln und andere Elektrowerkzeuge.<br \/>\nInternational products have separate terms, are sold from abroad and may differ from local products, including fit, age ratings, and language of product, labeling or instructions.<br \/>\n<div class=\"main-cross-sell\" data-asin=\"B08JCPVK6C\">\n\n\t<div class=\"WooZone-cross-sell-loader\">\n\t\t<div>\n\t\t\t<div id=\"floatingBarsG\">\n\t\t\t\t<div class=\"blockG\" id=\"rotateG_01\"><\/div>\n\t\t\t\t<div class=\"blockG\" id=\"rotateG_02\"><\/div>\n\t\t\t\t<div class=\"blockG\" id=\"rotateG_03\"><\/div>\n\t\t\t\t<div class=\"blockG\" id=\"rotateG_04\"><\/div>\n\t\t\t\t<div class=\"blockG\" id=\"rotateG_05\"><\/div>\n\t\t\t\t<div class=\"blockG\" id=\"rotateG_06\"><\/div>\n\t\t\t\t<div class=\"blockG\" id=\"rotateG_07\"><\/div>\n\t\t\t\t<div class=\"blockG\" id=\"rotateG_08\"><\/div>\n\t\t\t<\/div>\n\t\t\t<div class=\"WooZone-cross-sell-loader-text\"><\/div>\n\t\t<\/div>\n\t<\/div>\n\n\t\t\n<\/div>\n<div style=\"clear:both;\"><\/div><\/p>\n","protected":false},"excerpt":{"rendered":"<p>Unser Garagenhaken besteht aus hochwertigen Materialien und robustem Vollstahl, der eine langfristige Nutzung gew\u00e4hrleisten kann und eine gute Belastbarkeit aufweist. Verwenden Sie langlebige PVC-Anti-Rutsch-Beschichtung, um ein Verrutschen der Werkzeuge zu verhindern.<br \/>\nVerschiedene Gr\u00f6\u00dfen: Wir bieten 5 Arten von 12 Garagenhaken, verschiedene Gr\u00f6\u00dfen haben verschiedene Anwendungen, mit diesen Haken k\u00f6nnen Sie effizienten Stauraum schaffen. Diese Haken enthalten 4 kleine quadratische Haken, 2 mittelgro\u00dfe quadratische Haken, 2 gro\u00dfe quadratische Haken, 2 kleine J-Haken und 2 mittelgro\u00dfe J-Haken<br \/>\nBietet eine L\u00f6sung f\u00fcr Ihr Garagen-Aufbewahrungssystem. Mit diesem Werkzeugset k\u00f6nnen Sie effektiv den Stauraum in der Garage sparen, der eine Vielzahl von Werkzeugen unterbringen kann und fest fixiert ist. Wie Leitern, Fahrr\u00e4der, Kettens\u00e4gen, Schaufeln und andere Elektrowerkzeuge.<\/p>\n","protected":false},"featured_media":178939,"comment_status":"open","ping_status":"closed","template":"","meta":[],"product_brand":[],"product_cat":[1983,11179],"product_tag":[],"class_list":{"0":"post-178938","1":"product","2":"type-product","3":"status-publish","4":"has-post-thumbnail","6":"product_cat-baumarkt","7":"product_cat-lagersysteme","8":"pa_brand-qingling","9":"pa_manufacturer-qingling","10":"pa_model-qingling-2020","12":"first","13":"instock","14":"shipping-taxable","15":"purchasable","16":"product-type-simple","17":"customify-col","18":"product-has-gallery"},"yoast_head":"<!-- This site is optimized with the Yoast SEO plugin v27.4 - https:\/\/yoast.com\/product\/yoast-seo-wordpress\/ -->\n<title>Garagenhaken, robust, 12 St\u00fcck, aus Stahl f\u00fcr Garage, Aufbewahrungshaken, Wandhalterung, Garagenaufh\u00e4nger &amp; Organizer\u2026 - Markt-XXL<\/title>\n<meta name=\"description\" content=\"Markt-XXL Garagenhaken, robust, 12 St\u00fcck, aus Stahl f\u00fcr Garage, Aufbewahrungshaken, Wandhalterung, Garagenaufh\u00e4nger &amp; Organizer\u2026\" \/>\n<meta name=\"robots\" content=\"index, follow, max-snippet:-1, max-image-preview:large, max-video-preview:-1\" \/>\n<link rel=\"canonical\" href=\"https:\/\/marktxxl.de\/markt\/produkt\/garagenhaken-robust-12-stueck-aus-stahl-fuer-garage-aufbewahrungshaken-wandhalterung-garagenaufhaenger-organizer-fuer-die-organisation-von-elektrowerkzeugen-leitern-fahrraedern-seilen-e\/\" \/>\n<meta property=\"og:locale\" content=\"de_DE\" \/>\n<meta property=\"og:type\" content=\"article\" \/>\n<meta property=\"og:title\" content=\"Garagenhaken, robust, 12 St\u00fcck, aus Stahl f\u00fcr Garage, Aufbewahrungshaken, Wandhalterung, Garagenaufh\u00e4nger &amp; Organizer\u2026 - Markt-XXL\" \/>\n<meta property=\"og:description\" content=\"Markt-XXL Garagenhaken, robust, 12 St\u00fcck, aus Stahl f\u00fcr Garage, Aufbewahrungshaken, Wandhalterung, Garagenaufh\u00e4nger &amp; Organizer\u2026\" \/>\n<meta property=\"og:url\" content=\"https:\/\/marktxxl.de\/markt\/produkt\/garagenhaken-robust-12-stueck-aus-stahl-fuer-garage-aufbewahrungshaken-wandhalterung-garagenaufhaenger-organizer-fuer-die-organisation-von-elektrowerkzeugen-leitern-fahrraedern-seilen-e\/\" \/>\n<meta property=\"og:site_name\" content=\"Markt-XXL\" \/>\n<meta property=\"article:modified_time\" content=\"2023-04-11T03:08:18+00:00\" \/>\n<meta property=\"og:image\" content=\"https:\/\/m.media-amazon.com\/images\/I\/51sN2UtEI3L._SL500_.jpg\" \/>\n\t<meta property=\"og:image:width\" content=\"500\" \/>\n\t<meta property=\"og:image:height\" content=\"500\" \/>\n\t<meta property=\"og:image:type\" content=\"image\/jpeg\" \/>\n<meta name=\"twitter:card\" content=\"summary_large_image\" \/>\n<meta name=\"twitter:label1\" content=\"Gesch\u00e4tzte Lesezeit\" \/>\n\t<meta name=\"twitter:data1\" content=\"1\u00a0Minute\" \/>\n<script type=\"application\/ld+json\" class=\"yoast-schema-graph\">{\"@context\":\"https:\\\/\\\/schema.org\",\"@graph\":[{\"@type\":\"WebPage\",\"@id\":\"https:\\\/\\\/marktxxl.de\\\/markt\\\/produkt\\\/garagenhaken-robust-12-stueck-aus-stahl-fuer-garage-aufbewahrungshaken-wandhalterung-garagenaufhaenger-organizer-fuer-die-organisation-von-elektrowerkzeugen-leitern-fahrraedern-seilen-e\\\/\",\"url\":\"https:\\\/\\\/marktxxl.de\\\/markt\\\/produkt\\\/garagenhaken-robust-12-stueck-aus-stahl-fuer-garage-aufbewahrungshaken-wandhalterung-garagenaufhaenger-organizer-fuer-die-organisation-von-elektrowerkzeugen-leitern-fahrraedern-seilen-e\\\/\",\"name\":\"Garagenhaken, robust, 12 St\u00fcck, aus Stahl f\u00fcr Garage, Aufbewahrungshaken, Wandhalterung, Garagenaufh\u00e4nger &amp; Organizer\u2026 - Markt-XXL\",\"isPartOf\":{\"@id\":\"https:\\\/\\\/marktxxl.de\\\/markt\\\/#website\"},\"primaryImageOfPage\":{\"@id\":\"https:\\\/\\\/marktxxl.de\\\/markt\\\/produkt\\\/garagenhaken-robust-12-stueck-aus-stahl-fuer-garage-aufbewahrungshaken-wandhalterung-garagenaufhaenger-organizer-fuer-die-organisation-von-elektrowerkzeugen-leitern-fahrraedern-seilen-e\\\/#primaryimage\"},\"image\":{\"@id\":\"https:\\\/\\\/marktxxl.de\\\/markt\\\/produkt\\\/garagenhaken-robust-12-stueck-aus-stahl-fuer-garage-aufbewahrungshaken-wandhalterung-garagenaufhaenger-organizer-fuer-die-organisation-von-elektrowerkzeugen-leitern-fahrraedern-seilen-e\\\/#primaryimage\"},\"thumbnailUrl\":\"https:\\\/\\\/m.media-amazon.com\\\/images\\\/I\\\/51sN2UtEI3L._SL500_.jpg\",\"datePublished\":\"2023-01-09T23:01:13+00:00\",\"dateModified\":\"2023-04-11T03:08:18+00:00\",\"description\":\"Markt-XXL Garagenhaken, robust, 12 St\u00fcck, aus Stahl f\u00fcr Garage, Aufbewahrungshaken, Wandhalterung, Garagenaufh\u00e4nger &amp; Organizer\u2026\",\"breadcrumb\":{\"@id\":\"https:\\\/\\\/marktxxl.de\\\/markt\\\/produkt\\\/garagenhaken-robust-12-stueck-aus-stahl-fuer-garage-aufbewahrungshaken-wandhalterung-garagenaufhaenger-organizer-fuer-die-organisation-von-elektrowerkzeugen-leitern-fahrraedern-seilen-e\\\/#breadcrumb\"},\"inLanguage\":\"de\",\"potentialAction\":[{\"@type\":\"ReadAction\",\"target\":[\"https:\\\/\\\/marktxxl.de\\\/markt\\\/produkt\\\/garagenhaken-robust-12-stueck-aus-stahl-fuer-garage-aufbewahrungshaken-wandhalterung-garagenaufhaenger-organizer-fuer-die-organisation-von-elektrowerkzeugen-leitern-fahrraedern-seilen-e\\\/\"]}]},{\"@type\":\"ImageObject\",\"inLanguage\":\"de\",\"@id\":\"https:\\\/\\\/marktxxl.de\\\/markt\\\/produkt\\\/garagenhaken-robust-12-stueck-aus-stahl-fuer-garage-aufbewahrungshaken-wandhalterung-garagenaufhaenger-organizer-fuer-die-organisation-von-elektrowerkzeugen-leitern-fahrraedern-seilen-e\\\/#primaryimage\",\"url\":\"https:\\\/\\\/m.media-amazon.com\\\/images\\\/I\\\/51sN2UtEI3L._SL500_.jpg\",\"contentUrl\":\"https:\\\/\\\/m.media-amazon.com\\\/images\\\/I\\\/51sN2UtEI3L._SL500_.jpg\",\"width\":500,\"height\":500},{\"@type\":\"BreadcrumbList\",\"@id\":\"https:\\\/\\\/marktxxl.de\\\/markt\\\/produkt\\\/garagenhaken-robust-12-stueck-aus-stahl-fuer-garage-aufbewahrungshaken-wandhalterung-garagenaufhaenger-organizer-fuer-die-organisation-von-elektrowerkzeugen-leitern-fahrraedern-seilen-e\\\/#breadcrumb\",\"itemListElement\":[{\"@type\":\"ListItem\",\"position\":1,\"name\":\"Startseite\",\"item\":\"https:\\\/\\\/marktxxl.de\\\/markt\\\/\"},{\"@type\":\"ListItem\",\"position\":2,\"name\":\"Markt\",\"item\":\"https:\\\/\\\/marktxxl.de\\\/markt\\\/\"},{\"@type\":\"ListItem\",\"position\":3,\"name\":\"Garagenhaken, robust, 12 St\u00fcck, aus Stahl f\u00fcr Garage, Aufbewahrungshaken, Wandhalterung, Garagenaufh\u00e4nger &amp; Organizer\u2026\"}]},{\"@type\":\"WebSite\",\"@id\":\"https:\\\/\\\/marktxxl.de\\\/markt\\\/#website\",\"url\":\"https:\\\/\\\/marktxxl.de\\\/markt\\\/\",\"name\":\"Markt-XXL\",\"description\":\"Ihr Markt Online\",\"publisher\":{\"@id\":\"https:\\\/\\\/marktxxl.de\\\/markt\\\/#organization\"},\"potentialAction\":[{\"@type\":\"SearchAction\",\"target\":{\"@type\":\"EntryPoint\",\"urlTemplate\":\"https:\\\/\\\/marktxxl.de\\\/markt\\\/?s={search_term_string}\"},\"query-input\":{\"@type\":\"PropertyValueSpecification\",\"valueRequired\":true,\"valueName\":\"search_term_string\"}}],\"inLanguage\":\"de\"},{\"@type\":\"Organization\",\"@id\":\"https:\\\/\\\/marktxxl.de\\\/markt\\\/#organization\",\"name\":\"Markt-XXL\",\"url\":\"https:\\\/\\\/marktxxl.de\\\/markt\\\/\",\"logo\":{\"@type\":\"ImageObject\",\"inLanguage\":\"de\",\"@id\":\"https:\\\/\\\/marktxxl.de\\\/markt\\\/#\\\/schema\\\/logo\\\/image\\\/\",\"url\":\"https:\\\/\\\/marktxxl.de\\\/markt\\\/wp-content\\\/uploads\\\/sites\\\/3\\\/2020\\\/12\\\/logo.png\",\"contentUrl\":\"https:\\\/\\\/marktxxl.de\\\/markt\\\/wp-content\\\/uploads\\\/sites\\\/3\\\/2020\\\/12\\\/logo.png\",\"width\":200,\"height\":70,\"caption\":\"Markt-XXL\"},\"image\":{\"@id\":\"https:\\\/\\\/marktxxl.de\\\/markt\\\/#\\\/schema\\\/logo\\\/image\\\/\"}}]}<\/script>\n<!-- \/ Yoast SEO plugin. -->","yoast_head_json":{"title":"Garagenhaken, robust, 12 St\u00fcck, aus Stahl f\u00fcr Garage, Aufbewahrungshaken, Wandhalterung, Garagenaufh\u00e4nger &amp; Organizer\u2026 - Markt-XXL","description":"Markt-XXL Garagenhaken, robust, 12 St\u00fcck, aus Stahl f\u00fcr Garage, Aufbewahrungshaken, Wandhalterung, Garagenaufh\u00e4nger &amp; Organizer\u2026","robots":{"index":"index","follow":"follow","max-snippet":"max-snippet:-1","max-image-preview":"max-image-preview:large","max-video-preview":"max-video-preview:-1"},"canonical":"https:\/\/marktxxl.de\/markt\/produkt\/garagenhaken-robust-12-stueck-aus-stahl-fuer-garage-aufbewahrungshaken-wandhalterung-garagenaufhaenger-organizer-fuer-die-organisation-von-elektrowerkzeugen-leitern-fahrraedern-seilen-e\/","og_locale":"de_DE","og_type":"article","og_title":"Garagenhaken, robust, 12 St\u00fcck, aus Stahl f\u00fcr Garage, Aufbewahrungshaken, Wandhalterung, Garagenaufh\u00e4nger &amp; Organizer\u2026 - Markt-XXL","og_description":"Markt-XXL Garagenhaken, robust, 12 St\u00fcck, aus Stahl f\u00fcr Garage, Aufbewahrungshaken, Wandhalterung, Garagenaufh\u00e4nger &amp; Organizer\u2026","og_url":"https:\/\/marktxxl.de\/markt\/produkt\/garagenhaken-robust-12-stueck-aus-stahl-fuer-garage-aufbewahrungshaken-wandhalterung-garagenaufhaenger-organizer-fuer-die-organisation-von-elektrowerkzeugen-leitern-fahrraedern-seilen-e\/","og_site_name":"Markt-XXL","article_modified_time":"2023-04-11T03:08:18+00:00","og_image":[{"width":500,"height":500,"url":"https:\/\/m.media-amazon.com\/images\/I\/51sN2UtEI3L._SL500_.jpg","type":"image\/jpeg"}],"twitter_card":"summary_large_image","twitter_misc":{"Gesch\u00e4tzte Lesezeit":"1\u00a0Minute"},"schema":{"@context":"https:\/\/schema.org","@graph":[{"@type":"WebPage","@id":"https:\/\/marktxxl.de\/markt\/produkt\/garagenhaken-robust-12-stueck-aus-stahl-fuer-garage-aufbewahrungshaken-wandhalterung-garagenaufhaenger-organizer-fuer-die-organisation-von-elektrowerkzeugen-leitern-fahrraedern-seilen-e\/","url":"https:\/\/marktxxl.de\/markt\/produkt\/garagenhaken-robust-12-stueck-aus-stahl-fuer-garage-aufbewahrungshaken-wandhalterung-garagenaufhaenger-organizer-fuer-die-organisation-von-elektrowerkzeugen-leitern-fahrraedern-seilen-e\/","name":"Garagenhaken, robust, 12 St\u00fcck, aus Stahl f\u00fcr Garage, Aufbewahrungshaken, Wandhalterung, Garagenaufh\u00e4nger &amp; Organizer\u2026 - Markt-XXL","isPartOf":{"@id":"https:\/\/marktxxl.de\/markt\/#website"},"primaryImageOfPage":{"@id":"https:\/\/marktxxl.de\/markt\/produkt\/garagenhaken-robust-12-stueck-aus-stahl-fuer-garage-aufbewahrungshaken-wandhalterung-garagenaufhaenger-organizer-fuer-die-organisation-von-elektrowerkzeugen-leitern-fahrraedern-seilen-e\/#primaryimage"},"image":{"@id":"https:\/\/marktxxl.de\/markt\/produkt\/garagenhaken-robust-12-stueck-aus-stahl-fuer-garage-aufbewahrungshaken-wandhalterung-garagenaufhaenger-organizer-fuer-die-organisation-von-elektrowerkzeugen-leitern-fahrraedern-seilen-e\/#primaryimage"},"thumbnailUrl":"https:\/\/m.media-amazon.com\/images\/I\/51sN2UtEI3L._SL500_.jpg","datePublished":"2023-01-09T23:01:13+00:00","dateModified":"2023-04-11T03:08:18+00:00","description":"Markt-XXL Garagenhaken, robust, 12 St\u00fcck, aus Stahl f\u00fcr Garage, Aufbewahrungshaken, Wandhalterung, Garagenaufh\u00e4nger &amp; Organizer\u2026","breadcrumb":{"@id":"https:\/\/marktxxl.de\/markt\/produkt\/garagenhaken-robust-12-stueck-aus-stahl-fuer-garage-aufbewahrungshaken-wandhalterung-garagenaufhaenger-organizer-fuer-die-organisation-von-elektrowerkzeugen-leitern-fahrraedern-seilen-e\/#breadcrumb"},"inLanguage":"de","potentialAction":[{"@type":"ReadAction","target":["https:\/\/marktxxl.de\/markt\/produkt\/garagenhaken-robust-12-stueck-aus-stahl-fuer-garage-aufbewahrungshaken-wandhalterung-garagenaufhaenger-organizer-fuer-die-organisation-von-elektrowerkzeugen-leitern-fahrraedern-seilen-e\/"]}]},{"@type":"ImageObject","inLanguage":"de","@id":"https:\/\/marktxxl.de\/markt\/produkt\/garagenhaken-robust-12-stueck-aus-stahl-fuer-garage-aufbewahrungshaken-wandhalterung-garagenaufhaenger-organizer-fuer-die-organisation-von-elektrowerkzeugen-leitern-fahrraedern-seilen-e\/#primaryimage","url":"https:\/\/m.media-amazon.com\/images\/I\/51sN2UtEI3L._SL500_.jpg","contentUrl":"https:\/\/m.media-amazon.com\/images\/I\/51sN2UtEI3L._SL500_.jpg","width":500,"height":500},{"@type":"BreadcrumbList","@id":"https:\/\/marktxxl.de\/markt\/produkt\/garagenhaken-robust-12-stueck-aus-stahl-fuer-garage-aufbewahrungshaken-wandhalterung-garagenaufhaenger-organizer-fuer-die-organisation-von-elektrowerkzeugen-leitern-fahrraedern-seilen-e\/#breadcrumb","itemListElement":[{"@type":"ListItem","position":1,"name":"Startseite","item":"https:\/\/marktxxl.de\/markt\/"},{"@type":"ListItem","position":2,"name":"Markt","item":"https:\/\/marktxxl.de\/markt\/"},{"@type":"ListItem","position":3,"name":"Garagenhaken, robust, 12 St\u00fcck, aus Stahl f\u00fcr Garage, Aufbewahrungshaken, Wandhalterung, Garagenaufh\u00e4nger &amp; Organizer\u2026"}]},{"@type":"WebSite","@id":"https:\/\/marktxxl.de\/markt\/#website","url":"https:\/\/marktxxl.de\/markt\/","name":"Markt-XXL","description":"Ihr Markt Online","publisher":{"@id":"https:\/\/marktxxl.de\/markt\/#organization"},"potentialAction":[{"@type":"SearchAction","target":{"@type":"EntryPoint","urlTemplate":"https:\/\/marktxxl.de\/markt\/?s={search_term_string}"},"query-input":{"@type":"PropertyValueSpecification","valueRequired":true,"valueName":"search_term_string"}}],"inLanguage":"de"},{"@type":"Organization","@id":"https:\/\/marktxxl.de\/markt\/#organization","name":"Markt-XXL","url":"https:\/\/marktxxl.de\/markt\/","logo":{"@type":"ImageObject","inLanguage":"de","@id":"https:\/\/marktxxl.de\/markt\/#\/schema\/logo\/image\/","url":"https:\/\/marktxxl.de\/markt\/wp-content\/uploads\/sites\/3\/2020\/12\/logo.png","contentUrl":"https:\/\/marktxxl.de\/markt\/wp-content\/uploads\/sites\/3\/2020\/12\/logo.png","width":200,"height":70,"caption":"Markt-XXL"},"image":{"@id":"https:\/\/marktxxl.de\/markt\/#\/schema\/logo\/image\/"}}]}},"_links":{"self":[{"href":"https:\/\/marktxxl.de\/markt\/wp-json\/wp\/v2\/product\/178938","targetHints":{"allow":["GET"]}}],"collection":[{"href":"https:\/\/marktxxl.de\/markt\/wp-json\/wp\/v2\/product"}],"about":[{"href":"https:\/\/marktxxl.de\/markt\/wp-json\/wp\/v2\/types\/product"}],"replies":[{"embeddable":true,"href":"https:\/\/marktxxl.de\/markt\/wp-json\/wp\/v2\/comments?post=178938"}],"wp:featuredmedia":[{"embeddable":true,"href":"https:\/\/marktxxl.de\/markt\/wp-json\/wp\/v2\/media\/178939"}],"wp:attachment":[{"href":"https:\/\/marktxxl.de\/markt\/wp-json\/wp\/v2\/media?parent=178938"}],"wp:term":[{"taxonomy":"product_brand","embeddable":true,"href":"https:\/\/marktxxl.de\/markt\/wp-json\/wp\/v2\/product_brand?post=178938"},{"taxonomy":"product_cat","embeddable":true,"href":"https:\/\/marktxxl.de\/markt\/wp-json\/wp\/v2\/product_cat?post=178938"},{"taxonomy":"product_tag","embeddable":true,"href":"https:\/\/marktxxl.de\/markt\/wp-json\/wp\/v2\/product_tag?post=178938"}],"curies":[{"name":"wp","href":"https:\/\/api.w.org\/{rel}","templated":true}]}}