{"id":178825,"date":"2023-01-09T23:56:00","date_gmt":"2023-01-09T22:56:00","guid":{"rendered":"https:\/\/marktxxl.de\/markt\/produkt\/baby-wickelunterlage-superweich-minky-dot-wickeltisch-abdeckungen-fuer-baby-maedchen-und-jungen-ultra-bequem-sicher-fuer-babys-passend-fuer-813-cm-x-406-cm-beige\/"},"modified":"2023-04-11T05:08:16","modified_gmt":"2023-04-11T03:08:16","slug":"baby-wickelunterlage-superweich-minky-dot-wickeltisch-abdeckungen-fuer-baby-maedchen-und-jungen-ultra-bequem-sicher-fuer-babys-passend-fuer-813-cm-x-406-cm-beige","status":"publish","type":"product","link":"https:\/\/marktxxl.de\/markt\/produkt\/baby-wickelunterlage-superweich-minky-dot-wickeltisch-abdeckungen-fuer-baby-maedchen-und-jungen-ultra-bequem-sicher-fuer-babys-passend-fuer-813-cm-x-406-cm-beige\/","title":{"rendered":"Baby-Wickelunterlage, superweich, Minky Dot Wickeltisch-Abdeckungen f\u00fcr Baby M\u00e4dchen und Jungen, ultra bequem, sicher\u2026"},"content":{"rendered":"<p>Geben Sie Ihrem Baby die beste Pflege: Unsere superweiche Wickeltischauflage ist von Natur aus hypoallergen und atmungsaktiv, gibt Ihrem Baby eine sanfte Ber\u00fchrung, perfekt, um Ihr Baby bequem und gem\u00fctlich zu halten, was das Windelwechseln erleichtert.<br \/>\nUltraweich und bequem: Der extra weiche Stoff bietet Komfort und W\u00e4rme f\u00fcr das Baby beim Wickeln. Wasserdichte Wickelunterlagen k\u00f6nnen sich kalt und hart auf dem R\u00fccken des Babys anf\u00fchlen, aber das weiche Material dieser Abdeckung f\u00fchlt sich toll auf der Babyhaut an.<br \/>\n100 % hochwertiger Stoff: Unsere Wickelauflage verf\u00fcgt \u00fcber pflanzenreaktives Drucken und F\u00e4rben, ist nicht reizend und hypoallergen, kein Pilling, l\u00e4uft nicht ein, verblasst nicht, maschinenwaschbar.<br \/>\nVoll passend: Mit einer Tiefe von bis zu 10,2 cm passt unsere Wickeltisch-Abdeckung sicher auf 81,3 x 40,6 cm, 86,4 x 40,6 cm Standard-Kontur-Wickelunterlagen, flache Wickeltischauflagen, Stubenwagen-Matratzen und Wiegenmatratze.<br \/>\n100% ZUFRIEDENHEIT: Wenn Sie mit unserer Wickeltischauflage nicht zufrieden sind. Ihre Zufriedenheit ist unsere Priorit\u00e4t, wenn Sie Fragen zum Produkt oder Service haben, z\u00f6gern Sie nicht, uns zu kontaktieren.<br \/>\n<div class=\"main-cross-sell\" data-asin=\"B086SVRVPX\">\n\n\t<div class=\"WooZone-cross-sell-loader\">\n\t\t<div>\n\t\t\t<div id=\"floatingBarsG\">\n\t\t\t\t<div class=\"blockG\" id=\"rotateG_01\"><\/div>\n\t\t\t\t<div class=\"blockG\" id=\"rotateG_02\"><\/div>\n\t\t\t\t<div class=\"blockG\" id=\"rotateG_03\"><\/div>\n\t\t\t\t<div class=\"blockG\" id=\"rotateG_04\"><\/div>\n\t\t\t\t<div class=\"blockG\" id=\"rotateG_05\"><\/div>\n\t\t\t\t<div class=\"blockG\" id=\"rotateG_06\"><\/div>\n\t\t\t\t<div class=\"blockG\" id=\"rotateG_07\"><\/div>\n\t\t\t\t<div class=\"blockG\" id=\"rotateG_08\"><\/div>\n\t\t\t<\/div>\n\t\t\t<div class=\"WooZone-cross-sell-loader-text\"><\/div>\n\t\t<\/div>\n\t<\/div>\n\n\t\t\n<\/div>\n<div style=\"clear:both;\"><\/div><\/p>\n","protected":false},"excerpt":{"rendered":"<p>Geben Sie Ihrem Baby die beste Pflege: Unsere superweiche Wickeltischauflage ist von Natur aus hypoallergen und atmungsaktiv, gibt Ihrem Baby eine sanfte Ber\u00fchrung, perfekt, um Ihr Baby bequem und gem\u00fctlich zu halten, was das Windelwechseln erleichtert.<br \/>\nUltraweich und bequem: Der extra weiche Stoff bietet Komfort und W\u00e4rme f\u00fcr das Baby beim Wickeln. Wasserdichte Wickelunterlagen k\u00f6nnen sich kalt und hart auf dem R\u00fccken des Babys anf\u00fchlen, aber das weiche Material dieser Abdeckung f\u00fchlt sich toll auf der Babyhaut an.<br \/>\n100 % hochwertiger Stoff: Unsere Wickelauflage verf\u00fcgt \u00fcber pflanzenreaktives Drucken und F\u00e4rben, ist nicht reizend und hypoallergen, kein Pilling, l\u00e4uft nicht ein, verblasst nicht, maschinenwaschbar.<\/p>\n","protected":false},"featured_media":178826,"comment_status":"open","ping_status":"closed","template":"","meta":[],"product_brand":[],"product_cat":[21,9520],"product_tag":[],"class_list":{"0":"post-178825","1":"product","2":"type-product","3":"status-publish","4":"has-post-thumbnail","6":"product_cat-baby","7":"product_cat-wickeln-baby","8":"pa_binding-babyartikel","9":"pa_brand-queness","10":"pa_color-beige","11":"pa_height-3-zoll","12":"pa_languages-woerterbuch-englisch","13":"pa_length-32-zoll","14":"pa_manufacturer-queness","15":"pa_model-changing-pad-cover","16":"pa_weight-0-33-pfund","17":"pa_width-16-zoll","19":"first","20":"instock","21":"shipping-taxable","22":"purchasable","23":"product-type-simple","24":"customify-col","25":"product-has-gallery"},"yoast_head":"<!-- This site is optimized with the Yoast SEO plugin v27.3 - https:\/\/yoast.com\/product\/yoast-seo-wordpress\/ -->\n<title>Baby-Wickelunterlage, superweich, Minky Dot Wickeltisch-Abdeckungen f\u00fcr Baby M\u00e4dchen und Jungen, ultra bequem, sicher\u2026 - Markt-XXL<\/title>\n<meta name=\"description\" content=\"Markt-XXL Baby-Wickelunterlage, superweich, Minky Dot Wickeltisch-Abdeckungen f\u00fcr Baby M\u00e4dchen und Jungen, ultra bequem, sicher\u2026\" \/>\n<meta name=\"robots\" content=\"index, follow, max-snippet:-1, max-image-preview:large, max-video-preview:-1\" \/>\n<link rel=\"canonical\" href=\"https:\/\/marktxxl.de\/markt\/produkt\/baby-wickelunterlage-superweich-minky-dot-wickeltisch-abdeckungen-fuer-baby-maedchen-und-jungen-ultra-bequem-sicher-fuer-babys-passend-fuer-813-cm-x-406-cm-beige\/\" \/>\n<meta property=\"og:locale\" content=\"de_DE\" \/>\n<meta property=\"og:type\" content=\"article\" \/>\n<meta property=\"og:title\" content=\"Baby-Wickelunterlage, superweich, Minky Dot Wickeltisch-Abdeckungen f\u00fcr Baby M\u00e4dchen und Jungen, ultra bequem, sicher\u2026 - Markt-XXL\" \/>\n<meta property=\"og:description\" content=\"Markt-XXL Baby-Wickelunterlage, superweich, Minky Dot Wickeltisch-Abdeckungen f\u00fcr Baby M\u00e4dchen und Jungen, ultra bequem, sicher\u2026\" \/>\n<meta property=\"og:url\" content=\"https:\/\/marktxxl.de\/markt\/produkt\/baby-wickelunterlage-superweich-minky-dot-wickeltisch-abdeckungen-fuer-baby-maedchen-und-jungen-ultra-bequem-sicher-fuer-babys-passend-fuer-813-cm-x-406-cm-beige\/\" \/>\n<meta property=\"og:site_name\" content=\"Markt-XXL\" \/>\n<meta property=\"article:modified_time\" content=\"2023-04-11T03:08:16+00:00\" \/>\n<meta property=\"og:image\" content=\"https:\/\/m.media-amazon.com\/images\/I\/31dFm8JVRmL._SL500_.jpg\" \/>\n\t<meta property=\"og:image:width\" content=\"500\" \/>\n\t<meta property=\"og:image:height\" content=\"500\" \/>\n\t<meta property=\"og:image:type\" content=\"image\/jpeg\" \/>\n<meta name=\"twitter:card\" content=\"summary_large_image\" \/>\n<meta name=\"twitter:label1\" content=\"Gesch\u00e4tzte Lesezeit\" \/>\n\t<meta name=\"twitter:data1\" content=\"1\u00a0Minute\" \/>\n<script type=\"application\/ld+json\" class=\"yoast-schema-graph\">{\"@context\":\"https:\\\/\\\/schema.org\",\"@graph\":[{\"@type\":\"WebPage\",\"@id\":\"https:\\\/\\\/marktxxl.de\\\/markt\\\/produkt\\\/baby-wickelunterlage-superweich-minky-dot-wickeltisch-abdeckungen-fuer-baby-maedchen-und-jungen-ultra-bequem-sicher-fuer-babys-passend-fuer-813-cm-x-406-cm-beige\\\/\",\"url\":\"https:\\\/\\\/marktxxl.de\\\/markt\\\/produkt\\\/baby-wickelunterlage-superweich-minky-dot-wickeltisch-abdeckungen-fuer-baby-maedchen-und-jungen-ultra-bequem-sicher-fuer-babys-passend-fuer-813-cm-x-406-cm-beige\\\/\",\"name\":\"Baby-Wickelunterlage, superweich, Minky Dot Wickeltisch-Abdeckungen f\u00fcr Baby M\u00e4dchen und Jungen, ultra bequem, sicher\u2026 - Markt-XXL\",\"isPartOf\":{\"@id\":\"https:\\\/\\\/marktxxl.de\\\/markt\\\/#website\"},\"primaryImageOfPage\":{\"@id\":\"https:\\\/\\\/marktxxl.de\\\/markt\\\/produkt\\\/baby-wickelunterlage-superweich-minky-dot-wickeltisch-abdeckungen-fuer-baby-maedchen-und-jungen-ultra-bequem-sicher-fuer-babys-passend-fuer-813-cm-x-406-cm-beige\\\/#primaryimage\"},\"image\":{\"@id\":\"https:\\\/\\\/marktxxl.de\\\/markt\\\/produkt\\\/baby-wickelunterlage-superweich-minky-dot-wickeltisch-abdeckungen-fuer-baby-maedchen-und-jungen-ultra-bequem-sicher-fuer-babys-passend-fuer-813-cm-x-406-cm-beige\\\/#primaryimage\"},\"thumbnailUrl\":\"https:\\\/\\\/m.media-amazon.com\\\/images\\\/I\\\/31dFm8JVRmL._SL500_.jpg\",\"datePublished\":\"2023-01-09T22:56:00+00:00\",\"dateModified\":\"2023-04-11T03:08:16+00:00\",\"description\":\"Markt-XXL Baby-Wickelunterlage, superweich, Minky Dot Wickeltisch-Abdeckungen f\u00fcr Baby M\u00e4dchen und Jungen, ultra bequem, sicher\u2026\",\"breadcrumb\":{\"@id\":\"https:\\\/\\\/marktxxl.de\\\/markt\\\/produkt\\\/baby-wickelunterlage-superweich-minky-dot-wickeltisch-abdeckungen-fuer-baby-maedchen-und-jungen-ultra-bequem-sicher-fuer-babys-passend-fuer-813-cm-x-406-cm-beige\\\/#breadcrumb\"},\"inLanguage\":\"de\",\"potentialAction\":[{\"@type\":\"ReadAction\",\"target\":[\"https:\\\/\\\/marktxxl.de\\\/markt\\\/produkt\\\/baby-wickelunterlage-superweich-minky-dot-wickeltisch-abdeckungen-fuer-baby-maedchen-und-jungen-ultra-bequem-sicher-fuer-babys-passend-fuer-813-cm-x-406-cm-beige\\\/\"]}]},{\"@type\":\"ImageObject\",\"inLanguage\":\"de\",\"@id\":\"https:\\\/\\\/marktxxl.de\\\/markt\\\/produkt\\\/baby-wickelunterlage-superweich-minky-dot-wickeltisch-abdeckungen-fuer-baby-maedchen-und-jungen-ultra-bequem-sicher-fuer-babys-passend-fuer-813-cm-x-406-cm-beige\\\/#primaryimage\",\"url\":\"https:\\\/\\\/m.media-amazon.com\\\/images\\\/I\\\/31dFm8JVRmL._SL500_.jpg\",\"contentUrl\":\"https:\\\/\\\/m.media-amazon.com\\\/images\\\/I\\\/31dFm8JVRmL._SL500_.jpg\",\"width\":500,\"height\":500},{\"@type\":\"BreadcrumbList\",\"@id\":\"https:\\\/\\\/marktxxl.de\\\/markt\\\/produkt\\\/baby-wickelunterlage-superweich-minky-dot-wickeltisch-abdeckungen-fuer-baby-maedchen-und-jungen-ultra-bequem-sicher-fuer-babys-passend-fuer-813-cm-x-406-cm-beige\\\/#breadcrumb\",\"itemListElement\":[{\"@type\":\"ListItem\",\"position\":1,\"name\":\"Startseite\",\"item\":\"https:\\\/\\\/marktxxl.de\\\/markt\\\/\"},{\"@type\":\"ListItem\",\"position\":2,\"name\":\"Markt\",\"item\":\"https:\\\/\\\/marktxxl.de\\\/markt\\\/\"},{\"@type\":\"ListItem\",\"position\":3,\"name\":\"Baby-Wickelunterlage, superweich, Minky Dot Wickeltisch-Abdeckungen f\u00fcr Baby M\u00e4dchen und Jungen, ultra bequem, sicher\u2026\"}]},{\"@type\":\"WebSite\",\"@id\":\"https:\\\/\\\/marktxxl.de\\\/markt\\\/#website\",\"url\":\"https:\\\/\\\/marktxxl.de\\\/markt\\\/\",\"name\":\"Markt-XXL\",\"description\":\"Ihr Markt Online\",\"publisher\":{\"@id\":\"https:\\\/\\\/marktxxl.de\\\/markt\\\/#organization\"},\"potentialAction\":[{\"@type\":\"SearchAction\",\"target\":{\"@type\":\"EntryPoint\",\"urlTemplate\":\"https:\\\/\\\/marktxxl.de\\\/markt\\\/?s={search_term_string}\"},\"query-input\":{\"@type\":\"PropertyValueSpecification\",\"valueRequired\":true,\"valueName\":\"search_term_string\"}}],\"inLanguage\":\"de\"},{\"@type\":\"Organization\",\"@id\":\"https:\\\/\\\/marktxxl.de\\\/markt\\\/#organization\",\"name\":\"Markt-XXL\",\"url\":\"https:\\\/\\\/marktxxl.de\\\/markt\\\/\",\"logo\":{\"@type\":\"ImageObject\",\"inLanguage\":\"de\",\"@id\":\"https:\\\/\\\/marktxxl.de\\\/markt\\\/#\\\/schema\\\/logo\\\/image\\\/\",\"url\":\"https:\\\/\\\/marktxxl.de\\\/markt\\\/wp-content\\\/uploads\\\/sites\\\/3\\\/2020\\\/12\\\/logo.png\",\"contentUrl\":\"https:\\\/\\\/marktxxl.de\\\/markt\\\/wp-content\\\/uploads\\\/sites\\\/3\\\/2020\\\/12\\\/logo.png\",\"width\":200,\"height\":70,\"caption\":\"Markt-XXL\"},\"image\":{\"@id\":\"https:\\\/\\\/marktxxl.de\\\/markt\\\/#\\\/schema\\\/logo\\\/image\\\/\"}}]}<\/script>\n<!-- \/ Yoast SEO plugin. -->","yoast_head_json":{"title":"Baby-Wickelunterlage, superweich, Minky Dot Wickeltisch-Abdeckungen f\u00fcr Baby M\u00e4dchen und Jungen, ultra bequem, sicher\u2026 - Markt-XXL","description":"Markt-XXL Baby-Wickelunterlage, superweich, Minky Dot Wickeltisch-Abdeckungen f\u00fcr Baby M\u00e4dchen und Jungen, ultra bequem, sicher\u2026","robots":{"index":"index","follow":"follow","max-snippet":"max-snippet:-1","max-image-preview":"max-image-preview:large","max-video-preview":"max-video-preview:-1"},"canonical":"https:\/\/marktxxl.de\/markt\/produkt\/baby-wickelunterlage-superweich-minky-dot-wickeltisch-abdeckungen-fuer-baby-maedchen-und-jungen-ultra-bequem-sicher-fuer-babys-passend-fuer-813-cm-x-406-cm-beige\/","og_locale":"de_DE","og_type":"article","og_title":"Baby-Wickelunterlage, superweich, Minky Dot Wickeltisch-Abdeckungen f\u00fcr Baby M\u00e4dchen und Jungen, ultra bequem, sicher\u2026 - Markt-XXL","og_description":"Markt-XXL Baby-Wickelunterlage, superweich, Minky Dot Wickeltisch-Abdeckungen f\u00fcr Baby M\u00e4dchen und Jungen, ultra bequem, sicher\u2026","og_url":"https:\/\/marktxxl.de\/markt\/produkt\/baby-wickelunterlage-superweich-minky-dot-wickeltisch-abdeckungen-fuer-baby-maedchen-und-jungen-ultra-bequem-sicher-fuer-babys-passend-fuer-813-cm-x-406-cm-beige\/","og_site_name":"Markt-XXL","article_modified_time":"2023-04-11T03:08:16+00:00","og_image":[{"width":500,"height":500,"url":"https:\/\/m.media-amazon.com\/images\/I\/31dFm8JVRmL._SL500_.jpg","type":"image\/jpeg"}],"twitter_card":"summary_large_image","twitter_misc":{"Gesch\u00e4tzte Lesezeit":"1\u00a0Minute"},"schema":{"@context":"https:\/\/schema.org","@graph":[{"@type":"WebPage","@id":"https:\/\/marktxxl.de\/markt\/produkt\/baby-wickelunterlage-superweich-minky-dot-wickeltisch-abdeckungen-fuer-baby-maedchen-und-jungen-ultra-bequem-sicher-fuer-babys-passend-fuer-813-cm-x-406-cm-beige\/","url":"https:\/\/marktxxl.de\/markt\/produkt\/baby-wickelunterlage-superweich-minky-dot-wickeltisch-abdeckungen-fuer-baby-maedchen-und-jungen-ultra-bequem-sicher-fuer-babys-passend-fuer-813-cm-x-406-cm-beige\/","name":"Baby-Wickelunterlage, superweich, Minky Dot Wickeltisch-Abdeckungen f\u00fcr Baby M\u00e4dchen und Jungen, ultra bequem, sicher\u2026 - Markt-XXL","isPartOf":{"@id":"https:\/\/marktxxl.de\/markt\/#website"},"primaryImageOfPage":{"@id":"https:\/\/marktxxl.de\/markt\/produkt\/baby-wickelunterlage-superweich-minky-dot-wickeltisch-abdeckungen-fuer-baby-maedchen-und-jungen-ultra-bequem-sicher-fuer-babys-passend-fuer-813-cm-x-406-cm-beige\/#primaryimage"},"image":{"@id":"https:\/\/marktxxl.de\/markt\/produkt\/baby-wickelunterlage-superweich-minky-dot-wickeltisch-abdeckungen-fuer-baby-maedchen-und-jungen-ultra-bequem-sicher-fuer-babys-passend-fuer-813-cm-x-406-cm-beige\/#primaryimage"},"thumbnailUrl":"https:\/\/m.media-amazon.com\/images\/I\/31dFm8JVRmL._SL500_.jpg","datePublished":"2023-01-09T22:56:00+00:00","dateModified":"2023-04-11T03:08:16+00:00","description":"Markt-XXL Baby-Wickelunterlage, superweich, Minky Dot Wickeltisch-Abdeckungen f\u00fcr Baby M\u00e4dchen und Jungen, ultra bequem, sicher\u2026","breadcrumb":{"@id":"https:\/\/marktxxl.de\/markt\/produkt\/baby-wickelunterlage-superweich-minky-dot-wickeltisch-abdeckungen-fuer-baby-maedchen-und-jungen-ultra-bequem-sicher-fuer-babys-passend-fuer-813-cm-x-406-cm-beige\/#breadcrumb"},"inLanguage":"de","potentialAction":[{"@type":"ReadAction","target":["https:\/\/marktxxl.de\/markt\/produkt\/baby-wickelunterlage-superweich-minky-dot-wickeltisch-abdeckungen-fuer-baby-maedchen-und-jungen-ultra-bequem-sicher-fuer-babys-passend-fuer-813-cm-x-406-cm-beige\/"]}]},{"@type":"ImageObject","inLanguage":"de","@id":"https:\/\/marktxxl.de\/markt\/produkt\/baby-wickelunterlage-superweich-minky-dot-wickeltisch-abdeckungen-fuer-baby-maedchen-und-jungen-ultra-bequem-sicher-fuer-babys-passend-fuer-813-cm-x-406-cm-beige\/#primaryimage","url":"https:\/\/m.media-amazon.com\/images\/I\/31dFm8JVRmL._SL500_.jpg","contentUrl":"https:\/\/m.media-amazon.com\/images\/I\/31dFm8JVRmL._SL500_.jpg","width":500,"height":500},{"@type":"BreadcrumbList","@id":"https:\/\/marktxxl.de\/markt\/produkt\/baby-wickelunterlage-superweich-minky-dot-wickeltisch-abdeckungen-fuer-baby-maedchen-und-jungen-ultra-bequem-sicher-fuer-babys-passend-fuer-813-cm-x-406-cm-beige\/#breadcrumb","itemListElement":[{"@type":"ListItem","position":1,"name":"Startseite","item":"https:\/\/marktxxl.de\/markt\/"},{"@type":"ListItem","position":2,"name":"Markt","item":"https:\/\/marktxxl.de\/markt\/"},{"@type":"ListItem","position":3,"name":"Baby-Wickelunterlage, superweich, Minky Dot Wickeltisch-Abdeckungen f\u00fcr Baby M\u00e4dchen und Jungen, ultra bequem, sicher\u2026"}]},{"@type":"WebSite","@id":"https:\/\/marktxxl.de\/markt\/#website","url":"https:\/\/marktxxl.de\/markt\/","name":"Markt-XXL","description":"Ihr Markt Online","publisher":{"@id":"https:\/\/marktxxl.de\/markt\/#organization"},"potentialAction":[{"@type":"SearchAction","target":{"@type":"EntryPoint","urlTemplate":"https:\/\/marktxxl.de\/markt\/?s={search_term_string}"},"query-input":{"@type":"PropertyValueSpecification","valueRequired":true,"valueName":"search_term_string"}}],"inLanguage":"de"},{"@type":"Organization","@id":"https:\/\/marktxxl.de\/markt\/#organization","name":"Markt-XXL","url":"https:\/\/marktxxl.de\/markt\/","logo":{"@type":"ImageObject","inLanguage":"de","@id":"https:\/\/marktxxl.de\/markt\/#\/schema\/logo\/image\/","url":"https:\/\/marktxxl.de\/markt\/wp-content\/uploads\/sites\/3\/2020\/12\/logo.png","contentUrl":"https:\/\/marktxxl.de\/markt\/wp-content\/uploads\/sites\/3\/2020\/12\/logo.png","width":200,"height":70,"caption":"Markt-XXL"},"image":{"@id":"https:\/\/marktxxl.de\/markt\/#\/schema\/logo\/image\/"}}]}},"_links":{"self":[{"href":"https:\/\/marktxxl.de\/markt\/wp-json\/wp\/v2\/product\/178825","targetHints":{"allow":["GET"]}}],"collection":[{"href":"https:\/\/marktxxl.de\/markt\/wp-json\/wp\/v2\/product"}],"about":[{"href":"https:\/\/marktxxl.de\/markt\/wp-json\/wp\/v2\/types\/product"}],"replies":[{"embeddable":true,"href":"https:\/\/marktxxl.de\/markt\/wp-json\/wp\/v2\/comments?post=178825"}],"wp:featuredmedia":[{"embeddable":true,"href":"https:\/\/marktxxl.de\/markt\/wp-json\/wp\/v2\/media\/178826"}],"wp:attachment":[{"href":"https:\/\/marktxxl.de\/markt\/wp-json\/wp\/v2\/media?parent=178825"}],"wp:term":[{"taxonomy":"product_brand","embeddable":true,"href":"https:\/\/marktxxl.de\/markt\/wp-json\/wp\/v2\/product_brand?post=178825"},{"taxonomy":"product_cat","embeddable":true,"href":"https:\/\/marktxxl.de\/markt\/wp-json\/wp\/v2\/product_cat?post=178825"},{"taxonomy":"product_tag","embeddable":true,"href":"https:\/\/marktxxl.de\/markt\/wp-json\/wp\/v2\/product_tag?post=178825"}],"curies":[{"name":"wp","href":"https:\/\/api.w.org\/{rel}","templated":true}]}}