{"id":178084,"date":"2023-01-09T20:46:47","date_gmt":"2023-01-09T19:46:47","guid":{"rendered":"https:\/\/marktxxl.de\/markt\/produkt\/damen-beinstrumpfbaender-punk-leder-taille-geschirr-koerper-kaefig-guertel-gothic-geschirr-rave-kostuem\/"},"modified":"2023-04-08T04:36:26","modified_gmt":"2023-04-08T02:36:26","slug":"damen-beinstrumpfbaender-punk-leder-taille-geschirr-koerper-kaefig-guertel-gothic-geschirr-rave-kostuem","status":"publish","type":"product","link":"https:\/\/marktxxl.de\/markt\/produkt\/damen-beinstrumpfbaender-punk-leder-taille-geschirr-koerper-kaefig-guertel-gothic-geschirr-rave-kostuem\/","title":{"rendered":"Damen Beinstrumpfb\u00e4nder Punk Leder Taille Geschirr K\u00f6rper K\u00e4fig G\u00fcrtel Gothic Geschirr Rave Kost\u00fcm"},"content":{"rendered":"<p>\u2764\ufe0f Material: PU-Leder, verstellbare Gr\u00f6\u00dfe: vollst\u00e4ndig verstellbar und eine Gr\u00f6\u00dfe passt den meisten, jedes Geschirr kann die Enge an Ihre K\u00f6rperform anpassen. Handgefertigt<br \/>\n\u2764\ufe0f Kann mit t\u00e4glichen Verkleidungen verwendet werden, wird dies mehr Highlights zu Ihrem Stil des Kleides bringen. Wenn Sie Konzerte oder Termine ben\u00f6tigen, wird es Sie besonders und sch\u00f6n aussehen lassen<br \/>\n\u2764\ufe0f Material: Hergestellt aus hochwertigem Kunstleder, weich und flexibel, langlebig und angenehm zu tragen. Einzigartiges, k\u00fcnstlerisches Design, perfekt zur Geltung bringen<br \/>\n\u2764\ufe0f Perfekt: ror sexy Ideal f\u00fcr Bar-Party, Musikfestival, Jubil\u00e4um Cosplay, Shows, Dating, Halloween-Kost\u00fcm, Nachtclub, Karneval, Bar, Maskerade Kost\u00fcme, Tanzen, Rave-Outfits, Konzertkleidung, Partykleidung, Club-Party und andere Veranstaltungen<br \/>\n\u2764\ufe0f Bleiben Sie dem Trend voraus mit dem stilvollen Rave-Geschirr. Das modische Design l\u00e4sst Sie charmanter aussehen, eine tolle Wahl als Geschenk f\u00fcr Frauen und M\u00e4dchen<br \/>\n<div class=\"main-cross-sell\" data-asin=\"B09PF71BQX\">\n\n\t<div class=\"WooZone-cross-sell-loader\">\n\t\t<div>\n\t\t\t<div id=\"floatingBarsG\">\n\t\t\t\t<div class=\"blockG\" id=\"rotateG_01\"><\/div>\n\t\t\t\t<div class=\"blockG\" id=\"rotateG_02\"><\/div>\n\t\t\t\t<div class=\"blockG\" id=\"rotateG_03\"><\/div>\n\t\t\t\t<div class=\"blockG\" id=\"rotateG_04\"><\/div>\n\t\t\t\t<div class=\"blockG\" id=\"rotateG_05\"><\/div>\n\t\t\t\t<div class=\"blockG\" id=\"rotateG_06\"><\/div>\n\t\t\t\t<div class=\"blockG\" id=\"rotateG_07\"><\/div>\n\t\t\t\t<div class=\"blockG\" id=\"rotateG_08\"><\/div>\n\t\t\t<\/div>\n\t\t\t<div class=\"WooZone-cross-sell-loader-text\"><\/div>\n\t\t<\/div>\n\t<\/div>\n\n\t\t\n<\/div>\n<div style=\"clear:both;\"><\/div><\/p>\n","protected":false},"excerpt":{"rendered":"<p>\u2764\ufe0f Material: PU-Leder, verstellbare Gr\u00f6\u00dfe: vollst\u00e4ndig verstellbar und eine Gr\u00f6\u00dfe passt den meisten, jedes Geschirr kann die Enge an Ihre K\u00f6rperform anpassen. Handgefertigt<br \/>\n\u2764\ufe0f Kann mit t\u00e4glichen Verkleidungen verwendet werden, wird dies mehr Highlights zu Ihrem Stil des Kleides bringen. Wenn Sie Konzerte oder Termine ben\u00f6tigen, wird es Sie besonders und sch\u00f6n aussehen lassen<br \/>\n\u2764\ufe0f Material: Hergestellt aus hochwertigem Kunstleder, weich und flexibel, langlebig und angenehm zu tragen. Einzigartiges, k\u00fcnstlerisches Design, perfekt zur Geltung bringen<\/p>\n","protected":false},"featured_media":178085,"comment_status":"open","ping_status":"closed","template":"","meta":[],"product_brand":[],"product_cat":[652,3064],"product_tag":[],"class_list":{"0":"post-178084","1":"product","2":"type-product","3":"status-publish","4":"has-post-thumbnail","6":"product_cat-erotik-markt-xxl","7":"product_cat-fesseln-bondage","8":"pa_brand-petmhs","9":"pa_manufacturer-petmhs","10":"pa_size-95a","12":"first","13":"instock","14":"shipping-taxable","15":"purchasable","16":"product-type-simple","17":"customify-col","18":"product-has-gallery"},"yoast_head":"<!-- This site is optimized with the Yoast SEO plugin v27.4 - https:\/\/yoast.com\/product\/yoast-seo-wordpress\/ -->\n<title>Damen Beinstrumpfb\u00e4nder Punk Leder Taille Geschirr K\u00f6rper K\u00e4fig G\u00fcrtel Gothic Geschirr Rave Kost\u00fcm - Markt-XXL<\/title>\n<meta name=\"description\" content=\"Markt-XXL Damen Beinstrumpfb\u00e4nder Punk Leder Taille Geschirr K\u00f6rper K\u00e4fig G\u00fcrtel Gothic Geschirr Rave Kost\u00fcm\" \/>\n<meta name=\"robots\" content=\"index, follow, max-snippet:-1, max-image-preview:large, max-video-preview:-1\" \/>\n<link rel=\"canonical\" href=\"https:\/\/marktxxl.de\/markt\/produkt\/damen-beinstrumpfbaender-punk-leder-taille-geschirr-koerper-kaefig-guertel-gothic-geschirr-rave-kostuem\/\" \/>\n<meta property=\"og:locale\" content=\"de_DE\" \/>\n<meta property=\"og:type\" content=\"article\" \/>\n<meta property=\"og:title\" content=\"Damen Beinstrumpfb\u00e4nder Punk Leder Taille Geschirr K\u00f6rper K\u00e4fig G\u00fcrtel Gothic Geschirr Rave Kost\u00fcm - Markt-XXL\" \/>\n<meta property=\"og:description\" content=\"Markt-XXL Damen Beinstrumpfb\u00e4nder Punk Leder Taille Geschirr K\u00f6rper K\u00e4fig G\u00fcrtel Gothic Geschirr Rave Kost\u00fcm\" \/>\n<meta property=\"og:url\" content=\"https:\/\/marktxxl.de\/markt\/produkt\/damen-beinstrumpfbaender-punk-leder-taille-geschirr-koerper-kaefig-guertel-gothic-geschirr-rave-kostuem\/\" \/>\n<meta property=\"og:site_name\" content=\"Markt-XXL\" \/>\n<meta property=\"article:modified_time\" content=\"2023-04-08T02:36:26+00:00\" \/>\n<meta property=\"og:image\" content=\"https:\/\/m.media-amazon.com\/images\/I\/317c5HlJLbL._SL500_.jpg\" \/>\n\t<meta property=\"og:image:width\" content=\"500\" \/>\n\t<meta property=\"og:image:height\" content=\"500\" \/>\n\t<meta property=\"og:image:type\" content=\"image\/jpeg\" \/>\n<meta name=\"twitter:card\" content=\"summary_large_image\" \/>\n<meta name=\"twitter:label1\" content=\"Gesch\u00e4tzte Lesezeit\" \/>\n\t<meta name=\"twitter:data1\" content=\"1\u00a0Minute\" \/>\n<script type=\"application\/ld+json\" class=\"yoast-schema-graph\">{\"@context\":\"https:\\\/\\\/schema.org\",\"@graph\":[{\"@type\":\"WebPage\",\"@id\":\"https:\\\/\\\/marktxxl.de\\\/markt\\\/produkt\\\/damen-beinstrumpfbaender-punk-leder-taille-geschirr-koerper-kaefig-guertel-gothic-geschirr-rave-kostuem\\\/\",\"url\":\"https:\\\/\\\/marktxxl.de\\\/markt\\\/produkt\\\/damen-beinstrumpfbaender-punk-leder-taille-geschirr-koerper-kaefig-guertel-gothic-geschirr-rave-kostuem\\\/\",\"name\":\"Damen Beinstrumpfb\u00e4nder Punk Leder Taille Geschirr K\u00f6rper K\u00e4fig G\u00fcrtel Gothic Geschirr Rave Kost\u00fcm - Markt-XXL\",\"isPartOf\":{\"@id\":\"https:\\\/\\\/marktxxl.de\\\/markt\\\/#website\"},\"primaryImageOfPage\":{\"@id\":\"https:\\\/\\\/marktxxl.de\\\/markt\\\/produkt\\\/damen-beinstrumpfbaender-punk-leder-taille-geschirr-koerper-kaefig-guertel-gothic-geschirr-rave-kostuem\\\/#primaryimage\"},\"image\":{\"@id\":\"https:\\\/\\\/marktxxl.de\\\/markt\\\/produkt\\\/damen-beinstrumpfbaender-punk-leder-taille-geschirr-koerper-kaefig-guertel-gothic-geschirr-rave-kostuem\\\/#primaryimage\"},\"thumbnailUrl\":\"https:\\\/\\\/m.media-amazon.com\\\/images\\\/I\\\/317c5HlJLbL._SL500_.jpg\",\"datePublished\":\"2023-01-09T19:46:47+00:00\",\"dateModified\":\"2023-04-08T02:36:26+00:00\",\"description\":\"Markt-XXL Damen Beinstrumpfb\u00e4nder Punk Leder Taille Geschirr K\u00f6rper K\u00e4fig G\u00fcrtel Gothic Geschirr Rave Kost\u00fcm\",\"breadcrumb\":{\"@id\":\"https:\\\/\\\/marktxxl.de\\\/markt\\\/produkt\\\/damen-beinstrumpfbaender-punk-leder-taille-geschirr-koerper-kaefig-guertel-gothic-geschirr-rave-kostuem\\\/#breadcrumb\"},\"inLanguage\":\"de\",\"potentialAction\":[{\"@type\":\"ReadAction\",\"target\":[\"https:\\\/\\\/marktxxl.de\\\/markt\\\/produkt\\\/damen-beinstrumpfbaender-punk-leder-taille-geschirr-koerper-kaefig-guertel-gothic-geschirr-rave-kostuem\\\/\"]}]},{\"@type\":\"ImageObject\",\"inLanguage\":\"de\",\"@id\":\"https:\\\/\\\/marktxxl.de\\\/markt\\\/produkt\\\/damen-beinstrumpfbaender-punk-leder-taille-geschirr-koerper-kaefig-guertel-gothic-geschirr-rave-kostuem\\\/#primaryimage\",\"url\":\"https:\\\/\\\/m.media-amazon.com\\\/images\\\/I\\\/317c5HlJLbL._SL500_.jpg\",\"contentUrl\":\"https:\\\/\\\/m.media-amazon.com\\\/images\\\/I\\\/317c5HlJLbL._SL500_.jpg\",\"width\":500,\"height\":500},{\"@type\":\"BreadcrumbList\",\"@id\":\"https:\\\/\\\/marktxxl.de\\\/markt\\\/produkt\\\/damen-beinstrumpfbaender-punk-leder-taille-geschirr-koerper-kaefig-guertel-gothic-geschirr-rave-kostuem\\\/#breadcrumb\",\"itemListElement\":[{\"@type\":\"ListItem\",\"position\":1,\"name\":\"Startseite\",\"item\":\"https:\\\/\\\/marktxxl.de\\\/markt\\\/\"},{\"@type\":\"ListItem\",\"position\":2,\"name\":\"Markt\",\"item\":\"https:\\\/\\\/marktxxl.de\\\/markt\\\/\"},{\"@type\":\"ListItem\",\"position\":3,\"name\":\"Damen Beinstrumpfb\u00e4nder Punk Leder Taille Geschirr K\u00f6rper K\u00e4fig G\u00fcrtel Gothic Geschirr Rave Kost\u00fcm\"}]},{\"@type\":\"WebSite\",\"@id\":\"https:\\\/\\\/marktxxl.de\\\/markt\\\/#website\",\"url\":\"https:\\\/\\\/marktxxl.de\\\/markt\\\/\",\"name\":\"Markt-XXL\",\"description\":\"Ihr Markt Online\",\"publisher\":{\"@id\":\"https:\\\/\\\/marktxxl.de\\\/markt\\\/#organization\"},\"potentialAction\":[{\"@type\":\"SearchAction\",\"target\":{\"@type\":\"EntryPoint\",\"urlTemplate\":\"https:\\\/\\\/marktxxl.de\\\/markt\\\/?s={search_term_string}\"},\"query-input\":{\"@type\":\"PropertyValueSpecification\",\"valueRequired\":true,\"valueName\":\"search_term_string\"}}],\"inLanguage\":\"de\"},{\"@type\":\"Organization\",\"@id\":\"https:\\\/\\\/marktxxl.de\\\/markt\\\/#organization\",\"name\":\"Markt-XXL\",\"url\":\"https:\\\/\\\/marktxxl.de\\\/markt\\\/\",\"logo\":{\"@type\":\"ImageObject\",\"inLanguage\":\"de\",\"@id\":\"https:\\\/\\\/marktxxl.de\\\/markt\\\/#\\\/schema\\\/logo\\\/image\\\/\",\"url\":\"https:\\\/\\\/marktxxl.de\\\/markt\\\/wp-content\\\/uploads\\\/sites\\\/3\\\/2020\\\/12\\\/logo.png\",\"contentUrl\":\"https:\\\/\\\/marktxxl.de\\\/markt\\\/wp-content\\\/uploads\\\/sites\\\/3\\\/2020\\\/12\\\/logo.png\",\"width\":200,\"height\":70,\"caption\":\"Markt-XXL\"},\"image\":{\"@id\":\"https:\\\/\\\/marktxxl.de\\\/markt\\\/#\\\/schema\\\/logo\\\/image\\\/\"}}]}<\/script>\n<!-- \/ Yoast SEO plugin. -->","yoast_head_json":{"title":"Damen Beinstrumpfb\u00e4nder Punk Leder Taille Geschirr K\u00f6rper K\u00e4fig G\u00fcrtel Gothic Geschirr Rave Kost\u00fcm - Markt-XXL","description":"Markt-XXL Damen Beinstrumpfb\u00e4nder Punk Leder Taille Geschirr K\u00f6rper K\u00e4fig G\u00fcrtel Gothic Geschirr Rave Kost\u00fcm","robots":{"index":"index","follow":"follow","max-snippet":"max-snippet:-1","max-image-preview":"max-image-preview:large","max-video-preview":"max-video-preview:-1"},"canonical":"https:\/\/marktxxl.de\/markt\/produkt\/damen-beinstrumpfbaender-punk-leder-taille-geschirr-koerper-kaefig-guertel-gothic-geschirr-rave-kostuem\/","og_locale":"de_DE","og_type":"article","og_title":"Damen Beinstrumpfb\u00e4nder Punk Leder Taille Geschirr K\u00f6rper K\u00e4fig G\u00fcrtel Gothic Geschirr Rave Kost\u00fcm - Markt-XXL","og_description":"Markt-XXL Damen Beinstrumpfb\u00e4nder Punk Leder Taille Geschirr K\u00f6rper K\u00e4fig G\u00fcrtel Gothic Geschirr Rave Kost\u00fcm","og_url":"https:\/\/marktxxl.de\/markt\/produkt\/damen-beinstrumpfbaender-punk-leder-taille-geschirr-koerper-kaefig-guertel-gothic-geschirr-rave-kostuem\/","og_site_name":"Markt-XXL","article_modified_time":"2023-04-08T02:36:26+00:00","og_image":[{"width":500,"height":500,"url":"https:\/\/m.media-amazon.com\/images\/I\/317c5HlJLbL._SL500_.jpg","type":"image\/jpeg"}],"twitter_card":"summary_large_image","twitter_misc":{"Gesch\u00e4tzte Lesezeit":"1\u00a0Minute"},"schema":{"@context":"https:\/\/schema.org","@graph":[{"@type":"WebPage","@id":"https:\/\/marktxxl.de\/markt\/produkt\/damen-beinstrumpfbaender-punk-leder-taille-geschirr-koerper-kaefig-guertel-gothic-geschirr-rave-kostuem\/","url":"https:\/\/marktxxl.de\/markt\/produkt\/damen-beinstrumpfbaender-punk-leder-taille-geschirr-koerper-kaefig-guertel-gothic-geschirr-rave-kostuem\/","name":"Damen Beinstrumpfb\u00e4nder Punk Leder Taille Geschirr K\u00f6rper K\u00e4fig G\u00fcrtel Gothic Geschirr Rave Kost\u00fcm - Markt-XXL","isPartOf":{"@id":"https:\/\/marktxxl.de\/markt\/#website"},"primaryImageOfPage":{"@id":"https:\/\/marktxxl.de\/markt\/produkt\/damen-beinstrumpfbaender-punk-leder-taille-geschirr-koerper-kaefig-guertel-gothic-geschirr-rave-kostuem\/#primaryimage"},"image":{"@id":"https:\/\/marktxxl.de\/markt\/produkt\/damen-beinstrumpfbaender-punk-leder-taille-geschirr-koerper-kaefig-guertel-gothic-geschirr-rave-kostuem\/#primaryimage"},"thumbnailUrl":"https:\/\/m.media-amazon.com\/images\/I\/317c5HlJLbL._SL500_.jpg","datePublished":"2023-01-09T19:46:47+00:00","dateModified":"2023-04-08T02:36:26+00:00","description":"Markt-XXL Damen Beinstrumpfb\u00e4nder Punk Leder Taille Geschirr K\u00f6rper K\u00e4fig G\u00fcrtel Gothic Geschirr Rave Kost\u00fcm","breadcrumb":{"@id":"https:\/\/marktxxl.de\/markt\/produkt\/damen-beinstrumpfbaender-punk-leder-taille-geschirr-koerper-kaefig-guertel-gothic-geschirr-rave-kostuem\/#breadcrumb"},"inLanguage":"de","potentialAction":[{"@type":"ReadAction","target":["https:\/\/marktxxl.de\/markt\/produkt\/damen-beinstrumpfbaender-punk-leder-taille-geschirr-koerper-kaefig-guertel-gothic-geschirr-rave-kostuem\/"]}]},{"@type":"ImageObject","inLanguage":"de","@id":"https:\/\/marktxxl.de\/markt\/produkt\/damen-beinstrumpfbaender-punk-leder-taille-geschirr-koerper-kaefig-guertel-gothic-geschirr-rave-kostuem\/#primaryimage","url":"https:\/\/m.media-amazon.com\/images\/I\/317c5HlJLbL._SL500_.jpg","contentUrl":"https:\/\/m.media-amazon.com\/images\/I\/317c5HlJLbL._SL500_.jpg","width":500,"height":500},{"@type":"BreadcrumbList","@id":"https:\/\/marktxxl.de\/markt\/produkt\/damen-beinstrumpfbaender-punk-leder-taille-geschirr-koerper-kaefig-guertel-gothic-geschirr-rave-kostuem\/#breadcrumb","itemListElement":[{"@type":"ListItem","position":1,"name":"Startseite","item":"https:\/\/marktxxl.de\/markt\/"},{"@type":"ListItem","position":2,"name":"Markt","item":"https:\/\/marktxxl.de\/markt\/"},{"@type":"ListItem","position":3,"name":"Damen Beinstrumpfb\u00e4nder Punk Leder Taille Geschirr K\u00f6rper K\u00e4fig G\u00fcrtel Gothic Geschirr Rave Kost\u00fcm"}]},{"@type":"WebSite","@id":"https:\/\/marktxxl.de\/markt\/#website","url":"https:\/\/marktxxl.de\/markt\/","name":"Markt-XXL","description":"Ihr Markt Online","publisher":{"@id":"https:\/\/marktxxl.de\/markt\/#organization"},"potentialAction":[{"@type":"SearchAction","target":{"@type":"EntryPoint","urlTemplate":"https:\/\/marktxxl.de\/markt\/?s={search_term_string}"},"query-input":{"@type":"PropertyValueSpecification","valueRequired":true,"valueName":"search_term_string"}}],"inLanguage":"de"},{"@type":"Organization","@id":"https:\/\/marktxxl.de\/markt\/#organization","name":"Markt-XXL","url":"https:\/\/marktxxl.de\/markt\/","logo":{"@type":"ImageObject","inLanguage":"de","@id":"https:\/\/marktxxl.de\/markt\/#\/schema\/logo\/image\/","url":"https:\/\/marktxxl.de\/markt\/wp-content\/uploads\/sites\/3\/2020\/12\/logo.png","contentUrl":"https:\/\/marktxxl.de\/markt\/wp-content\/uploads\/sites\/3\/2020\/12\/logo.png","width":200,"height":70,"caption":"Markt-XXL"},"image":{"@id":"https:\/\/marktxxl.de\/markt\/#\/schema\/logo\/image\/"}}]}},"_links":{"self":[{"href":"https:\/\/marktxxl.de\/markt\/wp-json\/wp\/v2\/product\/178084","targetHints":{"allow":["GET"]}}],"collection":[{"href":"https:\/\/marktxxl.de\/markt\/wp-json\/wp\/v2\/product"}],"about":[{"href":"https:\/\/marktxxl.de\/markt\/wp-json\/wp\/v2\/types\/product"}],"replies":[{"embeddable":true,"href":"https:\/\/marktxxl.de\/markt\/wp-json\/wp\/v2\/comments?post=178084"}],"wp:featuredmedia":[{"embeddable":true,"href":"https:\/\/marktxxl.de\/markt\/wp-json\/wp\/v2\/media\/178085"}],"wp:attachment":[{"href":"https:\/\/marktxxl.de\/markt\/wp-json\/wp\/v2\/media?parent=178084"}],"wp:term":[{"taxonomy":"product_brand","embeddable":true,"href":"https:\/\/marktxxl.de\/markt\/wp-json\/wp\/v2\/product_brand?post=178084"},{"taxonomy":"product_cat","embeddable":true,"href":"https:\/\/marktxxl.de\/markt\/wp-json\/wp\/v2\/product_cat?post=178084"},{"taxonomy":"product_tag","embeddable":true,"href":"https:\/\/marktxxl.de\/markt\/wp-json\/wp\/v2\/product_tag?post=178084"}],"curies":[{"name":"wp","href":"https:\/\/api.w.org\/{rel}","templated":true}]}}