{"id":177526,"date":"2022-12-11T12:20:08","date_gmt":"2022-12-11T11:20:08","guid":{"rendered":"https:\/\/marktxxl.de\/markt\/produkt\/gillette-venus-deluxe-smooth-swirl-rasierklingen-damen-8-ersatzklingen-fuer-damenrasierer-mit-5-fach-klinge\/"},"modified":"2023-04-08T04:36:18","modified_gmt":"2023-04-08T02:36:18","slug":"gillette-venus-deluxe-smooth-swirl-rasierklingen-damen-8-ersatzklingen-fuer-damenrasierer-mit-5-fach-klinge","status":"publish","type":"product","link":"https:\/\/marktxxl.de\/markt\/produkt\/gillette-venus-deluxe-smooth-swirl-rasierklingen-damen-8-ersatzklingen-fuer-damenrasierer-mit-5-fach-klinge\/","title":{"rendered":"Gillette Venus Deluxe Smooth Swirl Rasierklingen Damen, 8 Ersatzklingen f\u00fcr Damenrasierer mit 5-fach Klinge"},"content":{"rendered":"<p>DAUERHAFT GLATT: 8 Deluxe Smooth Swirl Rasierklingen f\u00fcr den Venus Damenrasierer mit 5 strapazierf\u00e4higen Klingen f\u00fcr eine besonders lang anhaltende glatte Rasur mit dem Nassrasierer<br \/>\nFLEXIBLES DESIGN: Jede der 5 Klingen ist einzeln im Rasierkopf aufgeh\u00e4ngt und kann sich somit den K\u00f6rperkonturen anpassen, f\u00fcr maximalen Kontakt zwischen dem Rasierer und Haut \u2013 selbst an schwer zu erreichenden Bereichen mit dem Nassrasierer, wie zum Beispiel den Kn\u00f6cheln<br \/>\nHAUTSCHUTZ: Ein durch Wasser aktiviertes Feuchtigkeitsband bietet mehr Feuchtigkeit, um Ihre Haut gegen Verletzungen zu sch\u00fctzen<br \/>\n\u00dcBERZEUGENDE LEISTUNG: Die Klingen mit diamantharter Beschichtung erm\u00f6glichen eine leichte Rasur und sorgen f\u00fcr eine glatte Haut in einem Zug<br \/>\nKOMPATIBEL: Alle Venus Ersatzklingen passen auf alle Venus Rasierer (au\u00dfer Simply Venus)<br \/>\n<div class=\"main-cross-sell\" data-asin=\"B08W55CKZ6\">\n\n\t<div class=\"WooZone-cross-sell-loader\">\n\t\t<div>\n\t\t\t<div id=\"floatingBarsG\">\n\t\t\t\t<div class=\"blockG\" id=\"rotateG_01\"><\/div>\n\t\t\t\t<div class=\"blockG\" id=\"rotateG_02\"><\/div>\n\t\t\t\t<div class=\"blockG\" id=\"rotateG_03\"><\/div>\n\t\t\t\t<div class=\"blockG\" id=\"rotateG_04\"><\/div>\n\t\t\t\t<div class=\"blockG\" id=\"rotateG_05\"><\/div>\n\t\t\t\t<div class=\"blockG\" id=\"rotateG_06\"><\/div>\n\t\t\t\t<div class=\"blockG\" id=\"rotateG_07\"><\/div>\n\t\t\t\t<div class=\"blockG\" id=\"rotateG_08\"><\/div>\n\t\t\t<\/div>\n\t\t\t<div class=\"WooZone-cross-sell-loader-text\"><\/div>\n\t\t<\/div>\n\t<\/div>\n\n\t\t\n<\/div>\n<div style=\"clear:both;\"><\/div><\/p>\n","protected":false},"excerpt":{"rendered":"<p>DAUERHAFT GLATT: 8 Deluxe Smooth Swirl Rasierklingen f\u00fcr den Venus Damenrasierer mit 5 strapazierf\u00e4higen Klingen f\u00fcr eine besonders lang anhaltende glatte Rasur mit dem Nassrasierer<br \/>\nFLEXIBLES DESIGN: Jede der 5 Klingen ist einzeln im Rasierkopf aufgeh\u00e4ngt und kann sich somit den K\u00f6rperkonturen anpassen, f\u00fcr maximalen Kontakt zwischen dem Rasierer und Haut \u2013 selbst an schwer zu erreichenden Bereichen mit dem Nassrasierer, wie zum Beispiel den Kn\u00f6cheln<br \/>\nHAUTSCHUTZ: Ein durch Wasser aktiviertes Feuchtigkeitsband bietet mehr Feuchtigkeit, um Ihre Haut gegen Verletzungen zu sch\u00fctzen<\/p>\n","protected":false},"featured_media":177527,"comment_status":"open","ping_status":"closed","template":"","meta":[],"product_brand":[],"product_cat":[566,6190],"product_tag":[],"class_list":{"0":"post-177526","1":"product","2":"type-product","3":"status-publish","4":"has-post-thumbnail","6":"product_cat-drogerie-koerperpflege","7":"product_cat-rasur-enthaarung","8":"pa_binding-badartikel","9":"pa_brand-gillette-venus","10":"pa_height-4-4094488144-zoll","11":"pa_length-3-87795275195-zoll","12":"pa_manufacturer-procter-gamble","13":"pa_model-46757","14":"pa_size-8-stueck-1er-pack","15":"pa_weight-0-065-kilogramm","16":"pa_width-2-22440944655-zoll","18":"first","19":"instock","20":"shipping-taxable","21":"purchasable","22":"product-type-simple","23":"customify-col","24":"product-has-gallery"},"yoast_head":"<!-- This site is optimized with the Yoast SEO plugin v27.4 - https:\/\/yoast.com\/product\/yoast-seo-wordpress\/ -->\n<title>Gillette Venus Deluxe Smooth Swirl Rasierklingen Damen, 8 Ersatzklingen f\u00fcr Damenrasierer mit 5-fach Klinge - Markt-XXL<\/title>\n<meta name=\"description\" content=\"Markt-XXL Gillette Venus Deluxe Smooth Swirl Rasierklingen Damen, 8 Ersatzklingen f\u00fcr Damenrasierer mit 5-fach Klinge\" \/>\n<meta name=\"robots\" content=\"index, follow, max-snippet:-1, max-image-preview:large, max-video-preview:-1\" \/>\n<link rel=\"canonical\" href=\"https:\/\/marktxxl.de\/markt\/produkt\/gillette-venus-deluxe-smooth-swirl-rasierklingen-damen-8-ersatzklingen-fuer-damenrasierer-mit-5-fach-klinge\/\" \/>\n<meta property=\"og:locale\" content=\"de_DE\" \/>\n<meta property=\"og:type\" content=\"article\" \/>\n<meta property=\"og:title\" content=\"Gillette Venus Deluxe Smooth Swirl Rasierklingen Damen, 8 Ersatzklingen f\u00fcr Damenrasierer mit 5-fach Klinge - Markt-XXL\" \/>\n<meta property=\"og:description\" content=\"Markt-XXL Gillette Venus Deluxe Smooth Swirl Rasierklingen Damen, 8 Ersatzklingen f\u00fcr Damenrasierer mit 5-fach Klinge\" \/>\n<meta property=\"og:url\" content=\"https:\/\/marktxxl.de\/markt\/produkt\/gillette-venus-deluxe-smooth-swirl-rasierklingen-damen-8-ersatzklingen-fuer-damenrasierer-mit-5-fach-klinge\/\" \/>\n<meta property=\"og:site_name\" content=\"Markt-XXL\" \/>\n<meta property=\"article:modified_time\" content=\"2023-04-08T02:36:18+00:00\" \/>\n<meta property=\"og:image\" content=\"https:\/\/m.media-amazon.com\/images\/I\/51+QwCnJNwS._SL500_.jpg\" \/>\n\t<meta property=\"og:image:width\" content=\"500\" \/>\n\t<meta property=\"og:image:height\" content=\"500\" \/>\n\t<meta property=\"og:image:type\" content=\"image\/jpeg\" \/>\n<meta name=\"twitter:card\" content=\"summary_large_image\" \/>\n<meta name=\"twitter:label1\" content=\"Gesch\u00e4tzte Lesezeit\" \/>\n\t<meta name=\"twitter:data1\" content=\"1\u00a0Minute\" \/>\n<script type=\"application\/ld+json\" class=\"yoast-schema-graph\">{\"@context\":\"https:\\\/\\\/schema.org\",\"@graph\":[{\"@type\":\"WebPage\",\"@id\":\"https:\\\/\\\/marktxxl.de\\\/markt\\\/produkt\\\/gillette-venus-deluxe-smooth-swirl-rasierklingen-damen-8-ersatzklingen-fuer-damenrasierer-mit-5-fach-klinge\\\/\",\"url\":\"https:\\\/\\\/marktxxl.de\\\/markt\\\/produkt\\\/gillette-venus-deluxe-smooth-swirl-rasierklingen-damen-8-ersatzklingen-fuer-damenrasierer-mit-5-fach-klinge\\\/\",\"name\":\"Gillette Venus Deluxe Smooth Swirl Rasierklingen Damen, 8 Ersatzklingen f\u00fcr Damenrasierer mit 5-fach Klinge - Markt-XXL\",\"isPartOf\":{\"@id\":\"https:\\\/\\\/marktxxl.de\\\/markt\\\/#website\"},\"primaryImageOfPage\":{\"@id\":\"https:\\\/\\\/marktxxl.de\\\/markt\\\/produkt\\\/gillette-venus-deluxe-smooth-swirl-rasierklingen-damen-8-ersatzklingen-fuer-damenrasierer-mit-5-fach-klinge\\\/#primaryimage\"},\"image\":{\"@id\":\"https:\\\/\\\/marktxxl.de\\\/markt\\\/produkt\\\/gillette-venus-deluxe-smooth-swirl-rasierklingen-damen-8-ersatzklingen-fuer-damenrasierer-mit-5-fach-klinge\\\/#primaryimage\"},\"thumbnailUrl\":\"https:\\\/\\\/m.media-amazon.com\\\/images\\\/I\\\/51+QwCnJNwS._SL500_.jpg\",\"datePublished\":\"2022-12-11T11:20:08+00:00\",\"dateModified\":\"2023-04-08T02:36:18+00:00\",\"description\":\"Markt-XXL Gillette Venus Deluxe Smooth Swirl Rasierklingen Damen, 8 Ersatzklingen f\u00fcr Damenrasierer mit 5-fach Klinge\",\"breadcrumb\":{\"@id\":\"https:\\\/\\\/marktxxl.de\\\/markt\\\/produkt\\\/gillette-venus-deluxe-smooth-swirl-rasierklingen-damen-8-ersatzklingen-fuer-damenrasierer-mit-5-fach-klinge\\\/#breadcrumb\"},\"inLanguage\":\"de\",\"potentialAction\":[{\"@type\":\"ReadAction\",\"target\":[\"https:\\\/\\\/marktxxl.de\\\/markt\\\/produkt\\\/gillette-venus-deluxe-smooth-swirl-rasierklingen-damen-8-ersatzklingen-fuer-damenrasierer-mit-5-fach-klinge\\\/\"]}]},{\"@type\":\"ImageObject\",\"inLanguage\":\"de\",\"@id\":\"https:\\\/\\\/marktxxl.de\\\/markt\\\/produkt\\\/gillette-venus-deluxe-smooth-swirl-rasierklingen-damen-8-ersatzklingen-fuer-damenrasierer-mit-5-fach-klinge\\\/#primaryimage\",\"url\":\"https:\\\/\\\/m.media-amazon.com\\\/images\\\/I\\\/51+QwCnJNwS._SL500_.jpg\",\"contentUrl\":\"https:\\\/\\\/m.media-amazon.com\\\/images\\\/I\\\/51+QwCnJNwS._SL500_.jpg\",\"width\":500,\"height\":500},{\"@type\":\"BreadcrumbList\",\"@id\":\"https:\\\/\\\/marktxxl.de\\\/markt\\\/produkt\\\/gillette-venus-deluxe-smooth-swirl-rasierklingen-damen-8-ersatzklingen-fuer-damenrasierer-mit-5-fach-klinge\\\/#breadcrumb\",\"itemListElement\":[{\"@type\":\"ListItem\",\"position\":1,\"name\":\"Startseite\",\"item\":\"https:\\\/\\\/marktxxl.de\\\/markt\\\/\"},{\"@type\":\"ListItem\",\"position\":2,\"name\":\"Markt\",\"item\":\"https:\\\/\\\/marktxxl.de\\\/markt\\\/\"},{\"@type\":\"ListItem\",\"position\":3,\"name\":\"Gillette Venus Deluxe Smooth Swirl Rasierklingen Damen, 8 Ersatzklingen f\u00fcr Damenrasierer mit 5-fach Klinge\"}]},{\"@type\":\"WebSite\",\"@id\":\"https:\\\/\\\/marktxxl.de\\\/markt\\\/#website\",\"url\":\"https:\\\/\\\/marktxxl.de\\\/markt\\\/\",\"name\":\"Markt-XXL\",\"description\":\"Ihr Markt Online\",\"publisher\":{\"@id\":\"https:\\\/\\\/marktxxl.de\\\/markt\\\/#organization\"},\"potentialAction\":[{\"@type\":\"SearchAction\",\"target\":{\"@type\":\"EntryPoint\",\"urlTemplate\":\"https:\\\/\\\/marktxxl.de\\\/markt\\\/?s={search_term_string}\"},\"query-input\":{\"@type\":\"PropertyValueSpecification\",\"valueRequired\":true,\"valueName\":\"search_term_string\"}}],\"inLanguage\":\"de\"},{\"@type\":\"Organization\",\"@id\":\"https:\\\/\\\/marktxxl.de\\\/markt\\\/#organization\",\"name\":\"Markt-XXL\",\"url\":\"https:\\\/\\\/marktxxl.de\\\/markt\\\/\",\"logo\":{\"@type\":\"ImageObject\",\"inLanguage\":\"de\",\"@id\":\"https:\\\/\\\/marktxxl.de\\\/markt\\\/#\\\/schema\\\/logo\\\/image\\\/\",\"url\":\"https:\\\/\\\/marktxxl.de\\\/markt\\\/wp-content\\\/uploads\\\/sites\\\/3\\\/2020\\\/12\\\/logo.png\",\"contentUrl\":\"https:\\\/\\\/marktxxl.de\\\/markt\\\/wp-content\\\/uploads\\\/sites\\\/3\\\/2020\\\/12\\\/logo.png\",\"width\":200,\"height\":70,\"caption\":\"Markt-XXL\"},\"image\":{\"@id\":\"https:\\\/\\\/marktxxl.de\\\/markt\\\/#\\\/schema\\\/logo\\\/image\\\/\"}}]}<\/script>\n<!-- \/ Yoast SEO plugin. -->","yoast_head_json":{"title":"Gillette Venus Deluxe Smooth Swirl Rasierklingen Damen, 8 Ersatzklingen f\u00fcr Damenrasierer mit 5-fach Klinge - Markt-XXL","description":"Markt-XXL Gillette Venus Deluxe Smooth Swirl Rasierklingen Damen, 8 Ersatzklingen f\u00fcr Damenrasierer mit 5-fach Klinge","robots":{"index":"index","follow":"follow","max-snippet":"max-snippet:-1","max-image-preview":"max-image-preview:large","max-video-preview":"max-video-preview:-1"},"canonical":"https:\/\/marktxxl.de\/markt\/produkt\/gillette-venus-deluxe-smooth-swirl-rasierklingen-damen-8-ersatzklingen-fuer-damenrasierer-mit-5-fach-klinge\/","og_locale":"de_DE","og_type":"article","og_title":"Gillette Venus Deluxe Smooth Swirl Rasierklingen Damen, 8 Ersatzklingen f\u00fcr Damenrasierer mit 5-fach Klinge - Markt-XXL","og_description":"Markt-XXL Gillette Venus Deluxe Smooth Swirl Rasierklingen Damen, 8 Ersatzklingen f\u00fcr Damenrasierer mit 5-fach Klinge","og_url":"https:\/\/marktxxl.de\/markt\/produkt\/gillette-venus-deluxe-smooth-swirl-rasierklingen-damen-8-ersatzklingen-fuer-damenrasierer-mit-5-fach-klinge\/","og_site_name":"Markt-XXL","article_modified_time":"2023-04-08T02:36:18+00:00","og_image":[{"width":500,"height":500,"url":"https:\/\/m.media-amazon.com\/images\/I\/51+QwCnJNwS._SL500_.jpg","type":"image\/jpeg"}],"twitter_card":"summary_large_image","twitter_misc":{"Gesch\u00e4tzte Lesezeit":"1\u00a0Minute"},"schema":{"@context":"https:\/\/schema.org","@graph":[{"@type":"WebPage","@id":"https:\/\/marktxxl.de\/markt\/produkt\/gillette-venus-deluxe-smooth-swirl-rasierklingen-damen-8-ersatzklingen-fuer-damenrasierer-mit-5-fach-klinge\/","url":"https:\/\/marktxxl.de\/markt\/produkt\/gillette-venus-deluxe-smooth-swirl-rasierklingen-damen-8-ersatzklingen-fuer-damenrasierer-mit-5-fach-klinge\/","name":"Gillette Venus Deluxe Smooth Swirl Rasierklingen Damen, 8 Ersatzklingen f\u00fcr Damenrasierer mit 5-fach Klinge - Markt-XXL","isPartOf":{"@id":"https:\/\/marktxxl.de\/markt\/#website"},"primaryImageOfPage":{"@id":"https:\/\/marktxxl.de\/markt\/produkt\/gillette-venus-deluxe-smooth-swirl-rasierklingen-damen-8-ersatzklingen-fuer-damenrasierer-mit-5-fach-klinge\/#primaryimage"},"image":{"@id":"https:\/\/marktxxl.de\/markt\/produkt\/gillette-venus-deluxe-smooth-swirl-rasierklingen-damen-8-ersatzklingen-fuer-damenrasierer-mit-5-fach-klinge\/#primaryimage"},"thumbnailUrl":"https:\/\/m.media-amazon.com\/images\/I\/51+QwCnJNwS._SL500_.jpg","datePublished":"2022-12-11T11:20:08+00:00","dateModified":"2023-04-08T02:36:18+00:00","description":"Markt-XXL Gillette Venus Deluxe Smooth Swirl Rasierklingen Damen, 8 Ersatzklingen f\u00fcr Damenrasierer mit 5-fach Klinge","breadcrumb":{"@id":"https:\/\/marktxxl.de\/markt\/produkt\/gillette-venus-deluxe-smooth-swirl-rasierklingen-damen-8-ersatzklingen-fuer-damenrasierer-mit-5-fach-klinge\/#breadcrumb"},"inLanguage":"de","potentialAction":[{"@type":"ReadAction","target":["https:\/\/marktxxl.de\/markt\/produkt\/gillette-venus-deluxe-smooth-swirl-rasierklingen-damen-8-ersatzklingen-fuer-damenrasierer-mit-5-fach-klinge\/"]}]},{"@type":"ImageObject","inLanguage":"de","@id":"https:\/\/marktxxl.de\/markt\/produkt\/gillette-venus-deluxe-smooth-swirl-rasierklingen-damen-8-ersatzklingen-fuer-damenrasierer-mit-5-fach-klinge\/#primaryimage","url":"https:\/\/m.media-amazon.com\/images\/I\/51+QwCnJNwS._SL500_.jpg","contentUrl":"https:\/\/m.media-amazon.com\/images\/I\/51+QwCnJNwS._SL500_.jpg","width":500,"height":500},{"@type":"BreadcrumbList","@id":"https:\/\/marktxxl.de\/markt\/produkt\/gillette-venus-deluxe-smooth-swirl-rasierklingen-damen-8-ersatzklingen-fuer-damenrasierer-mit-5-fach-klinge\/#breadcrumb","itemListElement":[{"@type":"ListItem","position":1,"name":"Startseite","item":"https:\/\/marktxxl.de\/markt\/"},{"@type":"ListItem","position":2,"name":"Markt","item":"https:\/\/marktxxl.de\/markt\/"},{"@type":"ListItem","position":3,"name":"Gillette Venus Deluxe Smooth Swirl Rasierklingen Damen, 8 Ersatzklingen f\u00fcr Damenrasierer mit 5-fach Klinge"}]},{"@type":"WebSite","@id":"https:\/\/marktxxl.de\/markt\/#website","url":"https:\/\/marktxxl.de\/markt\/","name":"Markt-XXL","description":"Ihr Markt Online","publisher":{"@id":"https:\/\/marktxxl.de\/markt\/#organization"},"potentialAction":[{"@type":"SearchAction","target":{"@type":"EntryPoint","urlTemplate":"https:\/\/marktxxl.de\/markt\/?s={search_term_string}"},"query-input":{"@type":"PropertyValueSpecification","valueRequired":true,"valueName":"search_term_string"}}],"inLanguage":"de"},{"@type":"Organization","@id":"https:\/\/marktxxl.de\/markt\/#organization","name":"Markt-XXL","url":"https:\/\/marktxxl.de\/markt\/","logo":{"@type":"ImageObject","inLanguage":"de","@id":"https:\/\/marktxxl.de\/markt\/#\/schema\/logo\/image\/","url":"https:\/\/marktxxl.de\/markt\/wp-content\/uploads\/sites\/3\/2020\/12\/logo.png","contentUrl":"https:\/\/marktxxl.de\/markt\/wp-content\/uploads\/sites\/3\/2020\/12\/logo.png","width":200,"height":70,"caption":"Markt-XXL"},"image":{"@id":"https:\/\/marktxxl.de\/markt\/#\/schema\/logo\/image\/"}}]}},"_links":{"self":[{"href":"https:\/\/marktxxl.de\/markt\/wp-json\/wp\/v2\/product\/177526","targetHints":{"allow":["GET"]}}],"collection":[{"href":"https:\/\/marktxxl.de\/markt\/wp-json\/wp\/v2\/product"}],"about":[{"href":"https:\/\/marktxxl.de\/markt\/wp-json\/wp\/v2\/types\/product"}],"replies":[{"embeddable":true,"href":"https:\/\/marktxxl.de\/markt\/wp-json\/wp\/v2\/comments?post=177526"}],"wp:featuredmedia":[{"embeddable":true,"href":"https:\/\/marktxxl.de\/markt\/wp-json\/wp\/v2\/media\/177527"}],"wp:attachment":[{"href":"https:\/\/marktxxl.de\/markt\/wp-json\/wp\/v2\/media?parent=177526"}],"wp:term":[{"taxonomy":"product_brand","embeddable":true,"href":"https:\/\/marktxxl.de\/markt\/wp-json\/wp\/v2\/product_brand?post=177526"},{"taxonomy":"product_cat","embeddable":true,"href":"https:\/\/marktxxl.de\/markt\/wp-json\/wp\/v2\/product_cat?post=177526"},{"taxonomy":"product_tag","embeddable":true,"href":"https:\/\/marktxxl.de\/markt\/wp-json\/wp\/v2\/product_tag?post=177526"}],"curies":[{"name":"wp","href":"https:\/\/api.w.org\/{rel}","templated":true}]}}