{"id":177239,"date":"2022-12-11T12:04:46","date_gmt":"2022-12-11T11:04:46","guid":{"rendered":"https:\/\/marktxxl.de\/markt\/produkt\/nature-basics-algenoel-omega-3-vegan-120-kapseln-hochdosiert-im-glas-rein-unverarbeitet-zertifiziert-nachhaltig-co2-neutral-pro-kapsel-natuerliche-455mg-mit-30-dha-15-epa\/"},"modified":"2023-04-11T05:06:30","modified_gmt":"2023-04-11T03:06:30","slug":"nature-basics-algenoel-omega-3-vegan-120-kapseln-hochdosiert-im-glas-rein-unverarbeitet-zertifiziert-nachhaltig-co2-neutral-pro-kapsel-natuerliche-455mg-mit-30-dha-15-epa","status":"publish","type":"product","link":"https:\/\/marktxxl.de\/markt\/produkt\/nature-basics-algenoel-omega-3-vegan-120-kapseln-hochdosiert-im-glas-rein-unverarbeitet-zertifiziert-nachhaltig-co2-neutral-pro-kapsel-natuerliche-455mg-mit-30-dha-15-epa\/","title":{"rendered":"Nature Basics\u00ae Algen\u00f6l Omega 3 vegan | 120 (!) Kapseln hochdosiert im Glas | rein unverarbeitet zertifiziert nachhaltig\u2026"},"content":{"rendered":"<p>\ud83d\udee1\ufe0f VERSORGUNG F\u00dcR 4 MONATE &#8211; 120 Weichkapseln mit hochdosierten 830 mg Algen\u00f6l, davon 458 mg Omega-3-Fetts\u00e4uren pro Tagesdosis (1 Kapsel), davon sind mindestens 250 mg DHA und mindestens 125 mg EPA. Wir von Nature Basics empfehlen 1 nat\u00fcrliche Omega-3 Kapsel aus Algen\u00f6l pro Tag. Die Quelle unseres pflanzlichen Omega-3 ist die Mikroalge Schizochytrium sp., welche in speziell geschlossenen Beh\u00e4ltern gez\u00fcchtet wird.<br \/>\n\ud83d\udc9a WIRKUNG &#8211; Die langkettigen Omega-3 Fetts\u00e4uren DHA und EPA unterst\u00fctzen die Gesundheit der K\u00f6rperzellen, des Gehirns, des Herzens und der Augen. Dabei tr\u00e4gt DHA zur Erhaltung einer normalen Gehirnfunktion (ab 250 mg DHA t\u00e4glich) und zur Erhaltung normaler Sehkraft (ab 250 mg DHA t\u00e4glich) bei. Au\u00dferdem tragen EPA und DHA beide zu einer normalen Herzfunktion bei (ab 250 mg DHA &amp; EPA t\u00e4glich).<br \/>\n\ud83c\udf3f HOCHWERTIGE INHALTSSTOFFE &#8211; Wir verwenden gut vertr\u00e4gliches und nat\u00fcrliches Omega-3 Algen\u00f6l. Unser veganes Omega-3 enth\u00e4lt die beiden wichtigen Omega-3-Fetts\u00e4uren Eicosapentaens\u00e4ure (EPA) und Docosahexaens\u00e4ure (DHA). Algen\u00f6l stellt die einzig verf\u00fcgbare Quelle von pflanzlichem DHA und EPA Omega-3 Fetts\u00e4uren dar. Unsere abgestimmte EPA-DHA-Formel wird aus nachhaltig gewonnenen Algen entwickelt.<br \/>\n\ud83d\udc8a OPTIMALE BIOVERF\u00dcGBARKEIT &#8211; Unsere nat\u00fcrlichen und hochdosierten Omega-3 Algen\u00f6l Kapseln haben eine optimale Bioverf\u00fcgbarkeit. Au\u00dferdem ist unser Omega-3 vegan\/vegetarisch.<br \/>\n\u2714\ufe0f HOHE QUALIT\u00c4T UND NACHHALTIG &#8211; Unser Omega 3 aus Algen\u00f6l ist ohne chemische sowie k\u00fcnstliche Zutaten und somit vollkommen nat\u00fcrlich. Unsere Nahrungserg\u00e4nzungsmittel werden in streng gepr\u00fcften und zertifizierten Anlagen in Deutschland hergestellt. Mit unserem klimapositiven Konzept bieten wir au\u00dferdem 100 % Nachhaltigkeit.<br \/>\n<div class=\"main-cross-sell\" data-asin=\"B08QNJPQP8\">\n\n\t<div class=\"WooZone-cross-sell-loader\">\n\t\t<div>\n\t\t\t<div id=\"floatingBarsG\">\n\t\t\t\t<div class=\"blockG\" id=\"rotateG_01\"><\/div>\n\t\t\t\t<div class=\"blockG\" id=\"rotateG_02\"><\/div>\n\t\t\t\t<div class=\"blockG\" id=\"rotateG_03\"><\/div>\n\t\t\t\t<div class=\"blockG\" id=\"rotateG_04\"><\/div>\n\t\t\t\t<div class=\"blockG\" id=\"rotateG_05\"><\/div>\n\t\t\t\t<div class=\"blockG\" id=\"rotateG_06\"><\/div>\n\t\t\t\t<div class=\"blockG\" id=\"rotateG_07\"><\/div>\n\t\t\t\t<div class=\"blockG\" id=\"rotateG_08\"><\/div>\n\t\t\t<\/div>\n\t\t\t<div class=\"WooZone-cross-sell-loader-text\"><\/div>\n\t\t<\/div>\n\t<\/div>\n\n\t\t\n<\/div>\n<div style=\"clear:both;\"><\/div><\/p>\n","protected":false},"excerpt":{"rendered":"<p>\ud83d\udee1\ufe0f VERSORGUNG F\u00dcR 4 MONATE &#8211; 120 Weichkapseln mit hochdosierten 830 mg Algen\u00f6l, davon 458 mg Omega-3-Fetts\u00e4uren pro Tagesdosis (1 Kapsel), davon sind mindestens 250 mg DHA und mindestens 125 mg EPA. Wir von Nature Basics empfehlen 1 nat\u00fcrliche Omega-3 Kapsel aus Algen\u00f6l pro Tag. Die Quelle unseres pflanzlichen Omega-3 ist die Mikroalge Schizochytrium sp., welche in speziell geschlossenen Beh\u00e4ltern gez\u00fcchtet wird.<br \/>\n\ud83d\udc9a WIRKUNG &#8211; Die langkettigen Omega-3 Fetts\u00e4uren DHA und EPA unterst\u00fctzen die Gesundheit der K\u00f6rperzellen, des Gehirns, des Herzens und der Augen. Dabei tr\u00e4gt DHA zur Erhaltung einer normalen Gehirnfunktion (ab 250 mg DHA t\u00e4glich) und zur Erhaltung normaler Sehkraft (ab 250 mg DHA t\u00e4glich) bei. Au\u00dferdem tragen EPA und DHA beide zu einer normalen Herzfunktion bei (ab 250 mg DHA &amp; EPA t\u00e4glich).<br \/>\n\ud83c\udf3f HOCHWERTIGE INHALTSSTOFFE &#8211; Wir verwenden gut vertr\u00e4gliches und nat\u00fcrliches Omega-3 Algen\u00f6l. Unser veganes Omega-3 enth\u00e4lt die beiden wichtigen Omega-3-Fetts\u00e4uren Eicosapentaens\u00e4ure (EPA) und Docosahexaens\u00e4ure (DHA). Algen\u00f6l stellt die einzig verf\u00fcgbare Quelle von pflanzlichem DHA und EPA Omega-3 Fetts\u00e4uren dar. Unsere abgestimmte EPA-DHA-Formel wird aus nachhaltig gewonnenen Algen entwickelt.<\/p>\n","protected":false},"featured_media":177240,"comment_status":"open","ping_status":"closed","template":"","meta":[],"product_brand":[],"product_cat":[566,6375],"product_tag":[],"class_list":{"0":"post-177239","1":"product","2":"type-product","3":"status-publish","4":"has-post-thumbnail","6":"product_cat-drogerie-koerperpflege","7":"product_cat-vitamine-mineralien-ergaenzungsmittel","8":"pa_brand-nature-basics","9":"pa_languages-bestandteile-deutsch","10":"pa_manufacturer-founderholics-gmbh","11":"pa_size-120-stueck-1er-pack","13":"first","14":"instock","15":"shipping-taxable","16":"purchasable","17":"product-type-simple","18":"customify-col","19":"product-has-gallery"},"yoast_head":"<!-- This site is optimized with the Yoast SEO plugin v27.4 - https:\/\/yoast.com\/product\/yoast-seo-wordpress\/ -->\n<title>Nature Basics\u00ae Algen\u00f6l Omega 3 vegan | 120 (!) Kapseln hochdosiert im Glas | rein unverarbeitet zertifiziert nachhaltig\u2026 - Markt-XXL<\/title>\n<meta name=\"description\" content=\"Markt-XXL Nature Basics\u00ae Algen\u00f6l Omega 3 vegan | 120 (!) Kapseln hochdosiert im Glas | rein unverarbeitet zertifiziert nachhaltig\u2026\" \/>\n<meta name=\"robots\" content=\"index, follow, max-snippet:-1, max-image-preview:large, max-video-preview:-1\" \/>\n<link rel=\"canonical\" href=\"https:\/\/marktxxl.de\/markt\/produkt\/nature-basics-algenoel-omega-3-vegan-120-kapseln-hochdosiert-im-glas-rein-unverarbeitet-zertifiziert-nachhaltig-co2-neutral-pro-kapsel-natuerliche-455mg-mit-30-dha-15-epa\/\" \/>\n<meta property=\"og:locale\" content=\"de_DE\" \/>\n<meta property=\"og:type\" content=\"article\" \/>\n<meta property=\"og:title\" content=\"Nature Basics\u00ae Algen\u00f6l Omega 3 vegan | 120 (!) Kapseln hochdosiert im Glas | rein unverarbeitet zertifiziert nachhaltig\u2026 - Markt-XXL\" \/>\n<meta property=\"og:description\" content=\"Markt-XXL Nature Basics\u00ae Algen\u00f6l Omega 3 vegan | 120 (!) Kapseln hochdosiert im Glas | rein unverarbeitet zertifiziert nachhaltig\u2026\" \/>\n<meta property=\"og:url\" content=\"https:\/\/marktxxl.de\/markt\/produkt\/nature-basics-algenoel-omega-3-vegan-120-kapseln-hochdosiert-im-glas-rein-unverarbeitet-zertifiziert-nachhaltig-co2-neutral-pro-kapsel-natuerliche-455mg-mit-30-dha-15-epa\/\" \/>\n<meta property=\"og:site_name\" content=\"Markt-XXL\" \/>\n<meta property=\"article:modified_time\" content=\"2023-04-11T03:06:30+00:00\" \/>\n<meta property=\"og:image\" content=\"https:\/\/m.media-amazon.com\/images\/I\/41Sgez-NIWL._SL500_.jpg\" \/>\n\t<meta property=\"og:image:width\" content=\"500\" \/>\n\t<meta property=\"og:image:height\" content=\"500\" \/>\n\t<meta property=\"og:image:type\" content=\"image\/jpeg\" \/>\n<meta name=\"twitter:card\" content=\"summary_large_image\" \/>\n<meta name=\"twitter:label1\" content=\"Gesch\u00e4tzte Lesezeit\" \/>\n\t<meta name=\"twitter:data1\" content=\"1\u00a0Minute\" \/>\n<script type=\"application\/ld+json\" class=\"yoast-schema-graph\">{\"@context\":\"https:\\\/\\\/schema.org\",\"@graph\":[{\"@type\":\"WebPage\",\"@id\":\"https:\\\/\\\/marktxxl.de\\\/markt\\\/produkt\\\/nature-basics-algenoel-omega-3-vegan-120-kapseln-hochdosiert-im-glas-rein-unverarbeitet-zertifiziert-nachhaltig-co2-neutral-pro-kapsel-natuerliche-455mg-mit-30-dha-15-epa\\\/\",\"url\":\"https:\\\/\\\/marktxxl.de\\\/markt\\\/produkt\\\/nature-basics-algenoel-omega-3-vegan-120-kapseln-hochdosiert-im-glas-rein-unverarbeitet-zertifiziert-nachhaltig-co2-neutral-pro-kapsel-natuerliche-455mg-mit-30-dha-15-epa\\\/\",\"name\":\"Nature Basics\u00ae Algen\u00f6l Omega 3 vegan | 120 (!) Kapseln hochdosiert im Glas | rein unverarbeitet zertifiziert nachhaltig\u2026 - Markt-XXL\",\"isPartOf\":{\"@id\":\"https:\\\/\\\/marktxxl.de\\\/markt\\\/#website\"},\"primaryImageOfPage\":{\"@id\":\"https:\\\/\\\/marktxxl.de\\\/markt\\\/produkt\\\/nature-basics-algenoel-omega-3-vegan-120-kapseln-hochdosiert-im-glas-rein-unverarbeitet-zertifiziert-nachhaltig-co2-neutral-pro-kapsel-natuerliche-455mg-mit-30-dha-15-epa\\\/#primaryimage\"},\"image\":{\"@id\":\"https:\\\/\\\/marktxxl.de\\\/markt\\\/produkt\\\/nature-basics-algenoel-omega-3-vegan-120-kapseln-hochdosiert-im-glas-rein-unverarbeitet-zertifiziert-nachhaltig-co2-neutral-pro-kapsel-natuerliche-455mg-mit-30-dha-15-epa\\\/#primaryimage\"},\"thumbnailUrl\":\"https:\\\/\\\/m.media-amazon.com\\\/images\\\/I\\\/41Sgez-NIWL._SL500_.jpg\",\"datePublished\":\"2022-12-11T11:04:46+00:00\",\"dateModified\":\"2023-04-11T03:06:30+00:00\",\"description\":\"Markt-XXL Nature Basics\u00ae Algen\u00f6l Omega 3 vegan | 120 (!) Kapseln hochdosiert im Glas | rein unverarbeitet zertifiziert nachhaltig\u2026\",\"breadcrumb\":{\"@id\":\"https:\\\/\\\/marktxxl.de\\\/markt\\\/produkt\\\/nature-basics-algenoel-omega-3-vegan-120-kapseln-hochdosiert-im-glas-rein-unverarbeitet-zertifiziert-nachhaltig-co2-neutral-pro-kapsel-natuerliche-455mg-mit-30-dha-15-epa\\\/#breadcrumb\"},\"inLanguage\":\"de\",\"potentialAction\":[{\"@type\":\"ReadAction\",\"target\":[\"https:\\\/\\\/marktxxl.de\\\/markt\\\/produkt\\\/nature-basics-algenoel-omega-3-vegan-120-kapseln-hochdosiert-im-glas-rein-unverarbeitet-zertifiziert-nachhaltig-co2-neutral-pro-kapsel-natuerliche-455mg-mit-30-dha-15-epa\\\/\"]}]},{\"@type\":\"ImageObject\",\"inLanguage\":\"de\",\"@id\":\"https:\\\/\\\/marktxxl.de\\\/markt\\\/produkt\\\/nature-basics-algenoel-omega-3-vegan-120-kapseln-hochdosiert-im-glas-rein-unverarbeitet-zertifiziert-nachhaltig-co2-neutral-pro-kapsel-natuerliche-455mg-mit-30-dha-15-epa\\\/#primaryimage\",\"url\":\"https:\\\/\\\/m.media-amazon.com\\\/images\\\/I\\\/41Sgez-NIWL._SL500_.jpg\",\"contentUrl\":\"https:\\\/\\\/m.media-amazon.com\\\/images\\\/I\\\/41Sgez-NIWL._SL500_.jpg\",\"width\":500,\"height\":500},{\"@type\":\"BreadcrumbList\",\"@id\":\"https:\\\/\\\/marktxxl.de\\\/markt\\\/produkt\\\/nature-basics-algenoel-omega-3-vegan-120-kapseln-hochdosiert-im-glas-rein-unverarbeitet-zertifiziert-nachhaltig-co2-neutral-pro-kapsel-natuerliche-455mg-mit-30-dha-15-epa\\\/#breadcrumb\",\"itemListElement\":[{\"@type\":\"ListItem\",\"position\":1,\"name\":\"Startseite\",\"item\":\"https:\\\/\\\/marktxxl.de\\\/markt\\\/\"},{\"@type\":\"ListItem\",\"position\":2,\"name\":\"Markt\",\"item\":\"https:\\\/\\\/marktxxl.de\\\/markt\\\/\"},{\"@type\":\"ListItem\",\"position\":3,\"name\":\"Nature Basics\u00ae Algen\u00f6l Omega 3 vegan | 120 (!) Kapseln hochdosiert im Glas | rein unverarbeitet zertifiziert nachhaltig\u2026\"}]},{\"@type\":\"WebSite\",\"@id\":\"https:\\\/\\\/marktxxl.de\\\/markt\\\/#website\",\"url\":\"https:\\\/\\\/marktxxl.de\\\/markt\\\/\",\"name\":\"Markt-XXL\",\"description\":\"Ihr Markt Online\",\"publisher\":{\"@id\":\"https:\\\/\\\/marktxxl.de\\\/markt\\\/#organization\"},\"potentialAction\":[{\"@type\":\"SearchAction\",\"target\":{\"@type\":\"EntryPoint\",\"urlTemplate\":\"https:\\\/\\\/marktxxl.de\\\/markt\\\/?s={search_term_string}\"},\"query-input\":{\"@type\":\"PropertyValueSpecification\",\"valueRequired\":true,\"valueName\":\"search_term_string\"}}],\"inLanguage\":\"de\"},{\"@type\":\"Organization\",\"@id\":\"https:\\\/\\\/marktxxl.de\\\/markt\\\/#organization\",\"name\":\"Markt-XXL\",\"url\":\"https:\\\/\\\/marktxxl.de\\\/markt\\\/\",\"logo\":{\"@type\":\"ImageObject\",\"inLanguage\":\"de\",\"@id\":\"https:\\\/\\\/marktxxl.de\\\/markt\\\/#\\\/schema\\\/logo\\\/image\\\/\",\"url\":\"https:\\\/\\\/marktxxl.de\\\/markt\\\/wp-content\\\/uploads\\\/sites\\\/3\\\/2020\\\/12\\\/logo.png\",\"contentUrl\":\"https:\\\/\\\/marktxxl.de\\\/markt\\\/wp-content\\\/uploads\\\/sites\\\/3\\\/2020\\\/12\\\/logo.png\",\"width\":200,\"height\":70,\"caption\":\"Markt-XXL\"},\"image\":{\"@id\":\"https:\\\/\\\/marktxxl.de\\\/markt\\\/#\\\/schema\\\/logo\\\/image\\\/\"}}]}<\/script>\n<!-- \/ Yoast SEO plugin. -->","yoast_head_json":{"title":"Nature Basics\u00ae Algen\u00f6l Omega 3 vegan | 120 (!) Kapseln hochdosiert im Glas | rein unverarbeitet zertifiziert nachhaltig\u2026 - Markt-XXL","description":"Markt-XXL Nature Basics\u00ae Algen\u00f6l Omega 3 vegan | 120 (!) Kapseln hochdosiert im Glas | rein unverarbeitet zertifiziert nachhaltig\u2026","robots":{"index":"index","follow":"follow","max-snippet":"max-snippet:-1","max-image-preview":"max-image-preview:large","max-video-preview":"max-video-preview:-1"},"canonical":"https:\/\/marktxxl.de\/markt\/produkt\/nature-basics-algenoel-omega-3-vegan-120-kapseln-hochdosiert-im-glas-rein-unverarbeitet-zertifiziert-nachhaltig-co2-neutral-pro-kapsel-natuerliche-455mg-mit-30-dha-15-epa\/","og_locale":"de_DE","og_type":"article","og_title":"Nature Basics\u00ae Algen\u00f6l Omega 3 vegan | 120 (!) Kapseln hochdosiert im Glas | rein unverarbeitet zertifiziert nachhaltig\u2026 - Markt-XXL","og_description":"Markt-XXL Nature Basics\u00ae Algen\u00f6l Omega 3 vegan | 120 (!) Kapseln hochdosiert im Glas | rein unverarbeitet zertifiziert nachhaltig\u2026","og_url":"https:\/\/marktxxl.de\/markt\/produkt\/nature-basics-algenoel-omega-3-vegan-120-kapseln-hochdosiert-im-glas-rein-unverarbeitet-zertifiziert-nachhaltig-co2-neutral-pro-kapsel-natuerliche-455mg-mit-30-dha-15-epa\/","og_site_name":"Markt-XXL","article_modified_time":"2023-04-11T03:06:30+00:00","og_image":[{"width":500,"height":500,"url":"https:\/\/m.media-amazon.com\/images\/I\/41Sgez-NIWL._SL500_.jpg","type":"image\/jpeg"}],"twitter_card":"summary_large_image","twitter_misc":{"Gesch\u00e4tzte Lesezeit":"1\u00a0Minute"},"schema":{"@context":"https:\/\/schema.org","@graph":[{"@type":"WebPage","@id":"https:\/\/marktxxl.de\/markt\/produkt\/nature-basics-algenoel-omega-3-vegan-120-kapseln-hochdosiert-im-glas-rein-unverarbeitet-zertifiziert-nachhaltig-co2-neutral-pro-kapsel-natuerliche-455mg-mit-30-dha-15-epa\/","url":"https:\/\/marktxxl.de\/markt\/produkt\/nature-basics-algenoel-omega-3-vegan-120-kapseln-hochdosiert-im-glas-rein-unverarbeitet-zertifiziert-nachhaltig-co2-neutral-pro-kapsel-natuerliche-455mg-mit-30-dha-15-epa\/","name":"Nature Basics\u00ae Algen\u00f6l Omega 3 vegan | 120 (!) Kapseln hochdosiert im Glas | rein unverarbeitet zertifiziert nachhaltig\u2026 - Markt-XXL","isPartOf":{"@id":"https:\/\/marktxxl.de\/markt\/#website"},"primaryImageOfPage":{"@id":"https:\/\/marktxxl.de\/markt\/produkt\/nature-basics-algenoel-omega-3-vegan-120-kapseln-hochdosiert-im-glas-rein-unverarbeitet-zertifiziert-nachhaltig-co2-neutral-pro-kapsel-natuerliche-455mg-mit-30-dha-15-epa\/#primaryimage"},"image":{"@id":"https:\/\/marktxxl.de\/markt\/produkt\/nature-basics-algenoel-omega-3-vegan-120-kapseln-hochdosiert-im-glas-rein-unverarbeitet-zertifiziert-nachhaltig-co2-neutral-pro-kapsel-natuerliche-455mg-mit-30-dha-15-epa\/#primaryimage"},"thumbnailUrl":"https:\/\/m.media-amazon.com\/images\/I\/41Sgez-NIWL._SL500_.jpg","datePublished":"2022-12-11T11:04:46+00:00","dateModified":"2023-04-11T03:06:30+00:00","description":"Markt-XXL Nature Basics\u00ae Algen\u00f6l Omega 3 vegan | 120 (!) Kapseln hochdosiert im Glas | rein unverarbeitet zertifiziert nachhaltig\u2026","breadcrumb":{"@id":"https:\/\/marktxxl.de\/markt\/produkt\/nature-basics-algenoel-omega-3-vegan-120-kapseln-hochdosiert-im-glas-rein-unverarbeitet-zertifiziert-nachhaltig-co2-neutral-pro-kapsel-natuerliche-455mg-mit-30-dha-15-epa\/#breadcrumb"},"inLanguage":"de","potentialAction":[{"@type":"ReadAction","target":["https:\/\/marktxxl.de\/markt\/produkt\/nature-basics-algenoel-omega-3-vegan-120-kapseln-hochdosiert-im-glas-rein-unverarbeitet-zertifiziert-nachhaltig-co2-neutral-pro-kapsel-natuerliche-455mg-mit-30-dha-15-epa\/"]}]},{"@type":"ImageObject","inLanguage":"de","@id":"https:\/\/marktxxl.de\/markt\/produkt\/nature-basics-algenoel-omega-3-vegan-120-kapseln-hochdosiert-im-glas-rein-unverarbeitet-zertifiziert-nachhaltig-co2-neutral-pro-kapsel-natuerliche-455mg-mit-30-dha-15-epa\/#primaryimage","url":"https:\/\/m.media-amazon.com\/images\/I\/41Sgez-NIWL._SL500_.jpg","contentUrl":"https:\/\/m.media-amazon.com\/images\/I\/41Sgez-NIWL._SL500_.jpg","width":500,"height":500},{"@type":"BreadcrumbList","@id":"https:\/\/marktxxl.de\/markt\/produkt\/nature-basics-algenoel-omega-3-vegan-120-kapseln-hochdosiert-im-glas-rein-unverarbeitet-zertifiziert-nachhaltig-co2-neutral-pro-kapsel-natuerliche-455mg-mit-30-dha-15-epa\/#breadcrumb","itemListElement":[{"@type":"ListItem","position":1,"name":"Startseite","item":"https:\/\/marktxxl.de\/markt\/"},{"@type":"ListItem","position":2,"name":"Markt","item":"https:\/\/marktxxl.de\/markt\/"},{"@type":"ListItem","position":3,"name":"Nature Basics\u00ae Algen\u00f6l Omega 3 vegan | 120 (!) Kapseln hochdosiert im Glas | rein unverarbeitet zertifiziert nachhaltig\u2026"}]},{"@type":"WebSite","@id":"https:\/\/marktxxl.de\/markt\/#website","url":"https:\/\/marktxxl.de\/markt\/","name":"Markt-XXL","description":"Ihr Markt Online","publisher":{"@id":"https:\/\/marktxxl.de\/markt\/#organization"},"potentialAction":[{"@type":"SearchAction","target":{"@type":"EntryPoint","urlTemplate":"https:\/\/marktxxl.de\/markt\/?s={search_term_string}"},"query-input":{"@type":"PropertyValueSpecification","valueRequired":true,"valueName":"search_term_string"}}],"inLanguage":"de"},{"@type":"Organization","@id":"https:\/\/marktxxl.de\/markt\/#organization","name":"Markt-XXL","url":"https:\/\/marktxxl.de\/markt\/","logo":{"@type":"ImageObject","inLanguage":"de","@id":"https:\/\/marktxxl.de\/markt\/#\/schema\/logo\/image\/","url":"https:\/\/marktxxl.de\/markt\/wp-content\/uploads\/sites\/3\/2020\/12\/logo.png","contentUrl":"https:\/\/marktxxl.de\/markt\/wp-content\/uploads\/sites\/3\/2020\/12\/logo.png","width":200,"height":70,"caption":"Markt-XXL"},"image":{"@id":"https:\/\/marktxxl.de\/markt\/#\/schema\/logo\/image\/"}}]}},"_links":{"self":[{"href":"https:\/\/marktxxl.de\/markt\/wp-json\/wp\/v2\/product\/177239","targetHints":{"allow":["GET"]}}],"collection":[{"href":"https:\/\/marktxxl.de\/markt\/wp-json\/wp\/v2\/product"}],"about":[{"href":"https:\/\/marktxxl.de\/markt\/wp-json\/wp\/v2\/types\/product"}],"replies":[{"embeddable":true,"href":"https:\/\/marktxxl.de\/markt\/wp-json\/wp\/v2\/comments?post=177239"}],"wp:featuredmedia":[{"embeddable":true,"href":"https:\/\/marktxxl.de\/markt\/wp-json\/wp\/v2\/media\/177240"}],"wp:attachment":[{"href":"https:\/\/marktxxl.de\/markt\/wp-json\/wp\/v2\/media?parent=177239"}],"wp:term":[{"taxonomy":"product_brand","embeddable":true,"href":"https:\/\/marktxxl.de\/markt\/wp-json\/wp\/v2\/product_brand?post=177239"},{"taxonomy":"product_cat","embeddable":true,"href":"https:\/\/marktxxl.de\/markt\/wp-json\/wp\/v2\/product_cat?post=177239"},{"taxonomy":"product_tag","embeddable":true,"href":"https:\/\/marktxxl.de\/markt\/wp-json\/wp\/v2\/product_tag?post=177239"}],"curies":[{"name":"wp","href":"https:\/\/api.w.org\/{rel}","templated":true}]}}