{"id":176262,"date":"2022-12-11T11:23:49","date_gmt":"2022-12-11T10:23:49","guid":{"rendered":"https:\/\/marktxxl.de\/markt\/produkt\/vena-vcommute-wallet-case-fuer-apple-iphone-14-pro-61-zoll-military-grade-kartenhalter-handyhuelle-mit-standfunktion-leder-flip-wallet-case\/"},"modified":"2023-04-11T05:05:37","modified_gmt":"2023-04-11T03:05:37","slug":"vena-vcommute-wallet-case-fuer-apple-iphone-14-pro-61-zoll-military-grade-kartenhalter-handyhuelle-mit-standfunktion-leder-flip-wallet-case","status":"publish","type":"product","link":"https:\/\/marktxxl.de\/markt\/produkt\/vena-vcommute-wallet-case-fuer-apple-iphone-14-pro-61-zoll-military-grade-kartenhalter-handyhuelle-mit-standfunktion-leder-flip-wallet-case\/","title":{"rendered":"VENA vCommute Brieftasche H\u00fclle f\u00fcr Apple iPhone 14 Pro (6.1&#8243;-inch), (Military Grade, Kartenfach) HandyH\u00fclle mit Standfunktion, Leder Flip Brieftasche Etui Schutzh\u00fclle &#8211; Grau (Blau)"},"content":{"rendered":"<p>[PATENTIERTE WALLET CASE KOMPATIBEL MIT iPhone 14 Pro (6.1&#8243;)] vCommute kombiniert Funktionalit\u00e4t und Schutz. Der versteckte Kartensteckplatz speichert sicher IDs, Kredit- oder Debitkarten oder sogar Transitkarten; und es st\u00f6rt Apple Pay nicht. Kompatibel mit iPhone 14 Pro (6.1&#8243;).<br \/>\n[MULTI-ANGLE MAGNETIC LOCK STAND] Die faltbare Lederklappe auf der R\u00fcckseite des Geh\u00e4uses dient gleichzeitig als St\u00e4nder, so dass Sie Videos im gew\u00fcnschten Winkel und Komfort ansehen k\u00f6nnen.<br \/>\n[FALLSCHUTZ IN MILIT\u00c4RISCHER QUALIT\u00c4T MIT CORNERGUARD-TECHNOLOGIE] Doppelschichtiges Polycarbonat und TPU mit CornerGuard erf\u00fcllen den milit\u00e4rischen Fallschutzstandard (MIL-STD 810G-516.6) und \u00fcberstehen 26 St\u00fcrze aus einer H\u00f6he von 4 Fu\u00df.<br \/>\n[PR\u00c4ZISE VERARBEITUNG, DETAILLIERTES DESIGN] Pr\u00e4zise Ausschnitte und gro\u00dfartige taktile Tasten, die das gleiche gro\u00dfartige taktile Feedback von den Tasten Ihres Telefons beibehalten.<br \/>\n[KOMPATIBEL MIT MAGNETISCHEN AUTOHALTERUNGEN] Diese Brieftasche wird mit in der Klappe integrierten Metallplatten geliefert, daher ist keine zus\u00e4tzliche Platte oder Klebstoff erforderlich.<br \/>\n<div class=\"main-cross-sell\" data-asin=\"B0BHJJ76FT\">\n\n\t<div class=\"WooZone-cross-sell-loader\">\n\t\t<div>\n\t\t\t<div id=\"floatingBarsG\">\n\t\t\t\t<div class=\"blockG\" id=\"rotateG_01\"><\/div>\n\t\t\t\t<div class=\"blockG\" id=\"rotateG_02\"><\/div>\n\t\t\t\t<div class=\"blockG\" id=\"rotateG_03\"><\/div>\n\t\t\t\t<div class=\"blockG\" id=\"rotateG_04\"><\/div>\n\t\t\t\t<div class=\"blockG\" id=\"rotateG_05\"><\/div>\n\t\t\t\t<div class=\"blockG\" id=\"rotateG_06\"><\/div>\n\t\t\t\t<div class=\"blockG\" id=\"rotateG_07\"><\/div>\n\t\t\t\t<div class=\"blockG\" id=\"rotateG_08\"><\/div>\n\t\t\t<\/div>\n\t\t\t<div class=\"WooZone-cross-sell-loader-text\"><\/div>\n\t\t<\/div>\n\t<\/div>\n\n\t\t\n<\/div>\n<div style=\"clear:both;\"><\/div><\/p>\n","protected":false},"excerpt":{"rendered":"<p>[PATENTIERTE WALLET CASE KOMPATIBEL MIT iPhone 14 Pro (6.1&#8243;)] vCommute kombiniert Funktionalit\u00e4t und Schutz. Der versteckte Kartensteckplatz speichert sicher IDs, Kredit- oder Debitkarten oder sogar Transitkarten; und es st\u00f6rt Apple Pay nicht. Kompatibel mit iPhone 14 Pro (6.1&#8243;).<br \/>\n[MULTI-ANGLE MAGNETIC LOCK STAND] Die faltbare Lederklappe auf der R\u00fcckseite des Geh\u00e4uses dient gleichzeitig als St\u00e4nder, so dass Sie Videos im gew\u00fcnschten Winkel und Komfort ansehen k\u00f6nnen.<br \/>\n[FALLSCHUTZ IN MILIT\u00c4RISCHER QUALIT\u00c4T MIT CORNERGUARD-TECHNOLOGIE] Doppelschichtiges Polycarbonat und TPU mit CornerGuard erf\u00fcllen den milit\u00e4rischen Fallschutzstandard (MIL-STD 810G-516.6) und \u00fcberstehen 26 St\u00fcrze aus einer H\u00f6he von 4 Fu\u00df.<\/p>\n","protected":false},"featured_media":176263,"comment_status":"open","ping_status":"closed","template":"","meta":[],"product_brand":[],"product_cat":[863],"product_tag":[],"class_list":{"0":"post-176262","1":"product","2":"type-product","3":"status-publish","4":"has-post-thumbnail","6":"product_cat-computer-zubehoer","7":"pa_brand-vena","8":"pa_manufacturer-vena","10":"first","11":"instock","12":"shipping-taxable","13":"purchasable","14":"product-type-simple","15":"customify-col","16":"product-has-gallery"},"yoast_head":"<!-- This site is optimized with the Yoast SEO plugin v27.4 - https:\/\/yoast.com\/product\/yoast-seo-wordpress\/ -->\n<title>VENA vCommute Brieftasche H\u00fclle f\u00fcr Apple iPhone 14 Pro (6.1&quot;-inch), (Military Grade, Kartenfach) HandyH\u00fclle mit Standfunktion, Leder Flip Brieftasche Etui Schutzh\u00fclle - Grau (Blau) - Markt-XXL<\/title>\n<meta name=\"description\" content=\"Markt-XXL VENA vCommute Brieftasche H\u00fclle f\u00fcr Apple iPhone 14 Pro (6.1&quot;-inch), (Military Grade, Kartenfach) HandyH\u00fclle mit Standfunktion, Leder Flip Brieftasche Etui Schutzh\u00fclle - Grau (Blau)\" \/>\n<meta name=\"robots\" content=\"index, follow, max-snippet:-1, max-image-preview:large, max-video-preview:-1\" \/>\n<link rel=\"canonical\" href=\"https:\/\/marktxxl.de\/markt\/produkt\/vena-vcommute-wallet-case-fuer-apple-iphone-14-pro-61-zoll-military-grade-kartenhalter-handyhuelle-mit-standfunktion-leder-flip-wallet-case\/\" \/>\n<meta property=\"og:locale\" content=\"de_DE\" \/>\n<meta property=\"og:type\" content=\"article\" \/>\n<meta property=\"og:title\" content=\"VENA vCommute Brieftasche H\u00fclle f\u00fcr Apple iPhone 14 Pro (6.1&quot;-inch), (Military Grade, Kartenfach) HandyH\u00fclle mit Standfunktion, Leder Flip Brieftasche Etui Schutzh\u00fclle - Grau (Blau) - Markt-XXL\" \/>\n<meta property=\"og:description\" content=\"Markt-XXL VENA vCommute Brieftasche H\u00fclle f\u00fcr Apple iPhone 14 Pro (6.1&quot;-inch), (Military Grade, Kartenfach) HandyH\u00fclle mit Standfunktion, Leder Flip Brieftasche Etui Schutzh\u00fclle - Grau (Blau)\" \/>\n<meta property=\"og:url\" content=\"https:\/\/marktxxl.de\/markt\/produkt\/vena-vcommute-wallet-case-fuer-apple-iphone-14-pro-61-zoll-military-grade-kartenhalter-handyhuelle-mit-standfunktion-leder-flip-wallet-case\/\" \/>\n<meta property=\"og:site_name\" content=\"Markt-XXL\" \/>\n<meta property=\"article:modified_time\" content=\"2023-04-11T03:05:37+00:00\" \/>\n<meta property=\"og:image\" content=\"https:\/\/m.media-amazon.com\/images\/I\/51cihRM4WUL._SL500_.jpg\" \/>\n\t<meta property=\"og:image:width\" content=\"500\" \/>\n\t<meta property=\"og:image:height\" content=\"500\" \/>\n\t<meta property=\"og:image:type\" content=\"image\/jpeg\" \/>\n<meta name=\"twitter:card\" content=\"summary_large_image\" \/>\n<meta name=\"twitter:label1\" content=\"Gesch\u00e4tzte Lesezeit\" \/>\n\t<meta name=\"twitter:data1\" content=\"1\u00a0Minute\" \/>\n<script type=\"application\/ld+json\" class=\"yoast-schema-graph\">{\"@context\":\"https:\\\/\\\/schema.org\",\"@graph\":[{\"@type\":\"WebPage\",\"@id\":\"https:\\\/\\\/marktxxl.de\\\/markt\\\/produkt\\\/vena-vcommute-wallet-case-fuer-apple-iphone-14-pro-61-zoll-military-grade-kartenhalter-handyhuelle-mit-standfunktion-leder-flip-wallet-case\\\/\",\"url\":\"https:\\\/\\\/marktxxl.de\\\/markt\\\/produkt\\\/vena-vcommute-wallet-case-fuer-apple-iphone-14-pro-61-zoll-military-grade-kartenhalter-handyhuelle-mit-standfunktion-leder-flip-wallet-case\\\/\",\"name\":\"VENA vCommute Brieftasche H\u00fclle f\u00fcr Apple iPhone 14 Pro (6.1\\\"-inch), (Military Grade, Kartenfach) HandyH\u00fclle mit Standfunktion, Leder Flip Brieftasche Etui Schutzh\u00fclle - Grau (Blau) - Markt-XXL\",\"isPartOf\":{\"@id\":\"https:\\\/\\\/marktxxl.de\\\/markt\\\/#website\"},\"primaryImageOfPage\":{\"@id\":\"https:\\\/\\\/marktxxl.de\\\/markt\\\/produkt\\\/vena-vcommute-wallet-case-fuer-apple-iphone-14-pro-61-zoll-military-grade-kartenhalter-handyhuelle-mit-standfunktion-leder-flip-wallet-case\\\/#primaryimage\"},\"image\":{\"@id\":\"https:\\\/\\\/marktxxl.de\\\/markt\\\/produkt\\\/vena-vcommute-wallet-case-fuer-apple-iphone-14-pro-61-zoll-military-grade-kartenhalter-handyhuelle-mit-standfunktion-leder-flip-wallet-case\\\/#primaryimage\"},\"thumbnailUrl\":\"https:\\\/\\\/m.media-amazon.com\\\/images\\\/I\\\/51cihRM4WUL._SL500_.jpg\",\"datePublished\":\"2022-12-11T10:23:49+00:00\",\"dateModified\":\"2023-04-11T03:05:37+00:00\",\"description\":\"Markt-XXL VENA vCommute Brieftasche H\u00fclle f\u00fcr Apple iPhone 14 Pro (6.1\\\"-inch), (Military Grade, Kartenfach) HandyH\u00fclle mit Standfunktion, Leder Flip Brieftasche Etui Schutzh\u00fclle - Grau (Blau)\",\"breadcrumb\":{\"@id\":\"https:\\\/\\\/marktxxl.de\\\/markt\\\/produkt\\\/vena-vcommute-wallet-case-fuer-apple-iphone-14-pro-61-zoll-military-grade-kartenhalter-handyhuelle-mit-standfunktion-leder-flip-wallet-case\\\/#breadcrumb\"},\"inLanguage\":\"de\",\"potentialAction\":[{\"@type\":\"ReadAction\",\"target\":[\"https:\\\/\\\/marktxxl.de\\\/markt\\\/produkt\\\/vena-vcommute-wallet-case-fuer-apple-iphone-14-pro-61-zoll-military-grade-kartenhalter-handyhuelle-mit-standfunktion-leder-flip-wallet-case\\\/\"]}]},{\"@type\":\"ImageObject\",\"inLanguage\":\"de\",\"@id\":\"https:\\\/\\\/marktxxl.de\\\/markt\\\/produkt\\\/vena-vcommute-wallet-case-fuer-apple-iphone-14-pro-61-zoll-military-grade-kartenhalter-handyhuelle-mit-standfunktion-leder-flip-wallet-case\\\/#primaryimage\",\"url\":\"https:\\\/\\\/m.media-amazon.com\\\/images\\\/I\\\/51cihRM4WUL._SL500_.jpg\",\"contentUrl\":\"https:\\\/\\\/m.media-amazon.com\\\/images\\\/I\\\/51cihRM4WUL._SL500_.jpg\",\"width\":500,\"height\":500},{\"@type\":\"BreadcrumbList\",\"@id\":\"https:\\\/\\\/marktxxl.de\\\/markt\\\/produkt\\\/vena-vcommute-wallet-case-fuer-apple-iphone-14-pro-61-zoll-military-grade-kartenhalter-handyhuelle-mit-standfunktion-leder-flip-wallet-case\\\/#breadcrumb\",\"itemListElement\":[{\"@type\":\"ListItem\",\"position\":1,\"name\":\"Startseite\",\"item\":\"https:\\\/\\\/marktxxl.de\\\/markt\\\/\"},{\"@type\":\"ListItem\",\"position\":2,\"name\":\"Markt\",\"item\":\"https:\\\/\\\/marktxxl.de\\\/markt\\\/\"},{\"@type\":\"ListItem\",\"position\":3,\"name\":\"VENA vCommute Brieftasche H\u00fclle f\u00fcr Apple iPhone 14 Pro (6.1&#8243;-inch), (Military Grade, Kartenfach) HandyH\u00fclle mit Standfunktion, Leder Flip Brieftasche Etui Schutzh\u00fclle &#8211; Grau (Blau)\"}]},{\"@type\":\"WebSite\",\"@id\":\"https:\\\/\\\/marktxxl.de\\\/markt\\\/#website\",\"url\":\"https:\\\/\\\/marktxxl.de\\\/markt\\\/\",\"name\":\"Markt-XXL\",\"description\":\"Ihr Markt Online\",\"publisher\":{\"@id\":\"https:\\\/\\\/marktxxl.de\\\/markt\\\/#organization\"},\"potentialAction\":[{\"@type\":\"SearchAction\",\"target\":{\"@type\":\"EntryPoint\",\"urlTemplate\":\"https:\\\/\\\/marktxxl.de\\\/markt\\\/?s={search_term_string}\"},\"query-input\":{\"@type\":\"PropertyValueSpecification\",\"valueRequired\":true,\"valueName\":\"search_term_string\"}}],\"inLanguage\":\"de\"},{\"@type\":\"Organization\",\"@id\":\"https:\\\/\\\/marktxxl.de\\\/markt\\\/#organization\",\"name\":\"Markt-XXL\",\"url\":\"https:\\\/\\\/marktxxl.de\\\/markt\\\/\",\"logo\":{\"@type\":\"ImageObject\",\"inLanguage\":\"de\",\"@id\":\"https:\\\/\\\/marktxxl.de\\\/markt\\\/#\\\/schema\\\/logo\\\/image\\\/\",\"url\":\"https:\\\/\\\/marktxxl.de\\\/markt\\\/wp-content\\\/uploads\\\/sites\\\/3\\\/2020\\\/12\\\/logo.png\",\"contentUrl\":\"https:\\\/\\\/marktxxl.de\\\/markt\\\/wp-content\\\/uploads\\\/sites\\\/3\\\/2020\\\/12\\\/logo.png\",\"width\":200,\"height\":70,\"caption\":\"Markt-XXL\"},\"image\":{\"@id\":\"https:\\\/\\\/marktxxl.de\\\/markt\\\/#\\\/schema\\\/logo\\\/image\\\/\"}}]}<\/script>\n<!-- \/ Yoast SEO plugin. -->","yoast_head_json":{"title":"VENA vCommute Brieftasche H\u00fclle f\u00fcr Apple iPhone 14 Pro (6.1\"-inch), (Military Grade, Kartenfach) HandyH\u00fclle mit Standfunktion, Leder Flip Brieftasche Etui Schutzh\u00fclle - Grau (Blau) - Markt-XXL","description":"Markt-XXL VENA vCommute Brieftasche H\u00fclle f\u00fcr Apple iPhone 14 Pro (6.1\"-inch), (Military Grade, Kartenfach) HandyH\u00fclle mit Standfunktion, Leder Flip Brieftasche Etui Schutzh\u00fclle - Grau (Blau)","robots":{"index":"index","follow":"follow","max-snippet":"max-snippet:-1","max-image-preview":"max-image-preview:large","max-video-preview":"max-video-preview:-1"},"canonical":"https:\/\/marktxxl.de\/markt\/produkt\/vena-vcommute-wallet-case-fuer-apple-iphone-14-pro-61-zoll-military-grade-kartenhalter-handyhuelle-mit-standfunktion-leder-flip-wallet-case\/","og_locale":"de_DE","og_type":"article","og_title":"VENA vCommute Brieftasche H\u00fclle f\u00fcr Apple iPhone 14 Pro (6.1\"-inch), (Military Grade, Kartenfach) HandyH\u00fclle mit Standfunktion, Leder Flip Brieftasche Etui Schutzh\u00fclle - Grau (Blau) - Markt-XXL","og_description":"Markt-XXL VENA vCommute Brieftasche H\u00fclle f\u00fcr Apple iPhone 14 Pro (6.1\"-inch), (Military Grade, Kartenfach) HandyH\u00fclle mit Standfunktion, Leder Flip Brieftasche Etui Schutzh\u00fclle - Grau (Blau)","og_url":"https:\/\/marktxxl.de\/markt\/produkt\/vena-vcommute-wallet-case-fuer-apple-iphone-14-pro-61-zoll-military-grade-kartenhalter-handyhuelle-mit-standfunktion-leder-flip-wallet-case\/","og_site_name":"Markt-XXL","article_modified_time":"2023-04-11T03:05:37+00:00","og_image":[{"width":500,"height":500,"url":"https:\/\/m.media-amazon.com\/images\/I\/51cihRM4WUL._SL500_.jpg","type":"image\/jpeg"}],"twitter_card":"summary_large_image","twitter_misc":{"Gesch\u00e4tzte Lesezeit":"1\u00a0Minute"},"schema":{"@context":"https:\/\/schema.org","@graph":[{"@type":"WebPage","@id":"https:\/\/marktxxl.de\/markt\/produkt\/vena-vcommute-wallet-case-fuer-apple-iphone-14-pro-61-zoll-military-grade-kartenhalter-handyhuelle-mit-standfunktion-leder-flip-wallet-case\/","url":"https:\/\/marktxxl.de\/markt\/produkt\/vena-vcommute-wallet-case-fuer-apple-iphone-14-pro-61-zoll-military-grade-kartenhalter-handyhuelle-mit-standfunktion-leder-flip-wallet-case\/","name":"VENA vCommute Brieftasche H\u00fclle f\u00fcr Apple iPhone 14 Pro (6.1\"-inch), (Military Grade, Kartenfach) HandyH\u00fclle mit Standfunktion, Leder Flip Brieftasche Etui Schutzh\u00fclle - Grau (Blau) - Markt-XXL","isPartOf":{"@id":"https:\/\/marktxxl.de\/markt\/#website"},"primaryImageOfPage":{"@id":"https:\/\/marktxxl.de\/markt\/produkt\/vena-vcommute-wallet-case-fuer-apple-iphone-14-pro-61-zoll-military-grade-kartenhalter-handyhuelle-mit-standfunktion-leder-flip-wallet-case\/#primaryimage"},"image":{"@id":"https:\/\/marktxxl.de\/markt\/produkt\/vena-vcommute-wallet-case-fuer-apple-iphone-14-pro-61-zoll-military-grade-kartenhalter-handyhuelle-mit-standfunktion-leder-flip-wallet-case\/#primaryimage"},"thumbnailUrl":"https:\/\/m.media-amazon.com\/images\/I\/51cihRM4WUL._SL500_.jpg","datePublished":"2022-12-11T10:23:49+00:00","dateModified":"2023-04-11T03:05:37+00:00","description":"Markt-XXL VENA vCommute Brieftasche H\u00fclle f\u00fcr Apple iPhone 14 Pro (6.1\"-inch), (Military Grade, Kartenfach) HandyH\u00fclle mit Standfunktion, Leder Flip Brieftasche Etui Schutzh\u00fclle - Grau (Blau)","breadcrumb":{"@id":"https:\/\/marktxxl.de\/markt\/produkt\/vena-vcommute-wallet-case-fuer-apple-iphone-14-pro-61-zoll-military-grade-kartenhalter-handyhuelle-mit-standfunktion-leder-flip-wallet-case\/#breadcrumb"},"inLanguage":"de","potentialAction":[{"@type":"ReadAction","target":["https:\/\/marktxxl.de\/markt\/produkt\/vena-vcommute-wallet-case-fuer-apple-iphone-14-pro-61-zoll-military-grade-kartenhalter-handyhuelle-mit-standfunktion-leder-flip-wallet-case\/"]}]},{"@type":"ImageObject","inLanguage":"de","@id":"https:\/\/marktxxl.de\/markt\/produkt\/vena-vcommute-wallet-case-fuer-apple-iphone-14-pro-61-zoll-military-grade-kartenhalter-handyhuelle-mit-standfunktion-leder-flip-wallet-case\/#primaryimage","url":"https:\/\/m.media-amazon.com\/images\/I\/51cihRM4WUL._SL500_.jpg","contentUrl":"https:\/\/m.media-amazon.com\/images\/I\/51cihRM4WUL._SL500_.jpg","width":500,"height":500},{"@type":"BreadcrumbList","@id":"https:\/\/marktxxl.de\/markt\/produkt\/vena-vcommute-wallet-case-fuer-apple-iphone-14-pro-61-zoll-military-grade-kartenhalter-handyhuelle-mit-standfunktion-leder-flip-wallet-case\/#breadcrumb","itemListElement":[{"@type":"ListItem","position":1,"name":"Startseite","item":"https:\/\/marktxxl.de\/markt\/"},{"@type":"ListItem","position":2,"name":"Markt","item":"https:\/\/marktxxl.de\/markt\/"},{"@type":"ListItem","position":3,"name":"VENA vCommute Brieftasche H\u00fclle f\u00fcr Apple iPhone 14 Pro (6.1&#8243;-inch), (Military Grade, Kartenfach) HandyH\u00fclle mit Standfunktion, Leder Flip Brieftasche Etui Schutzh\u00fclle &#8211; Grau (Blau)"}]},{"@type":"WebSite","@id":"https:\/\/marktxxl.de\/markt\/#website","url":"https:\/\/marktxxl.de\/markt\/","name":"Markt-XXL","description":"Ihr Markt Online","publisher":{"@id":"https:\/\/marktxxl.de\/markt\/#organization"},"potentialAction":[{"@type":"SearchAction","target":{"@type":"EntryPoint","urlTemplate":"https:\/\/marktxxl.de\/markt\/?s={search_term_string}"},"query-input":{"@type":"PropertyValueSpecification","valueRequired":true,"valueName":"search_term_string"}}],"inLanguage":"de"},{"@type":"Organization","@id":"https:\/\/marktxxl.de\/markt\/#organization","name":"Markt-XXL","url":"https:\/\/marktxxl.de\/markt\/","logo":{"@type":"ImageObject","inLanguage":"de","@id":"https:\/\/marktxxl.de\/markt\/#\/schema\/logo\/image\/","url":"https:\/\/marktxxl.de\/markt\/wp-content\/uploads\/sites\/3\/2020\/12\/logo.png","contentUrl":"https:\/\/marktxxl.de\/markt\/wp-content\/uploads\/sites\/3\/2020\/12\/logo.png","width":200,"height":70,"caption":"Markt-XXL"},"image":{"@id":"https:\/\/marktxxl.de\/markt\/#\/schema\/logo\/image\/"}}]}},"_links":{"self":[{"href":"https:\/\/marktxxl.de\/markt\/wp-json\/wp\/v2\/product\/176262","targetHints":{"allow":["GET"]}}],"collection":[{"href":"https:\/\/marktxxl.de\/markt\/wp-json\/wp\/v2\/product"}],"about":[{"href":"https:\/\/marktxxl.de\/markt\/wp-json\/wp\/v2\/types\/product"}],"replies":[{"embeddable":true,"href":"https:\/\/marktxxl.de\/markt\/wp-json\/wp\/v2\/comments?post=176262"}],"wp:featuredmedia":[{"embeddable":true,"href":"https:\/\/marktxxl.de\/markt\/wp-json\/wp\/v2\/media\/176263"}],"wp:attachment":[{"href":"https:\/\/marktxxl.de\/markt\/wp-json\/wp\/v2\/media?parent=176262"}],"wp:term":[{"taxonomy":"product_brand","embeddable":true,"href":"https:\/\/marktxxl.de\/markt\/wp-json\/wp\/v2\/product_brand?post=176262"},{"taxonomy":"product_cat","embeddable":true,"href":"https:\/\/marktxxl.de\/markt\/wp-json\/wp\/v2\/product_cat?post=176262"},{"taxonomy":"product_tag","embeddable":true,"href":"https:\/\/marktxxl.de\/markt\/wp-json\/wp\/v2\/product_tag?post=176262"}],"curies":[{"name":"wp","href":"https:\/\/api.w.org\/{rel}","templated":true}]}}