{"id":176068,"date":"2022-12-11T11:16:23","date_gmt":"2022-12-11T10:16:23","guid":{"rendered":"https:\/\/marktxxl.de\/markt\/produkt\/hallmark-0005ewr2938-nicht-erforderlich-papier-b086qxlgnw\/"},"modified":"2023-04-11T05:05:34","modified_gmt":"2023-04-11T03:05:34","slug":"hallmark-0005ewr2938-nicht-erforderlich-papier-b086qxlgnw","status":"publish","type":"product","link":"https:\/\/marktxxl.de\/markt\/produkt\/hallmark-0005ewr2938-nicht-erforderlich-papier-b086qxlgnw\/","title":{"rendered":"Hallmark 0005EWR2938 Nicht erforderlich, Papier, B086QXLGNW"},"content":{"rendered":"<p>1,8 m\u00b2: Jede Rolle in diesem 3er-Pack Geschenkpapier ist 76,2 cm breit und 2,4 m lang f\u00fcr 1,9 m\u00b2 pro Rolle. 5,6 m\u00b2 insgesamt im Set<br \/>\nDrei festliche Designs: Das Geschenkpapier enth\u00e4lt ikonische Marvel-Charaktere wie Hulk, Thor, Black Widow und Black Panther auf grauem Hintergrund, Captain America auf einem kr\u00e4ftigen blauen Hintergrund und Iron Man auf einem lebhaften gelben Hintergrund.<br \/>\nSchnittlinien auf der R\u00fcckseite: Jede Rolle Premium-Geschenkpapier verf\u00fcgt \u00fcber Gitterlinien auf der R\u00fcckseite f\u00fcr gerades Schneiden und perfekt verpackte Geschenke.<br \/>\nF\u00fcr jeden Anlass: Bunte, vielseitige Designs versch\u00f6nern jedes Geschenk und erhellen Feiern das ganze Jahr \u00fcber, einschlie\u00dflich Geburtstage, Babypartys, Weihnachten, Chanukka und mehr.<br \/>\nUmweltfreundlich: Hergestellt aus hochwertigen Papiermaterialien, das umweltfreundliche Geschenkpapier von Hallmark wird aus Papier aus nachhaltig bewirtschafteten W\u00e4ldern hergestellt.<br \/>\n<div class=\"main-cross-sell\" data-asin=\"B086QXLGNW\">\n\n\t<div class=\"WooZone-cross-sell-loader\">\n\t\t<div>\n\t\t\t<div id=\"floatingBarsG\">\n\t\t\t\t<div class=\"blockG\" id=\"rotateG_01\"><\/div>\n\t\t\t\t<div class=\"blockG\" id=\"rotateG_02\"><\/div>\n\t\t\t\t<div class=\"blockG\" id=\"rotateG_03\"><\/div>\n\t\t\t\t<div class=\"blockG\" id=\"rotateG_04\"><\/div>\n\t\t\t\t<div class=\"blockG\" id=\"rotateG_05\"><\/div>\n\t\t\t\t<div class=\"blockG\" id=\"rotateG_06\"><\/div>\n\t\t\t\t<div class=\"blockG\" id=\"rotateG_07\"><\/div>\n\t\t\t\t<div class=\"blockG\" id=\"rotateG_08\"><\/div>\n\t\t\t<\/div>\n\t\t\t<div class=\"WooZone-cross-sell-loader-text\"><\/div>\n\t\t<\/div>\n\t<\/div>\n\n\t\t\n<\/div>\n<div style=\"clear:both;\"><\/div><\/p>\n","protected":false},"excerpt":{"rendered":"<p>1,8 m\u00b2: Jede Rolle in diesem 3er-Pack Geschenkpapier ist 76,2 cm breit und 2,4 m lang f\u00fcr 1,9 m\u00b2 pro Rolle. 5,6 m\u00b2 insgesamt im Set<br \/>\nDrei festliche Designs: Das Geschenkpapier enth\u00e4lt ikonische Marvel-Charaktere wie Hulk, Thor, Black Widow und Black Panther auf grauem Hintergrund, Captain America auf einem kr\u00e4ftigen blauen Hintergrund und Iron Man auf einem lebhaften gelben Hintergrund.<br \/>\nSchnittlinien auf der R\u00fcckseite: Jede Rolle Premium-Geschenkpapier verf\u00fcgt \u00fcber Gitterlinien auf der R\u00fcckseite f\u00fcr gerades Schneiden und perfekt verpackte Geschenke.<\/p>\n","protected":false},"featured_media":176069,"comment_status":"open","ping_status":"closed","template":"","meta":[],"product_brand":[],"product_cat":[504,8703],"product_tag":[],"class_list":{"0":"post-176068","1":"product","2":"type-product","3":"status-publish","4":"has-post-thumbnail","6":"product_cat-buerobedarf-schreibwaren","7":"product_cat-umschlaege-versandzubehoer","8":"pa_binding-unbekannter-einband","9":"pa_brand-hallmark","10":"pa_color-b086qxlgnw","11":"pa_manufacturer-hallmark","12":"pa_model-0005ewr2938","13":"pa_size-tri-pack","15":"first","16":"instock","17":"shipping-taxable","18":"purchasable","19":"product-type-simple","20":"customify-col","21":"product-has-gallery"},"yoast_head":"<!-- This site is optimized with the Yoast SEO plugin v27.3 - https:\/\/yoast.com\/product\/yoast-seo-wordpress\/ -->\n<title>Hallmark 0005EWR2938 Nicht erforderlich, Papier, B086QXLGNW - Markt-XXL<\/title>\n<meta name=\"description\" content=\"Markt-XXL Hallmark 0005EWR2938 Nicht erforderlich, Papier, B086QXLGNW\" \/>\n<meta name=\"robots\" content=\"index, follow, max-snippet:-1, max-image-preview:large, max-video-preview:-1\" \/>\n<link rel=\"canonical\" href=\"https:\/\/marktxxl.de\/markt\/produkt\/hallmark-0005ewr2938-nicht-erforderlich-papier-b086qxlgnw\/\" \/>\n<meta property=\"og:locale\" content=\"de_DE\" \/>\n<meta property=\"og:type\" content=\"article\" \/>\n<meta property=\"og:title\" content=\"Hallmark 0005EWR2938 Nicht erforderlich, Papier, B086QXLGNW - Markt-XXL\" \/>\n<meta property=\"og:description\" content=\"Markt-XXL Hallmark 0005EWR2938 Nicht erforderlich, Papier, B086QXLGNW\" \/>\n<meta property=\"og:url\" content=\"https:\/\/marktxxl.de\/markt\/produkt\/hallmark-0005ewr2938-nicht-erforderlich-papier-b086qxlgnw\/\" \/>\n<meta property=\"og:site_name\" content=\"Markt-XXL\" \/>\n<meta property=\"article:modified_time\" content=\"2023-04-11T03:05:34+00:00\" \/>\n<meta property=\"og:image\" content=\"https:\/\/m.media-amazon.com\/images\/I\/51tjIay-bcL._SL500_.jpg\" \/>\n\t<meta property=\"og:image:width\" content=\"500\" \/>\n\t<meta property=\"og:image:height\" content=\"500\" \/>\n\t<meta property=\"og:image:type\" content=\"image\/jpeg\" \/>\n<meta name=\"twitter:card\" content=\"summary_large_image\" \/>\n<meta name=\"twitter:label1\" content=\"Gesch\u00e4tzte Lesezeit\" \/>\n\t<meta name=\"twitter:data1\" content=\"1\u00a0Minute\" \/>\n<script type=\"application\/ld+json\" class=\"yoast-schema-graph\">{\"@context\":\"https:\\\/\\\/schema.org\",\"@graph\":[{\"@type\":\"WebPage\",\"@id\":\"https:\\\/\\\/marktxxl.de\\\/markt\\\/produkt\\\/hallmark-0005ewr2938-nicht-erforderlich-papier-b086qxlgnw\\\/\",\"url\":\"https:\\\/\\\/marktxxl.de\\\/markt\\\/produkt\\\/hallmark-0005ewr2938-nicht-erforderlich-papier-b086qxlgnw\\\/\",\"name\":\"Hallmark 0005EWR2938 Nicht erforderlich, Papier, B086QXLGNW - Markt-XXL\",\"isPartOf\":{\"@id\":\"https:\\\/\\\/marktxxl.de\\\/markt\\\/#website\"},\"primaryImageOfPage\":{\"@id\":\"https:\\\/\\\/marktxxl.de\\\/markt\\\/produkt\\\/hallmark-0005ewr2938-nicht-erforderlich-papier-b086qxlgnw\\\/#primaryimage\"},\"image\":{\"@id\":\"https:\\\/\\\/marktxxl.de\\\/markt\\\/produkt\\\/hallmark-0005ewr2938-nicht-erforderlich-papier-b086qxlgnw\\\/#primaryimage\"},\"thumbnailUrl\":\"https:\\\/\\\/m.media-amazon.com\\\/images\\\/I\\\/51tjIay-bcL._SL500_.jpg\",\"datePublished\":\"2022-12-11T10:16:23+00:00\",\"dateModified\":\"2023-04-11T03:05:34+00:00\",\"description\":\"Markt-XXL Hallmark 0005EWR2938 Nicht erforderlich, Papier, B086QXLGNW\",\"breadcrumb\":{\"@id\":\"https:\\\/\\\/marktxxl.de\\\/markt\\\/produkt\\\/hallmark-0005ewr2938-nicht-erforderlich-papier-b086qxlgnw\\\/#breadcrumb\"},\"inLanguage\":\"de\",\"potentialAction\":[{\"@type\":\"ReadAction\",\"target\":[\"https:\\\/\\\/marktxxl.de\\\/markt\\\/produkt\\\/hallmark-0005ewr2938-nicht-erforderlich-papier-b086qxlgnw\\\/\"]}]},{\"@type\":\"ImageObject\",\"inLanguage\":\"de\",\"@id\":\"https:\\\/\\\/marktxxl.de\\\/markt\\\/produkt\\\/hallmark-0005ewr2938-nicht-erforderlich-papier-b086qxlgnw\\\/#primaryimage\",\"url\":\"https:\\\/\\\/m.media-amazon.com\\\/images\\\/I\\\/51tjIay-bcL._SL500_.jpg\",\"contentUrl\":\"https:\\\/\\\/m.media-amazon.com\\\/images\\\/I\\\/51tjIay-bcL._SL500_.jpg\",\"width\":500,\"height\":500},{\"@type\":\"BreadcrumbList\",\"@id\":\"https:\\\/\\\/marktxxl.de\\\/markt\\\/produkt\\\/hallmark-0005ewr2938-nicht-erforderlich-papier-b086qxlgnw\\\/#breadcrumb\",\"itemListElement\":[{\"@type\":\"ListItem\",\"position\":1,\"name\":\"Startseite\",\"item\":\"https:\\\/\\\/marktxxl.de\\\/markt\\\/\"},{\"@type\":\"ListItem\",\"position\":2,\"name\":\"Markt\",\"item\":\"https:\\\/\\\/marktxxl.de\\\/markt\\\/\"},{\"@type\":\"ListItem\",\"position\":3,\"name\":\"Hallmark 0005EWR2938 Nicht erforderlich, Papier, B086QXLGNW\"}]},{\"@type\":\"WebSite\",\"@id\":\"https:\\\/\\\/marktxxl.de\\\/markt\\\/#website\",\"url\":\"https:\\\/\\\/marktxxl.de\\\/markt\\\/\",\"name\":\"Markt-XXL\",\"description\":\"Ihr Markt Online\",\"publisher\":{\"@id\":\"https:\\\/\\\/marktxxl.de\\\/markt\\\/#organization\"},\"potentialAction\":[{\"@type\":\"SearchAction\",\"target\":{\"@type\":\"EntryPoint\",\"urlTemplate\":\"https:\\\/\\\/marktxxl.de\\\/markt\\\/?s={search_term_string}\"},\"query-input\":{\"@type\":\"PropertyValueSpecification\",\"valueRequired\":true,\"valueName\":\"search_term_string\"}}],\"inLanguage\":\"de\"},{\"@type\":\"Organization\",\"@id\":\"https:\\\/\\\/marktxxl.de\\\/markt\\\/#organization\",\"name\":\"Markt-XXL\",\"url\":\"https:\\\/\\\/marktxxl.de\\\/markt\\\/\",\"logo\":{\"@type\":\"ImageObject\",\"inLanguage\":\"de\",\"@id\":\"https:\\\/\\\/marktxxl.de\\\/markt\\\/#\\\/schema\\\/logo\\\/image\\\/\",\"url\":\"https:\\\/\\\/marktxxl.de\\\/markt\\\/wp-content\\\/uploads\\\/sites\\\/3\\\/2020\\\/12\\\/logo.png\",\"contentUrl\":\"https:\\\/\\\/marktxxl.de\\\/markt\\\/wp-content\\\/uploads\\\/sites\\\/3\\\/2020\\\/12\\\/logo.png\",\"width\":200,\"height\":70,\"caption\":\"Markt-XXL\"},\"image\":{\"@id\":\"https:\\\/\\\/marktxxl.de\\\/markt\\\/#\\\/schema\\\/logo\\\/image\\\/\"}}]}<\/script>\n<!-- \/ Yoast SEO plugin. -->","yoast_head_json":{"title":"Hallmark 0005EWR2938 Nicht erforderlich, Papier, B086QXLGNW - Markt-XXL","description":"Markt-XXL Hallmark 0005EWR2938 Nicht erforderlich, Papier, B086QXLGNW","robots":{"index":"index","follow":"follow","max-snippet":"max-snippet:-1","max-image-preview":"max-image-preview:large","max-video-preview":"max-video-preview:-1"},"canonical":"https:\/\/marktxxl.de\/markt\/produkt\/hallmark-0005ewr2938-nicht-erforderlich-papier-b086qxlgnw\/","og_locale":"de_DE","og_type":"article","og_title":"Hallmark 0005EWR2938 Nicht erforderlich, Papier, B086QXLGNW - Markt-XXL","og_description":"Markt-XXL Hallmark 0005EWR2938 Nicht erforderlich, Papier, B086QXLGNW","og_url":"https:\/\/marktxxl.de\/markt\/produkt\/hallmark-0005ewr2938-nicht-erforderlich-papier-b086qxlgnw\/","og_site_name":"Markt-XXL","article_modified_time":"2023-04-11T03:05:34+00:00","og_image":[{"width":500,"height":500,"url":"https:\/\/m.media-amazon.com\/images\/I\/51tjIay-bcL._SL500_.jpg","type":"image\/jpeg"}],"twitter_card":"summary_large_image","twitter_misc":{"Gesch\u00e4tzte Lesezeit":"1\u00a0Minute"},"schema":{"@context":"https:\/\/schema.org","@graph":[{"@type":"WebPage","@id":"https:\/\/marktxxl.de\/markt\/produkt\/hallmark-0005ewr2938-nicht-erforderlich-papier-b086qxlgnw\/","url":"https:\/\/marktxxl.de\/markt\/produkt\/hallmark-0005ewr2938-nicht-erforderlich-papier-b086qxlgnw\/","name":"Hallmark 0005EWR2938 Nicht erforderlich, Papier, B086QXLGNW - Markt-XXL","isPartOf":{"@id":"https:\/\/marktxxl.de\/markt\/#website"},"primaryImageOfPage":{"@id":"https:\/\/marktxxl.de\/markt\/produkt\/hallmark-0005ewr2938-nicht-erforderlich-papier-b086qxlgnw\/#primaryimage"},"image":{"@id":"https:\/\/marktxxl.de\/markt\/produkt\/hallmark-0005ewr2938-nicht-erforderlich-papier-b086qxlgnw\/#primaryimage"},"thumbnailUrl":"https:\/\/m.media-amazon.com\/images\/I\/51tjIay-bcL._SL500_.jpg","datePublished":"2022-12-11T10:16:23+00:00","dateModified":"2023-04-11T03:05:34+00:00","description":"Markt-XXL Hallmark 0005EWR2938 Nicht erforderlich, Papier, B086QXLGNW","breadcrumb":{"@id":"https:\/\/marktxxl.de\/markt\/produkt\/hallmark-0005ewr2938-nicht-erforderlich-papier-b086qxlgnw\/#breadcrumb"},"inLanguage":"de","potentialAction":[{"@type":"ReadAction","target":["https:\/\/marktxxl.de\/markt\/produkt\/hallmark-0005ewr2938-nicht-erforderlich-papier-b086qxlgnw\/"]}]},{"@type":"ImageObject","inLanguage":"de","@id":"https:\/\/marktxxl.de\/markt\/produkt\/hallmark-0005ewr2938-nicht-erforderlich-papier-b086qxlgnw\/#primaryimage","url":"https:\/\/m.media-amazon.com\/images\/I\/51tjIay-bcL._SL500_.jpg","contentUrl":"https:\/\/m.media-amazon.com\/images\/I\/51tjIay-bcL._SL500_.jpg","width":500,"height":500},{"@type":"BreadcrumbList","@id":"https:\/\/marktxxl.de\/markt\/produkt\/hallmark-0005ewr2938-nicht-erforderlich-papier-b086qxlgnw\/#breadcrumb","itemListElement":[{"@type":"ListItem","position":1,"name":"Startseite","item":"https:\/\/marktxxl.de\/markt\/"},{"@type":"ListItem","position":2,"name":"Markt","item":"https:\/\/marktxxl.de\/markt\/"},{"@type":"ListItem","position":3,"name":"Hallmark 0005EWR2938 Nicht erforderlich, Papier, B086QXLGNW"}]},{"@type":"WebSite","@id":"https:\/\/marktxxl.de\/markt\/#website","url":"https:\/\/marktxxl.de\/markt\/","name":"Markt-XXL","description":"Ihr Markt Online","publisher":{"@id":"https:\/\/marktxxl.de\/markt\/#organization"},"potentialAction":[{"@type":"SearchAction","target":{"@type":"EntryPoint","urlTemplate":"https:\/\/marktxxl.de\/markt\/?s={search_term_string}"},"query-input":{"@type":"PropertyValueSpecification","valueRequired":true,"valueName":"search_term_string"}}],"inLanguage":"de"},{"@type":"Organization","@id":"https:\/\/marktxxl.de\/markt\/#organization","name":"Markt-XXL","url":"https:\/\/marktxxl.de\/markt\/","logo":{"@type":"ImageObject","inLanguage":"de","@id":"https:\/\/marktxxl.de\/markt\/#\/schema\/logo\/image\/","url":"https:\/\/marktxxl.de\/markt\/wp-content\/uploads\/sites\/3\/2020\/12\/logo.png","contentUrl":"https:\/\/marktxxl.de\/markt\/wp-content\/uploads\/sites\/3\/2020\/12\/logo.png","width":200,"height":70,"caption":"Markt-XXL"},"image":{"@id":"https:\/\/marktxxl.de\/markt\/#\/schema\/logo\/image\/"}}]}},"_links":{"self":[{"href":"https:\/\/marktxxl.de\/markt\/wp-json\/wp\/v2\/product\/176068","targetHints":{"allow":["GET"]}}],"collection":[{"href":"https:\/\/marktxxl.de\/markt\/wp-json\/wp\/v2\/product"}],"about":[{"href":"https:\/\/marktxxl.de\/markt\/wp-json\/wp\/v2\/types\/product"}],"replies":[{"embeddable":true,"href":"https:\/\/marktxxl.de\/markt\/wp-json\/wp\/v2\/comments?post=176068"}],"wp:featuredmedia":[{"embeddable":true,"href":"https:\/\/marktxxl.de\/markt\/wp-json\/wp\/v2\/media\/176069"}],"wp:attachment":[{"href":"https:\/\/marktxxl.de\/markt\/wp-json\/wp\/v2\/media?parent=176068"}],"wp:term":[{"taxonomy":"product_brand","embeddable":true,"href":"https:\/\/marktxxl.de\/markt\/wp-json\/wp\/v2\/product_brand?post=176068"},{"taxonomy":"product_cat","embeddable":true,"href":"https:\/\/marktxxl.de\/markt\/wp-json\/wp\/v2\/product_cat?post=176068"},{"taxonomy":"product_tag","embeddable":true,"href":"https:\/\/marktxxl.de\/markt\/wp-json\/wp\/v2\/product_tag?post=176068"}],"curies":[{"name":"wp","href":"https:\/\/api.w.org\/{rel}","templated":true}]}}