{"id":175075,"date":"2022-12-11T08:25:38","date_gmt":"2022-12-11T07:25:38","guid":{"rendered":"https:\/\/marktxxl.de\/markt\/produkt\/lamounia-kaminholzkorb-filztasche-gross-43x30x27cm-35l-volumen-extra-henkelschoner-und-innentasche-perfekt-als-kaminholztasche-aufbewahrungskorb-und-grosse-einkaufstasche-in-graphit-gray\/"},"modified":"2023-04-09T04:47:06","modified_gmt":"2023-04-09T02:47:06","slug":"lamounia-kaminholzkorb-filztasche-gross-43x30x27cm-35l-volumen-extra-henkelschoner-und-innentasche-perfekt-als-kaminholztasche-aufbewahrungskorb-und-grosse-einkaufstasche-in-graphit-gray","status":"publish","type":"product","link":"https:\/\/marktxxl.de\/markt\/produkt\/lamounia-kaminholzkorb-filztasche-gross-43x30x27cm-35l-volumen-extra-henkelschoner-und-innentasche-perfekt-als-kaminholztasche-aufbewahrungskorb-und-grosse-einkaufstasche-in-graphit-gray\/","title":{"rendered":"lamounia &#8211; Einkaufstasche verdickte Filztasche XXL 43x30x27cm &#8211; 35L Volumen + Henkelschoner und Innentasche &#8211; Perfekt\u2026"},"content":{"rendered":"<p>\ud83c\udf4bBESTENS ORGANISIERT: Durch die 5mm Wanddicke beh\u00e4lt dein Einkaufskorb zu jederzeit die Form und erleichtert dir das be- und entladen enorm. Durch die praktische Innentasche hast du die wichtigsten Dinge wie z.b. Einkaufsliste, Geldb\u00f6rse &amp; Handy stets griffbereit. Es entf\u00e4llt l\u00e4stiges suchen in Hosen oder Jacke. So schaffst du garantiert alles was du dir vorgenommen hast.<br \/>\n\ud83c\udf35GENIALE MA\u00dfE: Unsere Kaminholztasche \u00fcberzeugt durch perfekt abgestimmte Ma\u00dfe. (L43xH30xB27). Bei einem F\u00fcllvolumen von unglaublichen 35 Liter und einer Tragkraft von mind. 20 KG, packst du dir ab sofort ordentlich Feuerholz vor die H\u00fctte und sparst dir dabei viel Zeit da du weniger oft laufen musst.<br \/>\n\ud83d\udc5c ANGENEHM ZU TRAGEN: Zum Schutz deiner H\u00e4nde und der Henkel haben wir einen gro\u00dfartigen Henkelschoner entwickelt, der vor dem Einschneiden deiner H\u00e4nde sowie vor fr\u00fchzeitiger Abnutzung der Henkel sch\u00fctzt und gleichzeitig f\u00fcr ein super angenehmes Tragegef\u00fchl sorgt<br \/>\n\ud83c\udf3eVERBL\u00dcFFEND VIELF\u00c4LTIG: Unser Kaminholzkorb bietet unz\u00e4hlig viele tolle Einsatzm\u00f6glichkeiten: F\u00fcr den entspannten Einkauf, als edles Wohnaccessoires, f\u00fcr den Transport von Kaminholz oder f\u00fcr die Aufbewahrung von Spielsachen. Damit ist sie der perfekte Allrounder in deinem Haushalt.<br \/>\n\ud83e\udd0dZUFRIEDENHEITSGARANTIE: Wir von lamounia haben den h\u00f6chsten Anspruch an uns selbst. Deine Zufriedenheit steht bei uns an oberster Stelle. Daher garantieren wir dir h\u00f6chste Qualit\u00e4t und ein R\u00fcckgaberecht 2 Jahren &#8211; ohne wenn und aber.<br \/>\n<div class=\"main-cross-sell\" data-asin=\"B08YQWLP6M\">\n\n\t<div class=\"WooZone-cross-sell-loader\">\n\t\t<div>\n\t\t\t<div id=\"floatingBarsG\">\n\t\t\t\t<div class=\"blockG\" id=\"rotateG_01\"><\/div>\n\t\t\t\t<div class=\"blockG\" id=\"rotateG_02\"><\/div>\n\t\t\t\t<div class=\"blockG\" id=\"rotateG_03\"><\/div>\n\t\t\t\t<div class=\"blockG\" id=\"rotateG_04\"><\/div>\n\t\t\t\t<div class=\"blockG\" id=\"rotateG_05\"><\/div>\n\t\t\t\t<div class=\"blockG\" id=\"rotateG_06\"><\/div>\n\t\t\t\t<div class=\"blockG\" id=\"rotateG_07\"><\/div>\n\t\t\t\t<div class=\"blockG\" id=\"rotateG_08\"><\/div>\n\t\t\t<\/div>\n\t\t\t<div class=\"WooZone-cross-sell-loader-text\"><\/div>\n\t\t<\/div>\n\t<\/div>\n\n\t\t\n<\/div>\n<div style=\"clear:both;\"><\/div><\/p>\n","protected":false},"excerpt":{"rendered":"<p>\ud83c\udf4bBESTENS ORGANISIERT: Durch die 5mm Wanddicke beh\u00e4lt dein Einkaufskorb zu jederzeit die Form und erleichtert dir das be- und entladen enorm. Durch die praktische Innentasche hast du die wichtigsten Dinge wie z.b. Einkaufsliste, Geldb\u00f6rse &amp; Handy stets griffbereit. Es entf\u00e4llt l\u00e4stiges suchen in Hosen oder Jacke. So schaffst du garantiert alles was du dir vorgenommen hast.<br \/>\n\ud83c\udf35GENIALE MA\u00dfE: Unsere Kaminholztasche \u00fcberzeugt durch perfekt abgestimmte Ma\u00dfe. (L43xH30xB27). Bei einem F\u00fcllvolumen von unglaublichen 35 Liter und einer Tragkraft von mind. 20 KG, packst du dir ab sofort ordentlich Feuerholz vor die H\u00fctte und sparst dir dabei viel Zeit da du weniger oft laufen musst.<br \/>\n\ud83d\udc5c ANGENEHM ZU TRAGEN: Zum Schutz deiner H\u00e4nde und der Henkel haben wir einen gro\u00dfartigen Henkelschoner entwickelt, der vor dem Einschneiden deiner H\u00e4nde sowie vor fr\u00fchzeitiger Abnutzung der Henkel sch\u00fctzt und gleichzeitig f\u00fcr ein super angenehmes Tragegef\u00fchl sorgt<\/p>\n","protected":false},"featured_media":175076,"comment_status":"open","ping_status":"closed","template":"","meta":[],"product_brand":[],"product_cat":[1983,11036],"product_tag":[],"class_list":{"0":"post-175075","1":"product","2":"type-product","3":"status-publish","4":"has-post-thumbnail","6":"product_cat-baumarkt","7":"product_cat-kamine","8":"pa_brand-lamounia","9":"pa_manufacturer-lamounia","11":"first","12":"instock","13":"shipping-taxable","14":"purchasable","15":"product-type-simple","16":"customify-col","17":"product-has-gallery"},"yoast_head":"<!-- This site is optimized with the Yoast SEO plugin v27.4 - https:\/\/yoast.com\/product\/yoast-seo-wordpress\/ -->\n<title>lamounia - Einkaufstasche verdickte Filztasche XXL 43x30x27cm - 35L Volumen + Henkelschoner und Innentasche - Perfekt\u2026 - Markt-XXL<\/title>\n<meta name=\"description\" content=\"Markt-XXL lamounia - Einkaufstasche verdickte Filztasche XXL 43x30x27cm - 35L Volumen + Henkelschoner und Innentasche - Perfekt\u2026\" \/>\n<meta name=\"robots\" content=\"index, follow, max-snippet:-1, max-image-preview:large, max-video-preview:-1\" \/>\n<link rel=\"canonical\" href=\"https:\/\/marktxxl.de\/markt\/produkt\/lamounia-kaminholzkorb-filztasche-gross-43x30x27cm-35l-volumen-extra-henkelschoner-und-innentasche-perfekt-als-kaminholztasche-aufbewahrungskorb-und-grosse-einkaufstasche-in-graphit-gray\/\" \/>\n<meta property=\"og:locale\" content=\"de_DE\" \/>\n<meta property=\"og:type\" content=\"article\" \/>\n<meta property=\"og:title\" content=\"lamounia - Einkaufstasche verdickte Filztasche XXL 43x30x27cm - 35L Volumen + Henkelschoner und Innentasche - Perfekt\u2026 - Markt-XXL\" \/>\n<meta property=\"og:description\" content=\"Markt-XXL lamounia - Einkaufstasche verdickte Filztasche XXL 43x30x27cm - 35L Volumen + Henkelschoner und Innentasche - Perfekt\u2026\" \/>\n<meta property=\"og:url\" content=\"https:\/\/marktxxl.de\/markt\/produkt\/lamounia-kaminholzkorb-filztasche-gross-43x30x27cm-35l-volumen-extra-henkelschoner-und-innentasche-perfekt-als-kaminholztasche-aufbewahrungskorb-und-grosse-einkaufstasche-in-graphit-gray\/\" \/>\n<meta property=\"og:site_name\" content=\"Markt-XXL\" \/>\n<meta property=\"article:modified_time\" content=\"2023-04-09T02:47:06+00:00\" \/>\n<meta property=\"og:image\" content=\"https:\/\/m.media-amazon.com\/images\/I\/517wocrEJJL._SL500_.jpg\" \/>\n\t<meta property=\"og:image:width\" content=\"500\" \/>\n\t<meta property=\"og:image:height\" content=\"500\" \/>\n\t<meta property=\"og:image:type\" content=\"image\/jpeg\" \/>\n<meta name=\"twitter:card\" content=\"summary_large_image\" \/>\n<meta name=\"twitter:label1\" content=\"Gesch\u00e4tzte Lesezeit\" \/>\n\t<meta name=\"twitter:data1\" content=\"1\u00a0Minute\" \/>\n<script type=\"application\/ld+json\" class=\"yoast-schema-graph\">{\"@context\":\"https:\\\/\\\/schema.org\",\"@graph\":[{\"@type\":\"WebPage\",\"@id\":\"https:\\\/\\\/marktxxl.de\\\/markt\\\/produkt\\\/lamounia-kaminholzkorb-filztasche-gross-43x30x27cm-35l-volumen-extra-henkelschoner-und-innentasche-perfekt-als-kaminholztasche-aufbewahrungskorb-und-grosse-einkaufstasche-in-graphit-gray\\\/\",\"url\":\"https:\\\/\\\/marktxxl.de\\\/markt\\\/produkt\\\/lamounia-kaminholzkorb-filztasche-gross-43x30x27cm-35l-volumen-extra-henkelschoner-und-innentasche-perfekt-als-kaminholztasche-aufbewahrungskorb-und-grosse-einkaufstasche-in-graphit-gray\\\/\",\"name\":\"lamounia - Einkaufstasche verdickte Filztasche XXL 43x30x27cm - 35L Volumen + Henkelschoner und Innentasche - Perfekt\u2026 - Markt-XXL\",\"isPartOf\":{\"@id\":\"https:\\\/\\\/marktxxl.de\\\/markt\\\/#website\"},\"primaryImageOfPage\":{\"@id\":\"https:\\\/\\\/marktxxl.de\\\/markt\\\/produkt\\\/lamounia-kaminholzkorb-filztasche-gross-43x30x27cm-35l-volumen-extra-henkelschoner-und-innentasche-perfekt-als-kaminholztasche-aufbewahrungskorb-und-grosse-einkaufstasche-in-graphit-gray\\\/#primaryimage\"},\"image\":{\"@id\":\"https:\\\/\\\/marktxxl.de\\\/markt\\\/produkt\\\/lamounia-kaminholzkorb-filztasche-gross-43x30x27cm-35l-volumen-extra-henkelschoner-und-innentasche-perfekt-als-kaminholztasche-aufbewahrungskorb-und-grosse-einkaufstasche-in-graphit-gray\\\/#primaryimage\"},\"thumbnailUrl\":\"https:\\\/\\\/m.media-amazon.com\\\/images\\\/I\\\/517wocrEJJL._SL500_.jpg\",\"datePublished\":\"2022-12-11T07:25:38+00:00\",\"dateModified\":\"2023-04-09T02:47:06+00:00\",\"description\":\"Markt-XXL lamounia - Einkaufstasche verdickte Filztasche XXL 43x30x27cm - 35L Volumen + Henkelschoner und Innentasche - Perfekt\u2026\",\"breadcrumb\":{\"@id\":\"https:\\\/\\\/marktxxl.de\\\/markt\\\/produkt\\\/lamounia-kaminholzkorb-filztasche-gross-43x30x27cm-35l-volumen-extra-henkelschoner-und-innentasche-perfekt-als-kaminholztasche-aufbewahrungskorb-und-grosse-einkaufstasche-in-graphit-gray\\\/#breadcrumb\"},\"inLanguage\":\"de\",\"potentialAction\":[{\"@type\":\"ReadAction\",\"target\":[\"https:\\\/\\\/marktxxl.de\\\/markt\\\/produkt\\\/lamounia-kaminholzkorb-filztasche-gross-43x30x27cm-35l-volumen-extra-henkelschoner-und-innentasche-perfekt-als-kaminholztasche-aufbewahrungskorb-und-grosse-einkaufstasche-in-graphit-gray\\\/\"]}]},{\"@type\":\"ImageObject\",\"inLanguage\":\"de\",\"@id\":\"https:\\\/\\\/marktxxl.de\\\/markt\\\/produkt\\\/lamounia-kaminholzkorb-filztasche-gross-43x30x27cm-35l-volumen-extra-henkelschoner-und-innentasche-perfekt-als-kaminholztasche-aufbewahrungskorb-und-grosse-einkaufstasche-in-graphit-gray\\\/#primaryimage\",\"url\":\"https:\\\/\\\/m.media-amazon.com\\\/images\\\/I\\\/517wocrEJJL._SL500_.jpg\",\"contentUrl\":\"https:\\\/\\\/m.media-amazon.com\\\/images\\\/I\\\/517wocrEJJL._SL500_.jpg\",\"width\":500,\"height\":500},{\"@type\":\"BreadcrumbList\",\"@id\":\"https:\\\/\\\/marktxxl.de\\\/markt\\\/produkt\\\/lamounia-kaminholzkorb-filztasche-gross-43x30x27cm-35l-volumen-extra-henkelschoner-und-innentasche-perfekt-als-kaminholztasche-aufbewahrungskorb-und-grosse-einkaufstasche-in-graphit-gray\\\/#breadcrumb\",\"itemListElement\":[{\"@type\":\"ListItem\",\"position\":1,\"name\":\"Startseite\",\"item\":\"https:\\\/\\\/marktxxl.de\\\/markt\\\/\"},{\"@type\":\"ListItem\",\"position\":2,\"name\":\"Markt\",\"item\":\"https:\\\/\\\/marktxxl.de\\\/markt\\\/\"},{\"@type\":\"ListItem\",\"position\":3,\"name\":\"lamounia &#8211; Einkaufstasche verdickte Filztasche XXL 43x30x27cm &#8211; 35L Volumen + Henkelschoner und Innentasche &#8211; Perfekt\u2026\"}]},{\"@type\":\"WebSite\",\"@id\":\"https:\\\/\\\/marktxxl.de\\\/markt\\\/#website\",\"url\":\"https:\\\/\\\/marktxxl.de\\\/markt\\\/\",\"name\":\"Markt-XXL\",\"description\":\"Ihr Markt Online\",\"publisher\":{\"@id\":\"https:\\\/\\\/marktxxl.de\\\/markt\\\/#organization\"},\"potentialAction\":[{\"@type\":\"SearchAction\",\"target\":{\"@type\":\"EntryPoint\",\"urlTemplate\":\"https:\\\/\\\/marktxxl.de\\\/markt\\\/?s={search_term_string}\"},\"query-input\":{\"@type\":\"PropertyValueSpecification\",\"valueRequired\":true,\"valueName\":\"search_term_string\"}}],\"inLanguage\":\"de\"},{\"@type\":\"Organization\",\"@id\":\"https:\\\/\\\/marktxxl.de\\\/markt\\\/#organization\",\"name\":\"Markt-XXL\",\"url\":\"https:\\\/\\\/marktxxl.de\\\/markt\\\/\",\"logo\":{\"@type\":\"ImageObject\",\"inLanguage\":\"de\",\"@id\":\"https:\\\/\\\/marktxxl.de\\\/markt\\\/#\\\/schema\\\/logo\\\/image\\\/\",\"url\":\"https:\\\/\\\/marktxxl.de\\\/markt\\\/wp-content\\\/uploads\\\/sites\\\/3\\\/2020\\\/12\\\/logo.png\",\"contentUrl\":\"https:\\\/\\\/marktxxl.de\\\/markt\\\/wp-content\\\/uploads\\\/sites\\\/3\\\/2020\\\/12\\\/logo.png\",\"width\":200,\"height\":70,\"caption\":\"Markt-XXL\"},\"image\":{\"@id\":\"https:\\\/\\\/marktxxl.de\\\/markt\\\/#\\\/schema\\\/logo\\\/image\\\/\"}}]}<\/script>\n<!-- \/ Yoast SEO plugin. -->","yoast_head_json":{"title":"lamounia - Einkaufstasche verdickte Filztasche XXL 43x30x27cm - 35L Volumen + Henkelschoner und Innentasche - Perfekt\u2026 - Markt-XXL","description":"Markt-XXL lamounia - Einkaufstasche verdickte Filztasche XXL 43x30x27cm - 35L Volumen + Henkelschoner und Innentasche - Perfekt\u2026","robots":{"index":"index","follow":"follow","max-snippet":"max-snippet:-1","max-image-preview":"max-image-preview:large","max-video-preview":"max-video-preview:-1"},"canonical":"https:\/\/marktxxl.de\/markt\/produkt\/lamounia-kaminholzkorb-filztasche-gross-43x30x27cm-35l-volumen-extra-henkelschoner-und-innentasche-perfekt-als-kaminholztasche-aufbewahrungskorb-und-grosse-einkaufstasche-in-graphit-gray\/","og_locale":"de_DE","og_type":"article","og_title":"lamounia - Einkaufstasche verdickte Filztasche XXL 43x30x27cm - 35L Volumen + Henkelschoner und Innentasche - Perfekt\u2026 - Markt-XXL","og_description":"Markt-XXL lamounia - Einkaufstasche verdickte Filztasche XXL 43x30x27cm - 35L Volumen + Henkelschoner und Innentasche - Perfekt\u2026","og_url":"https:\/\/marktxxl.de\/markt\/produkt\/lamounia-kaminholzkorb-filztasche-gross-43x30x27cm-35l-volumen-extra-henkelschoner-und-innentasche-perfekt-als-kaminholztasche-aufbewahrungskorb-und-grosse-einkaufstasche-in-graphit-gray\/","og_site_name":"Markt-XXL","article_modified_time":"2023-04-09T02:47:06+00:00","og_image":[{"width":500,"height":500,"url":"https:\/\/m.media-amazon.com\/images\/I\/517wocrEJJL._SL500_.jpg","type":"image\/jpeg"}],"twitter_card":"summary_large_image","twitter_misc":{"Gesch\u00e4tzte Lesezeit":"1\u00a0Minute"},"schema":{"@context":"https:\/\/schema.org","@graph":[{"@type":"WebPage","@id":"https:\/\/marktxxl.de\/markt\/produkt\/lamounia-kaminholzkorb-filztasche-gross-43x30x27cm-35l-volumen-extra-henkelschoner-und-innentasche-perfekt-als-kaminholztasche-aufbewahrungskorb-und-grosse-einkaufstasche-in-graphit-gray\/","url":"https:\/\/marktxxl.de\/markt\/produkt\/lamounia-kaminholzkorb-filztasche-gross-43x30x27cm-35l-volumen-extra-henkelschoner-und-innentasche-perfekt-als-kaminholztasche-aufbewahrungskorb-und-grosse-einkaufstasche-in-graphit-gray\/","name":"lamounia - Einkaufstasche verdickte Filztasche XXL 43x30x27cm - 35L Volumen + Henkelschoner und Innentasche - Perfekt\u2026 - Markt-XXL","isPartOf":{"@id":"https:\/\/marktxxl.de\/markt\/#website"},"primaryImageOfPage":{"@id":"https:\/\/marktxxl.de\/markt\/produkt\/lamounia-kaminholzkorb-filztasche-gross-43x30x27cm-35l-volumen-extra-henkelschoner-und-innentasche-perfekt-als-kaminholztasche-aufbewahrungskorb-und-grosse-einkaufstasche-in-graphit-gray\/#primaryimage"},"image":{"@id":"https:\/\/marktxxl.de\/markt\/produkt\/lamounia-kaminholzkorb-filztasche-gross-43x30x27cm-35l-volumen-extra-henkelschoner-und-innentasche-perfekt-als-kaminholztasche-aufbewahrungskorb-und-grosse-einkaufstasche-in-graphit-gray\/#primaryimage"},"thumbnailUrl":"https:\/\/m.media-amazon.com\/images\/I\/517wocrEJJL._SL500_.jpg","datePublished":"2022-12-11T07:25:38+00:00","dateModified":"2023-04-09T02:47:06+00:00","description":"Markt-XXL lamounia - Einkaufstasche verdickte Filztasche XXL 43x30x27cm - 35L Volumen + Henkelschoner und Innentasche - Perfekt\u2026","breadcrumb":{"@id":"https:\/\/marktxxl.de\/markt\/produkt\/lamounia-kaminholzkorb-filztasche-gross-43x30x27cm-35l-volumen-extra-henkelschoner-und-innentasche-perfekt-als-kaminholztasche-aufbewahrungskorb-und-grosse-einkaufstasche-in-graphit-gray\/#breadcrumb"},"inLanguage":"de","potentialAction":[{"@type":"ReadAction","target":["https:\/\/marktxxl.de\/markt\/produkt\/lamounia-kaminholzkorb-filztasche-gross-43x30x27cm-35l-volumen-extra-henkelschoner-und-innentasche-perfekt-als-kaminholztasche-aufbewahrungskorb-und-grosse-einkaufstasche-in-graphit-gray\/"]}]},{"@type":"ImageObject","inLanguage":"de","@id":"https:\/\/marktxxl.de\/markt\/produkt\/lamounia-kaminholzkorb-filztasche-gross-43x30x27cm-35l-volumen-extra-henkelschoner-und-innentasche-perfekt-als-kaminholztasche-aufbewahrungskorb-und-grosse-einkaufstasche-in-graphit-gray\/#primaryimage","url":"https:\/\/m.media-amazon.com\/images\/I\/517wocrEJJL._SL500_.jpg","contentUrl":"https:\/\/m.media-amazon.com\/images\/I\/517wocrEJJL._SL500_.jpg","width":500,"height":500},{"@type":"BreadcrumbList","@id":"https:\/\/marktxxl.de\/markt\/produkt\/lamounia-kaminholzkorb-filztasche-gross-43x30x27cm-35l-volumen-extra-henkelschoner-und-innentasche-perfekt-als-kaminholztasche-aufbewahrungskorb-und-grosse-einkaufstasche-in-graphit-gray\/#breadcrumb","itemListElement":[{"@type":"ListItem","position":1,"name":"Startseite","item":"https:\/\/marktxxl.de\/markt\/"},{"@type":"ListItem","position":2,"name":"Markt","item":"https:\/\/marktxxl.de\/markt\/"},{"@type":"ListItem","position":3,"name":"lamounia &#8211; Einkaufstasche verdickte Filztasche XXL 43x30x27cm &#8211; 35L Volumen + Henkelschoner und Innentasche &#8211; Perfekt\u2026"}]},{"@type":"WebSite","@id":"https:\/\/marktxxl.de\/markt\/#website","url":"https:\/\/marktxxl.de\/markt\/","name":"Markt-XXL","description":"Ihr Markt Online","publisher":{"@id":"https:\/\/marktxxl.de\/markt\/#organization"},"potentialAction":[{"@type":"SearchAction","target":{"@type":"EntryPoint","urlTemplate":"https:\/\/marktxxl.de\/markt\/?s={search_term_string}"},"query-input":{"@type":"PropertyValueSpecification","valueRequired":true,"valueName":"search_term_string"}}],"inLanguage":"de"},{"@type":"Organization","@id":"https:\/\/marktxxl.de\/markt\/#organization","name":"Markt-XXL","url":"https:\/\/marktxxl.de\/markt\/","logo":{"@type":"ImageObject","inLanguage":"de","@id":"https:\/\/marktxxl.de\/markt\/#\/schema\/logo\/image\/","url":"https:\/\/marktxxl.de\/markt\/wp-content\/uploads\/sites\/3\/2020\/12\/logo.png","contentUrl":"https:\/\/marktxxl.de\/markt\/wp-content\/uploads\/sites\/3\/2020\/12\/logo.png","width":200,"height":70,"caption":"Markt-XXL"},"image":{"@id":"https:\/\/marktxxl.de\/markt\/#\/schema\/logo\/image\/"}}]}},"_links":{"self":[{"href":"https:\/\/marktxxl.de\/markt\/wp-json\/wp\/v2\/product\/175075","targetHints":{"allow":["GET"]}}],"collection":[{"href":"https:\/\/marktxxl.de\/markt\/wp-json\/wp\/v2\/product"}],"about":[{"href":"https:\/\/marktxxl.de\/markt\/wp-json\/wp\/v2\/types\/product"}],"replies":[{"embeddable":true,"href":"https:\/\/marktxxl.de\/markt\/wp-json\/wp\/v2\/comments?post=175075"}],"wp:featuredmedia":[{"embeddable":true,"href":"https:\/\/marktxxl.de\/markt\/wp-json\/wp\/v2\/media\/175076"}],"wp:attachment":[{"href":"https:\/\/marktxxl.de\/markt\/wp-json\/wp\/v2\/media?parent=175075"}],"wp:term":[{"taxonomy":"product_brand","embeddable":true,"href":"https:\/\/marktxxl.de\/markt\/wp-json\/wp\/v2\/product_brand?post=175075"},{"taxonomy":"product_cat","embeddable":true,"href":"https:\/\/marktxxl.de\/markt\/wp-json\/wp\/v2\/product_cat?post=175075"},{"taxonomy":"product_tag","embeddable":true,"href":"https:\/\/marktxxl.de\/markt\/wp-json\/wp\/v2\/product_tag?post=175075"}],"curies":[{"name":"wp","href":"https:\/\/api.w.org\/{rel}","templated":true}]}}