{"id":174463,"date":"2022-12-11T06:25:30","date_gmt":"2022-12-11T05:25:30","guid":{"rendered":"https:\/\/marktxxl.de\/markt\/produkt\/coasion-baby-kinder-polarisierte-sonnenbrille-uv400-schutz-silikon-rahmen-mit-sonnenbrille-fuer-baby-0-24\/"},"modified":"2023-04-11T05:03:08","modified_gmt":"2023-04-11T03:03:08","slug":"coasion-baby-kinder-polarisierte-sonnenbrille-uv400-schutz-silikon-rahmen-mit-sonnenbrille-fuer-baby-0-24","status":"publish","type":"product","link":"https:\/\/marktxxl.de\/markt\/produkt\/coasion-baby-kinder-polarisierte-sonnenbrille-uv400-schutz-silikon-rahmen-mit-sonnenbrille-fuer-baby-0-24\/","title":{"rendered":"COASION Baby Kinder Polarisierte Sonnenbrille UV400 Schutz Silikon Rahmen mit Sonnenbrille f\u00fcr Baby 0-24"},"content":{"rendered":"<p>Produkte Gr\u00f6\u00dfe &#8211; Glasbreite: 39mm (1.53&#8243;), Rahmenh\u00f6he: 37mm (1.45&#8243;), Nasensteg: 12mm (0.47&#8243;), Rahmenbreite: 110mm (4.33&#8243;), B\u00fcgell\u00e4nge: 100mm (3.93&#8243;), Gewicht: 11.4g.<br \/>\nSUPER KOMFORTABEL UND FLEXIBEL. Speziell f\u00fcr Kinder entwickelt, schlagfest und so leicht, dass sie nicht bemerken, dass sie sie tragen (11.4 Gramm).<br \/>\nPOLARISIERTE Brille. Sie vermeiden Reflexionen, erh\u00f6hen den Kontrast und sorgen f\u00fcr lebendigere Farben. Angezeigt f\u00fcr intensive Lichtverh\u00e4ltnisse. Berg oder Strand. GESAMTSCHUTZ mit dem h\u00f6chsten verf\u00fcgbaren Filter (UV400) gegen sch\u00e4dliche Sonnenstrahlen UVA \/ B \/ C.<br \/>\nAnlass: Die Sonnenbrille eignet sich perfekt f\u00fcr einen Tag am Strand, am Pool oder f\u00fcr jeden Sommersport oder Outdoor-Aktivit\u00e4ten<br \/>\n30 TAGE GELD-ZUR\u00dcCK-GARANTIE-Kunden genie\u00dfen eine 30-Tage-Geld-Zur\u00fcck-Garantie. Kunden k\u00f6nnen zur\u00fcckgeben und erhalten eine R\u00fcckerstattung, wenn der Kauf aus irgendeinem Grund nicht zufrieden ist. Sie haben kein Risiko zu versuchen.<br \/>\n<div class=\"main-cross-sell\" data-asin=\"B0BKFQZK9S\">\n\n\t<div class=\"WooZone-cross-sell-loader\">\n\t\t<div>\n\t\t\t<div id=\"floatingBarsG\">\n\t\t\t\t<div class=\"blockG\" id=\"rotateG_01\"><\/div>\n\t\t\t\t<div class=\"blockG\" id=\"rotateG_02\"><\/div>\n\t\t\t\t<div class=\"blockG\" id=\"rotateG_03\"><\/div>\n\t\t\t\t<div class=\"blockG\" id=\"rotateG_04\"><\/div>\n\t\t\t\t<div class=\"blockG\" id=\"rotateG_05\"><\/div>\n\t\t\t\t<div class=\"blockG\" id=\"rotateG_06\"><\/div>\n\t\t\t\t<div class=\"blockG\" id=\"rotateG_07\"><\/div>\n\t\t\t\t<div class=\"blockG\" id=\"rotateG_08\"><\/div>\n\t\t\t<\/div>\n\t\t\t<div class=\"WooZone-cross-sell-loader-text\"><\/div>\n\t\t<\/div>\n\t<\/div>\n\n\t\t\n<\/div>\n<div style=\"clear:both;\"><\/div><\/p>\n","protected":false},"excerpt":{"rendered":"<p>Produkte Gr\u00f6\u00dfe &#8211; Glasbreite: 39mm (1.53&#8243;), Rahmenh\u00f6he: 37mm (1.45&#8243;), Nasensteg: 12mm (0.47&#8243;), Rahmenbreite: 110mm (4.33&#8243;), B\u00fcgell\u00e4nge: 100mm (3.93&#8243;), Gewicht: 11.4g.<br \/>\nSUPER KOMFORTABEL UND FLEXIBEL. Speziell f\u00fcr Kinder entwickelt, schlagfest und so leicht, dass sie nicht bemerken, dass sie sie tragen (11.4 Gramm).<br \/>\nPOLARISIERTE Brille. Sie vermeiden Reflexionen, erh\u00f6hen den Kontrast und sorgen f\u00fcr lebendigere Farben. Angezeigt f\u00fcr intensive Lichtverh\u00e4ltnisse. Berg oder Strand. GESAMTSCHUTZ mit dem h\u00f6chsten verf\u00fcgbaren Filter (UV400) gegen sch\u00e4dliche Sonnenstrahlen UVA \/ B \/ C.<\/p>\n","protected":false},"featured_media":174464,"comment_status":"open","ping_status":"closed","template":"","meta":[],"product_brand":[],"product_cat":[1186,4034],"product_tag":[],"class_list":{"0":"post-174463","1":"product","2":"type-product","3":"status-publish","4":"has-post-thumbnail","6":"product_cat-bekleidung","7":"product_cat-jungen","8":"pa_brand-coasion","10":"first","11":"instock","12":"shipping-taxable","13":"purchasable","14":"product-type-simple","15":"customify-col","16":"product-has-gallery"},"yoast_head":"<!-- This site is optimized with the Yoast SEO plugin v27.4 - https:\/\/yoast.com\/product\/yoast-seo-wordpress\/ -->\n<title>COASION Baby Kinder Polarisierte Sonnenbrille UV400 Schutz Silikon Rahmen mit Sonnenbrille f\u00fcr Baby 0-24 - Markt-XXL<\/title>\n<meta name=\"description\" content=\"Markt-XXL COASION Baby Kinder Polarisierte Sonnenbrille UV400 Schutz Silikon Rahmen mit Sonnenbrille f\u00fcr Baby 0-24\" \/>\n<meta name=\"robots\" content=\"index, follow, max-snippet:-1, max-image-preview:large, max-video-preview:-1\" \/>\n<link rel=\"canonical\" href=\"https:\/\/marktxxl.de\/markt\/produkt\/coasion-baby-kinder-polarisierte-sonnenbrille-uv400-schutz-silikon-rahmen-mit-sonnenbrille-fuer-baby-0-24\/\" \/>\n<meta property=\"og:locale\" content=\"de_DE\" \/>\n<meta property=\"og:type\" content=\"article\" \/>\n<meta property=\"og:title\" content=\"COASION Baby Kinder Polarisierte Sonnenbrille UV400 Schutz Silikon Rahmen mit Sonnenbrille f\u00fcr Baby 0-24 - Markt-XXL\" \/>\n<meta property=\"og:description\" content=\"Markt-XXL COASION Baby Kinder Polarisierte Sonnenbrille UV400 Schutz Silikon Rahmen mit Sonnenbrille f\u00fcr Baby 0-24\" \/>\n<meta property=\"og:url\" content=\"https:\/\/marktxxl.de\/markt\/produkt\/coasion-baby-kinder-polarisierte-sonnenbrille-uv400-schutz-silikon-rahmen-mit-sonnenbrille-fuer-baby-0-24\/\" \/>\n<meta property=\"og:site_name\" content=\"Markt-XXL\" \/>\n<meta property=\"article:modified_time\" content=\"2023-04-11T03:03:08+00:00\" \/>\n<meta property=\"og:image\" content=\"https:\/\/m.media-amazon.com\/images\/I\/41S9ZOmpSiL._SL500_.jpg\" \/>\n\t<meta property=\"og:image:width\" content=\"500\" \/>\n\t<meta property=\"og:image:height\" content=\"500\" \/>\n\t<meta property=\"og:image:type\" content=\"image\/jpeg\" \/>\n<meta name=\"twitter:card\" content=\"summary_large_image\" \/>\n<meta name=\"twitter:label1\" content=\"Gesch\u00e4tzte Lesezeit\" \/>\n\t<meta name=\"twitter:data1\" content=\"1\u00a0Minute\" \/>\n<script type=\"application\/ld+json\" class=\"yoast-schema-graph\">{\"@context\":\"https:\\\/\\\/schema.org\",\"@graph\":[{\"@type\":\"WebPage\",\"@id\":\"https:\\\/\\\/marktxxl.de\\\/markt\\\/produkt\\\/coasion-baby-kinder-polarisierte-sonnenbrille-uv400-schutz-silikon-rahmen-mit-sonnenbrille-fuer-baby-0-24\\\/\",\"url\":\"https:\\\/\\\/marktxxl.de\\\/markt\\\/produkt\\\/coasion-baby-kinder-polarisierte-sonnenbrille-uv400-schutz-silikon-rahmen-mit-sonnenbrille-fuer-baby-0-24\\\/\",\"name\":\"COASION Baby Kinder Polarisierte Sonnenbrille UV400 Schutz Silikon Rahmen mit Sonnenbrille f\u00fcr Baby 0-24 - Markt-XXL\",\"isPartOf\":{\"@id\":\"https:\\\/\\\/marktxxl.de\\\/markt\\\/#website\"},\"primaryImageOfPage\":{\"@id\":\"https:\\\/\\\/marktxxl.de\\\/markt\\\/produkt\\\/coasion-baby-kinder-polarisierte-sonnenbrille-uv400-schutz-silikon-rahmen-mit-sonnenbrille-fuer-baby-0-24\\\/#primaryimage\"},\"image\":{\"@id\":\"https:\\\/\\\/marktxxl.de\\\/markt\\\/produkt\\\/coasion-baby-kinder-polarisierte-sonnenbrille-uv400-schutz-silikon-rahmen-mit-sonnenbrille-fuer-baby-0-24\\\/#primaryimage\"},\"thumbnailUrl\":\"https:\\\/\\\/m.media-amazon.com\\\/images\\\/I\\\/41S9ZOmpSiL._SL500_.jpg\",\"datePublished\":\"2022-12-11T05:25:30+00:00\",\"dateModified\":\"2023-04-11T03:03:08+00:00\",\"description\":\"Markt-XXL COASION Baby Kinder Polarisierte Sonnenbrille UV400 Schutz Silikon Rahmen mit Sonnenbrille f\u00fcr Baby 0-24\",\"breadcrumb\":{\"@id\":\"https:\\\/\\\/marktxxl.de\\\/markt\\\/produkt\\\/coasion-baby-kinder-polarisierte-sonnenbrille-uv400-schutz-silikon-rahmen-mit-sonnenbrille-fuer-baby-0-24\\\/#breadcrumb\"},\"inLanguage\":\"de\",\"potentialAction\":[{\"@type\":\"ReadAction\",\"target\":[\"https:\\\/\\\/marktxxl.de\\\/markt\\\/produkt\\\/coasion-baby-kinder-polarisierte-sonnenbrille-uv400-schutz-silikon-rahmen-mit-sonnenbrille-fuer-baby-0-24\\\/\"]}]},{\"@type\":\"ImageObject\",\"inLanguage\":\"de\",\"@id\":\"https:\\\/\\\/marktxxl.de\\\/markt\\\/produkt\\\/coasion-baby-kinder-polarisierte-sonnenbrille-uv400-schutz-silikon-rahmen-mit-sonnenbrille-fuer-baby-0-24\\\/#primaryimage\",\"url\":\"https:\\\/\\\/m.media-amazon.com\\\/images\\\/I\\\/41S9ZOmpSiL._SL500_.jpg\",\"contentUrl\":\"https:\\\/\\\/m.media-amazon.com\\\/images\\\/I\\\/41S9ZOmpSiL._SL500_.jpg\",\"width\":500,\"height\":500},{\"@type\":\"BreadcrumbList\",\"@id\":\"https:\\\/\\\/marktxxl.de\\\/markt\\\/produkt\\\/coasion-baby-kinder-polarisierte-sonnenbrille-uv400-schutz-silikon-rahmen-mit-sonnenbrille-fuer-baby-0-24\\\/#breadcrumb\",\"itemListElement\":[{\"@type\":\"ListItem\",\"position\":1,\"name\":\"Startseite\",\"item\":\"https:\\\/\\\/marktxxl.de\\\/markt\\\/\"},{\"@type\":\"ListItem\",\"position\":2,\"name\":\"Markt\",\"item\":\"https:\\\/\\\/marktxxl.de\\\/markt\\\/\"},{\"@type\":\"ListItem\",\"position\":3,\"name\":\"COASION Baby Kinder Polarisierte Sonnenbrille UV400 Schutz Silikon Rahmen mit Sonnenbrille f\u00fcr Baby 0-24\"}]},{\"@type\":\"WebSite\",\"@id\":\"https:\\\/\\\/marktxxl.de\\\/markt\\\/#website\",\"url\":\"https:\\\/\\\/marktxxl.de\\\/markt\\\/\",\"name\":\"Markt-XXL\",\"description\":\"Ihr Markt Online\",\"publisher\":{\"@id\":\"https:\\\/\\\/marktxxl.de\\\/markt\\\/#organization\"},\"potentialAction\":[{\"@type\":\"SearchAction\",\"target\":{\"@type\":\"EntryPoint\",\"urlTemplate\":\"https:\\\/\\\/marktxxl.de\\\/markt\\\/?s={search_term_string}\"},\"query-input\":{\"@type\":\"PropertyValueSpecification\",\"valueRequired\":true,\"valueName\":\"search_term_string\"}}],\"inLanguage\":\"de\"},{\"@type\":\"Organization\",\"@id\":\"https:\\\/\\\/marktxxl.de\\\/markt\\\/#organization\",\"name\":\"Markt-XXL\",\"url\":\"https:\\\/\\\/marktxxl.de\\\/markt\\\/\",\"logo\":{\"@type\":\"ImageObject\",\"inLanguage\":\"de\",\"@id\":\"https:\\\/\\\/marktxxl.de\\\/markt\\\/#\\\/schema\\\/logo\\\/image\\\/\",\"url\":\"https:\\\/\\\/marktxxl.de\\\/markt\\\/wp-content\\\/uploads\\\/sites\\\/3\\\/2020\\\/12\\\/logo.png\",\"contentUrl\":\"https:\\\/\\\/marktxxl.de\\\/markt\\\/wp-content\\\/uploads\\\/sites\\\/3\\\/2020\\\/12\\\/logo.png\",\"width\":200,\"height\":70,\"caption\":\"Markt-XXL\"},\"image\":{\"@id\":\"https:\\\/\\\/marktxxl.de\\\/markt\\\/#\\\/schema\\\/logo\\\/image\\\/\"}}]}<\/script>\n<!-- \/ Yoast SEO plugin. -->","yoast_head_json":{"title":"COASION Baby Kinder Polarisierte Sonnenbrille UV400 Schutz Silikon Rahmen mit Sonnenbrille f\u00fcr Baby 0-24 - Markt-XXL","description":"Markt-XXL COASION Baby Kinder Polarisierte Sonnenbrille UV400 Schutz Silikon Rahmen mit Sonnenbrille f\u00fcr Baby 0-24","robots":{"index":"index","follow":"follow","max-snippet":"max-snippet:-1","max-image-preview":"max-image-preview:large","max-video-preview":"max-video-preview:-1"},"canonical":"https:\/\/marktxxl.de\/markt\/produkt\/coasion-baby-kinder-polarisierte-sonnenbrille-uv400-schutz-silikon-rahmen-mit-sonnenbrille-fuer-baby-0-24\/","og_locale":"de_DE","og_type":"article","og_title":"COASION Baby Kinder Polarisierte Sonnenbrille UV400 Schutz Silikon Rahmen mit Sonnenbrille f\u00fcr Baby 0-24 - Markt-XXL","og_description":"Markt-XXL COASION Baby Kinder Polarisierte Sonnenbrille UV400 Schutz Silikon Rahmen mit Sonnenbrille f\u00fcr Baby 0-24","og_url":"https:\/\/marktxxl.de\/markt\/produkt\/coasion-baby-kinder-polarisierte-sonnenbrille-uv400-schutz-silikon-rahmen-mit-sonnenbrille-fuer-baby-0-24\/","og_site_name":"Markt-XXL","article_modified_time":"2023-04-11T03:03:08+00:00","og_image":[{"width":500,"height":500,"url":"https:\/\/m.media-amazon.com\/images\/I\/41S9ZOmpSiL._SL500_.jpg","type":"image\/jpeg"}],"twitter_card":"summary_large_image","twitter_misc":{"Gesch\u00e4tzte Lesezeit":"1\u00a0Minute"},"schema":{"@context":"https:\/\/schema.org","@graph":[{"@type":"WebPage","@id":"https:\/\/marktxxl.de\/markt\/produkt\/coasion-baby-kinder-polarisierte-sonnenbrille-uv400-schutz-silikon-rahmen-mit-sonnenbrille-fuer-baby-0-24\/","url":"https:\/\/marktxxl.de\/markt\/produkt\/coasion-baby-kinder-polarisierte-sonnenbrille-uv400-schutz-silikon-rahmen-mit-sonnenbrille-fuer-baby-0-24\/","name":"COASION Baby Kinder Polarisierte Sonnenbrille UV400 Schutz Silikon Rahmen mit Sonnenbrille f\u00fcr Baby 0-24 - Markt-XXL","isPartOf":{"@id":"https:\/\/marktxxl.de\/markt\/#website"},"primaryImageOfPage":{"@id":"https:\/\/marktxxl.de\/markt\/produkt\/coasion-baby-kinder-polarisierte-sonnenbrille-uv400-schutz-silikon-rahmen-mit-sonnenbrille-fuer-baby-0-24\/#primaryimage"},"image":{"@id":"https:\/\/marktxxl.de\/markt\/produkt\/coasion-baby-kinder-polarisierte-sonnenbrille-uv400-schutz-silikon-rahmen-mit-sonnenbrille-fuer-baby-0-24\/#primaryimage"},"thumbnailUrl":"https:\/\/m.media-amazon.com\/images\/I\/41S9ZOmpSiL._SL500_.jpg","datePublished":"2022-12-11T05:25:30+00:00","dateModified":"2023-04-11T03:03:08+00:00","description":"Markt-XXL COASION Baby Kinder Polarisierte Sonnenbrille UV400 Schutz Silikon Rahmen mit Sonnenbrille f\u00fcr Baby 0-24","breadcrumb":{"@id":"https:\/\/marktxxl.de\/markt\/produkt\/coasion-baby-kinder-polarisierte-sonnenbrille-uv400-schutz-silikon-rahmen-mit-sonnenbrille-fuer-baby-0-24\/#breadcrumb"},"inLanguage":"de","potentialAction":[{"@type":"ReadAction","target":["https:\/\/marktxxl.de\/markt\/produkt\/coasion-baby-kinder-polarisierte-sonnenbrille-uv400-schutz-silikon-rahmen-mit-sonnenbrille-fuer-baby-0-24\/"]}]},{"@type":"ImageObject","inLanguage":"de","@id":"https:\/\/marktxxl.de\/markt\/produkt\/coasion-baby-kinder-polarisierte-sonnenbrille-uv400-schutz-silikon-rahmen-mit-sonnenbrille-fuer-baby-0-24\/#primaryimage","url":"https:\/\/m.media-amazon.com\/images\/I\/41S9ZOmpSiL._SL500_.jpg","contentUrl":"https:\/\/m.media-amazon.com\/images\/I\/41S9ZOmpSiL._SL500_.jpg","width":500,"height":500},{"@type":"BreadcrumbList","@id":"https:\/\/marktxxl.de\/markt\/produkt\/coasion-baby-kinder-polarisierte-sonnenbrille-uv400-schutz-silikon-rahmen-mit-sonnenbrille-fuer-baby-0-24\/#breadcrumb","itemListElement":[{"@type":"ListItem","position":1,"name":"Startseite","item":"https:\/\/marktxxl.de\/markt\/"},{"@type":"ListItem","position":2,"name":"Markt","item":"https:\/\/marktxxl.de\/markt\/"},{"@type":"ListItem","position":3,"name":"COASION Baby Kinder Polarisierte Sonnenbrille UV400 Schutz Silikon Rahmen mit Sonnenbrille f\u00fcr Baby 0-24"}]},{"@type":"WebSite","@id":"https:\/\/marktxxl.de\/markt\/#website","url":"https:\/\/marktxxl.de\/markt\/","name":"Markt-XXL","description":"Ihr Markt Online","publisher":{"@id":"https:\/\/marktxxl.de\/markt\/#organization"},"potentialAction":[{"@type":"SearchAction","target":{"@type":"EntryPoint","urlTemplate":"https:\/\/marktxxl.de\/markt\/?s={search_term_string}"},"query-input":{"@type":"PropertyValueSpecification","valueRequired":true,"valueName":"search_term_string"}}],"inLanguage":"de"},{"@type":"Organization","@id":"https:\/\/marktxxl.de\/markt\/#organization","name":"Markt-XXL","url":"https:\/\/marktxxl.de\/markt\/","logo":{"@type":"ImageObject","inLanguage":"de","@id":"https:\/\/marktxxl.de\/markt\/#\/schema\/logo\/image\/","url":"https:\/\/marktxxl.de\/markt\/wp-content\/uploads\/sites\/3\/2020\/12\/logo.png","contentUrl":"https:\/\/marktxxl.de\/markt\/wp-content\/uploads\/sites\/3\/2020\/12\/logo.png","width":200,"height":70,"caption":"Markt-XXL"},"image":{"@id":"https:\/\/marktxxl.de\/markt\/#\/schema\/logo\/image\/"}}]}},"_links":{"self":[{"href":"https:\/\/marktxxl.de\/markt\/wp-json\/wp\/v2\/product\/174463","targetHints":{"allow":["GET"]}}],"collection":[{"href":"https:\/\/marktxxl.de\/markt\/wp-json\/wp\/v2\/product"}],"about":[{"href":"https:\/\/marktxxl.de\/markt\/wp-json\/wp\/v2\/types\/product"}],"replies":[{"embeddable":true,"href":"https:\/\/marktxxl.de\/markt\/wp-json\/wp\/v2\/comments?post=174463"}],"wp:featuredmedia":[{"embeddable":true,"href":"https:\/\/marktxxl.de\/markt\/wp-json\/wp\/v2\/media\/174464"}],"wp:attachment":[{"href":"https:\/\/marktxxl.de\/markt\/wp-json\/wp\/v2\/media?parent=174463"}],"wp:term":[{"taxonomy":"product_brand","embeddable":true,"href":"https:\/\/marktxxl.de\/markt\/wp-json\/wp\/v2\/product_brand?post=174463"},{"taxonomy":"product_cat","embeddable":true,"href":"https:\/\/marktxxl.de\/markt\/wp-json\/wp\/v2\/product_cat?post=174463"},{"taxonomy":"product_tag","embeddable":true,"href":"https:\/\/marktxxl.de\/markt\/wp-json\/wp\/v2\/product_tag?post=174463"}],"curies":[{"name":"wp","href":"https:\/\/api.w.org\/{rel}","templated":true}]}}