{"id":174174,"date":"2022-12-11T06:13:18","date_gmt":"2022-12-11T05:13:18","guid":{"rendered":"https:\/\/marktxxl.de\/markt\/produkt\/leo-lilo-6er-set-geschenkschachtel-merry-christmas-mit-6-einzeln-verpackten-handcremes-in-20-ml-reisegroessen-6-x-20-ml\/"},"modified":"2023-04-10T05:12:55","modified_gmt":"2023-04-10T03:12:55","slug":"leo-lilo-6er-set-geschenkschachtel-merry-christmas-mit-6-einzeln-verpackten-handcremes-in-20-ml-reisegroessen-6-x-20-ml","status":"publish","type":"product","link":"https:\/\/marktxxl.de\/markt\/produkt\/leo-lilo-6er-set-geschenkschachtel-merry-christmas-mit-6-einzeln-verpackten-handcremes-in-20-ml-reisegroessen-6-x-20-ml\/","title":{"rendered":"LEO &amp; LILO 6er-Set Geschenkschachtel Merry Christmas mit 6 einzeln verpackten Handcremes in 20 ml Reisegr\u00f6\u00dfen, 6 x 20 ml"},"content":{"rendered":"<p>6 einzeln verpackte Geschenksets mit je 1 hochkonzentrierten, nat\u00fcrlichen Handcreme in den Sorten Peony Rose, Murumuru, Almond, Camellia, Olive und Hemp, 6 x 20 ml<br \/>\nangereichert mit Bio Pflanzen\u00f6len, Bl\u00fcten- und Pflanzenextrakten zur Intensivpflege von trockenen und rauen H\u00e4nden<br \/>\nmit 6 unterschiedlichen D\u00fcften: auf der Skala von blumig bis frisch ist f\u00fcr jeden das Richtige dabei<br \/>\nDie in unserer Manufaktur von uns und unseren Mitarbeitern liebevoll per Hand verpackten Handcremes werden zu wundersch\u00f6nen kleinen Aufmerksamkeiten, die das Herz der Beschenkten erfreuen. Die Gr\u00f6\u00dfe der einzelnen Geschenkverpackung betr\u00e4gt ca. 3,5 cm x 11 cm x 3 cm (B x H x T)<br \/>\nVerschenke nat\u00fcrliche Handcremes f\u00fcr sch\u00f6ne, zarte und geschmeidige H\u00e4nde ohne Parabene, Silikone, EDTA und Mikroplastik \u2013 Made in Germany. Das ideale kleine Weihnachtsgeschenk f\u00fcr Freundinnen oder Kolleginnen<br \/>\n<div class=\"main-cross-sell\" data-asin=\"B09HZ2F4HT\">\n\n\t<div class=\"WooZone-cross-sell-loader\">\n\t\t<div>\n\t\t\t<div id=\"floatingBarsG\">\n\t\t\t\t<div class=\"blockG\" id=\"rotateG_01\"><\/div>\n\t\t\t\t<div class=\"blockG\" id=\"rotateG_02\"><\/div>\n\t\t\t\t<div class=\"blockG\" id=\"rotateG_03\"><\/div>\n\t\t\t\t<div class=\"blockG\" id=\"rotateG_04\"><\/div>\n\t\t\t\t<div class=\"blockG\" id=\"rotateG_05\"><\/div>\n\t\t\t\t<div class=\"blockG\" id=\"rotateG_06\"><\/div>\n\t\t\t\t<div class=\"blockG\" id=\"rotateG_07\"><\/div>\n\t\t\t\t<div class=\"blockG\" id=\"rotateG_08\"><\/div>\n\t\t\t<\/div>\n\t\t\t<div class=\"WooZone-cross-sell-loader-text\"><\/div>\n\t\t<\/div>\n\t<\/div>\n\n\t\t\n<\/div>\n<div style=\"clear:both;\"><\/div><\/p>\n","protected":false},"excerpt":{"rendered":"<p>6 einzeln verpackte Geschenksets mit je 1 hochkonzentrierten, nat\u00fcrlichen Handcreme in den Sorten Peony Rose, Murumuru, Almond, Camellia, Olive und Hemp, 6 x 20 ml<br \/>\nangereichert mit Bio Pflanzen\u00f6len, Bl\u00fcten- und Pflanzenextrakten zur Intensivpflege von trockenen und rauen H\u00e4nden<br \/>\nmit 6 unterschiedlichen D\u00fcften: auf der Skala von blumig bis frisch ist f\u00fcr jeden das Richtige dabei<\/p>\n","protected":false},"featured_media":174175,"comment_status":"open","ping_status":"closed","template":"","meta":[],"product_brand":[],"product_cat":[2858,7659],"product_tag":[],"class_list":{"0":"post-174174","1":"product","2":"type-product","3":"status-publish","4":"has-post-thumbnail","6":"product_cat-beauty","7":"product_cat-manikuere-pedikuere","8":"pa_binding-misc","9":"pa_brand-leo-lilo","10":"pa_manufacturer-leo-lilo-gmbh","11":"pa_size-20-ml-6er-pack","13":"first","14":"instock","15":"shipping-taxable","16":"purchasable","17":"product-type-simple","18":"customify-col","19":"product-has-gallery"},"yoast_head":"<!-- This site is optimized with the Yoast SEO plugin v27.4 - https:\/\/yoast.com\/product\/yoast-seo-wordpress\/ -->\n<title>LEO &amp; LILO 6er-Set Geschenkschachtel Merry Christmas mit 6 einzeln verpackten Handcremes in 20 ml Reisegr\u00f6\u00dfen, 6 x 20 ml - Markt-XXL<\/title>\n<meta name=\"description\" content=\"Markt-XXL LEO &amp; LILO 6er-Set Geschenkschachtel Merry Christmas mit 6 einzeln verpackten Handcremes in 20 ml Reisegr\u00f6\u00dfen, 6 x 20 ml\" \/>\n<meta name=\"robots\" content=\"index, follow, max-snippet:-1, max-image-preview:large, max-video-preview:-1\" \/>\n<link rel=\"canonical\" href=\"https:\/\/marktxxl.de\/markt\/produkt\/leo-lilo-6er-set-geschenkschachtel-merry-christmas-mit-6-einzeln-verpackten-handcremes-in-20-ml-reisegroessen-6-x-20-ml\/\" \/>\n<meta property=\"og:locale\" content=\"de_DE\" \/>\n<meta property=\"og:type\" content=\"article\" \/>\n<meta property=\"og:title\" content=\"LEO &amp; LILO 6er-Set Geschenkschachtel Merry Christmas mit 6 einzeln verpackten Handcremes in 20 ml Reisegr\u00f6\u00dfen, 6 x 20 ml - Markt-XXL\" \/>\n<meta property=\"og:description\" content=\"Markt-XXL LEO &amp; LILO 6er-Set Geschenkschachtel Merry Christmas mit 6 einzeln verpackten Handcremes in 20 ml Reisegr\u00f6\u00dfen, 6 x 20 ml\" \/>\n<meta property=\"og:url\" content=\"https:\/\/marktxxl.de\/markt\/produkt\/leo-lilo-6er-set-geschenkschachtel-merry-christmas-mit-6-einzeln-verpackten-handcremes-in-20-ml-reisegroessen-6-x-20-ml\/\" \/>\n<meta property=\"og:site_name\" content=\"Markt-XXL\" \/>\n<meta property=\"article:modified_time\" content=\"2023-04-10T03:12:55+00:00\" \/>\n<meta property=\"og:image\" content=\"https:\/\/m.media-amazon.com\/images\/I\/4174UUWzJFL._SL500_.jpg\" \/>\n\t<meta property=\"og:image:width\" content=\"500\" \/>\n\t<meta property=\"og:image:height\" content=\"500\" \/>\n\t<meta property=\"og:image:type\" content=\"image\/jpeg\" \/>\n<meta name=\"twitter:card\" content=\"summary_large_image\" \/>\n<meta name=\"twitter:label1\" content=\"Gesch\u00e4tzte Lesezeit\" \/>\n\t<meta name=\"twitter:data1\" content=\"1\u00a0Minute\" \/>\n<script type=\"application\/ld+json\" class=\"yoast-schema-graph\">{\"@context\":\"https:\\\/\\\/schema.org\",\"@graph\":[{\"@type\":\"WebPage\",\"@id\":\"https:\\\/\\\/marktxxl.de\\\/markt\\\/produkt\\\/leo-lilo-6er-set-geschenkschachtel-merry-christmas-mit-6-einzeln-verpackten-handcremes-in-20-ml-reisegroessen-6-x-20-ml\\\/\",\"url\":\"https:\\\/\\\/marktxxl.de\\\/markt\\\/produkt\\\/leo-lilo-6er-set-geschenkschachtel-merry-christmas-mit-6-einzeln-verpackten-handcremes-in-20-ml-reisegroessen-6-x-20-ml\\\/\",\"name\":\"LEO &amp; LILO 6er-Set Geschenkschachtel Merry Christmas mit 6 einzeln verpackten Handcremes in 20 ml Reisegr\u00f6\u00dfen, 6 x 20 ml - Markt-XXL\",\"isPartOf\":{\"@id\":\"https:\\\/\\\/marktxxl.de\\\/markt\\\/#website\"},\"primaryImageOfPage\":{\"@id\":\"https:\\\/\\\/marktxxl.de\\\/markt\\\/produkt\\\/leo-lilo-6er-set-geschenkschachtel-merry-christmas-mit-6-einzeln-verpackten-handcremes-in-20-ml-reisegroessen-6-x-20-ml\\\/#primaryimage\"},\"image\":{\"@id\":\"https:\\\/\\\/marktxxl.de\\\/markt\\\/produkt\\\/leo-lilo-6er-set-geschenkschachtel-merry-christmas-mit-6-einzeln-verpackten-handcremes-in-20-ml-reisegroessen-6-x-20-ml\\\/#primaryimage\"},\"thumbnailUrl\":\"https:\\\/\\\/m.media-amazon.com\\\/images\\\/I\\\/4174UUWzJFL._SL500_.jpg\",\"datePublished\":\"2022-12-11T05:13:18+00:00\",\"dateModified\":\"2023-04-10T03:12:55+00:00\",\"description\":\"Markt-XXL LEO &amp; LILO 6er-Set Geschenkschachtel Merry Christmas mit 6 einzeln verpackten Handcremes in 20 ml Reisegr\u00f6\u00dfen, 6 x 20 ml\",\"breadcrumb\":{\"@id\":\"https:\\\/\\\/marktxxl.de\\\/markt\\\/produkt\\\/leo-lilo-6er-set-geschenkschachtel-merry-christmas-mit-6-einzeln-verpackten-handcremes-in-20-ml-reisegroessen-6-x-20-ml\\\/#breadcrumb\"},\"inLanguage\":\"de\",\"potentialAction\":[{\"@type\":\"ReadAction\",\"target\":[\"https:\\\/\\\/marktxxl.de\\\/markt\\\/produkt\\\/leo-lilo-6er-set-geschenkschachtel-merry-christmas-mit-6-einzeln-verpackten-handcremes-in-20-ml-reisegroessen-6-x-20-ml\\\/\"]}]},{\"@type\":\"ImageObject\",\"inLanguage\":\"de\",\"@id\":\"https:\\\/\\\/marktxxl.de\\\/markt\\\/produkt\\\/leo-lilo-6er-set-geschenkschachtel-merry-christmas-mit-6-einzeln-verpackten-handcremes-in-20-ml-reisegroessen-6-x-20-ml\\\/#primaryimage\",\"url\":\"https:\\\/\\\/m.media-amazon.com\\\/images\\\/I\\\/4174UUWzJFL._SL500_.jpg\",\"contentUrl\":\"https:\\\/\\\/m.media-amazon.com\\\/images\\\/I\\\/4174UUWzJFL._SL500_.jpg\",\"width\":500,\"height\":500},{\"@type\":\"BreadcrumbList\",\"@id\":\"https:\\\/\\\/marktxxl.de\\\/markt\\\/produkt\\\/leo-lilo-6er-set-geschenkschachtel-merry-christmas-mit-6-einzeln-verpackten-handcremes-in-20-ml-reisegroessen-6-x-20-ml\\\/#breadcrumb\",\"itemListElement\":[{\"@type\":\"ListItem\",\"position\":1,\"name\":\"Startseite\",\"item\":\"https:\\\/\\\/marktxxl.de\\\/markt\\\/\"},{\"@type\":\"ListItem\",\"position\":2,\"name\":\"Markt\",\"item\":\"https:\\\/\\\/marktxxl.de\\\/markt\\\/\"},{\"@type\":\"ListItem\",\"position\":3,\"name\":\"LEO &amp; LILO 6er-Set Geschenkschachtel Merry Christmas mit 6 einzeln verpackten Handcremes in 20 ml Reisegr\u00f6\u00dfen, 6 x 20 ml\"}]},{\"@type\":\"WebSite\",\"@id\":\"https:\\\/\\\/marktxxl.de\\\/markt\\\/#website\",\"url\":\"https:\\\/\\\/marktxxl.de\\\/markt\\\/\",\"name\":\"Markt-XXL\",\"description\":\"Ihr Markt Online\",\"publisher\":{\"@id\":\"https:\\\/\\\/marktxxl.de\\\/markt\\\/#organization\"},\"potentialAction\":[{\"@type\":\"SearchAction\",\"target\":{\"@type\":\"EntryPoint\",\"urlTemplate\":\"https:\\\/\\\/marktxxl.de\\\/markt\\\/?s={search_term_string}\"},\"query-input\":{\"@type\":\"PropertyValueSpecification\",\"valueRequired\":true,\"valueName\":\"search_term_string\"}}],\"inLanguage\":\"de\"},{\"@type\":\"Organization\",\"@id\":\"https:\\\/\\\/marktxxl.de\\\/markt\\\/#organization\",\"name\":\"Markt-XXL\",\"url\":\"https:\\\/\\\/marktxxl.de\\\/markt\\\/\",\"logo\":{\"@type\":\"ImageObject\",\"inLanguage\":\"de\",\"@id\":\"https:\\\/\\\/marktxxl.de\\\/markt\\\/#\\\/schema\\\/logo\\\/image\\\/\",\"url\":\"https:\\\/\\\/marktxxl.de\\\/markt\\\/wp-content\\\/uploads\\\/sites\\\/3\\\/2020\\\/12\\\/logo.png\",\"contentUrl\":\"https:\\\/\\\/marktxxl.de\\\/markt\\\/wp-content\\\/uploads\\\/sites\\\/3\\\/2020\\\/12\\\/logo.png\",\"width\":200,\"height\":70,\"caption\":\"Markt-XXL\"},\"image\":{\"@id\":\"https:\\\/\\\/marktxxl.de\\\/markt\\\/#\\\/schema\\\/logo\\\/image\\\/\"}}]}<\/script>\n<!-- \/ Yoast SEO plugin. -->","yoast_head_json":{"title":"LEO &amp; LILO 6er-Set Geschenkschachtel Merry Christmas mit 6 einzeln verpackten Handcremes in 20 ml Reisegr\u00f6\u00dfen, 6 x 20 ml - Markt-XXL","description":"Markt-XXL LEO &amp; LILO 6er-Set Geschenkschachtel Merry Christmas mit 6 einzeln verpackten Handcremes in 20 ml Reisegr\u00f6\u00dfen, 6 x 20 ml","robots":{"index":"index","follow":"follow","max-snippet":"max-snippet:-1","max-image-preview":"max-image-preview:large","max-video-preview":"max-video-preview:-1"},"canonical":"https:\/\/marktxxl.de\/markt\/produkt\/leo-lilo-6er-set-geschenkschachtel-merry-christmas-mit-6-einzeln-verpackten-handcremes-in-20-ml-reisegroessen-6-x-20-ml\/","og_locale":"de_DE","og_type":"article","og_title":"LEO &amp; LILO 6er-Set Geschenkschachtel Merry Christmas mit 6 einzeln verpackten Handcremes in 20 ml Reisegr\u00f6\u00dfen, 6 x 20 ml - Markt-XXL","og_description":"Markt-XXL LEO &amp; LILO 6er-Set Geschenkschachtel Merry Christmas mit 6 einzeln verpackten Handcremes in 20 ml Reisegr\u00f6\u00dfen, 6 x 20 ml","og_url":"https:\/\/marktxxl.de\/markt\/produkt\/leo-lilo-6er-set-geschenkschachtel-merry-christmas-mit-6-einzeln-verpackten-handcremes-in-20-ml-reisegroessen-6-x-20-ml\/","og_site_name":"Markt-XXL","article_modified_time":"2023-04-10T03:12:55+00:00","og_image":[{"width":500,"height":500,"url":"https:\/\/m.media-amazon.com\/images\/I\/4174UUWzJFL._SL500_.jpg","type":"image\/jpeg"}],"twitter_card":"summary_large_image","twitter_misc":{"Gesch\u00e4tzte Lesezeit":"1\u00a0Minute"},"schema":{"@context":"https:\/\/schema.org","@graph":[{"@type":"WebPage","@id":"https:\/\/marktxxl.de\/markt\/produkt\/leo-lilo-6er-set-geschenkschachtel-merry-christmas-mit-6-einzeln-verpackten-handcremes-in-20-ml-reisegroessen-6-x-20-ml\/","url":"https:\/\/marktxxl.de\/markt\/produkt\/leo-lilo-6er-set-geschenkschachtel-merry-christmas-mit-6-einzeln-verpackten-handcremes-in-20-ml-reisegroessen-6-x-20-ml\/","name":"LEO &amp; LILO 6er-Set Geschenkschachtel Merry Christmas mit 6 einzeln verpackten Handcremes in 20 ml Reisegr\u00f6\u00dfen, 6 x 20 ml - Markt-XXL","isPartOf":{"@id":"https:\/\/marktxxl.de\/markt\/#website"},"primaryImageOfPage":{"@id":"https:\/\/marktxxl.de\/markt\/produkt\/leo-lilo-6er-set-geschenkschachtel-merry-christmas-mit-6-einzeln-verpackten-handcremes-in-20-ml-reisegroessen-6-x-20-ml\/#primaryimage"},"image":{"@id":"https:\/\/marktxxl.de\/markt\/produkt\/leo-lilo-6er-set-geschenkschachtel-merry-christmas-mit-6-einzeln-verpackten-handcremes-in-20-ml-reisegroessen-6-x-20-ml\/#primaryimage"},"thumbnailUrl":"https:\/\/m.media-amazon.com\/images\/I\/4174UUWzJFL._SL500_.jpg","datePublished":"2022-12-11T05:13:18+00:00","dateModified":"2023-04-10T03:12:55+00:00","description":"Markt-XXL LEO &amp; LILO 6er-Set Geschenkschachtel Merry Christmas mit 6 einzeln verpackten Handcremes in 20 ml Reisegr\u00f6\u00dfen, 6 x 20 ml","breadcrumb":{"@id":"https:\/\/marktxxl.de\/markt\/produkt\/leo-lilo-6er-set-geschenkschachtel-merry-christmas-mit-6-einzeln-verpackten-handcremes-in-20-ml-reisegroessen-6-x-20-ml\/#breadcrumb"},"inLanguage":"de","potentialAction":[{"@type":"ReadAction","target":["https:\/\/marktxxl.de\/markt\/produkt\/leo-lilo-6er-set-geschenkschachtel-merry-christmas-mit-6-einzeln-verpackten-handcremes-in-20-ml-reisegroessen-6-x-20-ml\/"]}]},{"@type":"ImageObject","inLanguage":"de","@id":"https:\/\/marktxxl.de\/markt\/produkt\/leo-lilo-6er-set-geschenkschachtel-merry-christmas-mit-6-einzeln-verpackten-handcremes-in-20-ml-reisegroessen-6-x-20-ml\/#primaryimage","url":"https:\/\/m.media-amazon.com\/images\/I\/4174UUWzJFL._SL500_.jpg","contentUrl":"https:\/\/m.media-amazon.com\/images\/I\/4174UUWzJFL._SL500_.jpg","width":500,"height":500},{"@type":"BreadcrumbList","@id":"https:\/\/marktxxl.de\/markt\/produkt\/leo-lilo-6er-set-geschenkschachtel-merry-christmas-mit-6-einzeln-verpackten-handcremes-in-20-ml-reisegroessen-6-x-20-ml\/#breadcrumb","itemListElement":[{"@type":"ListItem","position":1,"name":"Startseite","item":"https:\/\/marktxxl.de\/markt\/"},{"@type":"ListItem","position":2,"name":"Markt","item":"https:\/\/marktxxl.de\/markt\/"},{"@type":"ListItem","position":3,"name":"LEO &amp; LILO 6er-Set Geschenkschachtel Merry Christmas mit 6 einzeln verpackten Handcremes in 20 ml Reisegr\u00f6\u00dfen, 6 x 20 ml"}]},{"@type":"WebSite","@id":"https:\/\/marktxxl.de\/markt\/#website","url":"https:\/\/marktxxl.de\/markt\/","name":"Markt-XXL","description":"Ihr Markt Online","publisher":{"@id":"https:\/\/marktxxl.de\/markt\/#organization"},"potentialAction":[{"@type":"SearchAction","target":{"@type":"EntryPoint","urlTemplate":"https:\/\/marktxxl.de\/markt\/?s={search_term_string}"},"query-input":{"@type":"PropertyValueSpecification","valueRequired":true,"valueName":"search_term_string"}}],"inLanguage":"de"},{"@type":"Organization","@id":"https:\/\/marktxxl.de\/markt\/#organization","name":"Markt-XXL","url":"https:\/\/marktxxl.de\/markt\/","logo":{"@type":"ImageObject","inLanguage":"de","@id":"https:\/\/marktxxl.de\/markt\/#\/schema\/logo\/image\/","url":"https:\/\/marktxxl.de\/markt\/wp-content\/uploads\/sites\/3\/2020\/12\/logo.png","contentUrl":"https:\/\/marktxxl.de\/markt\/wp-content\/uploads\/sites\/3\/2020\/12\/logo.png","width":200,"height":70,"caption":"Markt-XXL"},"image":{"@id":"https:\/\/marktxxl.de\/markt\/#\/schema\/logo\/image\/"}}]}},"_links":{"self":[{"href":"https:\/\/marktxxl.de\/markt\/wp-json\/wp\/v2\/product\/174174","targetHints":{"allow":["GET"]}}],"collection":[{"href":"https:\/\/marktxxl.de\/markt\/wp-json\/wp\/v2\/product"}],"about":[{"href":"https:\/\/marktxxl.de\/markt\/wp-json\/wp\/v2\/types\/product"}],"replies":[{"embeddable":true,"href":"https:\/\/marktxxl.de\/markt\/wp-json\/wp\/v2\/comments?post=174174"}],"wp:featuredmedia":[{"embeddable":true,"href":"https:\/\/marktxxl.de\/markt\/wp-json\/wp\/v2\/media\/174175"}],"wp:attachment":[{"href":"https:\/\/marktxxl.de\/markt\/wp-json\/wp\/v2\/media?parent=174174"}],"wp:term":[{"taxonomy":"product_brand","embeddable":true,"href":"https:\/\/marktxxl.de\/markt\/wp-json\/wp\/v2\/product_brand?post=174174"},{"taxonomy":"product_cat","embeddable":true,"href":"https:\/\/marktxxl.de\/markt\/wp-json\/wp\/v2\/product_cat?post=174174"},{"taxonomy":"product_tag","embeddable":true,"href":"https:\/\/marktxxl.de\/markt\/wp-json\/wp\/v2\/product_tag?post=174174"}],"curies":[{"name":"wp","href":"https:\/\/api.w.org\/{rel}","templated":true}]}}