{"id":173488,"date":"2022-12-11T05:01:39","date_gmt":"2022-12-11T04:01:39","guid":{"rendered":"https:\/\/marktxxl.de\/markt\/produkt\/led-lichterkette-aussen-und-innen-20m\/"},"modified":"2023-04-11T05:01:40","modified_gmt":"2023-04-11T03:01:40","slug":"led-lichterkette-aussen-und-innen-20m","status":"publish","type":"product","link":"https:\/\/marktxxl.de\/markt\/produkt\/led-lichterkette-aussen-und-innen-20m\/","title":{"rendered":"LED Lichterkette Strombetrieben mit Stecker au\u00dfen und innen, CHOIGN 20M 200 LED Lichterkette Weihnachtsbaum Warmwei\u00df\u2026"},"content":{"rendered":"<p>\u30108 Beleuchtungsmodi\u3011Unsere Lichterkette verf\u00fcgt \u00fcber 8 wundersch\u00f6ne Beleuchtungsmodi-Einstellungen, in denen Sie verschiedene Flackern oder konstante Optionen w\u00e4hlen k\u00f6nnen. Kann eine Vielzahl von Atmosph\u00e4ren f\u00fcr Ihr Leben schaffen.<br \/>\nLED-Lichterkette zum Einstecken: Unsere Lichterkette ist 20 m lang, was genug L\u00e4nge ist, um in jeden Innenbereich zu passen. Keine Batterie erforderlich, energiesparend, um Kosten zu senken, ideale Dekoration f\u00fcr Ihren Garten, Schlafzimmer, Weihnachtsbaum usw.<br \/>\n\u3010Sicher zu bedienen\u3011: Die Lichterkette wird mit 31 V Niederspannung betrieben, sicher zu bedienen. Die Verwendung von sicherem Strom muss sich keine Sorgen um die Gefahr eines elektrischen Schlags machen, Haustiere und Kinder k\u00f6nnen auch ber\u00fchren.<br \/>\n\u3010Einfach zu installieren und weit verbreitet\u3011: Die Lichterkette ist aus flexiblem und langlebigem Kupferdraht hergestellt, ohne Montage, ohne Werkzeuge, Sie k\u00f6nnen jede beliebige Form bauen. Langlebig, aber leicht, kann in G\u00e4rten, Treppen, Schlafzimmern und Decken verwendet werden.<br \/>\n\u3010Hohe Qualit\u00e4t &amp; Kauf risikofrei\u3011Mit 200 hochwertigen LED-Leuchten kann unsere Lichterkette bis zu 20.000 Stunden halten. Wir sind bestrebt, Ihnen das beste Produkt und den Kundendienst zu bieten. Wir versprechen einen 24-monatigen Ersatz oder R\u00fcckerstattung, wenn mit unseren Lichterketten etwas falsch ist.<br \/>\n<div class=\"main-cross-sell\" data-asin=\"B0BJ75GMM8\">\n\n\t<div class=\"WooZone-cross-sell-loader\">\n\t\t<div>\n\t\t\t<div id=\"floatingBarsG\">\n\t\t\t\t<div class=\"blockG\" id=\"rotateG_01\"><\/div>\n\t\t\t\t<div class=\"blockG\" id=\"rotateG_02\"><\/div>\n\t\t\t\t<div class=\"blockG\" id=\"rotateG_03\"><\/div>\n\t\t\t\t<div class=\"blockG\" id=\"rotateG_04\"><\/div>\n\t\t\t\t<div class=\"blockG\" id=\"rotateG_05\"><\/div>\n\t\t\t\t<div class=\"blockG\" id=\"rotateG_06\"><\/div>\n\t\t\t\t<div class=\"blockG\" id=\"rotateG_07\"><\/div>\n\t\t\t\t<div class=\"blockG\" id=\"rotateG_08\"><\/div>\n\t\t\t<\/div>\n\t\t\t<div class=\"WooZone-cross-sell-loader-text\"><\/div>\n\t\t<\/div>\n\t<\/div>\n\n\t\t\n<\/div>\n<div style=\"clear:both;\"><\/div><\/p>\n","protected":false},"excerpt":{"rendered":"<p>\u30108 Beleuchtungsmodi\u3011Unsere Lichterkette verf\u00fcgt \u00fcber 8 wundersch\u00f6ne Beleuchtungsmodi-Einstellungen, in denen Sie verschiedene Flackern oder konstante Optionen w\u00e4hlen k\u00f6nnen. Kann eine Vielzahl von Atmosph\u00e4ren f\u00fcr Ihr Leben schaffen.<br \/>\nLED-Lichterkette zum Einstecken: Unsere Lichterkette ist 20 m lang, was genug L\u00e4nge ist, um in jeden Innenbereich zu passen. Keine Batterie erforderlich, energiesparend, um Kosten zu senken, ideale Dekoration f\u00fcr Ihren Garten, Schlafzimmer, Weihnachtsbaum usw.<br \/>\n\u3010Sicher zu bedienen\u3011: Die Lichterkette wird mit 31 V Niederspannung betrieben, sicher zu bedienen. Die Verwendung von sicherem Strom muss sich keine Sorgen um die Gefahr eines elektrischen Schlags machen, Haustiere und Kinder k\u00f6nnen auch ber\u00fchren.<\/p>\n","protected":false},"featured_media":173489,"comment_status":"open","ping_status":"closed","template":"","meta":[],"product_brand":[],"product_cat":[2108,15624],"product_tag":[],"class_list":{"0":"post-173488","1":"product","2":"type-product","3":"status-publish","4":"has-post-thumbnail","6":"product_cat-beleuchtung","7":"product_cat-weihnachtsbeleuchtung","8":"pa_brand-choign","9":"pa_manufacturer-choign","11":"first","12":"instock","13":"shipping-taxable","14":"purchasable","15":"product-type-simple","16":"customify-col","17":"product-has-gallery"},"yoast_head":"<!-- This site is optimized with the Yoast SEO plugin v27.3 - https:\/\/yoast.com\/product\/yoast-seo-wordpress\/ -->\n<title>LED Lichterkette Strombetrieben mit Stecker au\u00dfen und innen, CHOIGN 20M 200 LED Lichterkette Weihnachtsbaum Warmwei\u00df\u2026 - Markt-XXL<\/title>\n<meta name=\"description\" content=\"Markt-XXL LED Lichterkette Strombetrieben mit Stecker au\u00dfen und innen, CHOIGN 20M 200 LED Lichterkette Weihnachtsbaum Warmwei\u00df\u2026\" \/>\n<meta name=\"robots\" content=\"index, follow, max-snippet:-1, max-image-preview:large, max-video-preview:-1\" \/>\n<link rel=\"canonical\" href=\"https:\/\/marktxxl.de\/markt\/produkt\/led-lichterkette-aussen-und-innen-20m\/\" \/>\n<meta property=\"og:locale\" content=\"de_DE\" \/>\n<meta property=\"og:type\" content=\"article\" \/>\n<meta property=\"og:title\" content=\"LED Lichterkette Strombetrieben mit Stecker au\u00dfen und innen, CHOIGN 20M 200 LED Lichterkette Weihnachtsbaum Warmwei\u00df\u2026 - Markt-XXL\" \/>\n<meta property=\"og:description\" content=\"Markt-XXL LED Lichterkette Strombetrieben mit Stecker au\u00dfen und innen, CHOIGN 20M 200 LED Lichterkette Weihnachtsbaum Warmwei\u00df\u2026\" \/>\n<meta property=\"og:url\" content=\"https:\/\/marktxxl.de\/markt\/produkt\/led-lichterkette-aussen-und-innen-20m\/\" \/>\n<meta property=\"og:site_name\" content=\"Markt-XXL\" \/>\n<meta property=\"article:modified_time\" content=\"2023-04-11T03:01:40+00:00\" \/>\n<meta property=\"og:image\" content=\"https:\/\/m.media-amazon.com\/images\/I\/51Sq3jCoNVL._SL500_.jpg\" \/>\n\t<meta property=\"og:image:width\" content=\"500\" \/>\n\t<meta property=\"og:image:height\" content=\"500\" \/>\n\t<meta property=\"og:image:type\" content=\"image\/jpeg\" \/>\n<meta name=\"twitter:card\" content=\"summary_large_image\" \/>\n<meta name=\"twitter:label1\" content=\"Gesch\u00e4tzte Lesezeit\" \/>\n\t<meta name=\"twitter:data1\" content=\"1\u00a0Minute\" \/>\n<script type=\"application\/ld+json\" class=\"yoast-schema-graph\">{\"@context\":\"https:\\\/\\\/schema.org\",\"@graph\":[{\"@type\":\"WebPage\",\"@id\":\"https:\\\/\\\/marktxxl.de\\\/markt\\\/produkt\\\/led-lichterkette-aussen-und-innen-20m\\\/\",\"url\":\"https:\\\/\\\/marktxxl.de\\\/markt\\\/produkt\\\/led-lichterkette-aussen-und-innen-20m\\\/\",\"name\":\"LED Lichterkette Strombetrieben mit Stecker au\u00dfen und innen, CHOIGN 20M 200 LED Lichterkette Weihnachtsbaum Warmwei\u00df\u2026 - Markt-XXL\",\"isPartOf\":{\"@id\":\"https:\\\/\\\/marktxxl.de\\\/markt\\\/#website\"},\"primaryImageOfPage\":{\"@id\":\"https:\\\/\\\/marktxxl.de\\\/markt\\\/produkt\\\/led-lichterkette-aussen-und-innen-20m\\\/#primaryimage\"},\"image\":{\"@id\":\"https:\\\/\\\/marktxxl.de\\\/markt\\\/produkt\\\/led-lichterkette-aussen-und-innen-20m\\\/#primaryimage\"},\"thumbnailUrl\":\"https:\\\/\\\/m.media-amazon.com\\\/images\\\/I\\\/51Sq3jCoNVL._SL500_.jpg\",\"datePublished\":\"2022-12-11T04:01:39+00:00\",\"dateModified\":\"2023-04-11T03:01:40+00:00\",\"description\":\"Markt-XXL LED Lichterkette Strombetrieben mit Stecker au\u00dfen und innen, CHOIGN 20M 200 LED Lichterkette Weihnachtsbaum Warmwei\u00df\u2026\",\"breadcrumb\":{\"@id\":\"https:\\\/\\\/marktxxl.de\\\/markt\\\/produkt\\\/led-lichterkette-aussen-und-innen-20m\\\/#breadcrumb\"},\"inLanguage\":\"de\",\"potentialAction\":[{\"@type\":\"ReadAction\",\"target\":[\"https:\\\/\\\/marktxxl.de\\\/markt\\\/produkt\\\/led-lichterkette-aussen-und-innen-20m\\\/\"]}]},{\"@type\":\"ImageObject\",\"inLanguage\":\"de\",\"@id\":\"https:\\\/\\\/marktxxl.de\\\/markt\\\/produkt\\\/led-lichterkette-aussen-und-innen-20m\\\/#primaryimage\",\"url\":\"https:\\\/\\\/m.media-amazon.com\\\/images\\\/I\\\/51Sq3jCoNVL._SL500_.jpg\",\"contentUrl\":\"https:\\\/\\\/m.media-amazon.com\\\/images\\\/I\\\/51Sq3jCoNVL._SL500_.jpg\",\"width\":500,\"height\":500},{\"@type\":\"BreadcrumbList\",\"@id\":\"https:\\\/\\\/marktxxl.de\\\/markt\\\/produkt\\\/led-lichterkette-aussen-und-innen-20m\\\/#breadcrumb\",\"itemListElement\":[{\"@type\":\"ListItem\",\"position\":1,\"name\":\"Startseite\",\"item\":\"https:\\\/\\\/marktxxl.de\\\/markt\\\/\"},{\"@type\":\"ListItem\",\"position\":2,\"name\":\"Markt\",\"item\":\"https:\\\/\\\/marktxxl.de\\\/markt\\\/\"},{\"@type\":\"ListItem\",\"position\":3,\"name\":\"LED Lichterkette Strombetrieben mit Stecker au\u00dfen und innen, CHOIGN 20M 200 LED Lichterkette Weihnachtsbaum Warmwei\u00df\u2026\"}]},{\"@type\":\"WebSite\",\"@id\":\"https:\\\/\\\/marktxxl.de\\\/markt\\\/#website\",\"url\":\"https:\\\/\\\/marktxxl.de\\\/markt\\\/\",\"name\":\"Markt-XXL\",\"description\":\"Ihr Markt Online\",\"publisher\":{\"@id\":\"https:\\\/\\\/marktxxl.de\\\/markt\\\/#organization\"},\"potentialAction\":[{\"@type\":\"SearchAction\",\"target\":{\"@type\":\"EntryPoint\",\"urlTemplate\":\"https:\\\/\\\/marktxxl.de\\\/markt\\\/?s={search_term_string}\"},\"query-input\":{\"@type\":\"PropertyValueSpecification\",\"valueRequired\":true,\"valueName\":\"search_term_string\"}}],\"inLanguage\":\"de\"},{\"@type\":\"Organization\",\"@id\":\"https:\\\/\\\/marktxxl.de\\\/markt\\\/#organization\",\"name\":\"Markt-XXL\",\"url\":\"https:\\\/\\\/marktxxl.de\\\/markt\\\/\",\"logo\":{\"@type\":\"ImageObject\",\"inLanguage\":\"de\",\"@id\":\"https:\\\/\\\/marktxxl.de\\\/markt\\\/#\\\/schema\\\/logo\\\/image\\\/\",\"url\":\"https:\\\/\\\/marktxxl.de\\\/markt\\\/wp-content\\\/uploads\\\/sites\\\/3\\\/2020\\\/12\\\/logo.png\",\"contentUrl\":\"https:\\\/\\\/marktxxl.de\\\/markt\\\/wp-content\\\/uploads\\\/sites\\\/3\\\/2020\\\/12\\\/logo.png\",\"width\":200,\"height\":70,\"caption\":\"Markt-XXL\"},\"image\":{\"@id\":\"https:\\\/\\\/marktxxl.de\\\/markt\\\/#\\\/schema\\\/logo\\\/image\\\/\"}}]}<\/script>\n<!-- \/ Yoast SEO plugin. -->","yoast_head_json":{"title":"LED Lichterkette Strombetrieben mit Stecker au\u00dfen und innen, CHOIGN 20M 200 LED Lichterkette Weihnachtsbaum Warmwei\u00df\u2026 - Markt-XXL","description":"Markt-XXL LED Lichterkette Strombetrieben mit Stecker au\u00dfen und innen, CHOIGN 20M 200 LED Lichterkette Weihnachtsbaum Warmwei\u00df\u2026","robots":{"index":"index","follow":"follow","max-snippet":"max-snippet:-1","max-image-preview":"max-image-preview:large","max-video-preview":"max-video-preview:-1"},"canonical":"https:\/\/marktxxl.de\/markt\/produkt\/led-lichterkette-aussen-und-innen-20m\/","og_locale":"de_DE","og_type":"article","og_title":"LED Lichterkette Strombetrieben mit Stecker au\u00dfen und innen, CHOIGN 20M 200 LED Lichterkette Weihnachtsbaum Warmwei\u00df\u2026 - Markt-XXL","og_description":"Markt-XXL LED Lichterkette Strombetrieben mit Stecker au\u00dfen und innen, CHOIGN 20M 200 LED Lichterkette Weihnachtsbaum Warmwei\u00df\u2026","og_url":"https:\/\/marktxxl.de\/markt\/produkt\/led-lichterkette-aussen-und-innen-20m\/","og_site_name":"Markt-XXL","article_modified_time":"2023-04-11T03:01:40+00:00","og_image":[{"width":500,"height":500,"url":"https:\/\/m.media-amazon.com\/images\/I\/51Sq3jCoNVL._SL500_.jpg","type":"image\/jpeg"}],"twitter_card":"summary_large_image","twitter_misc":{"Gesch\u00e4tzte Lesezeit":"1\u00a0Minute"},"schema":{"@context":"https:\/\/schema.org","@graph":[{"@type":"WebPage","@id":"https:\/\/marktxxl.de\/markt\/produkt\/led-lichterkette-aussen-und-innen-20m\/","url":"https:\/\/marktxxl.de\/markt\/produkt\/led-lichterkette-aussen-und-innen-20m\/","name":"LED Lichterkette Strombetrieben mit Stecker au\u00dfen und innen, CHOIGN 20M 200 LED Lichterkette Weihnachtsbaum Warmwei\u00df\u2026 - Markt-XXL","isPartOf":{"@id":"https:\/\/marktxxl.de\/markt\/#website"},"primaryImageOfPage":{"@id":"https:\/\/marktxxl.de\/markt\/produkt\/led-lichterkette-aussen-und-innen-20m\/#primaryimage"},"image":{"@id":"https:\/\/marktxxl.de\/markt\/produkt\/led-lichterkette-aussen-und-innen-20m\/#primaryimage"},"thumbnailUrl":"https:\/\/m.media-amazon.com\/images\/I\/51Sq3jCoNVL._SL500_.jpg","datePublished":"2022-12-11T04:01:39+00:00","dateModified":"2023-04-11T03:01:40+00:00","description":"Markt-XXL LED Lichterkette Strombetrieben mit Stecker au\u00dfen und innen, CHOIGN 20M 200 LED Lichterkette Weihnachtsbaum Warmwei\u00df\u2026","breadcrumb":{"@id":"https:\/\/marktxxl.de\/markt\/produkt\/led-lichterkette-aussen-und-innen-20m\/#breadcrumb"},"inLanguage":"de","potentialAction":[{"@type":"ReadAction","target":["https:\/\/marktxxl.de\/markt\/produkt\/led-lichterkette-aussen-und-innen-20m\/"]}]},{"@type":"ImageObject","inLanguage":"de","@id":"https:\/\/marktxxl.de\/markt\/produkt\/led-lichterkette-aussen-und-innen-20m\/#primaryimage","url":"https:\/\/m.media-amazon.com\/images\/I\/51Sq3jCoNVL._SL500_.jpg","contentUrl":"https:\/\/m.media-amazon.com\/images\/I\/51Sq3jCoNVL._SL500_.jpg","width":500,"height":500},{"@type":"BreadcrumbList","@id":"https:\/\/marktxxl.de\/markt\/produkt\/led-lichterkette-aussen-und-innen-20m\/#breadcrumb","itemListElement":[{"@type":"ListItem","position":1,"name":"Startseite","item":"https:\/\/marktxxl.de\/markt\/"},{"@type":"ListItem","position":2,"name":"Markt","item":"https:\/\/marktxxl.de\/markt\/"},{"@type":"ListItem","position":3,"name":"LED Lichterkette Strombetrieben mit Stecker au\u00dfen und innen, CHOIGN 20M 200 LED Lichterkette Weihnachtsbaum Warmwei\u00df\u2026"}]},{"@type":"WebSite","@id":"https:\/\/marktxxl.de\/markt\/#website","url":"https:\/\/marktxxl.de\/markt\/","name":"Markt-XXL","description":"Ihr Markt Online","publisher":{"@id":"https:\/\/marktxxl.de\/markt\/#organization"},"potentialAction":[{"@type":"SearchAction","target":{"@type":"EntryPoint","urlTemplate":"https:\/\/marktxxl.de\/markt\/?s={search_term_string}"},"query-input":{"@type":"PropertyValueSpecification","valueRequired":true,"valueName":"search_term_string"}}],"inLanguage":"de"},{"@type":"Organization","@id":"https:\/\/marktxxl.de\/markt\/#organization","name":"Markt-XXL","url":"https:\/\/marktxxl.de\/markt\/","logo":{"@type":"ImageObject","inLanguage":"de","@id":"https:\/\/marktxxl.de\/markt\/#\/schema\/logo\/image\/","url":"https:\/\/marktxxl.de\/markt\/wp-content\/uploads\/sites\/3\/2020\/12\/logo.png","contentUrl":"https:\/\/marktxxl.de\/markt\/wp-content\/uploads\/sites\/3\/2020\/12\/logo.png","width":200,"height":70,"caption":"Markt-XXL"},"image":{"@id":"https:\/\/marktxxl.de\/markt\/#\/schema\/logo\/image\/"}}]}},"_links":{"self":[{"href":"https:\/\/marktxxl.de\/markt\/wp-json\/wp\/v2\/product\/173488","targetHints":{"allow":["GET"]}}],"collection":[{"href":"https:\/\/marktxxl.de\/markt\/wp-json\/wp\/v2\/product"}],"about":[{"href":"https:\/\/marktxxl.de\/markt\/wp-json\/wp\/v2\/types\/product"}],"replies":[{"embeddable":true,"href":"https:\/\/marktxxl.de\/markt\/wp-json\/wp\/v2\/comments?post=173488"}],"wp:featuredmedia":[{"embeddable":true,"href":"https:\/\/marktxxl.de\/markt\/wp-json\/wp\/v2\/media\/173489"}],"wp:attachment":[{"href":"https:\/\/marktxxl.de\/markt\/wp-json\/wp\/v2\/media?parent=173488"}],"wp:term":[{"taxonomy":"product_brand","embeddable":true,"href":"https:\/\/marktxxl.de\/markt\/wp-json\/wp\/v2\/product_brand?post=173488"},{"taxonomy":"product_cat","embeddable":true,"href":"https:\/\/marktxxl.de\/markt\/wp-json\/wp\/v2\/product_cat?post=173488"},{"taxonomy":"product_tag","embeddable":true,"href":"https:\/\/marktxxl.de\/markt\/wp-json\/wp\/v2\/product_tag?post=173488"}],"curies":[{"name":"wp","href":"https:\/\/api.w.org\/{rel}","templated":true}]}}