{"id":173179,"date":"2022-12-11T04:49:21","date_gmt":"2022-12-11T03:49:21","guid":{"rendered":"https:\/\/marktxxl.de\/markt\/produkt\/schreibtischlampe-led-24w-80cm-tischlampe-tischleutchte-mit-gestensteuerung-memory-funktion-augenschutz-monitor-lampe-fuer-arbieter-in-buero-leser-architekenden-schneider\/"},"modified":"2023-04-11T05:01:36","modified_gmt":"2023-04-11T03:01:36","slug":"schreibtischlampe-led-24w-80cm-tischlampe-tischleutchte-mit-gestensteuerung-memory-funktion-augenschutz-monitor-lampe-fuer-arbieter-in-buero-leser-architekenden-schneider","status":"publish","type":"product","link":"https:\/\/marktxxl.de\/markt\/produkt\/schreibtischlampe-led-24w-80cm-tischlampe-tischleutchte-mit-gestensteuerung-memory-funktion-augenschutz-monitor-lampe-fuer-arbieter-in-buero-leser-architekenden-schneider\/","title":{"rendered":"EYOCEAN Schreibtischlampe LED, 24W 80CM Tischlampe mit Gestensteuerung, Dimmbare Tageslichtlampe Augenschutz Monitor\u2026"},"content":{"rendered":"<p>\u3010Augenschutz, Ultraweite Lichtquelle\u3011 Unsere Schreibtischlampe verwendet die neueste LED-Technologie, kein blaues Licht und keine Blendung, weiche Lichtquelle sch\u00fctzt Ihre Augen vor Erm\u00fcdung. 80 cm superbreite LED-Lichtleiste bietet die gleiche Helligkeit wie eine 80-W-Gl\u00fchlampe, eine nat\u00fcrliche und gerichtete Lichtquelle kann die gesamte Werkbank abdecken<br \/>\n\u3010Asymmetrisches optisches Design\u3011 Eingebaute 160 augenschonende LED-Chips (80 Kaltwei\u00df, 80 Warmlicht), asymmetrisches optisches Design f\u00fcr Multi-Screen-Profis, eliminiert die Bildschirmreflexionen, die die meisten g\u00e4ngigen Schreibtischlampen erzeugen, und beleuchtet nur den Arbeitsbereich<br \/>\n\u3010Geste Sensing und einstellbare Farbtemperatur\u3011Die Schreibtischlampe l\u00e4sst sich mit Hand winken ein- und ausschalten, ohne sie zu ber\u00fchren. Sie k\u00f6nnen die Helligkeit und Farbtemperatur auch manuell mit der Touch-Steuerung nach Bedarf anpassen. Warmes Licht kann Menschen entspannen und angenehm machen, k\u00fchles Licht macht Menschen fokussierter und effizienter arbeiten. Die Speicherfunktion merkt sich Ihre letzte Einstellung, kein Zur\u00fccksetzen erforderlich<br \/>\n\u3010Platzsparender und verstellbarer Schwanenhals\u3011 Die starke Metallklemme unterst\u00fctzt eine Tischplatte von bis zu 5.3 cm \/ 2.1 in und spart wertvollen Platz auf Ihrem Schreibtisch. Die hohe und robuste Halterung aus Aluminiumlegierung in Verbindung mit dem flexiblen Schwanenhals bietet Ihnen eine flexible H\u00f6heneinstellung und mehrere Beleuchtungswinkel<br \/>\n\u3010WAS SIE ERHALTEN &amp; GARANTIEREN\u3011 1xSchreibtischklemmleuchte (Material: Aluminiumlegierung in Luftfahrtqualit\u00e4t, mattschwarzes Finish); 1x GS Adapter (L\u00e4nge: 71 in \/ 180 cm); 1x Benutzerhandbuch. Eine 180-t\u00e4gige Geld-zur\u00fcck-Garantie und ein 24-monatiges EYOCEAN-Sorglos-Versprechen nach dem Kauf<br \/>\n<div class=\"main-cross-sell\" data-asin=\"B09ZJ3K8PC\">\n\n\t<div class=\"WooZone-cross-sell-loader\">\n\t\t<div>\n\t\t\t<div id=\"floatingBarsG\">\n\t\t\t\t<div class=\"blockG\" id=\"rotateG_01\"><\/div>\n\t\t\t\t<div class=\"blockG\" id=\"rotateG_02\"><\/div>\n\t\t\t\t<div class=\"blockG\" id=\"rotateG_03\"><\/div>\n\t\t\t\t<div class=\"blockG\" id=\"rotateG_04\"><\/div>\n\t\t\t\t<div class=\"blockG\" id=\"rotateG_05\"><\/div>\n\t\t\t\t<div class=\"blockG\" id=\"rotateG_06\"><\/div>\n\t\t\t\t<div class=\"blockG\" id=\"rotateG_07\"><\/div>\n\t\t\t\t<div class=\"blockG\" id=\"rotateG_08\"><\/div>\n\t\t\t<\/div>\n\t\t\t<div class=\"WooZone-cross-sell-loader-text\"><\/div>\n\t\t<\/div>\n\t<\/div>\n\n\t\t\n<\/div>\n<div style=\"clear:both;\"><\/div><\/p>\n","protected":false},"excerpt":{"rendered":"<p>\u3010Augenschutz, Ultraweite Lichtquelle\u3011 Unsere Schreibtischlampe verwendet die neueste LED-Technologie, kein blaues Licht und keine Blendung, weiche Lichtquelle sch\u00fctzt Ihre Augen vor Erm\u00fcdung. 80 cm superbreite LED-Lichtleiste bietet die gleiche Helligkeit wie eine 80-W-Gl\u00fchlampe, eine nat\u00fcrliche und gerichtete Lichtquelle kann die gesamte Werkbank abdecken<br \/>\n\u3010Asymmetrisches optisches Design\u3011 Eingebaute 160 augenschonende LED-Chips (80 Kaltwei\u00df, 80 Warmlicht), asymmetrisches optisches Design f\u00fcr Multi-Screen-Profis, eliminiert die Bildschirmreflexionen, die die meisten g\u00e4ngigen Schreibtischlampen erzeugen, und beleuchtet nur den Arbeitsbereich<br \/>\n\u3010Geste Sensing und einstellbare Farbtemperatur\u3011Die Schreibtischlampe l\u00e4sst sich mit Hand winken ein- und ausschalten, ohne sie zu ber\u00fchren. Sie k\u00f6nnen die Helligkeit und Farbtemperatur auch manuell mit der Touch-Steuerung nach Bedarf anpassen. Warmes Licht kann Menschen entspannen und angenehm machen, k\u00fchles Licht macht Menschen fokussierter und effizienter arbeiten. Die Speicherfunktion merkt sich Ihre letzte Einstellung, kein Zur\u00fccksetzen erforderlich<\/p>\n","protected":false},"featured_media":173180,"comment_status":"open","ping_status":"closed","template":"","meta":[],"product_brand":[],"product_cat":[2108,11509],"product_tag":[],"class_list":{"0":"post-173179","1":"product","2":"type-product","3":"status-publish","4":"has-post-thumbnail","6":"product_cat-beleuchtung","7":"product_cat-innenbeleuchtung","8":"pa_brand-eyocean","9":"pa_color-schwarz","10":"pa_height-31-49606296-zoll","11":"pa_length-2-1653543285-zoll","12":"pa_manufacturer-eyocean","13":"pa_width-32-283464534-zoll","15":"first","16":"instock","17":"shipping-taxable","18":"purchasable","19":"product-type-simple","20":"customify-col","21":"product-has-gallery"},"yoast_head":"<!-- This site is optimized with the Yoast SEO plugin v27.4 - https:\/\/yoast.com\/product\/yoast-seo-wordpress\/ -->\n<title>EYOCEAN Schreibtischlampe LED, 24W 80CM Tischlampe mit Gestensteuerung, Dimmbare Tageslichtlampe Augenschutz Monitor\u2026 - Markt-XXL<\/title>\n<meta name=\"description\" content=\"Markt-XXL EYOCEAN Schreibtischlampe LED, 24W 80CM Tischlampe mit Gestensteuerung, Dimmbare Tageslichtlampe Augenschutz Monitor\u2026\" \/>\n<meta name=\"robots\" content=\"index, follow, max-snippet:-1, max-image-preview:large, max-video-preview:-1\" \/>\n<link rel=\"canonical\" href=\"https:\/\/marktxxl.de\/markt\/produkt\/schreibtischlampe-led-24w-80cm-tischlampe-tischleutchte-mit-gestensteuerung-memory-funktion-augenschutz-monitor-lampe-fuer-arbieter-in-buero-leser-architekenden-schneider\/\" \/>\n<meta property=\"og:locale\" content=\"de_DE\" \/>\n<meta property=\"og:type\" content=\"article\" \/>\n<meta property=\"og:title\" content=\"EYOCEAN Schreibtischlampe LED, 24W 80CM Tischlampe mit Gestensteuerung, Dimmbare Tageslichtlampe Augenschutz Monitor\u2026 - Markt-XXL\" \/>\n<meta property=\"og:description\" content=\"Markt-XXL EYOCEAN Schreibtischlampe LED, 24W 80CM Tischlampe mit Gestensteuerung, Dimmbare Tageslichtlampe Augenschutz Monitor\u2026\" \/>\n<meta property=\"og:url\" content=\"https:\/\/marktxxl.de\/markt\/produkt\/schreibtischlampe-led-24w-80cm-tischlampe-tischleutchte-mit-gestensteuerung-memory-funktion-augenschutz-monitor-lampe-fuer-arbieter-in-buero-leser-architekenden-schneider\/\" \/>\n<meta property=\"og:site_name\" content=\"Markt-XXL\" \/>\n<meta property=\"article:modified_time\" content=\"2023-04-11T03:01:36+00:00\" \/>\n<meta property=\"og:image\" content=\"https:\/\/m.media-amazon.com\/images\/I\/41pZeKcFzIL._SL500_.jpg\" \/>\n\t<meta property=\"og:image:width\" content=\"500\" \/>\n\t<meta property=\"og:image:height\" content=\"500\" \/>\n\t<meta property=\"og:image:type\" content=\"image\/jpeg\" \/>\n<meta name=\"twitter:card\" content=\"summary_large_image\" \/>\n<meta name=\"twitter:label1\" content=\"Gesch\u00e4tzte Lesezeit\" \/>\n\t<meta name=\"twitter:data1\" content=\"1\u00a0Minute\" \/>\n<script type=\"application\/ld+json\" class=\"yoast-schema-graph\">{\"@context\":\"https:\\\/\\\/schema.org\",\"@graph\":[{\"@type\":\"WebPage\",\"@id\":\"https:\\\/\\\/marktxxl.de\\\/markt\\\/produkt\\\/schreibtischlampe-led-24w-80cm-tischlampe-tischleutchte-mit-gestensteuerung-memory-funktion-augenschutz-monitor-lampe-fuer-arbieter-in-buero-leser-architekenden-schneider\\\/\",\"url\":\"https:\\\/\\\/marktxxl.de\\\/markt\\\/produkt\\\/schreibtischlampe-led-24w-80cm-tischlampe-tischleutchte-mit-gestensteuerung-memory-funktion-augenschutz-monitor-lampe-fuer-arbieter-in-buero-leser-architekenden-schneider\\\/\",\"name\":\"EYOCEAN Schreibtischlampe LED, 24W 80CM Tischlampe mit Gestensteuerung, Dimmbare Tageslichtlampe Augenschutz Monitor\u2026 - Markt-XXL\",\"isPartOf\":{\"@id\":\"https:\\\/\\\/marktxxl.de\\\/markt\\\/#website\"},\"primaryImageOfPage\":{\"@id\":\"https:\\\/\\\/marktxxl.de\\\/markt\\\/produkt\\\/schreibtischlampe-led-24w-80cm-tischlampe-tischleutchte-mit-gestensteuerung-memory-funktion-augenschutz-monitor-lampe-fuer-arbieter-in-buero-leser-architekenden-schneider\\\/#primaryimage\"},\"image\":{\"@id\":\"https:\\\/\\\/marktxxl.de\\\/markt\\\/produkt\\\/schreibtischlampe-led-24w-80cm-tischlampe-tischleutchte-mit-gestensteuerung-memory-funktion-augenschutz-monitor-lampe-fuer-arbieter-in-buero-leser-architekenden-schneider\\\/#primaryimage\"},\"thumbnailUrl\":\"https:\\\/\\\/m.media-amazon.com\\\/images\\\/I\\\/41pZeKcFzIL._SL500_.jpg\",\"datePublished\":\"2022-12-11T03:49:21+00:00\",\"dateModified\":\"2023-04-11T03:01:36+00:00\",\"description\":\"Markt-XXL EYOCEAN Schreibtischlampe LED, 24W 80CM Tischlampe mit Gestensteuerung, Dimmbare Tageslichtlampe Augenschutz Monitor\u2026\",\"breadcrumb\":{\"@id\":\"https:\\\/\\\/marktxxl.de\\\/markt\\\/produkt\\\/schreibtischlampe-led-24w-80cm-tischlampe-tischleutchte-mit-gestensteuerung-memory-funktion-augenschutz-monitor-lampe-fuer-arbieter-in-buero-leser-architekenden-schneider\\\/#breadcrumb\"},\"inLanguage\":\"de\",\"potentialAction\":[{\"@type\":\"ReadAction\",\"target\":[\"https:\\\/\\\/marktxxl.de\\\/markt\\\/produkt\\\/schreibtischlampe-led-24w-80cm-tischlampe-tischleutchte-mit-gestensteuerung-memory-funktion-augenschutz-monitor-lampe-fuer-arbieter-in-buero-leser-architekenden-schneider\\\/\"]}]},{\"@type\":\"ImageObject\",\"inLanguage\":\"de\",\"@id\":\"https:\\\/\\\/marktxxl.de\\\/markt\\\/produkt\\\/schreibtischlampe-led-24w-80cm-tischlampe-tischleutchte-mit-gestensteuerung-memory-funktion-augenschutz-monitor-lampe-fuer-arbieter-in-buero-leser-architekenden-schneider\\\/#primaryimage\",\"url\":\"https:\\\/\\\/m.media-amazon.com\\\/images\\\/I\\\/41pZeKcFzIL._SL500_.jpg\",\"contentUrl\":\"https:\\\/\\\/m.media-amazon.com\\\/images\\\/I\\\/41pZeKcFzIL._SL500_.jpg\",\"width\":500,\"height\":500},{\"@type\":\"BreadcrumbList\",\"@id\":\"https:\\\/\\\/marktxxl.de\\\/markt\\\/produkt\\\/schreibtischlampe-led-24w-80cm-tischlampe-tischleutchte-mit-gestensteuerung-memory-funktion-augenschutz-monitor-lampe-fuer-arbieter-in-buero-leser-architekenden-schneider\\\/#breadcrumb\",\"itemListElement\":[{\"@type\":\"ListItem\",\"position\":1,\"name\":\"Startseite\",\"item\":\"https:\\\/\\\/marktxxl.de\\\/markt\\\/\"},{\"@type\":\"ListItem\",\"position\":2,\"name\":\"Markt\",\"item\":\"https:\\\/\\\/marktxxl.de\\\/markt\\\/\"},{\"@type\":\"ListItem\",\"position\":3,\"name\":\"EYOCEAN Schreibtischlampe LED, 24W 80CM Tischlampe mit Gestensteuerung, Dimmbare Tageslichtlampe Augenschutz Monitor\u2026\"}]},{\"@type\":\"WebSite\",\"@id\":\"https:\\\/\\\/marktxxl.de\\\/markt\\\/#website\",\"url\":\"https:\\\/\\\/marktxxl.de\\\/markt\\\/\",\"name\":\"Markt-XXL\",\"description\":\"Ihr Markt Online\",\"publisher\":{\"@id\":\"https:\\\/\\\/marktxxl.de\\\/markt\\\/#organization\"},\"potentialAction\":[{\"@type\":\"SearchAction\",\"target\":{\"@type\":\"EntryPoint\",\"urlTemplate\":\"https:\\\/\\\/marktxxl.de\\\/markt\\\/?s={search_term_string}\"},\"query-input\":{\"@type\":\"PropertyValueSpecification\",\"valueRequired\":true,\"valueName\":\"search_term_string\"}}],\"inLanguage\":\"de\"},{\"@type\":\"Organization\",\"@id\":\"https:\\\/\\\/marktxxl.de\\\/markt\\\/#organization\",\"name\":\"Markt-XXL\",\"url\":\"https:\\\/\\\/marktxxl.de\\\/markt\\\/\",\"logo\":{\"@type\":\"ImageObject\",\"inLanguage\":\"de\",\"@id\":\"https:\\\/\\\/marktxxl.de\\\/markt\\\/#\\\/schema\\\/logo\\\/image\\\/\",\"url\":\"https:\\\/\\\/marktxxl.de\\\/markt\\\/wp-content\\\/uploads\\\/sites\\\/3\\\/2020\\\/12\\\/logo.png\",\"contentUrl\":\"https:\\\/\\\/marktxxl.de\\\/markt\\\/wp-content\\\/uploads\\\/sites\\\/3\\\/2020\\\/12\\\/logo.png\",\"width\":200,\"height\":70,\"caption\":\"Markt-XXL\"},\"image\":{\"@id\":\"https:\\\/\\\/marktxxl.de\\\/markt\\\/#\\\/schema\\\/logo\\\/image\\\/\"}}]}<\/script>\n<!-- \/ Yoast SEO plugin. -->","yoast_head_json":{"title":"EYOCEAN Schreibtischlampe LED, 24W 80CM Tischlampe mit Gestensteuerung, Dimmbare Tageslichtlampe Augenschutz Monitor\u2026 - Markt-XXL","description":"Markt-XXL EYOCEAN Schreibtischlampe LED, 24W 80CM Tischlampe mit Gestensteuerung, Dimmbare Tageslichtlampe Augenschutz Monitor\u2026","robots":{"index":"index","follow":"follow","max-snippet":"max-snippet:-1","max-image-preview":"max-image-preview:large","max-video-preview":"max-video-preview:-1"},"canonical":"https:\/\/marktxxl.de\/markt\/produkt\/schreibtischlampe-led-24w-80cm-tischlampe-tischleutchte-mit-gestensteuerung-memory-funktion-augenschutz-monitor-lampe-fuer-arbieter-in-buero-leser-architekenden-schneider\/","og_locale":"de_DE","og_type":"article","og_title":"EYOCEAN Schreibtischlampe LED, 24W 80CM Tischlampe mit Gestensteuerung, Dimmbare Tageslichtlampe Augenschutz Monitor\u2026 - Markt-XXL","og_description":"Markt-XXL EYOCEAN Schreibtischlampe LED, 24W 80CM Tischlampe mit Gestensteuerung, Dimmbare Tageslichtlampe Augenschutz Monitor\u2026","og_url":"https:\/\/marktxxl.de\/markt\/produkt\/schreibtischlampe-led-24w-80cm-tischlampe-tischleutchte-mit-gestensteuerung-memory-funktion-augenschutz-monitor-lampe-fuer-arbieter-in-buero-leser-architekenden-schneider\/","og_site_name":"Markt-XXL","article_modified_time":"2023-04-11T03:01:36+00:00","og_image":[{"width":500,"height":500,"url":"https:\/\/m.media-amazon.com\/images\/I\/41pZeKcFzIL._SL500_.jpg","type":"image\/jpeg"}],"twitter_card":"summary_large_image","twitter_misc":{"Gesch\u00e4tzte Lesezeit":"1\u00a0Minute"},"schema":{"@context":"https:\/\/schema.org","@graph":[{"@type":"WebPage","@id":"https:\/\/marktxxl.de\/markt\/produkt\/schreibtischlampe-led-24w-80cm-tischlampe-tischleutchte-mit-gestensteuerung-memory-funktion-augenschutz-monitor-lampe-fuer-arbieter-in-buero-leser-architekenden-schneider\/","url":"https:\/\/marktxxl.de\/markt\/produkt\/schreibtischlampe-led-24w-80cm-tischlampe-tischleutchte-mit-gestensteuerung-memory-funktion-augenschutz-monitor-lampe-fuer-arbieter-in-buero-leser-architekenden-schneider\/","name":"EYOCEAN Schreibtischlampe LED, 24W 80CM Tischlampe mit Gestensteuerung, Dimmbare Tageslichtlampe Augenschutz Monitor\u2026 - Markt-XXL","isPartOf":{"@id":"https:\/\/marktxxl.de\/markt\/#website"},"primaryImageOfPage":{"@id":"https:\/\/marktxxl.de\/markt\/produkt\/schreibtischlampe-led-24w-80cm-tischlampe-tischleutchte-mit-gestensteuerung-memory-funktion-augenschutz-monitor-lampe-fuer-arbieter-in-buero-leser-architekenden-schneider\/#primaryimage"},"image":{"@id":"https:\/\/marktxxl.de\/markt\/produkt\/schreibtischlampe-led-24w-80cm-tischlampe-tischleutchte-mit-gestensteuerung-memory-funktion-augenschutz-monitor-lampe-fuer-arbieter-in-buero-leser-architekenden-schneider\/#primaryimage"},"thumbnailUrl":"https:\/\/m.media-amazon.com\/images\/I\/41pZeKcFzIL._SL500_.jpg","datePublished":"2022-12-11T03:49:21+00:00","dateModified":"2023-04-11T03:01:36+00:00","description":"Markt-XXL EYOCEAN Schreibtischlampe LED, 24W 80CM Tischlampe mit Gestensteuerung, Dimmbare Tageslichtlampe Augenschutz Monitor\u2026","breadcrumb":{"@id":"https:\/\/marktxxl.de\/markt\/produkt\/schreibtischlampe-led-24w-80cm-tischlampe-tischleutchte-mit-gestensteuerung-memory-funktion-augenschutz-monitor-lampe-fuer-arbieter-in-buero-leser-architekenden-schneider\/#breadcrumb"},"inLanguage":"de","potentialAction":[{"@type":"ReadAction","target":["https:\/\/marktxxl.de\/markt\/produkt\/schreibtischlampe-led-24w-80cm-tischlampe-tischleutchte-mit-gestensteuerung-memory-funktion-augenschutz-monitor-lampe-fuer-arbieter-in-buero-leser-architekenden-schneider\/"]}]},{"@type":"ImageObject","inLanguage":"de","@id":"https:\/\/marktxxl.de\/markt\/produkt\/schreibtischlampe-led-24w-80cm-tischlampe-tischleutchte-mit-gestensteuerung-memory-funktion-augenschutz-monitor-lampe-fuer-arbieter-in-buero-leser-architekenden-schneider\/#primaryimage","url":"https:\/\/m.media-amazon.com\/images\/I\/41pZeKcFzIL._SL500_.jpg","contentUrl":"https:\/\/m.media-amazon.com\/images\/I\/41pZeKcFzIL._SL500_.jpg","width":500,"height":500},{"@type":"BreadcrumbList","@id":"https:\/\/marktxxl.de\/markt\/produkt\/schreibtischlampe-led-24w-80cm-tischlampe-tischleutchte-mit-gestensteuerung-memory-funktion-augenschutz-monitor-lampe-fuer-arbieter-in-buero-leser-architekenden-schneider\/#breadcrumb","itemListElement":[{"@type":"ListItem","position":1,"name":"Startseite","item":"https:\/\/marktxxl.de\/markt\/"},{"@type":"ListItem","position":2,"name":"Markt","item":"https:\/\/marktxxl.de\/markt\/"},{"@type":"ListItem","position":3,"name":"EYOCEAN Schreibtischlampe LED, 24W 80CM Tischlampe mit Gestensteuerung, Dimmbare Tageslichtlampe Augenschutz Monitor\u2026"}]},{"@type":"WebSite","@id":"https:\/\/marktxxl.de\/markt\/#website","url":"https:\/\/marktxxl.de\/markt\/","name":"Markt-XXL","description":"Ihr Markt Online","publisher":{"@id":"https:\/\/marktxxl.de\/markt\/#organization"},"potentialAction":[{"@type":"SearchAction","target":{"@type":"EntryPoint","urlTemplate":"https:\/\/marktxxl.de\/markt\/?s={search_term_string}"},"query-input":{"@type":"PropertyValueSpecification","valueRequired":true,"valueName":"search_term_string"}}],"inLanguage":"de"},{"@type":"Organization","@id":"https:\/\/marktxxl.de\/markt\/#organization","name":"Markt-XXL","url":"https:\/\/marktxxl.de\/markt\/","logo":{"@type":"ImageObject","inLanguage":"de","@id":"https:\/\/marktxxl.de\/markt\/#\/schema\/logo\/image\/","url":"https:\/\/marktxxl.de\/markt\/wp-content\/uploads\/sites\/3\/2020\/12\/logo.png","contentUrl":"https:\/\/marktxxl.de\/markt\/wp-content\/uploads\/sites\/3\/2020\/12\/logo.png","width":200,"height":70,"caption":"Markt-XXL"},"image":{"@id":"https:\/\/marktxxl.de\/markt\/#\/schema\/logo\/image\/"}}]}},"_links":{"self":[{"href":"https:\/\/marktxxl.de\/markt\/wp-json\/wp\/v2\/product\/173179","targetHints":{"allow":["GET"]}}],"collection":[{"href":"https:\/\/marktxxl.de\/markt\/wp-json\/wp\/v2\/product"}],"about":[{"href":"https:\/\/marktxxl.de\/markt\/wp-json\/wp\/v2\/types\/product"}],"replies":[{"embeddable":true,"href":"https:\/\/marktxxl.de\/markt\/wp-json\/wp\/v2\/comments?post=173179"}],"wp:featuredmedia":[{"embeddable":true,"href":"https:\/\/marktxxl.de\/markt\/wp-json\/wp\/v2\/media\/173180"}],"wp:attachment":[{"href":"https:\/\/marktxxl.de\/markt\/wp-json\/wp\/v2\/media?parent=173179"}],"wp:term":[{"taxonomy":"product_brand","embeddable":true,"href":"https:\/\/marktxxl.de\/markt\/wp-json\/wp\/v2\/product_brand?post=173179"},{"taxonomy":"product_cat","embeddable":true,"href":"https:\/\/marktxxl.de\/markt\/wp-json\/wp\/v2\/product_cat?post=173179"},{"taxonomy":"product_tag","embeddable":true,"href":"https:\/\/marktxxl.de\/markt\/wp-json\/wp\/v2\/product_tag?post=173179"}],"curies":[{"name":"wp","href":"https:\/\/api.w.org\/{rel}","templated":true}]}}