{"id":173156,"date":"2022-12-11T04:47:40","date_gmt":"2022-12-11T03:47:40","guid":{"rendered":"https:\/\/marktxxl.de\/markt\/produkt\/freunde-sind-wie-sterne-flaschen\/"},"modified":"2023-04-11T05:01:36","modified_gmt":"2023-04-11T03:01:36","slug":"freunde-sind-wie-sterne-flaschen","status":"publish","type":"product","link":"https:\/\/marktxxl.de\/markt\/produkt\/freunde-sind-wie-sterne-flaschen\/","title":{"rendered":"Liebtastisch Flaschenlicht mit Spruch &#8220;Freunde sind wie Sterne&#8221; &#8211; Geschenke f\u00fcr freundinnen\/freunde &#8211; Freundschaftsgeschenke &#8211; beste freunde geschenk &#8211; Dekolicht &#8211; LED Beleuchtung (Gr\u00fcn)"},"content":{"rendered":"<p>\u2764\ufe0fLiebtastisch Flaschenlicht mit Spruch&#8221;Freunde sind wie Sterne. Du kannst Sie nicht immer sehen, aber Sie sind immer da.&#8221; Ein prima Geschenk um die Freundschaft f\u00fcr immer festzuhalten. Egal ob als Geschenk f\u00fcr die beste Freundin oder f\u00fcr den besten Freund, mit dem LED Licht liegst du immer richtig.<br \/>\n\u2764\ufe0fDie perfekte Geschenkidee f\u00fcr Best Friends forever. Verschenke etwas pers\u00f6nliches zu bestimmten Ereignisse, wie z.B Weihnachten, Geburtstag, Hochzeit, Ostern, Valentinstag zum Tag der Freundschaft. Eignet sich auch super als Geldgeschenk. Dazu k\u00f6nnen Geldscheine ganz einfach an der gebundenen Schnur befestigt werden.<br \/>\n\u2764\ufe0f Die LED-Lichterkette l\u00e4sst sich am Korken der Flasche ein- und ausschalten. Die Knopfbatterie l\u00e4sst sich einfach austauschen. 750 ml Weinflasche<br \/>\n\u2764\ufe0f Designed, bedruckt und verarbeitet in Deutschland.<br \/>\n\u2764\ufe0f Viele andere Freundschaftsgeschenke, Geburtstags und Weihnachts Geschenke Ideen und Geschenke f\u00fcr jeden weiteren Anlass finden Sie bei uns im Amazon Shop unter Liebtastisch<br \/>\n<div class=\"main-cross-sell\" data-asin=\"B09PVMG3WM\">\n\n\t<div class=\"WooZone-cross-sell-loader\">\n\t\t<div>\n\t\t\t<div id=\"floatingBarsG\">\n\t\t\t\t<div class=\"blockG\" id=\"rotateG_01\"><\/div>\n\t\t\t\t<div class=\"blockG\" id=\"rotateG_02\"><\/div>\n\t\t\t\t<div class=\"blockG\" id=\"rotateG_03\"><\/div>\n\t\t\t\t<div class=\"blockG\" id=\"rotateG_04\"><\/div>\n\t\t\t\t<div class=\"blockG\" id=\"rotateG_05\"><\/div>\n\t\t\t\t<div class=\"blockG\" id=\"rotateG_06\"><\/div>\n\t\t\t\t<div class=\"blockG\" id=\"rotateG_07\"><\/div>\n\t\t\t\t<div class=\"blockG\" id=\"rotateG_08\"><\/div>\n\t\t\t<\/div>\n\t\t\t<div class=\"WooZone-cross-sell-loader-text\"><\/div>\n\t\t<\/div>\n\t<\/div>\n\n\t\t\n<\/div>\n<div style=\"clear:both;\"><\/div><\/p>\n","protected":false},"excerpt":{"rendered":"<p>\u2764\ufe0fLiebtastisch Flaschenlicht mit Spruch&#8221;Freunde sind wie Sterne. Du kannst Sie nicht immer sehen, aber Sie sind immer da.&#8221; Ein prima Geschenk um die Freundschaft f\u00fcr immer festzuhalten. Egal ob als Geschenk f\u00fcr die beste Freundin oder f\u00fcr den besten Freund, mit dem LED Licht liegst du immer richtig.<br \/>\n\u2764\ufe0fDie perfekte Geschenkidee f\u00fcr Best Friends forever. Verschenke etwas pers\u00f6nliches zu bestimmten Ereignisse, wie z.B Weihnachten, Geburtstag, Hochzeit, Ostern, Valentinstag zum Tag der Freundschaft. Eignet sich auch super als Geldgeschenk. Dazu k\u00f6nnen Geldscheine ganz einfach an der gebundenen Schnur befestigt werden.<br \/>\n\u2764\ufe0f Die LED-Lichterkette l\u00e4sst sich am Korken der Flasche ein- und ausschalten. Die Knopfbatterie l\u00e4sst sich einfach austauschen. 750 ml Weinflasche<\/p>\n","protected":false},"featured_media":173157,"comment_status":"open","ping_status":"closed","template":"","meta":[],"product_brand":[],"product_cat":[2108,11509],"product_tag":[],"class_list":{"0":"post-173156","1":"product","2":"type-product","3":"status-publish","4":"has-post-thumbnail","6":"product_cat-beleuchtung","7":"product_cat-innenbeleuchtung","8":"pa_brand-liebtastisch","9":"pa_height-12-204724397-zoll","10":"pa_length-2-755905509-zoll","11":"pa_manufacturer-tassenticker","12":"pa_width-2-755905509-zoll","14":"first","15":"instock","16":"shipping-taxable","17":"purchasable","18":"product-type-simple","19":"customify-col","20":"product-has-gallery"},"yoast_head":"<!-- This site is optimized with the Yoast SEO plugin v27.3 - https:\/\/yoast.com\/product\/yoast-seo-wordpress\/ -->\n<title>Liebtastisch Flaschenlicht mit Spruch &quot;Freunde sind wie Sterne&quot; - Geschenke f\u00fcr freundinnen\/freunde - Freundschaftsgeschenke - beste freunde geschenk - Dekolicht - LED Beleuchtung (Gr\u00fcn) - Markt-XXL<\/title>\n<meta name=\"description\" content=\"Markt-XXL Liebtastisch Flaschenlicht mit Spruch &quot;Freunde sind wie Sterne&quot; - Geschenke f\u00fcr freundinnen\/freunde - Freundschaftsgeschenke - beste freunde geschenk - Dekolicht - LED Beleuchtung (Gr\u00fcn)\" \/>\n<meta name=\"robots\" content=\"index, follow, max-snippet:-1, max-image-preview:large, max-video-preview:-1\" \/>\n<link rel=\"canonical\" href=\"https:\/\/marktxxl.de\/markt\/produkt\/freunde-sind-wie-sterne-flaschen\/\" \/>\n<meta property=\"og:locale\" content=\"de_DE\" \/>\n<meta property=\"og:type\" content=\"article\" \/>\n<meta property=\"og:title\" content=\"Liebtastisch Flaschenlicht mit Spruch &quot;Freunde sind wie Sterne&quot; - Geschenke f\u00fcr freundinnen\/freunde - Freundschaftsgeschenke - beste freunde geschenk - Dekolicht - LED Beleuchtung (Gr\u00fcn) - Markt-XXL\" \/>\n<meta property=\"og:description\" content=\"Markt-XXL Liebtastisch Flaschenlicht mit Spruch &quot;Freunde sind wie Sterne&quot; - Geschenke f\u00fcr freundinnen\/freunde - Freundschaftsgeschenke - beste freunde geschenk - Dekolicht - LED Beleuchtung (Gr\u00fcn)\" \/>\n<meta property=\"og:url\" content=\"https:\/\/marktxxl.de\/markt\/produkt\/freunde-sind-wie-sterne-flaschen\/\" \/>\n<meta property=\"og:site_name\" content=\"Markt-XXL\" \/>\n<meta property=\"article:modified_time\" content=\"2023-04-11T03:01:36+00:00\" \/>\n<meta property=\"og:image\" content=\"https:\/\/m.media-amazon.com\/images\/I\/31lJHwtUpEL._SL500_.jpg\" \/>\n\t<meta property=\"og:image:width\" content=\"330\" \/>\n\t<meta property=\"og:image:height\" content=\"500\" \/>\n\t<meta property=\"og:image:type\" content=\"image\/jpeg\" \/>\n<meta name=\"twitter:card\" content=\"summary_large_image\" \/>\n<meta name=\"twitter:label1\" content=\"Gesch\u00e4tzte Lesezeit\" \/>\n\t<meta name=\"twitter:data1\" content=\"1\u00a0Minute\" \/>\n<script type=\"application\/ld+json\" class=\"yoast-schema-graph\">{\"@context\":\"https:\\\/\\\/schema.org\",\"@graph\":[{\"@type\":\"WebPage\",\"@id\":\"https:\\\/\\\/marktxxl.de\\\/markt\\\/produkt\\\/freunde-sind-wie-sterne-flaschen\\\/\",\"url\":\"https:\\\/\\\/marktxxl.de\\\/markt\\\/produkt\\\/freunde-sind-wie-sterne-flaschen\\\/\",\"name\":\"Liebtastisch Flaschenlicht mit Spruch \\\"Freunde sind wie Sterne\\\" - Geschenke f\u00fcr freundinnen\\\/freunde - Freundschaftsgeschenke - beste freunde geschenk - Dekolicht - LED Beleuchtung (Gr\u00fcn) - Markt-XXL\",\"isPartOf\":{\"@id\":\"https:\\\/\\\/marktxxl.de\\\/markt\\\/#website\"},\"primaryImageOfPage\":{\"@id\":\"https:\\\/\\\/marktxxl.de\\\/markt\\\/produkt\\\/freunde-sind-wie-sterne-flaschen\\\/#primaryimage\"},\"image\":{\"@id\":\"https:\\\/\\\/marktxxl.de\\\/markt\\\/produkt\\\/freunde-sind-wie-sterne-flaschen\\\/#primaryimage\"},\"thumbnailUrl\":\"https:\\\/\\\/m.media-amazon.com\\\/images\\\/I\\\/31lJHwtUpEL._SL500_.jpg\",\"datePublished\":\"2022-12-11T03:47:40+00:00\",\"dateModified\":\"2023-04-11T03:01:36+00:00\",\"description\":\"Markt-XXL Liebtastisch Flaschenlicht mit Spruch \\\"Freunde sind wie Sterne\\\" - Geschenke f\u00fcr freundinnen\\\/freunde - Freundschaftsgeschenke - beste freunde geschenk - Dekolicht - LED Beleuchtung (Gr\u00fcn)\",\"breadcrumb\":{\"@id\":\"https:\\\/\\\/marktxxl.de\\\/markt\\\/produkt\\\/freunde-sind-wie-sterne-flaschen\\\/#breadcrumb\"},\"inLanguage\":\"de\",\"potentialAction\":[{\"@type\":\"ReadAction\",\"target\":[\"https:\\\/\\\/marktxxl.de\\\/markt\\\/produkt\\\/freunde-sind-wie-sterne-flaschen\\\/\"]}]},{\"@type\":\"ImageObject\",\"inLanguage\":\"de\",\"@id\":\"https:\\\/\\\/marktxxl.de\\\/markt\\\/produkt\\\/freunde-sind-wie-sterne-flaschen\\\/#primaryimage\",\"url\":\"https:\\\/\\\/m.media-amazon.com\\\/images\\\/I\\\/31lJHwtUpEL._SL500_.jpg\",\"contentUrl\":\"https:\\\/\\\/m.media-amazon.com\\\/images\\\/I\\\/31lJHwtUpEL._SL500_.jpg\",\"width\":330,\"height\":500},{\"@type\":\"BreadcrumbList\",\"@id\":\"https:\\\/\\\/marktxxl.de\\\/markt\\\/produkt\\\/freunde-sind-wie-sterne-flaschen\\\/#breadcrumb\",\"itemListElement\":[{\"@type\":\"ListItem\",\"position\":1,\"name\":\"Startseite\",\"item\":\"https:\\\/\\\/marktxxl.de\\\/markt\\\/\"},{\"@type\":\"ListItem\",\"position\":2,\"name\":\"Markt\",\"item\":\"https:\\\/\\\/marktxxl.de\\\/markt\\\/\"},{\"@type\":\"ListItem\",\"position\":3,\"name\":\"Liebtastisch Flaschenlicht mit Spruch &#8220;Freunde sind wie Sterne&#8221; &#8211; Geschenke f\u00fcr freundinnen\\\/freunde &#8211; Freundschaftsgeschenke &#8211; beste freunde geschenk &#8211; Dekolicht &#8211; LED Beleuchtung (Gr\u00fcn)\"}]},{\"@type\":\"WebSite\",\"@id\":\"https:\\\/\\\/marktxxl.de\\\/markt\\\/#website\",\"url\":\"https:\\\/\\\/marktxxl.de\\\/markt\\\/\",\"name\":\"Markt-XXL\",\"description\":\"Ihr Markt Online\",\"publisher\":{\"@id\":\"https:\\\/\\\/marktxxl.de\\\/markt\\\/#organization\"},\"potentialAction\":[{\"@type\":\"SearchAction\",\"target\":{\"@type\":\"EntryPoint\",\"urlTemplate\":\"https:\\\/\\\/marktxxl.de\\\/markt\\\/?s={search_term_string}\"},\"query-input\":{\"@type\":\"PropertyValueSpecification\",\"valueRequired\":true,\"valueName\":\"search_term_string\"}}],\"inLanguage\":\"de\"},{\"@type\":\"Organization\",\"@id\":\"https:\\\/\\\/marktxxl.de\\\/markt\\\/#organization\",\"name\":\"Markt-XXL\",\"url\":\"https:\\\/\\\/marktxxl.de\\\/markt\\\/\",\"logo\":{\"@type\":\"ImageObject\",\"inLanguage\":\"de\",\"@id\":\"https:\\\/\\\/marktxxl.de\\\/markt\\\/#\\\/schema\\\/logo\\\/image\\\/\",\"url\":\"https:\\\/\\\/marktxxl.de\\\/markt\\\/wp-content\\\/uploads\\\/sites\\\/3\\\/2020\\\/12\\\/logo.png\",\"contentUrl\":\"https:\\\/\\\/marktxxl.de\\\/markt\\\/wp-content\\\/uploads\\\/sites\\\/3\\\/2020\\\/12\\\/logo.png\",\"width\":200,\"height\":70,\"caption\":\"Markt-XXL\"},\"image\":{\"@id\":\"https:\\\/\\\/marktxxl.de\\\/markt\\\/#\\\/schema\\\/logo\\\/image\\\/\"}}]}<\/script>\n<!-- \/ Yoast SEO plugin. -->","yoast_head_json":{"title":"Liebtastisch Flaschenlicht mit Spruch \"Freunde sind wie Sterne\" - Geschenke f\u00fcr freundinnen\/freunde - Freundschaftsgeschenke - beste freunde geschenk - Dekolicht - LED Beleuchtung (Gr\u00fcn) - Markt-XXL","description":"Markt-XXL Liebtastisch Flaschenlicht mit Spruch \"Freunde sind wie Sterne\" - Geschenke f\u00fcr freundinnen\/freunde - Freundschaftsgeschenke - beste freunde geschenk - Dekolicht - LED Beleuchtung (Gr\u00fcn)","robots":{"index":"index","follow":"follow","max-snippet":"max-snippet:-1","max-image-preview":"max-image-preview:large","max-video-preview":"max-video-preview:-1"},"canonical":"https:\/\/marktxxl.de\/markt\/produkt\/freunde-sind-wie-sterne-flaschen\/","og_locale":"de_DE","og_type":"article","og_title":"Liebtastisch Flaschenlicht mit Spruch \"Freunde sind wie Sterne\" - Geschenke f\u00fcr freundinnen\/freunde - Freundschaftsgeschenke - beste freunde geschenk - Dekolicht - LED Beleuchtung (Gr\u00fcn) - Markt-XXL","og_description":"Markt-XXL Liebtastisch Flaschenlicht mit Spruch \"Freunde sind wie Sterne\" - Geschenke f\u00fcr freundinnen\/freunde - Freundschaftsgeschenke - beste freunde geschenk - Dekolicht - LED Beleuchtung (Gr\u00fcn)","og_url":"https:\/\/marktxxl.de\/markt\/produkt\/freunde-sind-wie-sterne-flaschen\/","og_site_name":"Markt-XXL","article_modified_time":"2023-04-11T03:01:36+00:00","og_image":[{"width":330,"height":500,"url":"https:\/\/m.media-amazon.com\/images\/I\/31lJHwtUpEL._SL500_.jpg","type":"image\/jpeg"}],"twitter_card":"summary_large_image","twitter_misc":{"Gesch\u00e4tzte Lesezeit":"1\u00a0Minute"},"schema":{"@context":"https:\/\/schema.org","@graph":[{"@type":"WebPage","@id":"https:\/\/marktxxl.de\/markt\/produkt\/freunde-sind-wie-sterne-flaschen\/","url":"https:\/\/marktxxl.de\/markt\/produkt\/freunde-sind-wie-sterne-flaschen\/","name":"Liebtastisch Flaschenlicht mit Spruch \"Freunde sind wie Sterne\" - Geschenke f\u00fcr freundinnen\/freunde - Freundschaftsgeschenke - beste freunde geschenk - Dekolicht - LED Beleuchtung (Gr\u00fcn) - Markt-XXL","isPartOf":{"@id":"https:\/\/marktxxl.de\/markt\/#website"},"primaryImageOfPage":{"@id":"https:\/\/marktxxl.de\/markt\/produkt\/freunde-sind-wie-sterne-flaschen\/#primaryimage"},"image":{"@id":"https:\/\/marktxxl.de\/markt\/produkt\/freunde-sind-wie-sterne-flaschen\/#primaryimage"},"thumbnailUrl":"https:\/\/m.media-amazon.com\/images\/I\/31lJHwtUpEL._SL500_.jpg","datePublished":"2022-12-11T03:47:40+00:00","dateModified":"2023-04-11T03:01:36+00:00","description":"Markt-XXL Liebtastisch Flaschenlicht mit Spruch \"Freunde sind wie Sterne\" - Geschenke f\u00fcr freundinnen\/freunde - Freundschaftsgeschenke - beste freunde geschenk - Dekolicht - LED Beleuchtung (Gr\u00fcn)","breadcrumb":{"@id":"https:\/\/marktxxl.de\/markt\/produkt\/freunde-sind-wie-sterne-flaschen\/#breadcrumb"},"inLanguage":"de","potentialAction":[{"@type":"ReadAction","target":["https:\/\/marktxxl.de\/markt\/produkt\/freunde-sind-wie-sterne-flaschen\/"]}]},{"@type":"ImageObject","inLanguage":"de","@id":"https:\/\/marktxxl.de\/markt\/produkt\/freunde-sind-wie-sterne-flaschen\/#primaryimage","url":"https:\/\/m.media-amazon.com\/images\/I\/31lJHwtUpEL._SL500_.jpg","contentUrl":"https:\/\/m.media-amazon.com\/images\/I\/31lJHwtUpEL._SL500_.jpg","width":330,"height":500},{"@type":"BreadcrumbList","@id":"https:\/\/marktxxl.de\/markt\/produkt\/freunde-sind-wie-sterne-flaschen\/#breadcrumb","itemListElement":[{"@type":"ListItem","position":1,"name":"Startseite","item":"https:\/\/marktxxl.de\/markt\/"},{"@type":"ListItem","position":2,"name":"Markt","item":"https:\/\/marktxxl.de\/markt\/"},{"@type":"ListItem","position":3,"name":"Liebtastisch Flaschenlicht mit Spruch &#8220;Freunde sind wie Sterne&#8221; &#8211; Geschenke f\u00fcr freundinnen\/freunde &#8211; Freundschaftsgeschenke &#8211; beste freunde geschenk &#8211; Dekolicht &#8211; LED Beleuchtung (Gr\u00fcn)"}]},{"@type":"WebSite","@id":"https:\/\/marktxxl.de\/markt\/#website","url":"https:\/\/marktxxl.de\/markt\/","name":"Markt-XXL","description":"Ihr Markt Online","publisher":{"@id":"https:\/\/marktxxl.de\/markt\/#organization"},"potentialAction":[{"@type":"SearchAction","target":{"@type":"EntryPoint","urlTemplate":"https:\/\/marktxxl.de\/markt\/?s={search_term_string}"},"query-input":{"@type":"PropertyValueSpecification","valueRequired":true,"valueName":"search_term_string"}}],"inLanguage":"de"},{"@type":"Organization","@id":"https:\/\/marktxxl.de\/markt\/#organization","name":"Markt-XXL","url":"https:\/\/marktxxl.de\/markt\/","logo":{"@type":"ImageObject","inLanguage":"de","@id":"https:\/\/marktxxl.de\/markt\/#\/schema\/logo\/image\/","url":"https:\/\/marktxxl.de\/markt\/wp-content\/uploads\/sites\/3\/2020\/12\/logo.png","contentUrl":"https:\/\/marktxxl.de\/markt\/wp-content\/uploads\/sites\/3\/2020\/12\/logo.png","width":200,"height":70,"caption":"Markt-XXL"},"image":{"@id":"https:\/\/marktxxl.de\/markt\/#\/schema\/logo\/image\/"}}]}},"_links":{"self":[{"href":"https:\/\/marktxxl.de\/markt\/wp-json\/wp\/v2\/product\/173156","targetHints":{"allow":["GET"]}}],"collection":[{"href":"https:\/\/marktxxl.de\/markt\/wp-json\/wp\/v2\/product"}],"about":[{"href":"https:\/\/marktxxl.de\/markt\/wp-json\/wp\/v2\/types\/product"}],"replies":[{"embeddable":true,"href":"https:\/\/marktxxl.de\/markt\/wp-json\/wp\/v2\/comments?post=173156"}],"wp:featuredmedia":[{"embeddable":true,"href":"https:\/\/marktxxl.de\/markt\/wp-json\/wp\/v2\/media\/173157"}],"wp:attachment":[{"href":"https:\/\/marktxxl.de\/markt\/wp-json\/wp\/v2\/media?parent=173156"}],"wp:term":[{"taxonomy":"product_brand","embeddable":true,"href":"https:\/\/marktxxl.de\/markt\/wp-json\/wp\/v2\/product_brand?post=173156"},{"taxonomy":"product_cat","embeddable":true,"href":"https:\/\/marktxxl.de\/markt\/wp-json\/wp\/v2\/product_cat?post=173156"},{"taxonomy":"product_tag","embeddable":true,"href":"https:\/\/marktxxl.de\/markt\/wp-json\/wp\/v2\/product_tag?post=173156"}],"curies":[{"name":"wp","href":"https:\/\/api.w.org\/{rel}","templated":true}]}}