{"id":172875,"date":"2022-12-11T04:35:52","date_gmt":"2022-12-11T03:35:52","guid":{"rendered":"https:\/\/marktxxl.de\/markt\/produkt\/meidom-hollywood-spiegel-mit-beleuchtung-mit-usb-3-farbtemperatur-licht-15-dimmer-led-leuchten-touch-steuerung-schminkspiegel-hollywood-stil-weiss-58-x-46cm\/"},"modified":"2023-04-11T05:01:24","modified_gmt":"2023-04-11T03:01:24","slug":"meidom-hollywood-spiegel-mit-beleuchtung-mit-usb-3-farbtemperatur-licht-15-dimmer-led-leuchten-touch-steuerung-schminkspiegel-hollywood-stil-weiss-58-x-46cm","status":"publish","type":"product","link":"https:\/\/marktxxl.de\/markt\/produkt\/meidom-hollywood-spiegel-mit-beleuchtung-mit-usb-3-farbtemperatur-licht-15-dimmer-led-leuchten-touch-steuerung-schminkspiegel-hollywood-stil-weiss-58-x-46cm\/","title":{"rendered":"Meidom Hollywood Spiegel mit Beleuchtung, mit USB, 3 Farbtemperatur Licht, 15 Dimmer-LED-Leuchten, Touch-Steuerung\u2026"},"content":{"rendered":"<p>\u2714 \ud83d\udc693 Jahre After-Sales-Servicezeit: Im Vergleich zu anderen Marken bieten wir eine l\u00e4ngere After-Sales-Garantiezeit. W\u00e4hrend dieser Zeit k\u00f6nnen Sie sich bei Problemen an uns wenden. Vielleicht w\u00e4hlen Sie Spiegel anderer Marken, die nur ein halbes Jahr bis 1 Jahr verwendet werden k\u00f6nnen, aber wenn Sie unsere Hollywood Spiegel kaufen, k\u00f6nnen wir Ihnen eine Verwendung von 3 Jahren garantieren.<br \/>\n\u2714 \ud83d\udc8e3 Lichtmodi &amp; Speicherfunktion: 15 Gl\u00fchbirnen, Warmes Licht (2800 K), Neutralwei\u00df Licht (4500 K) und Kaltwei\u00dfes Licht (6500 K). Die Speicherfunktion kann Ihre Beleuchtungseinstellungen f\u00fcr die letzte Verwendung speichern.<br \/>\n\u2714 \ud83d\udc8eHohe Qualit\u00e4t: Metallmaterial, die Spiegeloberfl\u00e4che ist klar und nicht schimmelig, und das extra gro\u00dfe Anti-Rutsch-Pad-Design auf der Basis verhindert, dass der Spiegel auf dem Schreibtisch rutscht und wackelt, wodurch die Sicherheit erh\u00f6ht wird. Der Lichtstrom von 15 LEDs kann 1300lm erreichen, die Helligkeit ist ausreichend und die Energieeinsparung ist nicht hei\u00df.<br \/>\n\u2714 \ud83d\udc8eKeine Montage n\u00f6tig &amp; Unterst\u00fctzt USB-Laden: Kommt mit 12V, 2A Stecker, Plug and Play. Mit der Sicherheitszertifizierung k\u00f6nnen Sie es mit Zuversicht verwenden. Nach dem Anschlie\u00dfen der Stromversorgung k\u00f6nnen Sie Ihre USB-Ger\u00e4te \u00fcber die USB-Schnittstelle aufladen, unabh\u00e4ngig davon, ob das schminkspiegel-LED-Licht an ist oder nicht.<br \/>\n\u2714 \ud83d\udc8eWandspiegel oder Tischspiegel: Die Gr\u00f6\u00dfe der Basis des schminkspiegel mit Beleuchtung betr\u00e4gt 58 x 12,5 cm, was f\u00fcr die meisten Tischgr\u00f6\u00dfen geeignet ist. Die Basis kann leicht entfernt werden. Die R\u00fcckwand hat 2 L\u00f6cher. Mit diesen 2 L\u00f6chern k\u00f6nnen Sie den Spiegel an die Wand h\u00e4ngen. Perfekt f\u00fcr Ihr Schlafzimmer und Kosmetikstudio.<br \/>\n<div class=\"main-cross-sell\" data-asin=\"B07ZYY4L3X\">\n\n\t<div class=\"WooZone-cross-sell-loader\">\n\t\t<div>\n\t\t\t<div id=\"floatingBarsG\">\n\t\t\t\t<div class=\"blockG\" id=\"rotateG_01\"><\/div>\n\t\t\t\t<div class=\"blockG\" id=\"rotateG_02\"><\/div>\n\t\t\t\t<div class=\"blockG\" id=\"rotateG_03\"><\/div>\n\t\t\t\t<div class=\"blockG\" id=\"rotateG_04\"><\/div>\n\t\t\t\t<div class=\"blockG\" id=\"rotateG_05\"><\/div>\n\t\t\t\t<div class=\"blockG\" id=\"rotateG_06\"><\/div>\n\t\t\t\t<div class=\"blockG\" id=\"rotateG_07\"><\/div>\n\t\t\t\t<div class=\"blockG\" id=\"rotateG_08\"><\/div>\n\t\t\t<\/div>\n\t\t\t<div class=\"WooZone-cross-sell-loader-text\"><\/div>\n\t\t<\/div>\n\t<\/div>\n\n\t\t\n<\/div>\n<div style=\"clear:both;\"><\/div><\/p>\n","protected":false},"excerpt":{"rendered":"<p>\u2714 \ud83d\udc693 Jahre After-Sales-Servicezeit: Im Vergleich zu anderen Marken bieten wir eine l\u00e4ngere After-Sales-Garantiezeit. W\u00e4hrend dieser Zeit k\u00f6nnen Sie sich bei Problemen an uns wenden. Vielleicht w\u00e4hlen Sie Spiegel anderer Marken, die nur ein halbes Jahr bis 1 Jahr verwendet werden k\u00f6nnen, aber wenn Sie unsere Hollywood Spiegel kaufen, k\u00f6nnen wir Ihnen eine Verwendung von 3 Jahren garantieren.<br \/>\n\u2714 \ud83d\udc8e3 Lichtmodi &amp; Speicherfunktion: 15 Gl\u00fchbirnen, Warmes Licht (2800 K), Neutralwei\u00df Licht (4500 K) und Kaltwei\u00dfes Licht (6500 K). Die Speicherfunktion kann Ihre Beleuchtungseinstellungen f\u00fcr die letzte Verwendung speichern.<br \/>\n\u2714 \ud83d\udc8eHohe Qualit\u00e4t: Metallmaterial, die Spiegeloberfl\u00e4che ist klar und nicht schimmelig, und das extra gro\u00dfe Anti-Rutsch-Pad-Design auf der Basis verhindert, dass der Spiegel auf dem Schreibtisch rutscht und wackelt, wodurch die Sicherheit erh\u00f6ht wird. Der Lichtstrom von 15 LEDs kann 1300lm erreichen, die Helligkeit ist ausreichend und die Energieeinsparung ist nicht hei\u00df.<\/p>\n","protected":false},"featured_media":172876,"comment_status":"open","ping_status":"closed","template":"","meta":[],"product_brand":[],"product_cat":[11474,2108],"product_tag":[],"class_list":{"0":"post-172875","1":"product","2":"type-product","3":"status-publish","4":"has-post-thumbnail","6":"product_cat-bad-beleuchtung","7":"product_cat-beleuchtung","8":"pa_brand-meidom","9":"pa_color-weiss","10":"pa_height-0-00393700787-zoll","11":"pa_length-22-834645646-zoll","12":"pa_manufacturer-meidom","13":"pa_warranty-3-jahre-garantie","14":"pa_weight-11-0231131-pfund","15":"pa_width-18-110236202-zoll","17":"first","18":"instock","19":"shipping-taxable","20":"purchasable","21":"product-type-simple","22":"customify-col","23":"product-has-gallery"},"yoast_head":"<!-- This site is optimized with the Yoast SEO plugin v27.4 - https:\/\/yoast.com\/product\/yoast-seo-wordpress\/ -->\n<title>Meidom Hollywood Spiegel mit Beleuchtung, mit USB, 3 Farbtemperatur Licht, 15 Dimmer-LED-Leuchten, Touch-Steuerung\u2026 - Markt-XXL<\/title>\n<meta name=\"description\" content=\"Markt-XXL Meidom Hollywood Spiegel mit Beleuchtung, mit USB, 3 Farbtemperatur Licht, 15 Dimmer-LED-Leuchten, Touch-Steuerung\u2026\" \/>\n<meta name=\"robots\" content=\"index, follow, max-snippet:-1, max-image-preview:large, max-video-preview:-1\" \/>\n<link rel=\"canonical\" href=\"https:\/\/marktxxl.de\/markt\/produkt\/meidom-hollywood-spiegel-mit-beleuchtung-mit-usb-3-farbtemperatur-licht-15-dimmer-led-leuchten-touch-steuerung-schminkspiegel-hollywood-stil-weiss-58-x-46cm\/\" \/>\n<meta property=\"og:locale\" content=\"de_DE\" \/>\n<meta property=\"og:type\" content=\"article\" \/>\n<meta property=\"og:title\" content=\"Meidom Hollywood Spiegel mit Beleuchtung, mit USB, 3 Farbtemperatur Licht, 15 Dimmer-LED-Leuchten, Touch-Steuerung\u2026 - Markt-XXL\" \/>\n<meta property=\"og:description\" content=\"Markt-XXL Meidom Hollywood Spiegel mit Beleuchtung, mit USB, 3 Farbtemperatur Licht, 15 Dimmer-LED-Leuchten, Touch-Steuerung\u2026\" \/>\n<meta property=\"og:url\" content=\"https:\/\/marktxxl.de\/markt\/produkt\/meidom-hollywood-spiegel-mit-beleuchtung-mit-usb-3-farbtemperatur-licht-15-dimmer-led-leuchten-touch-steuerung-schminkspiegel-hollywood-stil-weiss-58-x-46cm\/\" \/>\n<meta property=\"og:site_name\" content=\"Markt-XXL\" \/>\n<meta property=\"article:modified_time\" content=\"2023-04-11T03:01:24+00:00\" \/>\n<meta property=\"og:image\" content=\"https:\/\/m.media-amazon.com\/images\/I\/418Kd4XHZML._SL500_.jpg\" \/>\n\t<meta property=\"og:image:width\" content=\"500\" \/>\n\t<meta property=\"og:image:height\" content=\"500\" \/>\n\t<meta property=\"og:image:type\" content=\"image\/jpeg\" \/>\n<meta name=\"twitter:card\" content=\"summary_large_image\" \/>\n<meta name=\"twitter:label1\" content=\"Gesch\u00e4tzte Lesezeit\" \/>\n\t<meta name=\"twitter:data1\" content=\"1\u00a0Minute\" \/>\n<script type=\"application\/ld+json\" class=\"yoast-schema-graph\">{\"@context\":\"https:\\\/\\\/schema.org\",\"@graph\":[{\"@type\":\"WebPage\",\"@id\":\"https:\\\/\\\/marktxxl.de\\\/markt\\\/produkt\\\/meidom-hollywood-spiegel-mit-beleuchtung-mit-usb-3-farbtemperatur-licht-15-dimmer-led-leuchten-touch-steuerung-schminkspiegel-hollywood-stil-weiss-58-x-46cm\\\/\",\"url\":\"https:\\\/\\\/marktxxl.de\\\/markt\\\/produkt\\\/meidom-hollywood-spiegel-mit-beleuchtung-mit-usb-3-farbtemperatur-licht-15-dimmer-led-leuchten-touch-steuerung-schminkspiegel-hollywood-stil-weiss-58-x-46cm\\\/\",\"name\":\"Meidom Hollywood Spiegel mit Beleuchtung, mit USB, 3 Farbtemperatur Licht, 15 Dimmer-LED-Leuchten, Touch-Steuerung\u2026 - Markt-XXL\",\"isPartOf\":{\"@id\":\"https:\\\/\\\/marktxxl.de\\\/markt\\\/#website\"},\"primaryImageOfPage\":{\"@id\":\"https:\\\/\\\/marktxxl.de\\\/markt\\\/produkt\\\/meidom-hollywood-spiegel-mit-beleuchtung-mit-usb-3-farbtemperatur-licht-15-dimmer-led-leuchten-touch-steuerung-schminkspiegel-hollywood-stil-weiss-58-x-46cm\\\/#primaryimage\"},\"image\":{\"@id\":\"https:\\\/\\\/marktxxl.de\\\/markt\\\/produkt\\\/meidom-hollywood-spiegel-mit-beleuchtung-mit-usb-3-farbtemperatur-licht-15-dimmer-led-leuchten-touch-steuerung-schminkspiegel-hollywood-stil-weiss-58-x-46cm\\\/#primaryimage\"},\"thumbnailUrl\":\"https:\\\/\\\/m.media-amazon.com\\\/images\\\/I\\\/418Kd4XHZML._SL500_.jpg\",\"datePublished\":\"2022-12-11T03:35:52+00:00\",\"dateModified\":\"2023-04-11T03:01:24+00:00\",\"description\":\"Markt-XXL Meidom Hollywood Spiegel mit Beleuchtung, mit USB, 3 Farbtemperatur Licht, 15 Dimmer-LED-Leuchten, Touch-Steuerung\u2026\",\"breadcrumb\":{\"@id\":\"https:\\\/\\\/marktxxl.de\\\/markt\\\/produkt\\\/meidom-hollywood-spiegel-mit-beleuchtung-mit-usb-3-farbtemperatur-licht-15-dimmer-led-leuchten-touch-steuerung-schminkspiegel-hollywood-stil-weiss-58-x-46cm\\\/#breadcrumb\"},\"inLanguage\":\"de\",\"potentialAction\":[{\"@type\":\"ReadAction\",\"target\":[\"https:\\\/\\\/marktxxl.de\\\/markt\\\/produkt\\\/meidom-hollywood-spiegel-mit-beleuchtung-mit-usb-3-farbtemperatur-licht-15-dimmer-led-leuchten-touch-steuerung-schminkspiegel-hollywood-stil-weiss-58-x-46cm\\\/\"]}]},{\"@type\":\"ImageObject\",\"inLanguage\":\"de\",\"@id\":\"https:\\\/\\\/marktxxl.de\\\/markt\\\/produkt\\\/meidom-hollywood-spiegel-mit-beleuchtung-mit-usb-3-farbtemperatur-licht-15-dimmer-led-leuchten-touch-steuerung-schminkspiegel-hollywood-stil-weiss-58-x-46cm\\\/#primaryimage\",\"url\":\"https:\\\/\\\/m.media-amazon.com\\\/images\\\/I\\\/418Kd4XHZML._SL500_.jpg\",\"contentUrl\":\"https:\\\/\\\/m.media-amazon.com\\\/images\\\/I\\\/418Kd4XHZML._SL500_.jpg\",\"width\":500,\"height\":500},{\"@type\":\"BreadcrumbList\",\"@id\":\"https:\\\/\\\/marktxxl.de\\\/markt\\\/produkt\\\/meidom-hollywood-spiegel-mit-beleuchtung-mit-usb-3-farbtemperatur-licht-15-dimmer-led-leuchten-touch-steuerung-schminkspiegel-hollywood-stil-weiss-58-x-46cm\\\/#breadcrumb\",\"itemListElement\":[{\"@type\":\"ListItem\",\"position\":1,\"name\":\"Startseite\",\"item\":\"https:\\\/\\\/marktxxl.de\\\/markt\\\/\"},{\"@type\":\"ListItem\",\"position\":2,\"name\":\"Markt\",\"item\":\"https:\\\/\\\/marktxxl.de\\\/markt\\\/\"},{\"@type\":\"ListItem\",\"position\":3,\"name\":\"Meidom Hollywood Spiegel mit Beleuchtung, mit USB, 3 Farbtemperatur Licht, 15 Dimmer-LED-Leuchten, Touch-Steuerung\u2026\"}]},{\"@type\":\"WebSite\",\"@id\":\"https:\\\/\\\/marktxxl.de\\\/markt\\\/#website\",\"url\":\"https:\\\/\\\/marktxxl.de\\\/markt\\\/\",\"name\":\"Markt-XXL\",\"description\":\"Ihr Markt Online\",\"publisher\":{\"@id\":\"https:\\\/\\\/marktxxl.de\\\/markt\\\/#organization\"},\"potentialAction\":[{\"@type\":\"SearchAction\",\"target\":{\"@type\":\"EntryPoint\",\"urlTemplate\":\"https:\\\/\\\/marktxxl.de\\\/markt\\\/?s={search_term_string}\"},\"query-input\":{\"@type\":\"PropertyValueSpecification\",\"valueRequired\":true,\"valueName\":\"search_term_string\"}}],\"inLanguage\":\"de\"},{\"@type\":\"Organization\",\"@id\":\"https:\\\/\\\/marktxxl.de\\\/markt\\\/#organization\",\"name\":\"Markt-XXL\",\"url\":\"https:\\\/\\\/marktxxl.de\\\/markt\\\/\",\"logo\":{\"@type\":\"ImageObject\",\"inLanguage\":\"de\",\"@id\":\"https:\\\/\\\/marktxxl.de\\\/markt\\\/#\\\/schema\\\/logo\\\/image\\\/\",\"url\":\"https:\\\/\\\/marktxxl.de\\\/markt\\\/wp-content\\\/uploads\\\/sites\\\/3\\\/2020\\\/12\\\/logo.png\",\"contentUrl\":\"https:\\\/\\\/marktxxl.de\\\/markt\\\/wp-content\\\/uploads\\\/sites\\\/3\\\/2020\\\/12\\\/logo.png\",\"width\":200,\"height\":70,\"caption\":\"Markt-XXL\"},\"image\":{\"@id\":\"https:\\\/\\\/marktxxl.de\\\/markt\\\/#\\\/schema\\\/logo\\\/image\\\/\"}}]}<\/script>\n<!-- \/ Yoast SEO plugin. -->","yoast_head_json":{"title":"Meidom Hollywood Spiegel mit Beleuchtung, mit USB, 3 Farbtemperatur Licht, 15 Dimmer-LED-Leuchten, Touch-Steuerung\u2026 - Markt-XXL","description":"Markt-XXL Meidom Hollywood Spiegel mit Beleuchtung, mit USB, 3 Farbtemperatur Licht, 15 Dimmer-LED-Leuchten, Touch-Steuerung\u2026","robots":{"index":"index","follow":"follow","max-snippet":"max-snippet:-1","max-image-preview":"max-image-preview:large","max-video-preview":"max-video-preview:-1"},"canonical":"https:\/\/marktxxl.de\/markt\/produkt\/meidom-hollywood-spiegel-mit-beleuchtung-mit-usb-3-farbtemperatur-licht-15-dimmer-led-leuchten-touch-steuerung-schminkspiegel-hollywood-stil-weiss-58-x-46cm\/","og_locale":"de_DE","og_type":"article","og_title":"Meidom Hollywood Spiegel mit Beleuchtung, mit USB, 3 Farbtemperatur Licht, 15 Dimmer-LED-Leuchten, Touch-Steuerung\u2026 - Markt-XXL","og_description":"Markt-XXL Meidom Hollywood Spiegel mit Beleuchtung, mit USB, 3 Farbtemperatur Licht, 15 Dimmer-LED-Leuchten, Touch-Steuerung\u2026","og_url":"https:\/\/marktxxl.de\/markt\/produkt\/meidom-hollywood-spiegel-mit-beleuchtung-mit-usb-3-farbtemperatur-licht-15-dimmer-led-leuchten-touch-steuerung-schminkspiegel-hollywood-stil-weiss-58-x-46cm\/","og_site_name":"Markt-XXL","article_modified_time":"2023-04-11T03:01:24+00:00","og_image":[{"width":500,"height":500,"url":"https:\/\/m.media-amazon.com\/images\/I\/418Kd4XHZML._SL500_.jpg","type":"image\/jpeg"}],"twitter_card":"summary_large_image","twitter_misc":{"Gesch\u00e4tzte Lesezeit":"1\u00a0Minute"},"schema":{"@context":"https:\/\/schema.org","@graph":[{"@type":"WebPage","@id":"https:\/\/marktxxl.de\/markt\/produkt\/meidom-hollywood-spiegel-mit-beleuchtung-mit-usb-3-farbtemperatur-licht-15-dimmer-led-leuchten-touch-steuerung-schminkspiegel-hollywood-stil-weiss-58-x-46cm\/","url":"https:\/\/marktxxl.de\/markt\/produkt\/meidom-hollywood-spiegel-mit-beleuchtung-mit-usb-3-farbtemperatur-licht-15-dimmer-led-leuchten-touch-steuerung-schminkspiegel-hollywood-stil-weiss-58-x-46cm\/","name":"Meidom Hollywood Spiegel mit Beleuchtung, mit USB, 3 Farbtemperatur Licht, 15 Dimmer-LED-Leuchten, Touch-Steuerung\u2026 - Markt-XXL","isPartOf":{"@id":"https:\/\/marktxxl.de\/markt\/#website"},"primaryImageOfPage":{"@id":"https:\/\/marktxxl.de\/markt\/produkt\/meidom-hollywood-spiegel-mit-beleuchtung-mit-usb-3-farbtemperatur-licht-15-dimmer-led-leuchten-touch-steuerung-schminkspiegel-hollywood-stil-weiss-58-x-46cm\/#primaryimage"},"image":{"@id":"https:\/\/marktxxl.de\/markt\/produkt\/meidom-hollywood-spiegel-mit-beleuchtung-mit-usb-3-farbtemperatur-licht-15-dimmer-led-leuchten-touch-steuerung-schminkspiegel-hollywood-stil-weiss-58-x-46cm\/#primaryimage"},"thumbnailUrl":"https:\/\/m.media-amazon.com\/images\/I\/418Kd4XHZML._SL500_.jpg","datePublished":"2022-12-11T03:35:52+00:00","dateModified":"2023-04-11T03:01:24+00:00","description":"Markt-XXL Meidom Hollywood Spiegel mit Beleuchtung, mit USB, 3 Farbtemperatur Licht, 15 Dimmer-LED-Leuchten, Touch-Steuerung\u2026","breadcrumb":{"@id":"https:\/\/marktxxl.de\/markt\/produkt\/meidom-hollywood-spiegel-mit-beleuchtung-mit-usb-3-farbtemperatur-licht-15-dimmer-led-leuchten-touch-steuerung-schminkspiegel-hollywood-stil-weiss-58-x-46cm\/#breadcrumb"},"inLanguage":"de","potentialAction":[{"@type":"ReadAction","target":["https:\/\/marktxxl.de\/markt\/produkt\/meidom-hollywood-spiegel-mit-beleuchtung-mit-usb-3-farbtemperatur-licht-15-dimmer-led-leuchten-touch-steuerung-schminkspiegel-hollywood-stil-weiss-58-x-46cm\/"]}]},{"@type":"ImageObject","inLanguage":"de","@id":"https:\/\/marktxxl.de\/markt\/produkt\/meidom-hollywood-spiegel-mit-beleuchtung-mit-usb-3-farbtemperatur-licht-15-dimmer-led-leuchten-touch-steuerung-schminkspiegel-hollywood-stil-weiss-58-x-46cm\/#primaryimage","url":"https:\/\/m.media-amazon.com\/images\/I\/418Kd4XHZML._SL500_.jpg","contentUrl":"https:\/\/m.media-amazon.com\/images\/I\/418Kd4XHZML._SL500_.jpg","width":500,"height":500},{"@type":"BreadcrumbList","@id":"https:\/\/marktxxl.de\/markt\/produkt\/meidom-hollywood-spiegel-mit-beleuchtung-mit-usb-3-farbtemperatur-licht-15-dimmer-led-leuchten-touch-steuerung-schminkspiegel-hollywood-stil-weiss-58-x-46cm\/#breadcrumb","itemListElement":[{"@type":"ListItem","position":1,"name":"Startseite","item":"https:\/\/marktxxl.de\/markt\/"},{"@type":"ListItem","position":2,"name":"Markt","item":"https:\/\/marktxxl.de\/markt\/"},{"@type":"ListItem","position":3,"name":"Meidom Hollywood Spiegel mit Beleuchtung, mit USB, 3 Farbtemperatur Licht, 15 Dimmer-LED-Leuchten, Touch-Steuerung\u2026"}]},{"@type":"WebSite","@id":"https:\/\/marktxxl.de\/markt\/#website","url":"https:\/\/marktxxl.de\/markt\/","name":"Markt-XXL","description":"Ihr Markt Online","publisher":{"@id":"https:\/\/marktxxl.de\/markt\/#organization"},"potentialAction":[{"@type":"SearchAction","target":{"@type":"EntryPoint","urlTemplate":"https:\/\/marktxxl.de\/markt\/?s={search_term_string}"},"query-input":{"@type":"PropertyValueSpecification","valueRequired":true,"valueName":"search_term_string"}}],"inLanguage":"de"},{"@type":"Organization","@id":"https:\/\/marktxxl.de\/markt\/#organization","name":"Markt-XXL","url":"https:\/\/marktxxl.de\/markt\/","logo":{"@type":"ImageObject","inLanguage":"de","@id":"https:\/\/marktxxl.de\/markt\/#\/schema\/logo\/image\/","url":"https:\/\/marktxxl.de\/markt\/wp-content\/uploads\/sites\/3\/2020\/12\/logo.png","contentUrl":"https:\/\/marktxxl.de\/markt\/wp-content\/uploads\/sites\/3\/2020\/12\/logo.png","width":200,"height":70,"caption":"Markt-XXL"},"image":{"@id":"https:\/\/marktxxl.de\/markt\/#\/schema\/logo\/image\/"}}]}},"_links":{"self":[{"href":"https:\/\/marktxxl.de\/markt\/wp-json\/wp\/v2\/product\/172875","targetHints":{"allow":["GET"]}}],"collection":[{"href":"https:\/\/marktxxl.de\/markt\/wp-json\/wp\/v2\/product"}],"about":[{"href":"https:\/\/marktxxl.de\/markt\/wp-json\/wp\/v2\/types\/product"}],"replies":[{"embeddable":true,"href":"https:\/\/marktxxl.de\/markt\/wp-json\/wp\/v2\/comments?post=172875"}],"wp:featuredmedia":[{"embeddable":true,"href":"https:\/\/marktxxl.de\/markt\/wp-json\/wp\/v2\/media\/172876"}],"wp:attachment":[{"href":"https:\/\/marktxxl.de\/markt\/wp-json\/wp\/v2\/media?parent=172875"}],"wp:term":[{"taxonomy":"product_brand","embeddable":true,"href":"https:\/\/marktxxl.de\/markt\/wp-json\/wp\/v2\/product_brand?post=172875"},{"taxonomy":"product_cat","embeddable":true,"href":"https:\/\/marktxxl.de\/markt\/wp-json\/wp\/v2\/product_cat?post=172875"},{"taxonomy":"product_tag","embeddable":true,"href":"https:\/\/marktxxl.de\/markt\/wp-json\/wp\/v2\/product_tag?post=172875"}],"curies":[{"name":"wp","href":"https:\/\/api.w.org\/{rel}","templated":true}]}}