{"id":172203,"date":"2022-12-11T03:32:11","date_gmt":"2022-12-11T02:32:11","guid":{"rendered":"https:\/\/marktxxl.de\/markt\/produkt\/2-stueck-tuerknopf-duschtuerknopf-tuerknauf-dusche-griff-knopf-dusche-griff-tuerklinken-tuergriff-aus-edelstahl-fuer-duschtuer-glastueren\/"},"modified":"2023-04-11T05:00:23","modified_gmt":"2023-04-11T03:00:23","slug":"2-stueck-tuerknopf-duschtuerknopf-tuerknauf-dusche-griff-knopf-dusche-griff-tuerklinken-tuergriff-aus-edelstahl-fuer-duschtuer-glastueren","status":"publish","type":"product","link":"https:\/\/marktxxl.de\/markt\/produkt\/2-stueck-tuerknopf-duschtuerknopf-tuerknauf-dusche-griff-knopf-dusche-griff-tuerklinken-tuergriff-aus-edelstahl-fuer-duschtuer-glastueren\/","title":{"rendered":"2 St\u00fcck T\u00fcrknopf Duscht\u00fcrknopf T\u00fcrknauf Dusche Griff Knopf Dusche-Griff T\u00fcrklinken T\u00fcrgriff aus Edelstahl f\u00fcr Duscht\u00fcr\u2026"},"content":{"rendered":"<p>\u3010Edelstahl-Material\u3011 Diese Duscht\u00fcrgriffe aus strapazierf\u00e4higem massivem Edelstahl rosten auch bei l\u00e4ngerem Gebrauch nicht; Poliertes Chrom sieht gut aus, hat keine scharfen Kanten<br \/>\n\u3010Elegantes Design\u3011 Einfache, aber strukturierte Griffe mit einer Rille zum leichten Ziehen und Dr\u00fccken bieten mehr Komfort bei der Verwendung. Jede Packung wird mit Kunststoffscheiben geliefert, um Ihr Glas vor Kratzern zu sch\u00fctzen. Am meisten benutzt in den meisten Glast\u00fcren im Haus oder im B\u00fcro, in der Badezimmert\u00fcr, im Druck und in der Zugt\u00fcr und so weiter<br \/>\n\u3010Einfache Installation\u3011 Bohren Sie ein Loch f\u00fcr Ihre Glast\u00fcr und ziehen Sie den Griffknopf mit der Schraube fest. Tipps: Die L\u00e4nge der Schraube ist f\u00fcr die Dicke der Glast\u00fcr 4-12 mm geeignet, daher muss sie auf beiden Seiten geschraubt werden, um den L\u00e4ngenunterschied zu vermeiden<br \/>\n\u3010Gr\u00f6\u00dfe\u3011 Knopfdurchmesser: 30 mm; H\u00f6he: 63mm; Gr\u00f6\u00dfe der Feststellschraube: 30 x 7,5 mm (L\u00e4nge x Durchmesser); Dieser Duschwandknopf ist f\u00fcr Glast\u00fcrst\u00e4rken von 4 bis 12 mm geeignet. Und das Loch ca. 8-9 mm. Durch die geringe Gr\u00f6\u00dfe sparen Sie mehr Platz beim Duschen<br \/>\n\u3010Menge\u3011 Schlie\u00dfen Sie 2 Satz jedes Paket ein; Farbe silber. Perfekt f\u00fcr das Ersetzen von kaputten D-Griffen auf gekr\u00fcmmten Duschw\u00e4nden, da sie das zweite Loch des D-Griffs ausf\u00fcllen k\u00f6nnen!<br \/>\n<div class=\"main-cross-sell\" data-asin=\"B07YJLWWCB\">\n\n\t<div class=\"WooZone-cross-sell-loader\">\n\t\t<div>\n\t\t\t<div id=\"floatingBarsG\">\n\t\t\t\t<div class=\"blockG\" id=\"rotateG_01\"><\/div>\n\t\t\t\t<div class=\"blockG\" id=\"rotateG_02\"><\/div>\n\t\t\t\t<div class=\"blockG\" id=\"rotateG_03\"><\/div>\n\t\t\t\t<div class=\"blockG\" id=\"rotateG_04\"><\/div>\n\t\t\t\t<div class=\"blockG\" id=\"rotateG_05\"><\/div>\n\t\t\t\t<div class=\"blockG\" id=\"rotateG_06\"><\/div>\n\t\t\t\t<div class=\"blockG\" id=\"rotateG_07\"><\/div>\n\t\t\t\t<div class=\"blockG\" id=\"rotateG_08\"><\/div>\n\t\t\t<\/div>\n\t\t\t<div class=\"WooZone-cross-sell-loader-text\"><\/div>\n\t\t<\/div>\n\t<\/div>\n\n\t\t\n<\/div>\n<div style=\"clear:both;\"><\/div><\/p>\n","protected":false},"excerpt":{"rendered":"<p>\u3010Edelstahl-Material\u3011 Diese Duscht\u00fcrgriffe aus strapazierf\u00e4higem massivem Edelstahl rosten auch bei l\u00e4ngerem Gebrauch nicht; Poliertes Chrom sieht gut aus, hat keine scharfen Kanten<br \/>\n\u3010Elegantes Design\u3011 Einfache, aber strukturierte Griffe mit einer Rille zum leichten Ziehen und Dr\u00fccken bieten mehr Komfort bei der Verwendung. Jede Packung wird mit Kunststoffscheiben geliefert, um Ihr Glas vor Kratzern zu sch\u00fctzen. Am meisten benutzt in den meisten Glast\u00fcren im Haus oder im B\u00fcro, in der Badezimmert\u00fcr, im Druck und in der Zugt\u00fcr und so weiter<br \/>\n\u3010Einfache Installation\u3011 Bohren Sie ein Loch f\u00fcr Ihre Glast\u00fcr und ziehen Sie den Griffknopf mit der Schraube fest. Tipps: Die L\u00e4nge der Schraube ist f\u00fcr die Dicke der Glast\u00fcr 4-12 mm geeignet, daher muss sie auf beiden Seiten geschraubt werden, um den L\u00e4ngenunterschied zu vermeiden<\/p>\n","protected":false},"featured_media":172204,"comment_status":"open","ping_status":"closed","template":"","meta":[],"product_brand":[],"product_cat":[1983,11101],"product_tag":[],"class_list":{"0":"post-172203","1":"product","2":"type-product","3":"status-publish","4":"has-post-thumbnail","6":"product_cat-baumarkt","7":"product_cat-kuechen-badinstallation","8":"pa_brand-busch-jaeger-3","9":"pa_brand-caili","10":"pa_height-0-00393700787-zoll","11":"pa_length-1-181102361-zoll","12":"pa_manufacturer-caili","13":"pa_size-63x30cm-hoehe-x-durchmesser","14":"pa_width-0-2755905509-zoll","16":"first","17":"instock","18":"shipping-taxable","19":"purchasable","20":"product-type-simple","21":"customify-col","22":"product-has-gallery"},"yoast_head":"<!-- This site is optimized with the Yoast SEO plugin v27.4 - https:\/\/yoast.com\/product\/yoast-seo-wordpress\/ -->\n<title>2 St\u00fcck T\u00fcrknopf Duscht\u00fcrknopf T\u00fcrknauf Dusche Griff Knopf Dusche-Griff T\u00fcrklinken T\u00fcrgriff aus Edelstahl f\u00fcr Duscht\u00fcr\u2026 - Markt-XXL<\/title>\n<meta name=\"description\" content=\"Markt-XXL 2 St\u00fcck T\u00fcrknopf Duscht\u00fcrknopf T\u00fcrknauf Dusche Griff Knopf Dusche-Griff T\u00fcrklinken T\u00fcrgriff aus Edelstahl f\u00fcr Duscht\u00fcr\u2026\" \/>\n<meta name=\"robots\" content=\"index, follow, max-snippet:-1, max-image-preview:large, max-video-preview:-1\" \/>\n<link rel=\"canonical\" href=\"https:\/\/marktxxl.de\/markt\/produkt\/2-stueck-tuerknopf-duschtuerknopf-tuerknauf-dusche-griff-knopf-dusche-griff-tuerklinken-tuergriff-aus-edelstahl-fuer-duschtuer-glastueren\/\" \/>\n<meta property=\"og:locale\" content=\"de_DE\" \/>\n<meta property=\"og:type\" content=\"article\" \/>\n<meta property=\"og:title\" content=\"2 St\u00fcck T\u00fcrknopf Duscht\u00fcrknopf T\u00fcrknauf Dusche Griff Knopf Dusche-Griff T\u00fcrklinken T\u00fcrgriff aus Edelstahl f\u00fcr Duscht\u00fcr\u2026 - Markt-XXL\" \/>\n<meta property=\"og:description\" content=\"Markt-XXL 2 St\u00fcck T\u00fcrknopf Duscht\u00fcrknopf T\u00fcrknauf Dusche Griff Knopf Dusche-Griff T\u00fcrklinken T\u00fcrgriff aus Edelstahl f\u00fcr Duscht\u00fcr\u2026\" \/>\n<meta property=\"og:url\" content=\"https:\/\/marktxxl.de\/markt\/produkt\/2-stueck-tuerknopf-duschtuerknopf-tuerknauf-dusche-griff-knopf-dusche-griff-tuerklinken-tuergriff-aus-edelstahl-fuer-duschtuer-glastueren\/\" \/>\n<meta property=\"og:site_name\" content=\"Markt-XXL\" \/>\n<meta property=\"article:modified_time\" content=\"2023-04-11T03:00:23+00:00\" \/>\n<meta property=\"og:image\" content=\"https:\/\/m.media-amazon.com\/images\/I\/41zZaOor9bL._SL500_.jpg\" \/>\n\t<meta property=\"og:image:width\" content=\"500\" \/>\n\t<meta property=\"og:image:height\" content=\"500\" \/>\n\t<meta property=\"og:image:type\" content=\"image\/jpeg\" \/>\n<meta name=\"twitter:card\" content=\"summary_large_image\" \/>\n<meta name=\"twitter:label1\" content=\"Gesch\u00e4tzte Lesezeit\" \/>\n\t<meta name=\"twitter:data1\" content=\"1\u00a0Minute\" \/>\n<script type=\"application\/ld+json\" class=\"yoast-schema-graph\">{\"@context\":\"https:\\\/\\\/schema.org\",\"@graph\":[{\"@type\":\"WebPage\",\"@id\":\"https:\\\/\\\/marktxxl.de\\\/markt\\\/produkt\\\/2-stueck-tuerknopf-duschtuerknopf-tuerknauf-dusche-griff-knopf-dusche-griff-tuerklinken-tuergriff-aus-edelstahl-fuer-duschtuer-glastueren\\\/\",\"url\":\"https:\\\/\\\/marktxxl.de\\\/markt\\\/produkt\\\/2-stueck-tuerknopf-duschtuerknopf-tuerknauf-dusche-griff-knopf-dusche-griff-tuerklinken-tuergriff-aus-edelstahl-fuer-duschtuer-glastueren\\\/\",\"name\":\"2 St\u00fcck T\u00fcrknopf Duscht\u00fcrknopf T\u00fcrknauf Dusche Griff Knopf Dusche-Griff T\u00fcrklinken T\u00fcrgriff aus Edelstahl f\u00fcr Duscht\u00fcr\u2026 - Markt-XXL\",\"isPartOf\":{\"@id\":\"https:\\\/\\\/marktxxl.de\\\/markt\\\/#website\"},\"primaryImageOfPage\":{\"@id\":\"https:\\\/\\\/marktxxl.de\\\/markt\\\/produkt\\\/2-stueck-tuerknopf-duschtuerknopf-tuerknauf-dusche-griff-knopf-dusche-griff-tuerklinken-tuergriff-aus-edelstahl-fuer-duschtuer-glastueren\\\/#primaryimage\"},\"image\":{\"@id\":\"https:\\\/\\\/marktxxl.de\\\/markt\\\/produkt\\\/2-stueck-tuerknopf-duschtuerknopf-tuerknauf-dusche-griff-knopf-dusche-griff-tuerklinken-tuergriff-aus-edelstahl-fuer-duschtuer-glastueren\\\/#primaryimage\"},\"thumbnailUrl\":\"https:\\\/\\\/m.media-amazon.com\\\/images\\\/I\\\/41zZaOor9bL._SL500_.jpg\",\"datePublished\":\"2022-12-11T02:32:11+00:00\",\"dateModified\":\"2023-04-11T03:00:23+00:00\",\"description\":\"Markt-XXL 2 St\u00fcck T\u00fcrknopf Duscht\u00fcrknopf T\u00fcrknauf Dusche Griff Knopf Dusche-Griff T\u00fcrklinken T\u00fcrgriff aus Edelstahl f\u00fcr Duscht\u00fcr\u2026\",\"breadcrumb\":{\"@id\":\"https:\\\/\\\/marktxxl.de\\\/markt\\\/produkt\\\/2-stueck-tuerknopf-duschtuerknopf-tuerknauf-dusche-griff-knopf-dusche-griff-tuerklinken-tuergriff-aus-edelstahl-fuer-duschtuer-glastueren\\\/#breadcrumb\"},\"inLanguage\":\"de\",\"potentialAction\":[{\"@type\":\"ReadAction\",\"target\":[\"https:\\\/\\\/marktxxl.de\\\/markt\\\/produkt\\\/2-stueck-tuerknopf-duschtuerknopf-tuerknauf-dusche-griff-knopf-dusche-griff-tuerklinken-tuergriff-aus-edelstahl-fuer-duschtuer-glastueren\\\/\"]}]},{\"@type\":\"ImageObject\",\"inLanguage\":\"de\",\"@id\":\"https:\\\/\\\/marktxxl.de\\\/markt\\\/produkt\\\/2-stueck-tuerknopf-duschtuerknopf-tuerknauf-dusche-griff-knopf-dusche-griff-tuerklinken-tuergriff-aus-edelstahl-fuer-duschtuer-glastueren\\\/#primaryimage\",\"url\":\"https:\\\/\\\/m.media-amazon.com\\\/images\\\/I\\\/41zZaOor9bL._SL500_.jpg\",\"contentUrl\":\"https:\\\/\\\/m.media-amazon.com\\\/images\\\/I\\\/41zZaOor9bL._SL500_.jpg\",\"width\":500,\"height\":500},{\"@type\":\"BreadcrumbList\",\"@id\":\"https:\\\/\\\/marktxxl.de\\\/markt\\\/produkt\\\/2-stueck-tuerknopf-duschtuerknopf-tuerknauf-dusche-griff-knopf-dusche-griff-tuerklinken-tuergriff-aus-edelstahl-fuer-duschtuer-glastueren\\\/#breadcrumb\",\"itemListElement\":[{\"@type\":\"ListItem\",\"position\":1,\"name\":\"Startseite\",\"item\":\"https:\\\/\\\/marktxxl.de\\\/markt\\\/\"},{\"@type\":\"ListItem\",\"position\":2,\"name\":\"Markt\",\"item\":\"https:\\\/\\\/marktxxl.de\\\/markt\\\/\"},{\"@type\":\"ListItem\",\"position\":3,\"name\":\"2 St\u00fcck T\u00fcrknopf Duscht\u00fcrknopf T\u00fcrknauf Dusche Griff Knopf Dusche-Griff T\u00fcrklinken T\u00fcrgriff aus Edelstahl f\u00fcr Duscht\u00fcr\u2026\"}]},{\"@type\":\"WebSite\",\"@id\":\"https:\\\/\\\/marktxxl.de\\\/markt\\\/#website\",\"url\":\"https:\\\/\\\/marktxxl.de\\\/markt\\\/\",\"name\":\"Markt-XXL\",\"description\":\"Ihr Markt Online\",\"publisher\":{\"@id\":\"https:\\\/\\\/marktxxl.de\\\/markt\\\/#organization\"},\"potentialAction\":[{\"@type\":\"SearchAction\",\"target\":{\"@type\":\"EntryPoint\",\"urlTemplate\":\"https:\\\/\\\/marktxxl.de\\\/markt\\\/?s={search_term_string}\"},\"query-input\":{\"@type\":\"PropertyValueSpecification\",\"valueRequired\":true,\"valueName\":\"search_term_string\"}}],\"inLanguage\":\"de\"},{\"@type\":\"Organization\",\"@id\":\"https:\\\/\\\/marktxxl.de\\\/markt\\\/#organization\",\"name\":\"Markt-XXL\",\"url\":\"https:\\\/\\\/marktxxl.de\\\/markt\\\/\",\"logo\":{\"@type\":\"ImageObject\",\"inLanguage\":\"de\",\"@id\":\"https:\\\/\\\/marktxxl.de\\\/markt\\\/#\\\/schema\\\/logo\\\/image\\\/\",\"url\":\"https:\\\/\\\/marktxxl.de\\\/markt\\\/wp-content\\\/uploads\\\/sites\\\/3\\\/2020\\\/12\\\/logo.png\",\"contentUrl\":\"https:\\\/\\\/marktxxl.de\\\/markt\\\/wp-content\\\/uploads\\\/sites\\\/3\\\/2020\\\/12\\\/logo.png\",\"width\":200,\"height\":70,\"caption\":\"Markt-XXL\"},\"image\":{\"@id\":\"https:\\\/\\\/marktxxl.de\\\/markt\\\/#\\\/schema\\\/logo\\\/image\\\/\"}}]}<\/script>\n<!-- \/ Yoast SEO plugin. -->","yoast_head_json":{"title":"2 St\u00fcck T\u00fcrknopf Duscht\u00fcrknopf T\u00fcrknauf Dusche Griff Knopf Dusche-Griff T\u00fcrklinken T\u00fcrgriff aus Edelstahl f\u00fcr Duscht\u00fcr\u2026 - Markt-XXL","description":"Markt-XXL 2 St\u00fcck T\u00fcrknopf Duscht\u00fcrknopf T\u00fcrknauf Dusche Griff Knopf Dusche-Griff T\u00fcrklinken T\u00fcrgriff aus Edelstahl f\u00fcr Duscht\u00fcr\u2026","robots":{"index":"index","follow":"follow","max-snippet":"max-snippet:-1","max-image-preview":"max-image-preview:large","max-video-preview":"max-video-preview:-1"},"canonical":"https:\/\/marktxxl.de\/markt\/produkt\/2-stueck-tuerknopf-duschtuerknopf-tuerknauf-dusche-griff-knopf-dusche-griff-tuerklinken-tuergriff-aus-edelstahl-fuer-duschtuer-glastueren\/","og_locale":"de_DE","og_type":"article","og_title":"2 St\u00fcck T\u00fcrknopf Duscht\u00fcrknopf T\u00fcrknauf Dusche Griff Knopf Dusche-Griff T\u00fcrklinken T\u00fcrgriff aus Edelstahl f\u00fcr Duscht\u00fcr\u2026 - Markt-XXL","og_description":"Markt-XXL 2 St\u00fcck T\u00fcrknopf Duscht\u00fcrknopf T\u00fcrknauf Dusche Griff Knopf Dusche-Griff T\u00fcrklinken T\u00fcrgriff aus Edelstahl f\u00fcr Duscht\u00fcr\u2026","og_url":"https:\/\/marktxxl.de\/markt\/produkt\/2-stueck-tuerknopf-duschtuerknopf-tuerknauf-dusche-griff-knopf-dusche-griff-tuerklinken-tuergriff-aus-edelstahl-fuer-duschtuer-glastueren\/","og_site_name":"Markt-XXL","article_modified_time":"2023-04-11T03:00:23+00:00","og_image":[{"width":500,"height":500,"url":"https:\/\/m.media-amazon.com\/images\/I\/41zZaOor9bL._SL500_.jpg","type":"image\/jpeg"}],"twitter_card":"summary_large_image","twitter_misc":{"Gesch\u00e4tzte Lesezeit":"1\u00a0Minute"},"schema":{"@context":"https:\/\/schema.org","@graph":[{"@type":"WebPage","@id":"https:\/\/marktxxl.de\/markt\/produkt\/2-stueck-tuerknopf-duschtuerknopf-tuerknauf-dusche-griff-knopf-dusche-griff-tuerklinken-tuergriff-aus-edelstahl-fuer-duschtuer-glastueren\/","url":"https:\/\/marktxxl.de\/markt\/produkt\/2-stueck-tuerknopf-duschtuerknopf-tuerknauf-dusche-griff-knopf-dusche-griff-tuerklinken-tuergriff-aus-edelstahl-fuer-duschtuer-glastueren\/","name":"2 St\u00fcck T\u00fcrknopf Duscht\u00fcrknopf T\u00fcrknauf Dusche Griff Knopf Dusche-Griff T\u00fcrklinken T\u00fcrgriff aus Edelstahl f\u00fcr Duscht\u00fcr\u2026 - Markt-XXL","isPartOf":{"@id":"https:\/\/marktxxl.de\/markt\/#website"},"primaryImageOfPage":{"@id":"https:\/\/marktxxl.de\/markt\/produkt\/2-stueck-tuerknopf-duschtuerknopf-tuerknauf-dusche-griff-knopf-dusche-griff-tuerklinken-tuergriff-aus-edelstahl-fuer-duschtuer-glastueren\/#primaryimage"},"image":{"@id":"https:\/\/marktxxl.de\/markt\/produkt\/2-stueck-tuerknopf-duschtuerknopf-tuerknauf-dusche-griff-knopf-dusche-griff-tuerklinken-tuergriff-aus-edelstahl-fuer-duschtuer-glastueren\/#primaryimage"},"thumbnailUrl":"https:\/\/m.media-amazon.com\/images\/I\/41zZaOor9bL._SL500_.jpg","datePublished":"2022-12-11T02:32:11+00:00","dateModified":"2023-04-11T03:00:23+00:00","description":"Markt-XXL 2 St\u00fcck T\u00fcrknopf Duscht\u00fcrknopf T\u00fcrknauf Dusche Griff Knopf Dusche-Griff T\u00fcrklinken T\u00fcrgriff aus Edelstahl f\u00fcr Duscht\u00fcr\u2026","breadcrumb":{"@id":"https:\/\/marktxxl.de\/markt\/produkt\/2-stueck-tuerknopf-duschtuerknopf-tuerknauf-dusche-griff-knopf-dusche-griff-tuerklinken-tuergriff-aus-edelstahl-fuer-duschtuer-glastueren\/#breadcrumb"},"inLanguage":"de","potentialAction":[{"@type":"ReadAction","target":["https:\/\/marktxxl.de\/markt\/produkt\/2-stueck-tuerknopf-duschtuerknopf-tuerknauf-dusche-griff-knopf-dusche-griff-tuerklinken-tuergriff-aus-edelstahl-fuer-duschtuer-glastueren\/"]}]},{"@type":"ImageObject","inLanguage":"de","@id":"https:\/\/marktxxl.de\/markt\/produkt\/2-stueck-tuerknopf-duschtuerknopf-tuerknauf-dusche-griff-knopf-dusche-griff-tuerklinken-tuergriff-aus-edelstahl-fuer-duschtuer-glastueren\/#primaryimage","url":"https:\/\/m.media-amazon.com\/images\/I\/41zZaOor9bL._SL500_.jpg","contentUrl":"https:\/\/m.media-amazon.com\/images\/I\/41zZaOor9bL._SL500_.jpg","width":500,"height":500},{"@type":"BreadcrumbList","@id":"https:\/\/marktxxl.de\/markt\/produkt\/2-stueck-tuerknopf-duschtuerknopf-tuerknauf-dusche-griff-knopf-dusche-griff-tuerklinken-tuergriff-aus-edelstahl-fuer-duschtuer-glastueren\/#breadcrumb","itemListElement":[{"@type":"ListItem","position":1,"name":"Startseite","item":"https:\/\/marktxxl.de\/markt\/"},{"@type":"ListItem","position":2,"name":"Markt","item":"https:\/\/marktxxl.de\/markt\/"},{"@type":"ListItem","position":3,"name":"2 St\u00fcck T\u00fcrknopf Duscht\u00fcrknopf T\u00fcrknauf Dusche Griff Knopf Dusche-Griff T\u00fcrklinken T\u00fcrgriff aus Edelstahl f\u00fcr Duscht\u00fcr\u2026"}]},{"@type":"WebSite","@id":"https:\/\/marktxxl.de\/markt\/#website","url":"https:\/\/marktxxl.de\/markt\/","name":"Markt-XXL","description":"Ihr Markt Online","publisher":{"@id":"https:\/\/marktxxl.de\/markt\/#organization"},"potentialAction":[{"@type":"SearchAction","target":{"@type":"EntryPoint","urlTemplate":"https:\/\/marktxxl.de\/markt\/?s={search_term_string}"},"query-input":{"@type":"PropertyValueSpecification","valueRequired":true,"valueName":"search_term_string"}}],"inLanguage":"de"},{"@type":"Organization","@id":"https:\/\/marktxxl.de\/markt\/#organization","name":"Markt-XXL","url":"https:\/\/marktxxl.de\/markt\/","logo":{"@type":"ImageObject","inLanguage":"de","@id":"https:\/\/marktxxl.de\/markt\/#\/schema\/logo\/image\/","url":"https:\/\/marktxxl.de\/markt\/wp-content\/uploads\/sites\/3\/2020\/12\/logo.png","contentUrl":"https:\/\/marktxxl.de\/markt\/wp-content\/uploads\/sites\/3\/2020\/12\/logo.png","width":200,"height":70,"caption":"Markt-XXL"},"image":{"@id":"https:\/\/marktxxl.de\/markt\/#\/schema\/logo\/image\/"}}]}},"_links":{"self":[{"href":"https:\/\/marktxxl.de\/markt\/wp-json\/wp\/v2\/product\/172203","targetHints":{"allow":["GET"]}}],"collection":[{"href":"https:\/\/marktxxl.de\/markt\/wp-json\/wp\/v2\/product"}],"about":[{"href":"https:\/\/marktxxl.de\/markt\/wp-json\/wp\/v2\/types\/product"}],"replies":[{"embeddable":true,"href":"https:\/\/marktxxl.de\/markt\/wp-json\/wp\/v2\/comments?post=172203"}],"wp:featuredmedia":[{"embeddable":true,"href":"https:\/\/marktxxl.de\/markt\/wp-json\/wp\/v2\/media\/172204"}],"wp:attachment":[{"href":"https:\/\/marktxxl.de\/markt\/wp-json\/wp\/v2\/media?parent=172203"}],"wp:term":[{"taxonomy":"product_brand","embeddable":true,"href":"https:\/\/marktxxl.de\/markt\/wp-json\/wp\/v2\/product_brand?post=172203"},{"taxonomy":"product_cat","embeddable":true,"href":"https:\/\/marktxxl.de\/markt\/wp-json\/wp\/v2\/product_cat?post=172203"},{"taxonomy":"product_tag","embeddable":true,"href":"https:\/\/marktxxl.de\/markt\/wp-json\/wp\/v2\/product_tag?post=172203"}],"curies":[{"name":"wp","href":"https:\/\/api.w.org\/{rel}","templated":true}]}}