{"id":172085,"date":"2022-12-11T02:58:51","date_gmt":"2022-12-11T01:58:51","guid":{"rendered":"https:\/\/marktxxl.de\/markt\/produkt\/enjoynight-nachthemd-damen-kurzarm-stillnachthemd-nachtwaesche-knopfleiste-schlafshirt-tie-dye-sleepshirt\/"},"modified":"2023-04-08T04:29:15","modified_gmt":"2023-04-08T02:29:15","slug":"enjoynight-nachthemd-damen-kurzarm-stillnachthemd-nachtwaesche-knopfleiste-schlafshirt-tie-dye-sleepshirt","status":"publish","type":"product","link":"https:\/\/marktxxl.de\/markt\/produkt\/enjoynight-nachthemd-damen-kurzarm-stillnachthemd-nachtwaesche-knopfleiste-schlafshirt-tie-dye-sleepshirt\/","title":{"rendered":"ENJOYNIGHT Nachthemd Damen Kurzarm Stillnachthemd Nachtw\u00e4sche Knopfleiste Schlafshirt Tie Dye Sleepshirt"},"content":{"rendered":"<p>Leicht und bequem: Dieses einzigartige Batik-Nachthemd besteht aus 60 % Baumwolle und 40 % Spandex, was sehr weich und bequem ist<br \/>\nEigenschaften: Tie-Dye ist nicht nur hell gef\u00e4rbt, sondern verursacht auch keine schlimmen Reizungen der Haut oder des Babys. Dieses Pyjamakleid wird Ihr Leben gl\u00fccklich und lustig machen<br \/>\nFunktional: Rundhals-Design, offener Knopf, auch bei Schlafmangel, kann ein komfortables und bequemes Stillen aufrechterhalten. Es ist eine gute Wahl in der fr\u00fchen Schwangerschaft und Stillzeit<br \/>\nL\u00e4ssig &amp; modisch: Dieses kurz\u00e4rmlige schlafshirt mit Batikdruck ist einer der modischsten Drucke. Sie werden sich k\u00fchl und bel\u00fcftet f\u00fchlen, wenn Sie im hei\u00dfen Sommer schlafen. Sie k\u00f6nnen es auch zum Shoppen tragen, absolut l\u00e4ssig und modisch<br \/>\nTolles Geschenk: Diese weiche, lockere und vielseitige Nachtw\u00e4sche k\u00f6nnen Sie Ihrer schwangeren Frau, Freundin oder Freundin schenken, die dieses einzigartige und stilvolle Umstandsschlafkleid lieben wird<br \/>\n<div class=\"main-cross-sell\" data-asin=\"B0B466KD86\">\n\n\t<div class=\"WooZone-cross-sell-loader\">\n\t\t<div>\n\t\t\t<div id=\"floatingBarsG\">\n\t\t\t\t<div class=\"blockG\" id=\"rotateG_01\"><\/div>\n\t\t\t\t<div class=\"blockG\" id=\"rotateG_02\"><\/div>\n\t\t\t\t<div class=\"blockG\" id=\"rotateG_03\"><\/div>\n\t\t\t\t<div class=\"blockG\" id=\"rotateG_04\"><\/div>\n\t\t\t\t<div class=\"blockG\" id=\"rotateG_05\"><\/div>\n\t\t\t\t<div class=\"blockG\" id=\"rotateG_06\"><\/div>\n\t\t\t\t<div class=\"blockG\" id=\"rotateG_07\"><\/div>\n\t\t\t\t<div class=\"blockG\" id=\"rotateG_08\"><\/div>\n\t\t\t<\/div>\n\t\t\t<div class=\"WooZone-cross-sell-loader-text\"><\/div>\n\t\t<\/div>\n\t<\/div>\n\n\t\t\n<\/div>\n<div style=\"clear:both;\"><\/div><\/p>\n","protected":false},"excerpt":{"rendered":"<p>Leicht und bequem: Dieses einzigartige Batik-Nachthemd besteht aus 60 % Baumwolle und 40 % Spandex, was sehr weich und bequem ist<br \/>\nEigenschaften: Tie-Dye ist nicht nur hell gef\u00e4rbt, sondern verursacht auch keine schlimmen Reizungen der Haut oder des Babys. Dieses Pyjamakleid wird Ihr Leben gl\u00fccklich und lustig machen<br \/>\nFunktional: Rundhals-Design, offener Knopf, auch bei Schlafmangel, kann ein komfortables und bequemes Stillen aufrechterhalten. Es ist eine gute Wahl in der fr\u00fchen Schwangerschaft und Stillzeit<\/p>\n","protected":false},"featured_media":172086,"comment_status":"open","ping_status":"closed","template":"","meta":[],"product_brand":[],"product_cat":[21,9478],"product_tag":[],"class_list":{"0":"post-172085","1":"product","2":"type-product","3":"status-publish","4":"has-post-thumbnail","6":"product_cat-baby","7":"product_cat-umstandskleidung-baby","8":"pa_brand-enjoynight","9":"pa_manufacturer-no","11":"first","12":"instock","13":"shipping-taxable","14":"purchasable","15":"product-type-simple","16":"customify-col","17":"product-has-gallery"},"yoast_head":"<!-- This site is optimized with the Yoast SEO plugin v27.4 - https:\/\/yoast.com\/product\/yoast-seo-wordpress\/ -->\n<title>ENJOYNIGHT Nachthemd Damen Kurzarm Stillnachthemd Nachtw\u00e4sche Knopfleiste Schlafshirt Tie Dye Sleepshirt - Markt-XXL<\/title>\n<meta name=\"description\" content=\"Markt-XXL ENJOYNIGHT Nachthemd Damen Kurzarm Stillnachthemd Nachtw\u00e4sche Knopfleiste Schlafshirt Tie Dye Sleepshirt\" \/>\n<meta name=\"robots\" content=\"index, follow, max-snippet:-1, max-image-preview:large, max-video-preview:-1\" \/>\n<link rel=\"canonical\" href=\"https:\/\/marktxxl.de\/markt\/produkt\/enjoynight-nachthemd-damen-kurzarm-stillnachthemd-nachtwaesche-knopfleiste-schlafshirt-tie-dye-sleepshirt\/\" \/>\n<meta property=\"og:locale\" content=\"de_DE\" \/>\n<meta property=\"og:type\" content=\"article\" \/>\n<meta property=\"og:title\" content=\"ENJOYNIGHT Nachthemd Damen Kurzarm Stillnachthemd Nachtw\u00e4sche Knopfleiste Schlafshirt Tie Dye Sleepshirt - Markt-XXL\" \/>\n<meta property=\"og:description\" content=\"Markt-XXL ENJOYNIGHT Nachthemd Damen Kurzarm Stillnachthemd Nachtw\u00e4sche Knopfleiste Schlafshirt Tie Dye Sleepshirt\" \/>\n<meta property=\"og:url\" content=\"https:\/\/marktxxl.de\/markt\/produkt\/enjoynight-nachthemd-damen-kurzarm-stillnachthemd-nachtwaesche-knopfleiste-schlafshirt-tie-dye-sleepshirt\/\" \/>\n<meta property=\"og:site_name\" content=\"Markt-XXL\" \/>\n<meta property=\"article:modified_time\" content=\"2023-04-08T02:29:15+00:00\" \/>\n<meta property=\"og:image\" content=\"https:\/\/m.media-amazon.com\/images\/I\/41oGnyM3mFL._SL500_.jpg\" \/>\n\t<meta property=\"og:image:width\" content=\"385\" \/>\n\t<meta property=\"og:image:height\" content=\"500\" \/>\n\t<meta property=\"og:image:type\" content=\"image\/jpeg\" \/>\n<meta name=\"twitter:card\" content=\"summary_large_image\" \/>\n<meta name=\"twitter:label1\" content=\"Gesch\u00e4tzte Lesezeit\" \/>\n\t<meta name=\"twitter:data1\" content=\"1\u00a0Minute\" \/>\n<script type=\"application\/ld+json\" class=\"yoast-schema-graph\">{\"@context\":\"https:\\\/\\\/schema.org\",\"@graph\":[{\"@type\":\"WebPage\",\"@id\":\"https:\\\/\\\/marktxxl.de\\\/markt\\\/produkt\\\/enjoynight-nachthemd-damen-kurzarm-stillnachthemd-nachtwaesche-knopfleiste-schlafshirt-tie-dye-sleepshirt\\\/\",\"url\":\"https:\\\/\\\/marktxxl.de\\\/markt\\\/produkt\\\/enjoynight-nachthemd-damen-kurzarm-stillnachthemd-nachtwaesche-knopfleiste-schlafshirt-tie-dye-sleepshirt\\\/\",\"name\":\"ENJOYNIGHT Nachthemd Damen Kurzarm Stillnachthemd Nachtw\u00e4sche Knopfleiste Schlafshirt Tie Dye Sleepshirt - Markt-XXL\",\"isPartOf\":{\"@id\":\"https:\\\/\\\/marktxxl.de\\\/markt\\\/#website\"},\"primaryImageOfPage\":{\"@id\":\"https:\\\/\\\/marktxxl.de\\\/markt\\\/produkt\\\/enjoynight-nachthemd-damen-kurzarm-stillnachthemd-nachtwaesche-knopfleiste-schlafshirt-tie-dye-sleepshirt\\\/#primaryimage\"},\"image\":{\"@id\":\"https:\\\/\\\/marktxxl.de\\\/markt\\\/produkt\\\/enjoynight-nachthemd-damen-kurzarm-stillnachthemd-nachtwaesche-knopfleiste-schlafshirt-tie-dye-sleepshirt\\\/#primaryimage\"},\"thumbnailUrl\":\"https:\\\/\\\/m.media-amazon.com\\\/images\\\/I\\\/41oGnyM3mFL._SL500_.jpg\",\"datePublished\":\"2022-12-11T01:58:51+00:00\",\"dateModified\":\"2023-04-08T02:29:15+00:00\",\"description\":\"Markt-XXL ENJOYNIGHT Nachthemd Damen Kurzarm Stillnachthemd Nachtw\u00e4sche Knopfleiste Schlafshirt Tie Dye Sleepshirt\",\"breadcrumb\":{\"@id\":\"https:\\\/\\\/marktxxl.de\\\/markt\\\/produkt\\\/enjoynight-nachthemd-damen-kurzarm-stillnachthemd-nachtwaesche-knopfleiste-schlafshirt-tie-dye-sleepshirt\\\/#breadcrumb\"},\"inLanguage\":\"de\",\"potentialAction\":[{\"@type\":\"ReadAction\",\"target\":[\"https:\\\/\\\/marktxxl.de\\\/markt\\\/produkt\\\/enjoynight-nachthemd-damen-kurzarm-stillnachthemd-nachtwaesche-knopfleiste-schlafshirt-tie-dye-sleepshirt\\\/\"]}]},{\"@type\":\"ImageObject\",\"inLanguage\":\"de\",\"@id\":\"https:\\\/\\\/marktxxl.de\\\/markt\\\/produkt\\\/enjoynight-nachthemd-damen-kurzarm-stillnachthemd-nachtwaesche-knopfleiste-schlafshirt-tie-dye-sleepshirt\\\/#primaryimage\",\"url\":\"https:\\\/\\\/m.media-amazon.com\\\/images\\\/I\\\/41oGnyM3mFL._SL500_.jpg\",\"contentUrl\":\"https:\\\/\\\/m.media-amazon.com\\\/images\\\/I\\\/41oGnyM3mFL._SL500_.jpg\",\"width\":385,\"height\":500},{\"@type\":\"BreadcrumbList\",\"@id\":\"https:\\\/\\\/marktxxl.de\\\/markt\\\/produkt\\\/enjoynight-nachthemd-damen-kurzarm-stillnachthemd-nachtwaesche-knopfleiste-schlafshirt-tie-dye-sleepshirt\\\/#breadcrumb\",\"itemListElement\":[{\"@type\":\"ListItem\",\"position\":1,\"name\":\"Startseite\",\"item\":\"https:\\\/\\\/marktxxl.de\\\/markt\\\/\"},{\"@type\":\"ListItem\",\"position\":2,\"name\":\"Markt\",\"item\":\"https:\\\/\\\/marktxxl.de\\\/markt\\\/\"},{\"@type\":\"ListItem\",\"position\":3,\"name\":\"ENJOYNIGHT Nachthemd Damen Kurzarm Stillnachthemd Nachtw\u00e4sche Knopfleiste Schlafshirt Tie Dye Sleepshirt\"}]},{\"@type\":\"WebSite\",\"@id\":\"https:\\\/\\\/marktxxl.de\\\/markt\\\/#website\",\"url\":\"https:\\\/\\\/marktxxl.de\\\/markt\\\/\",\"name\":\"Markt-XXL\",\"description\":\"Ihr Markt Online\",\"publisher\":{\"@id\":\"https:\\\/\\\/marktxxl.de\\\/markt\\\/#organization\"},\"potentialAction\":[{\"@type\":\"SearchAction\",\"target\":{\"@type\":\"EntryPoint\",\"urlTemplate\":\"https:\\\/\\\/marktxxl.de\\\/markt\\\/?s={search_term_string}\"},\"query-input\":{\"@type\":\"PropertyValueSpecification\",\"valueRequired\":true,\"valueName\":\"search_term_string\"}}],\"inLanguage\":\"de\"},{\"@type\":\"Organization\",\"@id\":\"https:\\\/\\\/marktxxl.de\\\/markt\\\/#organization\",\"name\":\"Markt-XXL\",\"url\":\"https:\\\/\\\/marktxxl.de\\\/markt\\\/\",\"logo\":{\"@type\":\"ImageObject\",\"inLanguage\":\"de\",\"@id\":\"https:\\\/\\\/marktxxl.de\\\/markt\\\/#\\\/schema\\\/logo\\\/image\\\/\",\"url\":\"https:\\\/\\\/marktxxl.de\\\/markt\\\/wp-content\\\/uploads\\\/sites\\\/3\\\/2020\\\/12\\\/logo.png\",\"contentUrl\":\"https:\\\/\\\/marktxxl.de\\\/markt\\\/wp-content\\\/uploads\\\/sites\\\/3\\\/2020\\\/12\\\/logo.png\",\"width\":200,\"height\":70,\"caption\":\"Markt-XXL\"},\"image\":{\"@id\":\"https:\\\/\\\/marktxxl.de\\\/markt\\\/#\\\/schema\\\/logo\\\/image\\\/\"}}]}<\/script>\n<!-- \/ Yoast SEO plugin. -->","yoast_head_json":{"title":"ENJOYNIGHT Nachthemd Damen Kurzarm Stillnachthemd Nachtw\u00e4sche Knopfleiste Schlafshirt Tie Dye Sleepshirt - Markt-XXL","description":"Markt-XXL ENJOYNIGHT Nachthemd Damen Kurzarm Stillnachthemd Nachtw\u00e4sche Knopfleiste Schlafshirt Tie Dye Sleepshirt","robots":{"index":"index","follow":"follow","max-snippet":"max-snippet:-1","max-image-preview":"max-image-preview:large","max-video-preview":"max-video-preview:-1"},"canonical":"https:\/\/marktxxl.de\/markt\/produkt\/enjoynight-nachthemd-damen-kurzarm-stillnachthemd-nachtwaesche-knopfleiste-schlafshirt-tie-dye-sleepshirt\/","og_locale":"de_DE","og_type":"article","og_title":"ENJOYNIGHT Nachthemd Damen Kurzarm Stillnachthemd Nachtw\u00e4sche Knopfleiste Schlafshirt Tie Dye Sleepshirt - Markt-XXL","og_description":"Markt-XXL ENJOYNIGHT Nachthemd Damen Kurzarm Stillnachthemd Nachtw\u00e4sche Knopfleiste Schlafshirt Tie Dye Sleepshirt","og_url":"https:\/\/marktxxl.de\/markt\/produkt\/enjoynight-nachthemd-damen-kurzarm-stillnachthemd-nachtwaesche-knopfleiste-schlafshirt-tie-dye-sleepshirt\/","og_site_name":"Markt-XXL","article_modified_time":"2023-04-08T02:29:15+00:00","og_image":[{"width":385,"height":500,"url":"https:\/\/m.media-amazon.com\/images\/I\/41oGnyM3mFL._SL500_.jpg","type":"image\/jpeg"}],"twitter_card":"summary_large_image","twitter_misc":{"Gesch\u00e4tzte Lesezeit":"1\u00a0Minute"},"schema":{"@context":"https:\/\/schema.org","@graph":[{"@type":"WebPage","@id":"https:\/\/marktxxl.de\/markt\/produkt\/enjoynight-nachthemd-damen-kurzarm-stillnachthemd-nachtwaesche-knopfleiste-schlafshirt-tie-dye-sleepshirt\/","url":"https:\/\/marktxxl.de\/markt\/produkt\/enjoynight-nachthemd-damen-kurzarm-stillnachthemd-nachtwaesche-knopfleiste-schlafshirt-tie-dye-sleepshirt\/","name":"ENJOYNIGHT Nachthemd Damen Kurzarm Stillnachthemd Nachtw\u00e4sche Knopfleiste Schlafshirt Tie Dye Sleepshirt - Markt-XXL","isPartOf":{"@id":"https:\/\/marktxxl.de\/markt\/#website"},"primaryImageOfPage":{"@id":"https:\/\/marktxxl.de\/markt\/produkt\/enjoynight-nachthemd-damen-kurzarm-stillnachthemd-nachtwaesche-knopfleiste-schlafshirt-tie-dye-sleepshirt\/#primaryimage"},"image":{"@id":"https:\/\/marktxxl.de\/markt\/produkt\/enjoynight-nachthemd-damen-kurzarm-stillnachthemd-nachtwaesche-knopfleiste-schlafshirt-tie-dye-sleepshirt\/#primaryimage"},"thumbnailUrl":"https:\/\/m.media-amazon.com\/images\/I\/41oGnyM3mFL._SL500_.jpg","datePublished":"2022-12-11T01:58:51+00:00","dateModified":"2023-04-08T02:29:15+00:00","description":"Markt-XXL ENJOYNIGHT Nachthemd Damen Kurzarm Stillnachthemd Nachtw\u00e4sche Knopfleiste Schlafshirt Tie Dye Sleepshirt","breadcrumb":{"@id":"https:\/\/marktxxl.de\/markt\/produkt\/enjoynight-nachthemd-damen-kurzarm-stillnachthemd-nachtwaesche-knopfleiste-schlafshirt-tie-dye-sleepshirt\/#breadcrumb"},"inLanguage":"de","potentialAction":[{"@type":"ReadAction","target":["https:\/\/marktxxl.de\/markt\/produkt\/enjoynight-nachthemd-damen-kurzarm-stillnachthemd-nachtwaesche-knopfleiste-schlafshirt-tie-dye-sleepshirt\/"]}]},{"@type":"ImageObject","inLanguage":"de","@id":"https:\/\/marktxxl.de\/markt\/produkt\/enjoynight-nachthemd-damen-kurzarm-stillnachthemd-nachtwaesche-knopfleiste-schlafshirt-tie-dye-sleepshirt\/#primaryimage","url":"https:\/\/m.media-amazon.com\/images\/I\/41oGnyM3mFL._SL500_.jpg","contentUrl":"https:\/\/m.media-amazon.com\/images\/I\/41oGnyM3mFL._SL500_.jpg","width":385,"height":500},{"@type":"BreadcrumbList","@id":"https:\/\/marktxxl.de\/markt\/produkt\/enjoynight-nachthemd-damen-kurzarm-stillnachthemd-nachtwaesche-knopfleiste-schlafshirt-tie-dye-sleepshirt\/#breadcrumb","itemListElement":[{"@type":"ListItem","position":1,"name":"Startseite","item":"https:\/\/marktxxl.de\/markt\/"},{"@type":"ListItem","position":2,"name":"Markt","item":"https:\/\/marktxxl.de\/markt\/"},{"@type":"ListItem","position":3,"name":"ENJOYNIGHT Nachthemd Damen Kurzarm Stillnachthemd Nachtw\u00e4sche Knopfleiste Schlafshirt Tie Dye Sleepshirt"}]},{"@type":"WebSite","@id":"https:\/\/marktxxl.de\/markt\/#website","url":"https:\/\/marktxxl.de\/markt\/","name":"Markt-XXL","description":"Ihr Markt Online","publisher":{"@id":"https:\/\/marktxxl.de\/markt\/#organization"},"potentialAction":[{"@type":"SearchAction","target":{"@type":"EntryPoint","urlTemplate":"https:\/\/marktxxl.de\/markt\/?s={search_term_string}"},"query-input":{"@type":"PropertyValueSpecification","valueRequired":true,"valueName":"search_term_string"}}],"inLanguage":"de"},{"@type":"Organization","@id":"https:\/\/marktxxl.de\/markt\/#organization","name":"Markt-XXL","url":"https:\/\/marktxxl.de\/markt\/","logo":{"@type":"ImageObject","inLanguage":"de","@id":"https:\/\/marktxxl.de\/markt\/#\/schema\/logo\/image\/","url":"https:\/\/marktxxl.de\/markt\/wp-content\/uploads\/sites\/3\/2020\/12\/logo.png","contentUrl":"https:\/\/marktxxl.de\/markt\/wp-content\/uploads\/sites\/3\/2020\/12\/logo.png","width":200,"height":70,"caption":"Markt-XXL"},"image":{"@id":"https:\/\/marktxxl.de\/markt\/#\/schema\/logo\/image\/"}}]}},"_links":{"self":[{"href":"https:\/\/marktxxl.de\/markt\/wp-json\/wp\/v2\/product\/172085","targetHints":{"allow":["GET"]}}],"collection":[{"href":"https:\/\/marktxxl.de\/markt\/wp-json\/wp\/v2\/product"}],"about":[{"href":"https:\/\/marktxxl.de\/markt\/wp-json\/wp\/v2\/types\/product"}],"replies":[{"embeddable":true,"href":"https:\/\/marktxxl.de\/markt\/wp-json\/wp\/v2\/comments?post=172085"}],"wp:featuredmedia":[{"embeddable":true,"href":"https:\/\/marktxxl.de\/markt\/wp-json\/wp\/v2\/media\/172086"}],"wp:attachment":[{"href":"https:\/\/marktxxl.de\/markt\/wp-json\/wp\/v2\/media?parent=172085"}],"wp:term":[{"taxonomy":"product_brand","embeddable":true,"href":"https:\/\/marktxxl.de\/markt\/wp-json\/wp\/v2\/product_brand?post=172085"},{"taxonomy":"product_cat","embeddable":true,"href":"https:\/\/marktxxl.de\/markt\/wp-json\/wp\/v2\/product_cat?post=172085"},{"taxonomy":"product_tag","embeddable":true,"href":"https:\/\/marktxxl.de\/markt\/wp-json\/wp\/v2\/product_tag?post=172085"}],"curies":[{"name":"wp","href":"https:\/\/api.w.org\/{rel}","templated":true}]}}