{"id":172071,"date":"2022-12-11T02:58:35","date_gmt":"2022-12-11T01:58:35","guid":{"rendered":"https:\/\/marktxxl.de\/markt\/produkt\/pinspark-nachthemd-damen-langarm-baumwolle-schlafshirt-gestreift-knoepfe-sleepshirt-frauen-nachtwaesche-nachtkleid-s-xxl\/"},"modified":"2023-04-09T04:41:32","modified_gmt":"2023-04-09T02:41:32","slug":"pinspark-nachthemd-damen-langarm-baumwolle-schlafshirt-gestreift-knoepfe-sleepshirt-frauen-nachtwaesche-nachtkleid-s-xxl","status":"publish","type":"product","link":"https:\/\/marktxxl.de\/markt\/produkt\/pinspark-nachthemd-damen-langarm-baumwolle-schlafshirt-gestreift-knoepfe-sleepshirt-frauen-nachtwaesche-nachtkleid-s-xxl\/","title":{"rendered":"Pinspark Nachthemd Damen Langarm Baumwolle Schlafshirt Gestreift Kn\u00f6pfe Sleepshirt Frauen Nachtw\u00e4sche Nachtkleid S-XXL"},"content":{"rendered":"<p>Material: Die f\u00fcr das Nachthemd verwendete hochwertiges Baumwolle ist weich und leicht elastisch,was ist Ideal f\u00fcr Schwangerschaft und Schlafen sowie auch im Krankenhaus. Sie werden sich mit diesem langarm Stillhemd zufrieden super angenehm f\u00fchlen.<br \/>\nAugezeichnetes Design: V-Ausschnitt und durchgehende Kn\u00f6pfen f\u00fcr bequemes Stillen und An- und Abziehen, kleine Tachsche vorne beh\u00e4lt Kleinigkeit wie Schl\u00fcssel und Handy; 3\/4 \u00c4rmel mit Knopf und die Beinschlitz f\u00fcr Bewegunsfreiheit, Modernes Streifen ist immer im Trend<br \/>\nSituationen: Dieses sch\u00f6ne Nachthemd mit praktischer Knopfleiste ist beim Stillen sehr bequem, kann auch als Stillnachthemd getragen werden. Mit seinem ausgezeichneten Schnitt und dem hochwertigen Material garantiert das Nachthemd ein wohliges Gef\u00fch und Bequemlichkeit<br \/>\nAls Bestes Geschenk: Die langarm weich nachtw\u00e4sche kann auch als Geschenk f\u00fcr Frauen zu Geburtstag\/Hochzeit\/Weihnachten\/Ostern\/Silvester u.s.w., es kann lange getragen werden, von Alltagsleben \u00fcber Schwangerschaft bis Stillzeit<br \/>\nPflegenweise: Waschmaschine und Handwaschen sind f\u00fcr das Nachthemd mit Stillfunktion geeigent. Das ist leicht zu Waschen und kann danach die Form behalten und ist immer weich nach mehrere Waschen<br \/>\n<div class=\"main-cross-sell\" data-asin=\"B0B8LQRB3N\">\n\n\t<div class=\"WooZone-cross-sell-loader\">\n\t\t<div>\n\t\t\t<div id=\"floatingBarsG\">\n\t\t\t\t<div class=\"blockG\" id=\"rotateG_01\"><\/div>\n\t\t\t\t<div class=\"blockG\" id=\"rotateG_02\"><\/div>\n\t\t\t\t<div class=\"blockG\" id=\"rotateG_03\"><\/div>\n\t\t\t\t<div class=\"blockG\" id=\"rotateG_04\"><\/div>\n\t\t\t\t<div class=\"blockG\" id=\"rotateG_05\"><\/div>\n\t\t\t\t<div class=\"blockG\" id=\"rotateG_06\"><\/div>\n\t\t\t\t<div class=\"blockG\" id=\"rotateG_07\"><\/div>\n\t\t\t\t<div class=\"blockG\" id=\"rotateG_08\"><\/div>\n\t\t\t<\/div>\n\t\t\t<div class=\"WooZone-cross-sell-loader-text\"><\/div>\n\t\t<\/div>\n\t<\/div>\n\n\t\t\n<\/div>\n<div style=\"clear:both;\"><\/div><\/p>\n","protected":false},"excerpt":{"rendered":"<p>Material: Die f\u00fcr das Nachthemd verwendete hochwertiges Baumwolle ist weich und leicht elastisch,was ist Ideal f\u00fcr Schwangerschaft und Schlafen sowie auch im Krankenhaus. Sie werden sich mit diesem langarm Stillhemd zufrieden super angenehm f\u00fchlen.<br \/>\nAugezeichnetes Design: V-Ausschnitt und durchgehende Kn\u00f6pfen f\u00fcr bequemes Stillen und An- und Abziehen, kleine Tachsche vorne beh\u00e4lt Kleinigkeit wie Schl\u00fcssel und Handy; 3\/4 \u00c4rmel mit Knopf und die Beinschlitz f\u00fcr Bewegunsfreiheit, Modernes Streifen ist immer im Trend<br \/>\nSituationen: Dieses sch\u00f6ne Nachthemd mit praktischer Knopfleiste ist beim Stillen sehr bequem, kann auch als Stillnachthemd getragen werden. Mit seinem ausgezeichneten Schnitt und dem hochwertigen Material garantiert das Nachthemd ein wohliges Gef\u00fch und Bequemlichkeit<\/p>\n","protected":false},"featured_media":172072,"comment_status":"open","ping_status":"closed","template":"","meta":[],"product_brand":[],"product_cat":[21,9478],"product_tag":[],"class_list":{"0":"post-172071","1":"product","2":"type-product","3":"status-publish","4":"has-post-thumbnail","6":"product_cat-baby","7":"product_cat-umstandskleidung-baby","8":"pa_brand-pinspark","9":"pa_manufacturer-pinspark","10":"pa_size-s","12":"first","13":"instock","14":"shipping-taxable","15":"purchasable","16":"product-type-simple","17":"customify-col","18":"product-has-gallery"},"yoast_head":"<!-- This site is optimized with the Yoast SEO plugin v27.4 - https:\/\/yoast.com\/product\/yoast-seo-wordpress\/ -->\n<title>Pinspark Nachthemd Damen Langarm Baumwolle Schlafshirt Gestreift Kn\u00f6pfe Sleepshirt Frauen Nachtw\u00e4sche Nachtkleid S-XXL - Markt-XXL<\/title>\n<meta name=\"description\" content=\"Markt-XXL Pinspark Nachthemd Damen Langarm Baumwolle Schlafshirt Gestreift Kn\u00f6pfe Sleepshirt Frauen Nachtw\u00e4sche Nachtkleid S-XXL\" \/>\n<meta name=\"robots\" content=\"index, follow, max-snippet:-1, max-image-preview:large, max-video-preview:-1\" \/>\n<link rel=\"canonical\" href=\"https:\/\/marktxxl.de\/markt\/produkt\/pinspark-nachthemd-damen-langarm-baumwolle-schlafshirt-gestreift-knoepfe-sleepshirt-frauen-nachtwaesche-nachtkleid-s-xxl\/\" \/>\n<meta property=\"og:locale\" content=\"de_DE\" \/>\n<meta property=\"og:type\" content=\"article\" \/>\n<meta property=\"og:title\" content=\"Pinspark Nachthemd Damen Langarm Baumwolle Schlafshirt Gestreift Kn\u00f6pfe Sleepshirt Frauen Nachtw\u00e4sche Nachtkleid S-XXL - Markt-XXL\" \/>\n<meta property=\"og:description\" content=\"Markt-XXL Pinspark Nachthemd Damen Langarm Baumwolle Schlafshirt Gestreift Kn\u00f6pfe Sleepshirt Frauen Nachtw\u00e4sche Nachtkleid S-XXL\" \/>\n<meta property=\"og:url\" content=\"https:\/\/marktxxl.de\/markt\/produkt\/pinspark-nachthemd-damen-langarm-baumwolle-schlafshirt-gestreift-knoepfe-sleepshirt-frauen-nachtwaesche-nachtkleid-s-xxl\/\" \/>\n<meta property=\"og:site_name\" content=\"Markt-XXL\" \/>\n<meta property=\"article:modified_time\" content=\"2023-04-09T02:41:32+00:00\" \/>\n<meta property=\"og:image\" content=\"https:\/\/m.media-amazon.com\/images\/I\/41fV6QKCYUL._SL500_.jpg\" \/>\n\t<meta property=\"og:image:width\" content=\"500\" \/>\n\t<meta property=\"og:image:height\" content=\"500\" \/>\n\t<meta property=\"og:image:type\" content=\"image\/jpeg\" \/>\n<meta name=\"twitter:card\" content=\"summary_large_image\" \/>\n<meta name=\"twitter:label1\" content=\"Gesch\u00e4tzte Lesezeit\" \/>\n\t<meta name=\"twitter:data1\" content=\"1\u00a0Minute\" \/>\n<script type=\"application\/ld+json\" class=\"yoast-schema-graph\">{\"@context\":\"https:\\\/\\\/schema.org\",\"@graph\":[{\"@type\":\"WebPage\",\"@id\":\"https:\\\/\\\/marktxxl.de\\\/markt\\\/produkt\\\/pinspark-nachthemd-damen-langarm-baumwolle-schlafshirt-gestreift-knoepfe-sleepshirt-frauen-nachtwaesche-nachtkleid-s-xxl\\\/\",\"url\":\"https:\\\/\\\/marktxxl.de\\\/markt\\\/produkt\\\/pinspark-nachthemd-damen-langarm-baumwolle-schlafshirt-gestreift-knoepfe-sleepshirt-frauen-nachtwaesche-nachtkleid-s-xxl\\\/\",\"name\":\"Pinspark Nachthemd Damen Langarm Baumwolle Schlafshirt Gestreift Kn\u00f6pfe Sleepshirt Frauen Nachtw\u00e4sche Nachtkleid S-XXL - Markt-XXL\",\"isPartOf\":{\"@id\":\"https:\\\/\\\/marktxxl.de\\\/markt\\\/#website\"},\"primaryImageOfPage\":{\"@id\":\"https:\\\/\\\/marktxxl.de\\\/markt\\\/produkt\\\/pinspark-nachthemd-damen-langarm-baumwolle-schlafshirt-gestreift-knoepfe-sleepshirt-frauen-nachtwaesche-nachtkleid-s-xxl\\\/#primaryimage\"},\"image\":{\"@id\":\"https:\\\/\\\/marktxxl.de\\\/markt\\\/produkt\\\/pinspark-nachthemd-damen-langarm-baumwolle-schlafshirt-gestreift-knoepfe-sleepshirt-frauen-nachtwaesche-nachtkleid-s-xxl\\\/#primaryimage\"},\"thumbnailUrl\":\"https:\\\/\\\/m.media-amazon.com\\\/images\\\/I\\\/41fV6QKCYUL._SL500_.jpg\",\"datePublished\":\"2022-12-11T01:58:35+00:00\",\"dateModified\":\"2023-04-09T02:41:32+00:00\",\"description\":\"Markt-XXL Pinspark Nachthemd Damen Langarm Baumwolle Schlafshirt Gestreift Kn\u00f6pfe Sleepshirt Frauen Nachtw\u00e4sche Nachtkleid S-XXL\",\"breadcrumb\":{\"@id\":\"https:\\\/\\\/marktxxl.de\\\/markt\\\/produkt\\\/pinspark-nachthemd-damen-langarm-baumwolle-schlafshirt-gestreift-knoepfe-sleepshirt-frauen-nachtwaesche-nachtkleid-s-xxl\\\/#breadcrumb\"},\"inLanguage\":\"de\",\"potentialAction\":[{\"@type\":\"ReadAction\",\"target\":[\"https:\\\/\\\/marktxxl.de\\\/markt\\\/produkt\\\/pinspark-nachthemd-damen-langarm-baumwolle-schlafshirt-gestreift-knoepfe-sleepshirt-frauen-nachtwaesche-nachtkleid-s-xxl\\\/\"]}]},{\"@type\":\"ImageObject\",\"inLanguage\":\"de\",\"@id\":\"https:\\\/\\\/marktxxl.de\\\/markt\\\/produkt\\\/pinspark-nachthemd-damen-langarm-baumwolle-schlafshirt-gestreift-knoepfe-sleepshirt-frauen-nachtwaesche-nachtkleid-s-xxl\\\/#primaryimage\",\"url\":\"https:\\\/\\\/m.media-amazon.com\\\/images\\\/I\\\/41fV6QKCYUL._SL500_.jpg\",\"contentUrl\":\"https:\\\/\\\/m.media-amazon.com\\\/images\\\/I\\\/41fV6QKCYUL._SL500_.jpg\",\"width\":500,\"height\":500},{\"@type\":\"BreadcrumbList\",\"@id\":\"https:\\\/\\\/marktxxl.de\\\/markt\\\/produkt\\\/pinspark-nachthemd-damen-langarm-baumwolle-schlafshirt-gestreift-knoepfe-sleepshirt-frauen-nachtwaesche-nachtkleid-s-xxl\\\/#breadcrumb\",\"itemListElement\":[{\"@type\":\"ListItem\",\"position\":1,\"name\":\"Startseite\",\"item\":\"https:\\\/\\\/marktxxl.de\\\/markt\\\/\"},{\"@type\":\"ListItem\",\"position\":2,\"name\":\"Markt\",\"item\":\"https:\\\/\\\/marktxxl.de\\\/markt\\\/\"},{\"@type\":\"ListItem\",\"position\":3,\"name\":\"Pinspark Nachthemd Damen Langarm Baumwolle Schlafshirt Gestreift Kn\u00f6pfe Sleepshirt Frauen Nachtw\u00e4sche Nachtkleid S-XXL\"}]},{\"@type\":\"WebSite\",\"@id\":\"https:\\\/\\\/marktxxl.de\\\/markt\\\/#website\",\"url\":\"https:\\\/\\\/marktxxl.de\\\/markt\\\/\",\"name\":\"Markt-XXL\",\"description\":\"Ihr Markt Online\",\"publisher\":{\"@id\":\"https:\\\/\\\/marktxxl.de\\\/markt\\\/#organization\"},\"potentialAction\":[{\"@type\":\"SearchAction\",\"target\":{\"@type\":\"EntryPoint\",\"urlTemplate\":\"https:\\\/\\\/marktxxl.de\\\/markt\\\/?s={search_term_string}\"},\"query-input\":{\"@type\":\"PropertyValueSpecification\",\"valueRequired\":true,\"valueName\":\"search_term_string\"}}],\"inLanguage\":\"de\"},{\"@type\":\"Organization\",\"@id\":\"https:\\\/\\\/marktxxl.de\\\/markt\\\/#organization\",\"name\":\"Markt-XXL\",\"url\":\"https:\\\/\\\/marktxxl.de\\\/markt\\\/\",\"logo\":{\"@type\":\"ImageObject\",\"inLanguage\":\"de\",\"@id\":\"https:\\\/\\\/marktxxl.de\\\/markt\\\/#\\\/schema\\\/logo\\\/image\\\/\",\"url\":\"https:\\\/\\\/marktxxl.de\\\/markt\\\/wp-content\\\/uploads\\\/sites\\\/3\\\/2020\\\/12\\\/logo.png\",\"contentUrl\":\"https:\\\/\\\/marktxxl.de\\\/markt\\\/wp-content\\\/uploads\\\/sites\\\/3\\\/2020\\\/12\\\/logo.png\",\"width\":200,\"height\":70,\"caption\":\"Markt-XXL\"},\"image\":{\"@id\":\"https:\\\/\\\/marktxxl.de\\\/markt\\\/#\\\/schema\\\/logo\\\/image\\\/\"}}]}<\/script>\n<!-- \/ Yoast SEO plugin. -->","yoast_head_json":{"title":"Pinspark Nachthemd Damen Langarm Baumwolle Schlafshirt Gestreift Kn\u00f6pfe Sleepshirt Frauen Nachtw\u00e4sche Nachtkleid S-XXL - Markt-XXL","description":"Markt-XXL Pinspark Nachthemd Damen Langarm Baumwolle Schlafshirt Gestreift Kn\u00f6pfe Sleepshirt Frauen Nachtw\u00e4sche Nachtkleid S-XXL","robots":{"index":"index","follow":"follow","max-snippet":"max-snippet:-1","max-image-preview":"max-image-preview:large","max-video-preview":"max-video-preview:-1"},"canonical":"https:\/\/marktxxl.de\/markt\/produkt\/pinspark-nachthemd-damen-langarm-baumwolle-schlafshirt-gestreift-knoepfe-sleepshirt-frauen-nachtwaesche-nachtkleid-s-xxl\/","og_locale":"de_DE","og_type":"article","og_title":"Pinspark Nachthemd Damen Langarm Baumwolle Schlafshirt Gestreift Kn\u00f6pfe Sleepshirt Frauen Nachtw\u00e4sche Nachtkleid S-XXL - Markt-XXL","og_description":"Markt-XXL Pinspark Nachthemd Damen Langarm Baumwolle Schlafshirt Gestreift Kn\u00f6pfe Sleepshirt Frauen Nachtw\u00e4sche Nachtkleid S-XXL","og_url":"https:\/\/marktxxl.de\/markt\/produkt\/pinspark-nachthemd-damen-langarm-baumwolle-schlafshirt-gestreift-knoepfe-sleepshirt-frauen-nachtwaesche-nachtkleid-s-xxl\/","og_site_name":"Markt-XXL","article_modified_time":"2023-04-09T02:41:32+00:00","og_image":[{"width":500,"height":500,"url":"https:\/\/m.media-amazon.com\/images\/I\/41fV6QKCYUL._SL500_.jpg","type":"image\/jpeg"}],"twitter_card":"summary_large_image","twitter_misc":{"Gesch\u00e4tzte Lesezeit":"1\u00a0Minute"},"schema":{"@context":"https:\/\/schema.org","@graph":[{"@type":"WebPage","@id":"https:\/\/marktxxl.de\/markt\/produkt\/pinspark-nachthemd-damen-langarm-baumwolle-schlafshirt-gestreift-knoepfe-sleepshirt-frauen-nachtwaesche-nachtkleid-s-xxl\/","url":"https:\/\/marktxxl.de\/markt\/produkt\/pinspark-nachthemd-damen-langarm-baumwolle-schlafshirt-gestreift-knoepfe-sleepshirt-frauen-nachtwaesche-nachtkleid-s-xxl\/","name":"Pinspark Nachthemd Damen Langarm Baumwolle Schlafshirt Gestreift Kn\u00f6pfe Sleepshirt Frauen Nachtw\u00e4sche Nachtkleid S-XXL - Markt-XXL","isPartOf":{"@id":"https:\/\/marktxxl.de\/markt\/#website"},"primaryImageOfPage":{"@id":"https:\/\/marktxxl.de\/markt\/produkt\/pinspark-nachthemd-damen-langarm-baumwolle-schlafshirt-gestreift-knoepfe-sleepshirt-frauen-nachtwaesche-nachtkleid-s-xxl\/#primaryimage"},"image":{"@id":"https:\/\/marktxxl.de\/markt\/produkt\/pinspark-nachthemd-damen-langarm-baumwolle-schlafshirt-gestreift-knoepfe-sleepshirt-frauen-nachtwaesche-nachtkleid-s-xxl\/#primaryimage"},"thumbnailUrl":"https:\/\/m.media-amazon.com\/images\/I\/41fV6QKCYUL._SL500_.jpg","datePublished":"2022-12-11T01:58:35+00:00","dateModified":"2023-04-09T02:41:32+00:00","description":"Markt-XXL Pinspark Nachthemd Damen Langarm Baumwolle Schlafshirt Gestreift Kn\u00f6pfe Sleepshirt Frauen Nachtw\u00e4sche Nachtkleid S-XXL","breadcrumb":{"@id":"https:\/\/marktxxl.de\/markt\/produkt\/pinspark-nachthemd-damen-langarm-baumwolle-schlafshirt-gestreift-knoepfe-sleepshirt-frauen-nachtwaesche-nachtkleid-s-xxl\/#breadcrumb"},"inLanguage":"de","potentialAction":[{"@type":"ReadAction","target":["https:\/\/marktxxl.de\/markt\/produkt\/pinspark-nachthemd-damen-langarm-baumwolle-schlafshirt-gestreift-knoepfe-sleepshirt-frauen-nachtwaesche-nachtkleid-s-xxl\/"]}]},{"@type":"ImageObject","inLanguage":"de","@id":"https:\/\/marktxxl.de\/markt\/produkt\/pinspark-nachthemd-damen-langarm-baumwolle-schlafshirt-gestreift-knoepfe-sleepshirt-frauen-nachtwaesche-nachtkleid-s-xxl\/#primaryimage","url":"https:\/\/m.media-amazon.com\/images\/I\/41fV6QKCYUL._SL500_.jpg","contentUrl":"https:\/\/m.media-amazon.com\/images\/I\/41fV6QKCYUL._SL500_.jpg","width":500,"height":500},{"@type":"BreadcrumbList","@id":"https:\/\/marktxxl.de\/markt\/produkt\/pinspark-nachthemd-damen-langarm-baumwolle-schlafshirt-gestreift-knoepfe-sleepshirt-frauen-nachtwaesche-nachtkleid-s-xxl\/#breadcrumb","itemListElement":[{"@type":"ListItem","position":1,"name":"Startseite","item":"https:\/\/marktxxl.de\/markt\/"},{"@type":"ListItem","position":2,"name":"Markt","item":"https:\/\/marktxxl.de\/markt\/"},{"@type":"ListItem","position":3,"name":"Pinspark Nachthemd Damen Langarm Baumwolle Schlafshirt Gestreift Kn\u00f6pfe Sleepshirt Frauen Nachtw\u00e4sche Nachtkleid S-XXL"}]},{"@type":"WebSite","@id":"https:\/\/marktxxl.de\/markt\/#website","url":"https:\/\/marktxxl.de\/markt\/","name":"Markt-XXL","description":"Ihr Markt Online","publisher":{"@id":"https:\/\/marktxxl.de\/markt\/#organization"},"potentialAction":[{"@type":"SearchAction","target":{"@type":"EntryPoint","urlTemplate":"https:\/\/marktxxl.de\/markt\/?s={search_term_string}"},"query-input":{"@type":"PropertyValueSpecification","valueRequired":true,"valueName":"search_term_string"}}],"inLanguage":"de"},{"@type":"Organization","@id":"https:\/\/marktxxl.de\/markt\/#organization","name":"Markt-XXL","url":"https:\/\/marktxxl.de\/markt\/","logo":{"@type":"ImageObject","inLanguage":"de","@id":"https:\/\/marktxxl.de\/markt\/#\/schema\/logo\/image\/","url":"https:\/\/marktxxl.de\/markt\/wp-content\/uploads\/sites\/3\/2020\/12\/logo.png","contentUrl":"https:\/\/marktxxl.de\/markt\/wp-content\/uploads\/sites\/3\/2020\/12\/logo.png","width":200,"height":70,"caption":"Markt-XXL"},"image":{"@id":"https:\/\/marktxxl.de\/markt\/#\/schema\/logo\/image\/"}}]}},"_links":{"self":[{"href":"https:\/\/marktxxl.de\/markt\/wp-json\/wp\/v2\/product\/172071","targetHints":{"allow":["GET"]}}],"collection":[{"href":"https:\/\/marktxxl.de\/markt\/wp-json\/wp\/v2\/product"}],"about":[{"href":"https:\/\/marktxxl.de\/markt\/wp-json\/wp\/v2\/types\/product"}],"replies":[{"embeddable":true,"href":"https:\/\/marktxxl.de\/markt\/wp-json\/wp\/v2\/comments?post=172071"}],"wp:featuredmedia":[{"embeddable":true,"href":"https:\/\/marktxxl.de\/markt\/wp-json\/wp\/v2\/media\/172072"}],"wp:attachment":[{"href":"https:\/\/marktxxl.de\/markt\/wp-json\/wp\/v2\/media?parent=172071"}],"wp:term":[{"taxonomy":"product_brand","embeddable":true,"href":"https:\/\/marktxxl.de\/markt\/wp-json\/wp\/v2\/product_brand?post=172071"},{"taxonomy":"product_cat","embeddable":true,"href":"https:\/\/marktxxl.de\/markt\/wp-json\/wp\/v2\/product_cat?post=172071"},{"taxonomy":"product_tag","embeddable":true,"href":"https:\/\/marktxxl.de\/markt\/wp-json\/wp\/v2\/product_tag?post=172071"}],"curies":[{"name":"wp","href":"https:\/\/api.w.org\/{rel}","templated":true}]}}