{"id":171823,"date":"2022-12-11T02:37:41","date_gmt":"2022-12-11T01:37:41","guid":{"rendered":"https:\/\/marktxxl.de\/markt\/produkt\/enjyam-damen-weihnachtspullover-rundhals-langarm-strickpulli-mit-rentier-schneeflocken-weich-warm-norwegerpullover-fuer-winter\/"},"modified":"2023-04-09T04:41:26","modified_gmt":"2023-04-09T02:41:26","slug":"enjyam-damen-weihnachtspullover-rundhals-langarm-strickpulli-mit-rentier-schneeflocken-weich-warm-norwegerpullover-fuer-winter","status":"publish","type":"product","link":"https:\/\/marktxxl.de\/markt\/produkt\/enjyam-damen-weihnachtspullover-rundhals-langarm-strickpulli-mit-rentier-schneeflocken-weich-warm-norwegerpullover-fuer-winter\/","title":{"rendered":"Enjyam Damen Weihnachtspullover Rundhals Langarm Strickpulli mit Rentier Schneeflocken Weich Warm Norwegerpullover f\u00fcr\u2026"},"content":{"rendered":"<p>Damen Langarm Rundhals Weihnachtlich Strickpulli mit sch\u00f6ner farbenfroher Norweger Muster,in weihnachtlicher Farbgebung, mit s\u00fc\u00dfer Rentier-Motive mit Eisblumen, aus weichem stretch Strickstoff. K\u00fcschelig Xmas Sweater, ein sch\u00f6ner Hingucker f\u00fcr die Freitag und die Feiertage, perfekt als Weihnachtsgeschenk f\u00fcr Frauen M\u00e4dchen.Der Weihnachtspullover ist ein Must-have f\u00fcr alle Romantikerinnen der Winterzeit.<br \/>\n\u3010Kuschelig und Warm\u3011Das Material von diesem Xmas Strickpulli ist etwas dick und somit auch sch\u00f6n warm, nichts kratzt und zwickt, angenehm zu tragen. Rippstrickmuster an Bund, Armb\u00fcndchen und Rundhals-Ausschnitt. Etwas Locker Fit,l\u00e4ssig Stil. Bequem und genau richtig f\u00fcr die Weihnachtszeit.<br \/>\n\u3010Tolles Outfit f\u00fcr Alltag Feiertagen\u3011S\u00fc\u00df Pullover, nicht so typisch in Stylischen Christmas Look, kann man immer tragen nicht nur zur Weihnachtszeit. In Kombi mit der Jeans und Skinny Hose oder blickdichter Strumpfhose, unter Mantel oder Jacke, tolles Outfit f\u00fcr Alltag oder Feiertagen. An Heiligabend werden Sie ihn mit Leggins tragen k\u00f6nnen.<br \/>\n\u3010L\u00e4nge\u3011Unser Model ist 176cm gro\u00df, tr\u00e4gt Gr\u00f6\u00dfe S, dieser Christmas Jumper bei 1,76 m K\u00f6rpergr\u00f6\u00dfe endet hinten bis zu den po.<br \/>\n\u3010Pflegleicht\u3011Maschinenw\u00e4sche 30\u00b0C, nicht bleichen. Bitte beachten Sie unbedingt die angegebene Tabelle zur Gr\u00f6\u00dfenorientierung. Um besser zu kaufen, bitte schauen Sie mal die Gr\u00f6\u00dfe vor dem Kauf.<br \/>\n<div class=\"main-cross-sell\" data-asin=\"B09JFBW4S2\">\n\n\t<div class=\"WooZone-cross-sell-loader\">\n\t\t<div>\n\t\t\t<div id=\"floatingBarsG\">\n\t\t\t\t<div class=\"blockG\" id=\"rotateG_01\"><\/div>\n\t\t\t\t<div class=\"blockG\" id=\"rotateG_02\"><\/div>\n\t\t\t\t<div class=\"blockG\" id=\"rotateG_03\"><\/div>\n\t\t\t\t<div class=\"blockG\" id=\"rotateG_04\"><\/div>\n\t\t\t\t<div class=\"blockG\" id=\"rotateG_05\"><\/div>\n\t\t\t\t<div class=\"blockG\" id=\"rotateG_06\"><\/div>\n\t\t\t\t<div class=\"blockG\" id=\"rotateG_07\"><\/div>\n\t\t\t\t<div class=\"blockG\" id=\"rotateG_08\"><\/div>\n\t\t\t<\/div>\n\t\t\t<div class=\"WooZone-cross-sell-loader-text\"><\/div>\n\t\t<\/div>\n\t<\/div>\n\n\t\t\n<\/div>\n<div style=\"clear:both;\"><\/div><\/p>\n","protected":false},"excerpt":{"rendered":"<p>Damen Langarm Rundhals Weihnachtlich Strickpulli mit sch\u00f6ner farbenfroher Norweger Muster,in weihnachtlicher Farbgebung, mit s\u00fc\u00dfer Rentier-Motive mit Eisblumen, aus weichem stretch Strickstoff. K\u00fcschelig Xmas Sweater, ein sch\u00f6ner Hingucker f\u00fcr die Freitag und die Feiertage, perfekt als Weihnachtsgeschenk f\u00fcr Frauen M\u00e4dchen.Der Weihnachtspullover ist ein Must-have f\u00fcr alle Romantikerinnen der Winterzeit.<br \/>\n\u3010Kuschelig und Warm\u3011Das Material von diesem Xmas Strickpulli ist etwas dick und somit auch sch\u00f6n warm, nichts kratzt und zwickt, angenehm zu tragen. Rippstrickmuster an Bund, Armb\u00fcndchen und Rundhals-Ausschnitt. Etwas Locker Fit,l\u00e4ssig Stil. Bequem und genau richtig f\u00fcr die Weihnachtszeit.<br \/>\n\u3010Tolles Outfit f\u00fcr Alltag Feiertagen\u3011S\u00fc\u00df Pullover, nicht so typisch in Stylischen Christmas Look, kann man immer tragen nicht nur zur Weihnachtszeit. In Kombi mit der Jeans und Skinny Hose oder blickdichter Strumpfhose, unter Mantel oder Jacke, tolles Outfit f\u00fcr Alltag oder Feiertagen. An Heiligabend werden Sie ihn mit Leggins tragen k\u00f6nnen.<\/p>\n","protected":false},"featured_media":171824,"comment_status":"open","ping_status":"closed","template":"","meta":[],"product_brand":[],"product_cat":[1186],"product_tag":[],"class_list":{"0":"post-171823","1":"product","2":"type-product","3":"status-publish","4":"has-post-thumbnail","6":"product_cat-bekleidung","7":"pa_binding-textilien","8":"pa_brand-enjyam","10":"first","11":"instock","12":"shipping-taxable","13":"purchasable","14":"product-type-simple","15":"customify-col","16":"product-has-gallery"},"yoast_head":"<!-- This site is optimized with the Yoast SEO plugin v27.3 - https:\/\/yoast.com\/product\/yoast-seo-wordpress\/ -->\n<title>Enjyam Damen Weihnachtspullover Rundhals Langarm Strickpulli mit Rentier Schneeflocken Weich Warm Norwegerpullover f\u00fcr\u2026 - Markt-XXL<\/title>\n<meta name=\"description\" content=\"Markt-XXL Enjyam Damen Weihnachtspullover Rundhals Langarm Strickpulli mit Rentier Schneeflocken Weich Warm Norwegerpullover f\u00fcr\u2026\" \/>\n<meta name=\"robots\" content=\"index, follow, max-snippet:-1, max-image-preview:large, max-video-preview:-1\" \/>\n<link rel=\"canonical\" href=\"https:\/\/marktxxl.de\/markt\/produkt\/enjyam-damen-weihnachtspullover-rundhals-langarm-strickpulli-mit-rentier-schneeflocken-weich-warm-norwegerpullover-fuer-winter\/\" \/>\n<meta property=\"og:locale\" content=\"de_DE\" \/>\n<meta property=\"og:type\" content=\"article\" \/>\n<meta property=\"og:title\" content=\"Enjyam Damen Weihnachtspullover Rundhals Langarm Strickpulli mit Rentier Schneeflocken Weich Warm Norwegerpullover f\u00fcr\u2026 - Markt-XXL\" \/>\n<meta property=\"og:description\" content=\"Markt-XXL Enjyam Damen Weihnachtspullover Rundhals Langarm Strickpulli mit Rentier Schneeflocken Weich Warm Norwegerpullover f\u00fcr\u2026\" \/>\n<meta property=\"og:url\" content=\"https:\/\/marktxxl.de\/markt\/produkt\/enjyam-damen-weihnachtspullover-rundhals-langarm-strickpulli-mit-rentier-schneeflocken-weich-warm-norwegerpullover-fuer-winter\/\" \/>\n<meta property=\"og:site_name\" content=\"Markt-XXL\" \/>\n<meta property=\"article:modified_time\" content=\"2023-04-09T02:41:26+00:00\" \/>\n<meta property=\"og:image\" content=\"https:\/\/m.media-amazon.com\/images\/I\/51vP4g-q6ML._SL500_.jpg\" \/>\n\t<meta property=\"og:image:width\" content=\"476\" \/>\n\t<meta property=\"og:image:height\" content=\"500\" \/>\n\t<meta property=\"og:image:type\" content=\"image\/jpeg\" \/>\n<meta name=\"twitter:card\" content=\"summary_large_image\" \/>\n<meta name=\"twitter:label1\" content=\"Gesch\u00e4tzte Lesezeit\" \/>\n\t<meta name=\"twitter:data1\" content=\"1\u00a0Minute\" \/>\n<script type=\"application\/ld+json\" class=\"yoast-schema-graph\">{\"@context\":\"https:\\\/\\\/schema.org\",\"@graph\":[{\"@type\":\"WebPage\",\"@id\":\"https:\\\/\\\/marktxxl.de\\\/markt\\\/produkt\\\/enjyam-damen-weihnachtspullover-rundhals-langarm-strickpulli-mit-rentier-schneeflocken-weich-warm-norwegerpullover-fuer-winter\\\/\",\"url\":\"https:\\\/\\\/marktxxl.de\\\/markt\\\/produkt\\\/enjyam-damen-weihnachtspullover-rundhals-langarm-strickpulli-mit-rentier-schneeflocken-weich-warm-norwegerpullover-fuer-winter\\\/\",\"name\":\"Enjyam Damen Weihnachtspullover Rundhals Langarm Strickpulli mit Rentier Schneeflocken Weich Warm Norwegerpullover f\u00fcr\u2026 - Markt-XXL\",\"isPartOf\":{\"@id\":\"https:\\\/\\\/marktxxl.de\\\/markt\\\/#website\"},\"primaryImageOfPage\":{\"@id\":\"https:\\\/\\\/marktxxl.de\\\/markt\\\/produkt\\\/enjyam-damen-weihnachtspullover-rundhals-langarm-strickpulli-mit-rentier-schneeflocken-weich-warm-norwegerpullover-fuer-winter\\\/#primaryimage\"},\"image\":{\"@id\":\"https:\\\/\\\/marktxxl.de\\\/markt\\\/produkt\\\/enjyam-damen-weihnachtspullover-rundhals-langarm-strickpulli-mit-rentier-schneeflocken-weich-warm-norwegerpullover-fuer-winter\\\/#primaryimage\"},\"thumbnailUrl\":\"https:\\\/\\\/m.media-amazon.com\\\/images\\\/I\\\/51vP4g-q6ML._SL500_.jpg\",\"datePublished\":\"2022-12-11T01:37:41+00:00\",\"dateModified\":\"2023-04-09T02:41:26+00:00\",\"description\":\"Markt-XXL Enjyam Damen Weihnachtspullover Rundhals Langarm Strickpulli mit Rentier Schneeflocken Weich Warm Norwegerpullover f\u00fcr\u2026\",\"breadcrumb\":{\"@id\":\"https:\\\/\\\/marktxxl.de\\\/markt\\\/produkt\\\/enjyam-damen-weihnachtspullover-rundhals-langarm-strickpulli-mit-rentier-schneeflocken-weich-warm-norwegerpullover-fuer-winter\\\/#breadcrumb\"},\"inLanguage\":\"de\",\"potentialAction\":[{\"@type\":\"ReadAction\",\"target\":[\"https:\\\/\\\/marktxxl.de\\\/markt\\\/produkt\\\/enjyam-damen-weihnachtspullover-rundhals-langarm-strickpulli-mit-rentier-schneeflocken-weich-warm-norwegerpullover-fuer-winter\\\/\"]}]},{\"@type\":\"ImageObject\",\"inLanguage\":\"de\",\"@id\":\"https:\\\/\\\/marktxxl.de\\\/markt\\\/produkt\\\/enjyam-damen-weihnachtspullover-rundhals-langarm-strickpulli-mit-rentier-schneeflocken-weich-warm-norwegerpullover-fuer-winter\\\/#primaryimage\",\"url\":\"https:\\\/\\\/m.media-amazon.com\\\/images\\\/I\\\/51vP4g-q6ML._SL500_.jpg\",\"contentUrl\":\"https:\\\/\\\/m.media-amazon.com\\\/images\\\/I\\\/51vP4g-q6ML._SL500_.jpg\",\"width\":476,\"height\":500},{\"@type\":\"BreadcrumbList\",\"@id\":\"https:\\\/\\\/marktxxl.de\\\/markt\\\/produkt\\\/enjyam-damen-weihnachtspullover-rundhals-langarm-strickpulli-mit-rentier-schneeflocken-weich-warm-norwegerpullover-fuer-winter\\\/#breadcrumb\",\"itemListElement\":[{\"@type\":\"ListItem\",\"position\":1,\"name\":\"Startseite\",\"item\":\"https:\\\/\\\/marktxxl.de\\\/markt\\\/\"},{\"@type\":\"ListItem\",\"position\":2,\"name\":\"Markt\",\"item\":\"https:\\\/\\\/marktxxl.de\\\/markt\\\/\"},{\"@type\":\"ListItem\",\"position\":3,\"name\":\"Enjyam Damen Weihnachtspullover Rundhals Langarm Strickpulli mit Rentier Schneeflocken Weich Warm Norwegerpullover f\u00fcr\u2026\"}]},{\"@type\":\"WebSite\",\"@id\":\"https:\\\/\\\/marktxxl.de\\\/markt\\\/#website\",\"url\":\"https:\\\/\\\/marktxxl.de\\\/markt\\\/\",\"name\":\"Markt-XXL\",\"description\":\"Ihr Markt Online\",\"publisher\":{\"@id\":\"https:\\\/\\\/marktxxl.de\\\/markt\\\/#organization\"},\"potentialAction\":[{\"@type\":\"SearchAction\",\"target\":{\"@type\":\"EntryPoint\",\"urlTemplate\":\"https:\\\/\\\/marktxxl.de\\\/markt\\\/?s={search_term_string}\"},\"query-input\":{\"@type\":\"PropertyValueSpecification\",\"valueRequired\":true,\"valueName\":\"search_term_string\"}}],\"inLanguage\":\"de\"},{\"@type\":\"Organization\",\"@id\":\"https:\\\/\\\/marktxxl.de\\\/markt\\\/#organization\",\"name\":\"Markt-XXL\",\"url\":\"https:\\\/\\\/marktxxl.de\\\/markt\\\/\",\"logo\":{\"@type\":\"ImageObject\",\"inLanguage\":\"de\",\"@id\":\"https:\\\/\\\/marktxxl.de\\\/markt\\\/#\\\/schema\\\/logo\\\/image\\\/\",\"url\":\"https:\\\/\\\/marktxxl.de\\\/markt\\\/wp-content\\\/uploads\\\/sites\\\/3\\\/2020\\\/12\\\/logo.png\",\"contentUrl\":\"https:\\\/\\\/marktxxl.de\\\/markt\\\/wp-content\\\/uploads\\\/sites\\\/3\\\/2020\\\/12\\\/logo.png\",\"width\":200,\"height\":70,\"caption\":\"Markt-XXL\"},\"image\":{\"@id\":\"https:\\\/\\\/marktxxl.de\\\/markt\\\/#\\\/schema\\\/logo\\\/image\\\/\"}}]}<\/script>\n<!-- \/ Yoast SEO plugin. -->","yoast_head_json":{"title":"Enjyam Damen Weihnachtspullover Rundhals Langarm Strickpulli mit Rentier Schneeflocken Weich Warm Norwegerpullover f\u00fcr\u2026 - Markt-XXL","description":"Markt-XXL Enjyam Damen Weihnachtspullover Rundhals Langarm Strickpulli mit Rentier Schneeflocken Weich Warm Norwegerpullover f\u00fcr\u2026","robots":{"index":"index","follow":"follow","max-snippet":"max-snippet:-1","max-image-preview":"max-image-preview:large","max-video-preview":"max-video-preview:-1"},"canonical":"https:\/\/marktxxl.de\/markt\/produkt\/enjyam-damen-weihnachtspullover-rundhals-langarm-strickpulli-mit-rentier-schneeflocken-weich-warm-norwegerpullover-fuer-winter\/","og_locale":"de_DE","og_type":"article","og_title":"Enjyam Damen Weihnachtspullover Rundhals Langarm Strickpulli mit Rentier Schneeflocken Weich Warm Norwegerpullover f\u00fcr\u2026 - Markt-XXL","og_description":"Markt-XXL Enjyam Damen Weihnachtspullover Rundhals Langarm Strickpulli mit Rentier Schneeflocken Weich Warm Norwegerpullover f\u00fcr\u2026","og_url":"https:\/\/marktxxl.de\/markt\/produkt\/enjyam-damen-weihnachtspullover-rundhals-langarm-strickpulli-mit-rentier-schneeflocken-weich-warm-norwegerpullover-fuer-winter\/","og_site_name":"Markt-XXL","article_modified_time":"2023-04-09T02:41:26+00:00","og_image":[{"width":476,"height":500,"url":"https:\/\/m.media-amazon.com\/images\/I\/51vP4g-q6ML._SL500_.jpg","type":"image\/jpeg"}],"twitter_card":"summary_large_image","twitter_misc":{"Gesch\u00e4tzte Lesezeit":"1\u00a0Minute"},"schema":{"@context":"https:\/\/schema.org","@graph":[{"@type":"WebPage","@id":"https:\/\/marktxxl.de\/markt\/produkt\/enjyam-damen-weihnachtspullover-rundhals-langarm-strickpulli-mit-rentier-schneeflocken-weich-warm-norwegerpullover-fuer-winter\/","url":"https:\/\/marktxxl.de\/markt\/produkt\/enjyam-damen-weihnachtspullover-rundhals-langarm-strickpulli-mit-rentier-schneeflocken-weich-warm-norwegerpullover-fuer-winter\/","name":"Enjyam Damen Weihnachtspullover Rundhals Langarm Strickpulli mit Rentier Schneeflocken Weich Warm Norwegerpullover f\u00fcr\u2026 - Markt-XXL","isPartOf":{"@id":"https:\/\/marktxxl.de\/markt\/#website"},"primaryImageOfPage":{"@id":"https:\/\/marktxxl.de\/markt\/produkt\/enjyam-damen-weihnachtspullover-rundhals-langarm-strickpulli-mit-rentier-schneeflocken-weich-warm-norwegerpullover-fuer-winter\/#primaryimage"},"image":{"@id":"https:\/\/marktxxl.de\/markt\/produkt\/enjyam-damen-weihnachtspullover-rundhals-langarm-strickpulli-mit-rentier-schneeflocken-weich-warm-norwegerpullover-fuer-winter\/#primaryimage"},"thumbnailUrl":"https:\/\/m.media-amazon.com\/images\/I\/51vP4g-q6ML._SL500_.jpg","datePublished":"2022-12-11T01:37:41+00:00","dateModified":"2023-04-09T02:41:26+00:00","description":"Markt-XXL Enjyam Damen Weihnachtspullover Rundhals Langarm Strickpulli mit Rentier Schneeflocken Weich Warm Norwegerpullover f\u00fcr\u2026","breadcrumb":{"@id":"https:\/\/marktxxl.de\/markt\/produkt\/enjyam-damen-weihnachtspullover-rundhals-langarm-strickpulli-mit-rentier-schneeflocken-weich-warm-norwegerpullover-fuer-winter\/#breadcrumb"},"inLanguage":"de","potentialAction":[{"@type":"ReadAction","target":["https:\/\/marktxxl.de\/markt\/produkt\/enjyam-damen-weihnachtspullover-rundhals-langarm-strickpulli-mit-rentier-schneeflocken-weich-warm-norwegerpullover-fuer-winter\/"]}]},{"@type":"ImageObject","inLanguage":"de","@id":"https:\/\/marktxxl.de\/markt\/produkt\/enjyam-damen-weihnachtspullover-rundhals-langarm-strickpulli-mit-rentier-schneeflocken-weich-warm-norwegerpullover-fuer-winter\/#primaryimage","url":"https:\/\/m.media-amazon.com\/images\/I\/51vP4g-q6ML._SL500_.jpg","contentUrl":"https:\/\/m.media-amazon.com\/images\/I\/51vP4g-q6ML._SL500_.jpg","width":476,"height":500},{"@type":"BreadcrumbList","@id":"https:\/\/marktxxl.de\/markt\/produkt\/enjyam-damen-weihnachtspullover-rundhals-langarm-strickpulli-mit-rentier-schneeflocken-weich-warm-norwegerpullover-fuer-winter\/#breadcrumb","itemListElement":[{"@type":"ListItem","position":1,"name":"Startseite","item":"https:\/\/marktxxl.de\/markt\/"},{"@type":"ListItem","position":2,"name":"Markt","item":"https:\/\/marktxxl.de\/markt\/"},{"@type":"ListItem","position":3,"name":"Enjyam Damen Weihnachtspullover Rundhals Langarm Strickpulli mit Rentier Schneeflocken Weich Warm Norwegerpullover f\u00fcr\u2026"}]},{"@type":"WebSite","@id":"https:\/\/marktxxl.de\/markt\/#website","url":"https:\/\/marktxxl.de\/markt\/","name":"Markt-XXL","description":"Ihr Markt Online","publisher":{"@id":"https:\/\/marktxxl.de\/markt\/#organization"},"potentialAction":[{"@type":"SearchAction","target":{"@type":"EntryPoint","urlTemplate":"https:\/\/marktxxl.de\/markt\/?s={search_term_string}"},"query-input":{"@type":"PropertyValueSpecification","valueRequired":true,"valueName":"search_term_string"}}],"inLanguage":"de"},{"@type":"Organization","@id":"https:\/\/marktxxl.de\/markt\/#organization","name":"Markt-XXL","url":"https:\/\/marktxxl.de\/markt\/","logo":{"@type":"ImageObject","inLanguage":"de","@id":"https:\/\/marktxxl.de\/markt\/#\/schema\/logo\/image\/","url":"https:\/\/marktxxl.de\/markt\/wp-content\/uploads\/sites\/3\/2020\/12\/logo.png","contentUrl":"https:\/\/marktxxl.de\/markt\/wp-content\/uploads\/sites\/3\/2020\/12\/logo.png","width":200,"height":70,"caption":"Markt-XXL"},"image":{"@id":"https:\/\/marktxxl.de\/markt\/#\/schema\/logo\/image\/"}}]}},"_links":{"self":[{"href":"https:\/\/marktxxl.de\/markt\/wp-json\/wp\/v2\/product\/171823","targetHints":{"allow":["GET"]}}],"collection":[{"href":"https:\/\/marktxxl.de\/markt\/wp-json\/wp\/v2\/product"}],"about":[{"href":"https:\/\/marktxxl.de\/markt\/wp-json\/wp\/v2\/types\/product"}],"replies":[{"embeddable":true,"href":"https:\/\/marktxxl.de\/markt\/wp-json\/wp\/v2\/comments?post=171823"}],"wp:featuredmedia":[{"embeddable":true,"href":"https:\/\/marktxxl.de\/markt\/wp-json\/wp\/v2\/media\/171824"}],"wp:attachment":[{"href":"https:\/\/marktxxl.de\/markt\/wp-json\/wp\/v2\/media?parent=171823"}],"wp:term":[{"taxonomy":"product_brand","embeddable":true,"href":"https:\/\/marktxxl.de\/markt\/wp-json\/wp\/v2\/product_brand?post=171823"},{"taxonomy":"product_cat","embeddable":true,"href":"https:\/\/marktxxl.de\/markt\/wp-json\/wp\/v2\/product_cat?post=171823"},{"taxonomy":"product_tag","embeddable":true,"href":"https:\/\/marktxxl.de\/markt\/wp-json\/wp\/v2\/product_tag?post=171823"}],"curies":[{"name":"wp","href":"https:\/\/api.w.org\/{rel}","templated":true}]}}