{"id":171048,"date":"2022-12-11T00:58:13","date_gmt":"2022-12-10T23:58:13","guid":{"rendered":"https:\/\/marktxxl.de\/markt\/produkt\/onlyoily-kontur-stift-highlighterconcealer-contouring-und-highlighter-in-einem-2-colour-make-up-concealer-contouring-stift-bronzer-kontur-stift-und-highlighter-make-up-fuer-jeden-hauttyp\/"},"modified":"2023-04-11T04:58:25","modified_gmt":"2023-04-11T02:58:25","slug":"onlyoily-kontur-stift-highlighterconcealer-contouring-und-highlighter-in-einem-2-colour-make-up-concealer-contouring-stift-bronzer-kontur-stift-und-highlighter-make-up-fuer-jeden-hauttyp","status":"publish","type":"product","link":"https:\/\/marktxxl.de\/markt\/produkt\/onlyoily-kontur-stift-highlighterconcealer-contouring-und-highlighter-in-einem-2-colour-make-up-concealer-contouring-stift-bronzer-kontur-stift-und-highlighter-make-up-fuer-jeden-hauttyp\/","title":{"rendered":"Onlyoily Kontur Stift Highlighter,Concealer Contouring und Highlighter in einem, 2 Colour Make up Concealer contouring\u2026"},"content":{"rendered":"<p>\u2714Double ended 2 in 1 Highlight und Kontur accurtet Contour Stick hat eine cremige Oberfl\u00e4che, die Konturen, Glanzlichter und Konturen m\u00fchelos abdeckt. Passend f\u00fcr jeden Hautton, einschlie\u00dflich eines Universalfarbtons. Das beste konturierende Make-up f\u00fcr einen nat\u00fcrlichen Look. Bietet angenehmen Tragekomfort. Wasserdichte lang anhaltende Wirkung.<br \/>\n\u2714Contour Puder sowie Highlighter und zauber Dir garantiert einen makellosen Teint. Damit hast Du alle Onlyoily Produkte in einer Palette.Mit dieser professionellen Auswahl k\u00fchler und warmer Farben gelingt Dir das perfekte Contouring. K\u00fchle Konturfarben definieren gezielt Deine Gesichtsz\u00fcge, sommerlich warme Bronzer T\u00f6ne verleihen Dir einen sunkissed Look.<br \/>\n\u2714Sorgt f\u00fcr eine mittlere bis nat\u00fcrliche Abdeckung f\u00fcr gr\u00f6\u00dfere Bereiche des Gesichts, Verdeckt das Erscheinungsbild von Hautunreinheiten, Minimiert feine Linien. Die beiliegenden &#8220;How To Contour&#8221; \u2013 Anleitung in dieser Profipalette macht es selbst Anf\u00e4ngern leicht.<br \/>\n\u2714Tragen Sie einen bronzierenden Farbton mit einem Modellierstift auf die Seiten der Nase, die Wangenh\u00f6hlen und die Kinnlinie auf. Verwende den spitzen Pinsel, um den Farbton in der Mitte der Nase, \u00fcber den Wangenknochen, dem Brauenknochen, der Stirnmitte und dem Amorbogen anzuheben.<br \/>\n\u2714Nicht-komedogene Formel wirkt auf alle Hauttypen. Unsere Kosmetika sind frei von Grausamkeiten, so dass Sie sich bei der Verwendung unserer Produkte wohlf\u00fchlen k\u00f6nnen.<br \/>\n<div class=\"main-cross-sell\" data-asin=\"B08SHHSB79\">\n\n\t<div class=\"WooZone-cross-sell-loader\">\n\t\t<div>\n\t\t\t<div id=\"floatingBarsG\">\n\t\t\t\t<div class=\"blockG\" id=\"rotateG_01\"><\/div>\n\t\t\t\t<div class=\"blockG\" id=\"rotateG_02\"><\/div>\n\t\t\t\t<div class=\"blockG\" id=\"rotateG_03\"><\/div>\n\t\t\t\t<div class=\"blockG\" id=\"rotateG_04\"><\/div>\n\t\t\t\t<div class=\"blockG\" id=\"rotateG_05\"><\/div>\n\t\t\t\t<div class=\"blockG\" id=\"rotateG_06\"><\/div>\n\t\t\t\t<div class=\"blockG\" id=\"rotateG_07\"><\/div>\n\t\t\t\t<div class=\"blockG\" id=\"rotateG_08\"><\/div>\n\t\t\t<\/div>\n\t\t\t<div class=\"WooZone-cross-sell-loader-text\"><\/div>\n\t\t<\/div>\n\t<\/div>\n\n\t\t\n<\/div>\n<div style=\"clear:both;\"><\/div><\/p>\n","protected":false},"excerpt":{"rendered":"<p>\u2714Double ended 2 in 1 Highlight und Kontur accurtet Contour Stick hat eine cremige Oberfl\u00e4che, die Konturen, Glanzlichter und Konturen m\u00fchelos abdeckt. Passend f\u00fcr jeden Hautton, einschlie\u00dflich eines Universalfarbtons. Das beste konturierende Make-up f\u00fcr einen nat\u00fcrlichen Look. Bietet angenehmen Tragekomfort. Wasserdichte lang anhaltende Wirkung.<br \/>\n\u2714Contour Puder sowie Highlighter und zauber Dir garantiert einen makellosen Teint. Damit hast Du alle Onlyoily Produkte in einer Palette.Mit dieser professionellen Auswahl k\u00fchler und warmer Farben gelingt Dir das perfekte Contouring. K\u00fchle Konturfarben definieren gezielt Deine Gesichtsz\u00fcge, sommerlich warme Bronzer T\u00f6ne verleihen Dir einen sunkissed Look.<br \/>\n\u2714Sorgt f\u00fcr eine mittlere bis nat\u00fcrliche Abdeckung f\u00fcr gr\u00f6\u00dfere Bereiche des Gesichts, Verdeckt das Erscheinungsbild von Hautunreinheiten, Minimiert feine Linien. Die beiliegenden &#8220;How To Contour&#8221; \u2013 Anleitung in dieser Profipalette macht es selbst Anf\u00e4ngern leicht.<\/p>\n","protected":false},"featured_media":171049,"comment_status":"open","ping_status":"closed","template":"","meta":[],"product_brand":[],"product_cat":[2858,7575],"product_tag":[],"class_list":{"0":"post-171048","1":"product","2":"type-product","3":"status-publish","4":"has-post-thumbnail","6":"product_cat-beauty","7":"product_cat-make-up","8":"pa_brand-onlyoily","9":"pa_height-4-724409444-zoll","10":"pa_length-1-574803148-zoll","11":"pa_manufacturer-onlyoily","12":"pa_size-1-g-1er-pack","13":"pa_width-0-787401574-zoll","15":"first","16":"instock","17":"shipping-taxable","18":"purchasable","19":"product-type-simple","20":"customify-col","21":"product-has-gallery"},"yoast_head":"<!-- This site is optimized with the Yoast SEO plugin v27.4 - https:\/\/yoast.com\/product\/yoast-seo-wordpress\/ -->\n<title>Onlyoily Kontur Stift Highlighter,Concealer Contouring und Highlighter in einem, 2 Colour Make up Concealer contouring\u2026 - Markt-XXL<\/title>\n<meta name=\"description\" content=\"Markt-XXL Onlyoily Kontur Stift Highlighter,Concealer Contouring und Highlighter in einem, 2 Colour Make up Concealer contouring\u2026\" \/>\n<meta name=\"robots\" content=\"index, follow, max-snippet:-1, max-image-preview:large, max-video-preview:-1\" \/>\n<link rel=\"canonical\" href=\"https:\/\/marktxxl.de\/markt\/produkt\/onlyoily-kontur-stift-highlighterconcealer-contouring-und-highlighter-in-einem-2-colour-make-up-concealer-contouring-stift-bronzer-kontur-stift-und-highlighter-make-up-fuer-jeden-hauttyp\/\" \/>\n<meta property=\"og:locale\" content=\"de_DE\" \/>\n<meta property=\"og:type\" content=\"article\" \/>\n<meta property=\"og:title\" content=\"Onlyoily Kontur Stift Highlighter,Concealer Contouring und Highlighter in einem, 2 Colour Make up Concealer contouring\u2026 - Markt-XXL\" \/>\n<meta property=\"og:description\" content=\"Markt-XXL Onlyoily Kontur Stift Highlighter,Concealer Contouring und Highlighter in einem, 2 Colour Make up Concealer contouring\u2026\" \/>\n<meta property=\"og:url\" content=\"https:\/\/marktxxl.de\/markt\/produkt\/onlyoily-kontur-stift-highlighterconcealer-contouring-und-highlighter-in-einem-2-colour-make-up-concealer-contouring-stift-bronzer-kontur-stift-und-highlighter-make-up-fuer-jeden-hauttyp\/\" \/>\n<meta property=\"og:site_name\" content=\"Markt-XXL\" \/>\n<meta property=\"article:modified_time\" content=\"2023-04-11T02:58:25+00:00\" \/>\n<meta property=\"og:image\" content=\"https:\/\/m.media-amazon.com\/images\/I\/41ujmljCisL._SL500_.jpg\" \/>\n\t<meta property=\"og:image:width\" content=\"500\" \/>\n\t<meta property=\"og:image:height\" content=\"500\" \/>\n\t<meta property=\"og:image:type\" content=\"image\/jpeg\" \/>\n<meta name=\"twitter:card\" content=\"summary_large_image\" \/>\n<meta name=\"twitter:label1\" content=\"Gesch\u00e4tzte Lesezeit\" \/>\n\t<meta name=\"twitter:data1\" content=\"1\u00a0Minute\" \/>\n<script type=\"application\/ld+json\" class=\"yoast-schema-graph\">{\"@context\":\"https:\\\/\\\/schema.org\",\"@graph\":[{\"@type\":\"WebPage\",\"@id\":\"https:\\\/\\\/marktxxl.de\\\/markt\\\/produkt\\\/onlyoily-kontur-stift-highlighterconcealer-contouring-und-highlighter-in-einem-2-colour-make-up-concealer-contouring-stift-bronzer-kontur-stift-und-highlighter-make-up-fuer-jeden-hauttyp\\\/\",\"url\":\"https:\\\/\\\/marktxxl.de\\\/markt\\\/produkt\\\/onlyoily-kontur-stift-highlighterconcealer-contouring-und-highlighter-in-einem-2-colour-make-up-concealer-contouring-stift-bronzer-kontur-stift-und-highlighter-make-up-fuer-jeden-hauttyp\\\/\",\"name\":\"Onlyoily Kontur Stift Highlighter,Concealer Contouring und Highlighter in einem, 2 Colour Make up Concealer contouring\u2026 - Markt-XXL\",\"isPartOf\":{\"@id\":\"https:\\\/\\\/marktxxl.de\\\/markt\\\/#website\"},\"primaryImageOfPage\":{\"@id\":\"https:\\\/\\\/marktxxl.de\\\/markt\\\/produkt\\\/onlyoily-kontur-stift-highlighterconcealer-contouring-und-highlighter-in-einem-2-colour-make-up-concealer-contouring-stift-bronzer-kontur-stift-und-highlighter-make-up-fuer-jeden-hauttyp\\\/#primaryimage\"},\"image\":{\"@id\":\"https:\\\/\\\/marktxxl.de\\\/markt\\\/produkt\\\/onlyoily-kontur-stift-highlighterconcealer-contouring-und-highlighter-in-einem-2-colour-make-up-concealer-contouring-stift-bronzer-kontur-stift-und-highlighter-make-up-fuer-jeden-hauttyp\\\/#primaryimage\"},\"thumbnailUrl\":\"https:\\\/\\\/m.media-amazon.com\\\/images\\\/I\\\/41ujmljCisL._SL500_.jpg\",\"datePublished\":\"2022-12-10T23:58:13+00:00\",\"dateModified\":\"2023-04-11T02:58:25+00:00\",\"description\":\"Markt-XXL Onlyoily Kontur Stift Highlighter,Concealer Contouring und Highlighter in einem, 2 Colour Make up Concealer contouring\u2026\",\"breadcrumb\":{\"@id\":\"https:\\\/\\\/marktxxl.de\\\/markt\\\/produkt\\\/onlyoily-kontur-stift-highlighterconcealer-contouring-und-highlighter-in-einem-2-colour-make-up-concealer-contouring-stift-bronzer-kontur-stift-und-highlighter-make-up-fuer-jeden-hauttyp\\\/#breadcrumb\"},\"inLanguage\":\"de\",\"potentialAction\":[{\"@type\":\"ReadAction\",\"target\":[\"https:\\\/\\\/marktxxl.de\\\/markt\\\/produkt\\\/onlyoily-kontur-stift-highlighterconcealer-contouring-und-highlighter-in-einem-2-colour-make-up-concealer-contouring-stift-bronzer-kontur-stift-und-highlighter-make-up-fuer-jeden-hauttyp\\\/\"]}]},{\"@type\":\"ImageObject\",\"inLanguage\":\"de\",\"@id\":\"https:\\\/\\\/marktxxl.de\\\/markt\\\/produkt\\\/onlyoily-kontur-stift-highlighterconcealer-contouring-und-highlighter-in-einem-2-colour-make-up-concealer-contouring-stift-bronzer-kontur-stift-und-highlighter-make-up-fuer-jeden-hauttyp\\\/#primaryimage\",\"url\":\"https:\\\/\\\/m.media-amazon.com\\\/images\\\/I\\\/41ujmljCisL._SL500_.jpg\",\"contentUrl\":\"https:\\\/\\\/m.media-amazon.com\\\/images\\\/I\\\/41ujmljCisL._SL500_.jpg\",\"width\":500,\"height\":500},{\"@type\":\"BreadcrumbList\",\"@id\":\"https:\\\/\\\/marktxxl.de\\\/markt\\\/produkt\\\/onlyoily-kontur-stift-highlighterconcealer-contouring-und-highlighter-in-einem-2-colour-make-up-concealer-contouring-stift-bronzer-kontur-stift-und-highlighter-make-up-fuer-jeden-hauttyp\\\/#breadcrumb\",\"itemListElement\":[{\"@type\":\"ListItem\",\"position\":1,\"name\":\"Startseite\",\"item\":\"https:\\\/\\\/marktxxl.de\\\/markt\\\/\"},{\"@type\":\"ListItem\",\"position\":2,\"name\":\"Markt\",\"item\":\"https:\\\/\\\/marktxxl.de\\\/markt\\\/\"},{\"@type\":\"ListItem\",\"position\":3,\"name\":\"Onlyoily Kontur Stift Highlighter,Concealer Contouring und Highlighter in einem, 2 Colour Make up Concealer contouring\u2026\"}]},{\"@type\":\"WebSite\",\"@id\":\"https:\\\/\\\/marktxxl.de\\\/markt\\\/#website\",\"url\":\"https:\\\/\\\/marktxxl.de\\\/markt\\\/\",\"name\":\"Markt-XXL\",\"description\":\"Ihr Markt Online\",\"publisher\":{\"@id\":\"https:\\\/\\\/marktxxl.de\\\/markt\\\/#organization\"},\"potentialAction\":[{\"@type\":\"SearchAction\",\"target\":{\"@type\":\"EntryPoint\",\"urlTemplate\":\"https:\\\/\\\/marktxxl.de\\\/markt\\\/?s={search_term_string}\"},\"query-input\":{\"@type\":\"PropertyValueSpecification\",\"valueRequired\":true,\"valueName\":\"search_term_string\"}}],\"inLanguage\":\"de\"},{\"@type\":\"Organization\",\"@id\":\"https:\\\/\\\/marktxxl.de\\\/markt\\\/#organization\",\"name\":\"Markt-XXL\",\"url\":\"https:\\\/\\\/marktxxl.de\\\/markt\\\/\",\"logo\":{\"@type\":\"ImageObject\",\"inLanguage\":\"de\",\"@id\":\"https:\\\/\\\/marktxxl.de\\\/markt\\\/#\\\/schema\\\/logo\\\/image\\\/\",\"url\":\"https:\\\/\\\/marktxxl.de\\\/markt\\\/wp-content\\\/uploads\\\/sites\\\/3\\\/2020\\\/12\\\/logo.png\",\"contentUrl\":\"https:\\\/\\\/marktxxl.de\\\/markt\\\/wp-content\\\/uploads\\\/sites\\\/3\\\/2020\\\/12\\\/logo.png\",\"width\":200,\"height\":70,\"caption\":\"Markt-XXL\"},\"image\":{\"@id\":\"https:\\\/\\\/marktxxl.de\\\/markt\\\/#\\\/schema\\\/logo\\\/image\\\/\"}}]}<\/script>\n<!-- \/ Yoast SEO plugin. -->","yoast_head_json":{"title":"Onlyoily Kontur Stift Highlighter,Concealer Contouring und Highlighter in einem, 2 Colour Make up Concealer contouring\u2026 - Markt-XXL","description":"Markt-XXL Onlyoily Kontur Stift Highlighter,Concealer Contouring und Highlighter in einem, 2 Colour Make up Concealer contouring\u2026","robots":{"index":"index","follow":"follow","max-snippet":"max-snippet:-1","max-image-preview":"max-image-preview:large","max-video-preview":"max-video-preview:-1"},"canonical":"https:\/\/marktxxl.de\/markt\/produkt\/onlyoily-kontur-stift-highlighterconcealer-contouring-und-highlighter-in-einem-2-colour-make-up-concealer-contouring-stift-bronzer-kontur-stift-und-highlighter-make-up-fuer-jeden-hauttyp\/","og_locale":"de_DE","og_type":"article","og_title":"Onlyoily Kontur Stift Highlighter,Concealer Contouring und Highlighter in einem, 2 Colour Make up Concealer contouring\u2026 - Markt-XXL","og_description":"Markt-XXL Onlyoily Kontur Stift Highlighter,Concealer Contouring und Highlighter in einem, 2 Colour Make up Concealer contouring\u2026","og_url":"https:\/\/marktxxl.de\/markt\/produkt\/onlyoily-kontur-stift-highlighterconcealer-contouring-und-highlighter-in-einem-2-colour-make-up-concealer-contouring-stift-bronzer-kontur-stift-und-highlighter-make-up-fuer-jeden-hauttyp\/","og_site_name":"Markt-XXL","article_modified_time":"2023-04-11T02:58:25+00:00","og_image":[{"width":500,"height":500,"url":"https:\/\/m.media-amazon.com\/images\/I\/41ujmljCisL._SL500_.jpg","type":"image\/jpeg"}],"twitter_card":"summary_large_image","twitter_misc":{"Gesch\u00e4tzte Lesezeit":"1\u00a0Minute"},"schema":{"@context":"https:\/\/schema.org","@graph":[{"@type":"WebPage","@id":"https:\/\/marktxxl.de\/markt\/produkt\/onlyoily-kontur-stift-highlighterconcealer-contouring-und-highlighter-in-einem-2-colour-make-up-concealer-contouring-stift-bronzer-kontur-stift-und-highlighter-make-up-fuer-jeden-hauttyp\/","url":"https:\/\/marktxxl.de\/markt\/produkt\/onlyoily-kontur-stift-highlighterconcealer-contouring-und-highlighter-in-einem-2-colour-make-up-concealer-contouring-stift-bronzer-kontur-stift-und-highlighter-make-up-fuer-jeden-hauttyp\/","name":"Onlyoily Kontur Stift Highlighter,Concealer Contouring und Highlighter in einem, 2 Colour Make up Concealer contouring\u2026 - Markt-XXL","isPartOf":{"@id":"https:\/\/marktxxl.de\/markt\/#website"},"primaryImageOfPage":{"@id":"https:\/\/marktxxl.de\/markt\/produkt\/onlyoily-kontur-stift-highlighterconcealer-contouring-und-highlighter-in-einem-2-colour-make-up-concealer-contouring-stift-bronzer-kontur-stift-und-highlighter-make-up-fuer-jeden-hauttyp\/#primaryimage"},"image":{"@id":"https:\/\/marktxxl.de\/markt\/produkt\/onlyoily-kontur-stift-highlighterconcealer-contouring-und-highlighter-in-einem-2-colour-make-up-concealer-contouring-stift-bronzer-kontur-stift-und-highlighter-make-up-fuer-jeden-hauttyp\/#primaryimage"},"thumbnailUrl":"https:\/\/m.media-amazon.com\/images\/I\/41ujmljCisL._SL500_.jpg","datePublished":"2022-12-10T23:58:13+00:00","dateModified":"2023-04-11T02:58:25+00:00","description":"Markt-XXL Onlyoily Kontur Stift Highlighter,Concealer Contouring und Highlighter in einem, 2 Colour Make up Concealer contouring\u2026","breadcrumb":{"@id":"https:\/\/marktxxl.de\/markt\/produkt\/onlyoily-kontur-stift-highlighterconcealer-contouring-und-highlighter-in-einem-2-colour-make-up-concealer-contouring-stift-bronzer-kontur-stift-und-highlighter-make-up-fuer-jeden-hauttyp\/#breadcrumb"},"inLanguage":"de","potentialAction":[{"@type":"ReadAction","target":["https:\/\/marktxxl.de\/markt\/produkt\/onlyoily-kontur-stift-highlighterconcealer-contouring-und-highlighter-in-einem-2-colour-make-up-concealer-contouring-stift-bronzer-kontur-stift-und-highlighter-make-up-fuer-jeden-hauttyp\/"]}]},{"@type":"ImageObject","inLanguage":"de","@id":"https:\/\/marktxxl.de\/markt\/produkt\/onlyoily-kontur-stift-highlighterconcealer-contouring-und-highlighter-in-einem-2-colour-make-up-concealer-contouring-stift-bronzer-kontur-stift-und-highlighter-make-up-fuer-jeden-hauttyp\/#primaryimage","url":"https:\/\/m.media-amazon.com\/images\/I\/41ujmljCisL._SL500_.jpg","contentUrl":"https:\/\/m.media-amazon.com\/images\/I\/41ujmljCisL._SL500_.jpg","width":500,"height":500},{"@type":"BreadcrumbList","@id":"https:\/\/marktxxl.de\/markt\/produkt\/onlyoily-kontur-stift-highlighterconcealer-contouring-und-highlighter-in-einem-2-colour-make-up-concealer-contouring-stift-bronzer-kontur-stift-und-highlighter-make-up-fuer-jeden-hauttyp\/#breadcrumb","itemListElement":[{"@type":"ListItem","position":1,"name":"Startseite","item":"https:\/\/marktxxl.de\/markt\/"},{"@type":"ListItem","position":2,"name":"Markt","item":"https:\/\/marktxxl.de\/markt\/"},{"@type":"ListItem","position":3,"name":"Onlyoily Kontur Stift Highlighter,Concealer Contouring und Highlighter in einem, 2 Colour Make up Concealer contouring\u2026"}]},{"@type":"WebSite","@id":"https:\/\/marktxxl.de\/markt\/#website","url":"https:\/\/marktxxl.de\/markt\/","name":"Markt-XXL","description":"Ihr Markt Online","publisher":{"@id":"https:\/\/marktxxl.de\/markt\/#organization"},"potentialAction":[{"@type":"SearchAction","target":{"@type":"EntryPoint","urlTemplate":"https:\/\/marktxxl.de\/markt\/?s={search_term_string}"},"query-input":{"@type":"PropertyValueSpecification","valueRequired":true,"valueName":"search_term_string"}}],"inLanguage":"de"},{"@type":"Organization","@id":"https:\/\/marktxxl.de\/markt\/#organization","name":"Markt-XXL","url":"https:\/\/marktxxl.de\/markt\/","logo":{"@type":"ImageObject","inLanguage":"de","@id":"https:\/\/marktxxl.de\/markt\/#\/schema\/logo\/image\/","url":"https:\/\/marktxxl.de\/markt\/wp-content\/uploads\/sites\/3\/2020\/12\/logo.png","contentUrl":"https:\/\/marktxxl.de\/markt\/wp-content\/uploads\/sites\/3\/2020\/12\/logo.png","width":200,"height":70,"caption":"Markt-XXL"},"image":{"@id":"https:\/\/marktxxl.de\/markt\/#\/schema\/logo\/image\/"}}]}},"_links":{"self":[{"href":"https:\/\/marktxxl.de\/markt\/wp-json\/wp\/v2\/product\/171048","targetHints":{"allow":["GET"]}}],"collection":[{"href":"https:\/\/marktxxl.de\/markt\/wp-json\/wp\/v2\/product"}],"about":[{"href":"https:\/\/marktxxl.de\/markt\/wp-json\/wp\/v2\/types\/product"}],"replies":[{"embeddable":true,"href":"https:\/\/marktxxl.de\/markt\/wp-json\/wp\/v2\/comments?post=171048"}],"wp:featuredmedia":[{"embeddable":true,"href":"https:\/\/marktxxl.de\/markt\/wp-json\/wp\/v2\/media\/171049"}],"wp:attachment":[{"href":"https:\/\/marktxxl.de\/markt\/wp-json\/wp\/v2\/media?parent=171048"}],"wp:term":[{"taxonomy":"product_brand","embeddable":true,"href":"https:\/\/marktxxl.de\/markt\/wp-json\/wp\/v2\/product_brand?post=171048"},{"taxonomy":"product_cat","embeddable":true,"href":"https:\/\/marktxxl.de\/markt\/wp-json\/wp\/v2\/product_cat?post=171048"},{"taxonomy":"product_tag","embeddable":true,"href":"https:\/\/marktxxl.de\/markt\/wp-json\/wp\/v2\/product_tag?post=171048"}],"curies":[{"name":"wp","href":"https:\/\/api.w.org\/{rel}","templated":true}]}}